POE v1.367 Perl 5 v5.26.1 x86_64-linux

Status
Fail
From
Nigel Horne
Dist
POE v1.367
Platform
Perl 5 v5.26.1 x86_64-linux
Date
2018-04-21 09:52:55
ID
c3983870-4549-11e8-9da6-f703c768dc7a
This distribution has been tested as part of the CPAN Testers
project, supporting the Perl programming language.  See
http://wiki.cpantesters.org/ for more information or email
questions to cpan-testers-discuss@perl.org


--
Dear Rocco Caputo,

This is a computer-generated report for POE-1.367
on perl 5.26.1, created by CPAN-Reporter-1.2018.

Thank you for uploading your work to CPAN.  However, there was a problem
testing your distribution.

If you think this report is invalid, please consult the CPAN Testers Wiki
for suggestions on how to avoid getting FAIL reports for missing library
or binary dependencies, unsupported operating systems, and so on:

http://wiki.cpantesters.org/wiki/CPANAuthorNotes

Sections of this report:

    * Tester comments
    * Program output
    * Prerequisites
    * Environment and other context

------------------------------
TESTER COMMENTS
------------------------------

Additional comments from tester:

this report is from an automated smoke testing program
and was not reviewed by a human for accuracy

------------------------------
PROGRAM OUTPUT
------------------------------

Output from '/usr/bin/make test':

"/home/njh/perl5/perlbrew/perls/perl-5.26.1/bin/perl5.26.1" mylib/gen-tests.perl lib/POE.pm
PERL_DL_NONLAZY=1 "/home/njh/perl5/perlbrew/perls/perl-5.26.1/bin/perl5.26.1" "-MExtUtils::Command::MM" "-MTest::Harness" "-e" "undef *Test::Harness::Switches; test_harness(0, 'blib/lib', 'blib/arch')" t/*.t t/*/*.t t/*/*/*.t
t/10_units/01_pod/01_pod.t ......................... skipped: enable by setting RELEASE_TESTING
# Testing POE 1.367, POE::Test::Loops 1.360, Perl 5.026001, /home/njh/perl5/perlbrew/perls/perl-5.26.1/bin/perl5.26.1 on linux
# pogomips: 22224838
t/00_info.t ........................................ ok
t/10_units/01_pod/02_pod_coverage.t ................ skipped: enable by setting RELEASE_TESTING
t/10_units/01_pod/03_pod_no404s.t .................. skipped: enable by setting RELEASE_TESTING
t/10_units/01_pod/04_pod_linkcheck.t ............... skipped: enable by setting RELEASE_TESTING
t/10_units/02_pipes/01_base.t ...................... skipped: not implemented yet
t/10_units/02_pipes/02_oneway.t .................... ok
t/10_units/02_pipes/03_twoway.t .................... ok
t/10_units/03_base/03_component.t .................. ok
t/10_units/03_base/01_poe.t ........................ ok
t/10_units/03_base/04_driver.t ..................... ok
t/10_units/03_base/05_filter.t ..................... ok
t/10_units/03_base/06_loop.t ....................... ok
t/10_units/03_base/07_queue.t ...................... ok
t/10_units/03_base/08_resource.t ................... ok
t/10_units/03_base/09_resources.t .................. ok
t/10_units/03_base/10_wheel.t ...................... ok
t/10_units/03_base/12_assert_retval.t .............. ok
t/10_units/03_base/11_assert_usage.t ............... ok
t/10_units/03_base/13_assert_data.t ................ ok
t/10_units/03_base/14_kernel.t ..................... ok
t/10_units/03_base/15_kernel_internal.t ............ ok
t/10_units/03_base/16_nfa_usage.t .................. ok
t/10_units/03_base/17_detach_start.t ............... ok
t/10_units/04_drivers/01_sysrw.t ................... ok
t/10_units/05_filters/01_block.t ................... ok
t/10_units/05_filters/02_grep.t .................... ok
Downgrading wide characters in HTTP header. Consider installing Email::MIME::RFC2047::Encoder at /home/njh/.cpan/build/POE-1.367-0/blib/lib/POE/Filter/HTTPD.pm line 73.
	POE::Filter::HTTPD::__ANON__("En \x{e9}t\x{e9}") called at /home/njh/.cpan/build/POE-1.367-0/blib/lib/POE/Filter/HTTPD.pm line 449
	POE::Filter::HTTPD::headers_as_strings(POE::Filter::HTTPD=ARRAY(0x556a7a741f10), HTTP::Headers=HASH(0x556a7a96f450), "\x{d}\x{a}") called at /home/njh/.cpan/build/POE-1.367-0/blib/lib/POE/Filter/HTTPD.pm line 411
	POE::Filter::HTTPD::put(POE::Filter::HTTPD=ARRAY(0x556a7a741f10), ARRAY(0x556a7a8f7c78)) called at t/10_units/05_filters/03_http.t line 426
t/10_units/05_filters/03_http.t .................... ok
t/10_units/05_filters/04_line.t .................... ok
t/10_units/05_filters/05_map.t ..................... ok
t/10_units/05_filters/06_recordblock.t ............. ok
t/10_units/05_filters/07_reference.t ............... ok
t/10_units/05_filters/08_stream.t .................. ok
t/10_units/05_filters/50_stackable.t ............... ok
t/10_units/05_filters/51_reference_die.t ........... ok
t/10_units/05_filters/99_filterchange.t ............ ok
t/10_units/06_queues/01_array.t .................... ok
t/10_units/07_exceptions/02_turn_off.t ............. ok
t/10_units/07_exceptions/01_normal.t ............... ok
t/10_units/07_exceptions/03_not_handled.t .......... ok
t/10_units/08_loops/01_explicit_loop.t ............. ok
t/10_units/08_loops/02_explicit_loop_fail.t ........ ok
t/10_units/08_loops/03_explicit_loop_poll.t ........ ok
t/10_units/08_loops/04_explicit_loop_envvar.t ...... ok
t/10_units/08_loops/05_kernel_loop.t ............... ok
t/10_units/08_loops/07_kernel_loop_fail.t .......... ok
t/10_units/08_loops/06_kernel_loop_poll.t .......... ok
t/10_units/08_loops/08_kernel_loop_search_poll.t ... ok
t/10_units/08_loops/09_naive_loop_load.t ........... ok
t/10_units/08_loops/10_naive_loop_load_poll.t ...... ok
t/10_units/08_loops/11_double_loop.t ............... ok
t/20_resources/10_perl/aliases.t ................... ok
t/20_resources/10_perl/caller_state.t .............. ok
t/20_resources/10_perl/events.t .................... ok
t/20_resources/10_perl/extrefs.t ................... ok
t/20_resources/10_perl/extrefs_gc.t ................ ok
t/20_resources/10_perl/sessions.t .................. ok
t/20_resources/10_perl/sids.t ...................... ok
t/20_resources/10_perl/signals.t ................... ok
# Testing POE 1.367, POE::Test::Loops 1.360, Using Loop(POE::Loop::IO_Poll), Perl 5.026001, /home/njh/perl5/perlbrew/perls/perl-5.26.1/bin/perl5.26.1 on linux
t/30_loops/io_poll/00_info.t ....................... ok
t/30_loops/io_poll/all_errors.t .................... skipped: most of these should move into other test files
t/20_resources/10_perl/filehandles.t ............... ok
# You might see a 'disconnect' error during this test.
# It may be ignored.
t/30_loops/io_poll/comp_tcp.t ...................... ok
t/30_loops/io_poll/comp_tcp_concurrent.t ........... ok
t/30_loops/io_poll/connect_errors.t ................ ok
t/30_loops/io_poll/k_aliases.t ..................... ok
t/30_loops/io_poll/k_alarms.t ...................... ok
t/30_loops/io_poll/k_run_returns.t ................. ok
t/30_loops/io_poll/k_detach.t ...................... ok
t/30_loops/io_poll/k_sig_child.t ................... ok
t/30_loops/io_poll/k_selects.t ..................... ok
t/30_loops/io_poll/k_signals_rerun.t ............... ok
t/30_loops/io_poll/k_signals.t ..................... ok
t/30_loops/io_poll/ses_nfa.t ....................... ok
t/30_loops/io_poll/sbk_signal_init.t ............... ok
# This test generates some STDERR during trace testing.
t/30_loops/io_poll/wheel_accept.t .................. ok
t/30_loops/io_poll/wheel_curses.t .................. skipped: Curses not available
t/30_loops/io_poll/wheel_readline.t ................ skipped: not running in a terminal
t/30_loops/io_poll/wheel_readwrite.t ............... ok
t/30_loops/io_poll/wheel_run.t ..................... ok
t/30_loops/io_poll/wheel_run_size.t ................ skipped: This test requires Term::Size
t/30_loops/io_poll/wheel_sf_ipv6.t ................. skipped: Socket::GetAddrInfo is needed for IPv6 tests
t/30_loops/io_poll/wheel_sf_tcp.t .................. ok
=== 9981 === 23 -> _start (from /home/njh/.cpan/build/POE-1.367-0/blib/lib/POE/Kernel.pm at 1497)
=== 9981 === 23 -> woot (from /home/njh/.cpan/build/POE-Test-Loops-1.360-0/blib/lib/POE/Test/Loops/ses_session.pm at 691)
t/30_loops/io_poll/wheel_sf_udp.t .................. ok
t/30_loops/io_poll/wheel_sf_unix.t ................. ok
=== 9981 === 23 -> narf (from /home/njh/.cpan/build/POE-Test-Loops-1.360-0/blib/lib/POE/Test/Loops/ses_session.pm at 692)
=== 9981 === 23 -> _stop (from /home/njh/.cpan/build/POE-1.367-0/blib/lib/POE/Resource/Sessions.pm at 571)
t/30_loops/io_poll/ses_session.t ................... ok
t/30_loops/io_poll/z_kogman_sig_order.t ............ ok
t/30_loops/io_poll/wheel_tail.t .................... ok
# Using '/bin/true' as our thing to run under system()
t/30_loops/io_poll/z_merijn_sigchld_system.t ....... ok
t/30_loops/io_poll/z_rt39872_sigchld.t ............. ok
t/30_loops/io_poll/z_leolo_wheel_run.t ............. ok
# Parent 10021 waiting 3sec for slow systems to settle.
t/30_loops/io_poll/z_rt53302_fh_watchers.t ......... ok
# sending sigusr1
# sent sigusr1
t/30_loops/io_poll/z_rt39872_sigchld_stop.t ........ ok
t/30_loops/io_poll/z_steinert_signal_integrity.t ... ok
# Testing POE 1.367, POE::Test::Loops 1.360, Using Loop(POE::Loop::Select), Perl 5.026001, /home/njh/perl5/perlbrew/perls/perl-5.26.1/bin/perl5.26.1 on linux
t/30_loops/select/00_info.t ........................ ok
t/30_loops/select/all_errors.t ..................... skipped: most of these should move into other test files
t/30_loops/select/comp_tcp.t ....................... ok
# You might see a 'disconnect' error during this test.
# It may be ignored.
t/30_loops/select/comp_tcp_concurrent.t ............ ok
t/30_loops/io_poll/z_rt54319_bazerka_followtail.t .. ok
t/30_loops/select/connect_errors.t ................. ok
t/30_loops/select/k_aliases.t ...................... ok
t/30_loops/select/k_alarms.t ....................... ok
t/30_loops/select/k_run_returns.t .................. ok
t/30_loops/select/k_detach.t ....................... ok
t/30_loops/select/k_sig_child.t .................... ok
t/30_loops/select/k_selects.t ...................... ok
t/30_loops/select/k_signals_rerun.t ................ ok
t/30_loops/select/k_signals.t ...................... ok
t/30_loops/select/ses_nfa.t ........................ ok
t/30_loops/select/sbk_signal_init.t ................ ok
# This test generates some STDERR during trace testing.
t/30_loops/select/wheel_accept.t ................... ok
t/30_loops/select/wheel_curses.t ................... skipped: Curses not available
t/30_loops/select/wheel_readline.t ................. skipped: not running in a terminal
t/30_loops/select/wheel_readwrite.t ................ ok
=== 10066 === 23 -> _start (from /home/njh/.cpan/build/POE-1.367-0/blib/lib/POE/Kernel.pm at 1497)
=== 10066 === 23 -> woot (from /home/njh/.cpan/build/POE-Test-Loops-1.360-0/blib/lib/POE/Test/Loops/ses_session.pm at 691)
=== 10066 === 23 -> narf (from /home/njh/.cpan/build/POE-Test-Loops-1.360-0/blib/lib/POE/Test/Loops/ses_session.pm at 692)
=== 10066 === 23 -> _stop (from /home/njh/.cpan/build/POE-1.367-0/blib/lib/POE/Resource/Sessions.pm at 571)
t/30_loops/select/ses_session.t .................... ok
t/30_loops/select/wheel_run_size.t ................. skipped: This test requires Term::Size
t/30_loops/select/wheel_sf_ipv6.t .................. skipped: Socket::GetAddrInfo is needed for IPv6 tests
t/30_loops/select/wheel_sf_tcp.t ................... ok
t/30_loops/select/wheel_sf_udp.t ................... ok
t/30_loops/select/wheel_sf_unix.t .................. ok
t/30_loops/select/wheel_tail.t ..................... ok
t/30_loops/select/z_kogman_sig_order.t ............. ok
t/30_loops/select/z_leolo_wheel_run.t .............. ok
# Using '/bin/true' as our thing to run under system()
t/30_loops/select/z_merijn_sigchld_system.t ........ ok
t/30_loops/select/z_rt39872_sigchld.t .............. ok
# Parent 10105 waiting 3sec for slow systems to settle.
# sending sigusr1
# sent sigusr1
t/30_loops/select/z_rt39872_sigchld_stop.t ......... ok
t/30_loops/select/z_rt53302_fh_watchers.t .......... ok
t/30_loops/select/z_rt54319_bazerka_followtail.t ... ok
t/30_loops/select/z_steinert_signal_integrity.t .... ok
t/90_regression/agaran-filter-httpd.t .............. ok
t/90_regression/averell-callback-ret.t ............. ok
t/90_regression/bingos-followtail.t ................ ok
t/90_regression/broeren-win32-nbio.t ............... skipped: This test examines ActiveState Perl behavior.
t/90_regression/cfedde-filter-httpd.t .............. ok
t/90_regression/ferrari-server-unix.t .............. ok
t/90_regression/grinnz-die-in-die.t ................ ok
Died at t/90_regression/hinrik-wheel-run-die.t line 21.
t/90_regression/hinrik-wheel-run-die.t ............. ok
# This test can take up to 10 seconds
t/90_regression/kjeldahl-stop-start-polling.t ...... ok
# This test can take up to 10 seconds
t/90_regression/kjeldahl-stop-start-sig-nopipe.t ... ok
# This test can take up to 10 seconds
t/90_regression/kjeldahl-stop-start-sig-pipe.t ..... ok
t/90_regression/leolo-sig-die.t .................... ok
t/90_regression/meh-startstop-return.t ............. ok
t/90_regression/neyuki_detach.t .................... ok
t/90_regression/pipe-followtail.t .................. ok
t/90_regression/prumike-win32-stat.t ............... skipped: This test examines Strawberry/ActiveState Perl behavior.
t/90_regression/rt14444-arg1.t ..................... ok
t/90_regression/rt1648-tied-stderr.t ............... ok
t/90_regression/rt19908-merlyn-stop.t .............. ok
t/90_regression/rt23181-sigchld-rc.t ............... ok
t/90_regression/rt47966-sigchld.t .................. skipped: enable by setting RELEASE_TESTING
t/90_regression/rt56417-wheel-run.t ................ ok

#   Failed test 'Sat Apr 21 05:52:30 2018 - coderef/shutdown stdout response'
#   at /home/njh/.cpan/build/POE-Test-Loops-1.360-0/blib/lib/POE/Test/Loops/wheel_run.pm line 337.
#          got: 'out10071: got alarm'
#     expected: 'out10071: got eof 1'
Sat Apr 21 05:52:45 2018 - inactivity timeout reached! at /home/njh/.cpan/build/POE-Test-Loops-1.360-0/blib/lib/POE/Test/Loops/wheel_run.pm line 149.
# Looks like your test exited with 1 just after 99.
t/30_loops/select/wheel_run.t ...................... 
Dubious, test returned 1 (wstat 256, 0x100)
Failed 5/103 subtests 
t/90_regression/socketfactory-timeout.t ............ ok
t/90_regression/somni-poco-server-tcp.t ............ ok
t/90_regression/steinert-passed-wheel.t ............ ok
t/90_regression/suzman_windows.t ................... ok
t/90_regression/ton-stop-corruption.t .............. ok
t/90_regression/tracing-sane-exit.t ................ ok
t/90_regression/whelan-dieprop.t ................... ok
t/90_regression/whjackson-followtail.t ............. ok
t/90_regression/rt65460-forking.t .................. ok

Test Summary Report
-------------------
t/10_units/05_filters/03_http.t                  (Wstat: 0 Tests: 137 Failed: 0)
  TODO passed:   85
t/30_loops/select/wheel_run.t                    (Wstat: 256 Tests: 99 Failed: 1)
  Failed test:  98
  Non-zero exit status: 1
  Parse errors: Bad plan.  You planned 103 tests but ran 99.
Files=161, Tests=4217, 83 wallclock secs ( 0.95 usr  0.29 sys + 29.46 cusr  7.63 csys = 38.33 CPU)
Result: FAIL
Failed 1/161 test programs. 1/4217 subtests failed.
make: *** [Makefile:1088: test_dynamic] Error 255

------------------------------
PREREQUISITES
------------------------------

Prerequisite modules loaded:

requires:

    Module           Need  Have  
    ---------------- ----- ------
    Carp             0     1.42  
    Errno            1.09  1.28  
    Exporter         0     5.72  
    File::Spec       0.87  3.67  
    IO               1.24  1.38  
    IO::Handle       1.27  1.36  
    IO::Pipely       0.005 0.005 
    IO::Tty          1.08  1.12  
    POE::Test::Loops 1.360 1.360 
    POSIX            1.02  1.76  
    Socket           1.7   2.027 
    Storable         2.16  2.62  
    Test::Harness    2.26  3.39  
    Time::HiRes      1.59  1.9753

build_requires:

    Module           Need  Have  
    ---------------- ----- ------
    POE::Test::Loops 1.360 1.360 

configure_requires:

    Module           Need  Have  
    ---------------- ----- ------
    POE::Test::Loops 1.360 1.360 


------------------------------
ENVIRONMENT AND OTHER CONTEXT
------------------------------

Environment variables:

    AUTOMATED_TESTING = 1
    HARNESS_OPTIONS = j2
    LANG = en_US.UTF-8
    PATH = /home/njh/perl5/perlbrew/bin:/home/njh/perl5/perlbrew/perls/perl-5.26.1/bin:src/njh/smoker/bin:/usr/bin:/bin
    PERL5LIB = /home/njh/.cpan/build/IO-Pipely-0.005-0/blib/arch:/home/njh/.cpan/build/IO-Pipely-0.005-0/blib/lib:/home/njh/.cpan/build/POE-Test-Loops-1.360-0/blib/arch:/home/njh/.cpan/build/POE-Test-Loops-1.360-0/blib/lib:/home/njh/.cpan/build/Net-IP-1.26-0/blib/arch:/home/njh/.cpan/build/Net-IP-1.26-0/blib/lib:/home/njh/.cpan/build/JSON-RPC-1.06-0/blib/arch:/home/njh/.cpan/build/JSON-RPC-1.06-0/blib/lib:/home/njh/.cpan/build/Router-Simple-0.17-0/blib/arch:/home/njh/.cpan/build/Router-Simple-0.17-0/blib/lib:/home/njh/.cpan/build/Plack-1.0047-0/blib/arch:/home/njh/.cpan/build/Plack-1.0047-0/blib/lib:/home/njh/.cpan/build/Test-TCP-2.19-0/blib/arch:/home/njh/.cpan/build/Test-TCP-2.19-0/blib/lib:/home/njh/.cpan/build/HTTP-Headers-Fast-0.21-0/blib/arch:/home/njh/.cpan/build/HTTP-Headers-Fast-0.21-0/blib/lib:/home/njh/.cpan/build/HTTP-Entity-Parser-0.21-0/blib/arch:/home/njh/.cpan/build/HTTP-Entity-Parser-0.21-0/blib/lib:/home/njh/.cpan/build/WWW-Form-UrlEncoded-0.24-0/blib/arch:/home/njh/.cpan/build/WWW-Form-UrlEncoded-0.24-0/blib/lib:/home/njh/.cpan/build/Stream-Buffered-0.03-0/blib/arch:/home/njh/.cpan/build/Stream-Buffered-0.03-0/blib/lib:/home/njh/.cpan/build/Hash-MultiValue-0.16-0/blib/arch:/home/njh/.cpan/build/Hash-MultiValue-0.16-0/blib/lib:/home/njh/.cpan/build/HTTP-MultiPartParser-0.02-0/blib/arch:/home/njh/.cpan/build/HTTP-MultiPartParser-0.02-0/blib/lib:/home/njh/.cpan/build/Filesys-Notify-Simple-0.13-0/blib/arch:/home/njh/.cpan/build/Filesys-Notify-Simple-0.13-0/blib/lib:/home/njh/.cpan/build/Test-SharedFork-0.35-0/blib/arch:/home/njh/.cpan/build/Test-SharedFork-0.35-0/blib/lib:/home/njh/.cpan/build/Devel-StackTrace-AsHTML-0.15-0/blib/arch:/home/njh/.cpan/build/Devel-StackTrace-AsHTML-0.15-0/blib/lib:/home/njh/.cpan/build/Cookie-Baker-0.09-0/blib/arch:/home/njh/.cpan/build/Cookie-Baker-0.09-0/blib/lib:/home/njh/.cpan/build/Test-Time-0.05-0/blib/arch:/home/njh/.cpan/build/Test-Time-0.05-0/blib/lib:/home/njh/.cpan/build/Apache-LogFormat-Compiler-0.35-0/blib/arch:/home/njh/.cpan/build/Apache-LogFormat-Compiler-0.35-0/blib/lib:/home/njh/.cpan/build/Test-MockTime-0.17-0/blib/arch:/home/njh/.cpan/build/Test-MockTime-0.17-0/blib/lib:/home/njh/.cpan/build/POSIX-strftime-Compiler-0.42-0/blib/arch:/home/njh/.cpan/build/POSIX-strftime-Compiler-0.42-0/blib/lib:/home/njh/.cpan/build/Class-Accessor-Lite-0.08-0/blib/arch:/home/njh/.cpan/build/Class-Accessor-Lite-0.08-0/blib/lib:/home/njh/.cpan/build/IPC-Run-0.99-0/blib/arch:/home/njh/.cpan/build/IPC-Run-0.99-0/blib/lib:/home/njh/.cpan/build/Git-0.42-0/blib/arch:/home/njh/.cpan/build/Git-0.42-0/blib/lib:/home/njh/.cpan/build/File-Touch-0.11-0/blib/arch:/home/njh/.cpan/build/File-Touch-0.11-0/blib/lib:/home/njh/.cpan/build/File-Remove-1.57-0/blib/arch:/home/njh/.cpan/build/File-Remove-1.57-0/blib/lib:/home/njh/.cpan/build/DBIx-RunSQL-0.19-0/blib/arch:/home/njh/.cpan/build/DBIx-RunSQL-0.19-0/blib/lib
    PERL5OPT = 
    PERL5_CPANPLUS_IS_RUNNING = 7080
    PERL5_CPAN_IS_RUNNING = 7080
    PERLBREW_HOME = /home/njh/.perlbrew
    PERLBREW_MANPATH = /home/njh/perl5/perlbrew/perls/perl-5.26.1/man
    PERLBREW_PATH = /home/njh/perl5/perlbrew/bin:/home/njh/perl5/perlbrew/perls/perl-5.26.1/bin
    PERLBREW_PERL = perl-5.26.1
    PERLBREW_ROOT = /home/njh/perl5/perlbrew
    PERLBREW_SHELLRC_VERSION = 0.82
    PERLBREW_VERSION = 0.82
    PERL_USE_UNSAFE_INC = 1
    SHELL = /bin/sh

Perl special variables (and OS-specific diagnostics, for MSWin32):

    $^X = /home/njh/perl5/perlbrew/perls/perl-5.26.1/bin/perl5.26.1
    $UID/$EUID = 1000 / 1000
    $GID = 1000 4 24 25 29 30 44 46 103 108 115 123 1000
    $EGID = 1000 4 24 25 29 30 44 46 103 108 115 123 1000

Perl module toolchain versions installed:

    Module              Have    
    ------------------- --------
    CPAN                2.18    
    CPAN::Meta          2.150010
    Cwd                 3.67    
    ExtUtils::CBuilder  0.280230
    ExtUtils::Command   7.30    
    ExtUtils::Install   2.14    
    ExtUtils::MakeMaker 7.30    
    ExtUtils::Manifest  1.70    
    ExtUtils::ParseXS   3.35    
    File::Spec          3.67    
    JSON                2.97001 
    JSON::PP            2.97001 
    Module::Build       0.4224  
    Module::Signature   n/a     
    Parse::CPAN::Meta   2.150010
    Test::Harness       3.39    
    Test::More          1.302120
    YAML                1.24    
    YAML::Syck          1.30    
    version             0.9918  


--

Summary of my perl5 (revision 5 version 26 subversion 1) configuration:
   
  Platform:
    osname=linux
    osvers=4.9.0-3-amd64
    archname=x86_64-linux
    uname='linux amelia 4.9.0-3-amd64 #1 smp debian 4.9.25-1 (2017-05-02) x86_64 gnulinux '
    config_args='-de -Dprefix=/home/njh/perl5/perlbrew/perls/perl-5.26.1 -Dusedevel -Accflags= -Aeval:scriptdir=/home/njh/perl5/perlbrew/perls/perl-5.26.1/bin'
    hint=recommended
    useposix=true
    d_sigaction=define
    useithreads=undef
    usemultiplicity=undef
    use64bitint=define
    use64bitall=define
    uselongdouble=undef
    usemymalloc=n
    default_inc_excludes_dot=define
    bincompat5005=undef
  Compiler:
    cc='cc'
    ccflags ='-fwrapv -fno-strict-aliasing -pipe -fstack-protector-strong -I/usr/local/include -D_LARGEFILE_SOURCE -D_FILE_OFFSET_BITS=64 -D_FORTIFY_SOURCE=2'
    optimize='-O2'
    cppflags='-fwrapv -fno-strict-aliasing -pipe -fstack-protector-strong -I/usr/local/include'
    ccversion=''
    gccversion='7.2.0'
    gccosandvers=''
    intsize=4
    longsize=8
    ptrsize=8
    doublesize=8
    byteorder=12345678
    doublekind=3
    d_longlong=define
    longlongsize=8
    d_longdbl=define
    longdblsize=16
    longdblkind=3
    ivtype='long'
    ivsize=8
    nvtype='double'
    nvsize=8
    Off_t='off_t'
    lseeksize=8
    alignbytes=8
    prototype=define
  Linker and Libraries:
    ld='cc'
    ldflags =' -fstack-protector-strong -L/usr/local/lib'
    libpth=/usr/local/lib /usr/lib/gcc/x86_64-linux-gnu/7/include-fixed /usr/include/x86_64-linux-gnu /usr/lib /lib/x86_64-linux-gnu /lib/../lib /usr/lib/x86_64-linux-gnu /usr/lib/../lib /lib /lib64 /usr/lib64
    libs=-lpthread -lnsl -lgdbm -ldb -ldl -lm -lcrypt -lutil -lc -lgdbm_compat
    perllibs=-lpthread -lnsl -ldl -lm -lcrypt -lutil -lc
    libc=libc-2.24.so
    so=so
    useshrplib=false
    libperl=libperl.a
    gnulibc_version='2.24'
  Dynamic Linking:
    dlsrc=dl_dlopen.xs
    dlext=so
    d_dlsymun=undef
    ccdlflags='-Wl,-E'
    cccdlflags='-fPIC'
    lddlflags='-shared -O2 -L/usr/local/lib -fstack-protector-strong'


Characteristics of this binary (from libperl): 
  Compile-time options:
    HAS_TIMES
    PERLIO_LAYERS
    PERL_COPY_ON_WRITE
    PERL_DONT_CREATE_GVSV
    PERL_MALLOC_WRAP
    PERL_OP_PARENT
    PERL_PRESERVE_IVUV
    PERL_USE_DEVEL
    USE_64_BIT_ALL
    USE_64_BIT_INT
    USE_LARGE_FILES
    USE_LOCALE
    USE_LOCALE_COLLATE
    USE_LOCALE_CTYPE
    USE_LOCALE_NUMERIC
    USE_LOCALE_TIME
    USE_PERLIO
    USE_PERL_ATOF
  Built under linux
  Compiled at Sep 30 2017 00:34:02
  %ENV:
    PERL5LIB="/home/njh/.cpan/build/IO-Pipely-0.005-0/blib/arch:/home/njh/.cpan/build/IO-Pipely-0.005-0/blib/lib:/home/njh/.cpan/build/POE-Test-Loops-1.360-0/blib/arch:/home/njh/.cpan/build/POE-Test-Loops-1.360-0/blib/lib:/home/njh/.cpan/build/Net-IP-1.26-0/blib/arch:/home/njh/.cpan/build/Net-IP-1.26-0/blib/lib:/home/njh/.cpan/build/JSON-RPC-1.06-0/blib/arch:/home/njh/.cpan/build/JSON-RPC-1.06-0/blib/lib:/home/njh/.cpan/build/Router-Simple-0.17-0/blib/arch:/home/njh/.cpan/build/Router-Simple-0.17-0/blib/lib:/home/njh/.cpan/build/Plack-1.0047-0/blib/arch:/home/njh/.cpan/build/Plack-1.0047-0/blib/lib:/home/njh/.cpan/build/Test-TCP-2.19-0/blib/arch:/home/njh/.cpan/build/Test-TCP-2.19-0/blib/lib:/home/njh/.cpan/build/HTTP-Headers-Fast-0.21-0/blib/arch:/home/njh/.cpan/build/HTTP-Headers-Fast-0.21-0/blib/lib:/home/njh/.cpan/build/HTTP-Entity-Parser-0.21-0/blib/arch:/home/njh/.cpan/build/HTTP-Entity-Parser-0.21-0/blib/lib:/home/njh/.cpan/build/WWW-Form-UrlEncoded-0.24-0/blib/arch:/home/njh/.cpan/build/WWW-Form-UrlEncoded-0.24-0/blib/lib:/home/njh/.cpan/build/Stream-Buffered-0.03-0/blib/arch:/home/njh/.cpan/build/Stream-Buffered-0.03-0/blib/lib:/home/njh/.cpan/build/Hash-MultiValue-0.16-0/blib/arch:/home/njh/.cpan/build/Hash-MultiValue-0.16-0/blib/lib:/home/njh/.cpan/build/HTTP-MultiPartParser-0.02-0/blib/arch:/home/njh/.cpan/build/HTTP-MultiPartParser-0.02-0/blib/lib:/home/njh/.cpan/build/Filesys-Notify-Simple-0.13-0/blib/arch:/home/njh/.cpan/build/Filesys-Notify-Simple-0.13-0/blib/lib:/home/njh/.cpan/build/Test-SharedFork-0.35-0/blib/arch:/home/njh/.cpan/build/Test-SharedFork-0.35-0/blib/lib:/home/njh/.cpan/build/Devel-StackTrace-AsHTML-0.15-0/blib/arch:/home/njh/.cpan/build/Devel-StackTrace-AsHTML-0.15-0/blib/lib:/home/njh/.cpan/build/Cookie-Baker-0.09-0/blib/arch:/home/njh/.cpan/build/Cookie-Baker-0.09-0/blib/lib:/home/njh/.cpan/build/Test-Time-0.05-0/blib/arch:/home/njh/.cpan/build/Test-Time-0.05-0/blib/lib:/home/njh/.cpan/build/Apache-LogFormat-Compiler-0.35-0/blib/arch:/home/njh/.cpan/build/Apache-LogFormat-Compiler-0.35-0/blib/lib:/home/njh/.cpan/build/Test-MockTime-0.17-0/blib/arch:/home/njh/.cpan/build/Test-MockTime-0.17-0/blib/lib:/home/njh/.cpan/build/POSIX-strftime-Compiler-0.42-0/blib/arch:/home/njh/.cpan/build/POSIX-strftime-Compiler-0.42-0/blib/lib:/home/njh/.cpan/build/Class-Accessor-Lite-0.08-0/blib/arch:/home/njh/.cpan/build/Class-Accessor-Lite-0.08-0/blib/lib:/home/njh/.cpan/build/IPC-Run-0.99-0/blib/arch:/home/njh/.cpan/build/IPC-Run-0.99-0/blib/lib:/home/njh/.cpan/build/Git-0.42-0/blib/arch:/home/njh/.cpan/build/Git-0.42-0/blib/lib:/home/njh/.cpan/build/File-Touch-0.11-0/blib/arch:/home/njh/.cpan/build/File-Touch-0.11-0/blib/lib:/home/njh/.cpan/build/File-Remove-1.57-0/blib/arch:/home/njh/.cpan/build/File-Remove-1.57-0/blib/lib:/home/njh/.cpan/build/DBIx-RunSQL-0.19-0/blib/arch:/home/njh/.cpan/build/DBIx-RunSQL-0.19-0/blib/lib"
    PERL5OPT=""
    PERL5_CPANPLUS_IS_RUNNING="7080"
    PERL5_CPAN_IS_RUNNING="7080"
    PERLBREW_HOME="/home/njh/.perlbrew"
    PERLBREW_MANPATH="/home/njh/perl5/perlbrew/perls/perl-5.26.1/man"
    PERLBREW_PATH="/home/njh/perl5/perlbrew/bin:/home/njh/perl5/perlbrew/perls/perl-5.26.1/bin"
    PERLBREW_PERL="perl-5.26.1"
    PERLBREW_ROOT="/home/njh/perl5/perlbrew"
    PERLBREW_SHELLRC_VERSION="0.82"
    PERLBREW_VERSION="0.82"
    PERL_USE_UNSAFE_INC="1"
  @INC:
    /home/njh/.cpan/build/IO-Pipely-0.005-0/blib/arch
    /home/njh/.cpan/build/IO-Pipely-0.005-0/blib/lib
    /home/njh/.cpan/build/POE-Test-Loops-1.360-0/blib/arch
    /home/njh/.cpan/build/POE-Test-Loops-1.360-0/blib/lib
    /home/njh/.cpan/build/Net-IP-1.26-0/blib/arch
    /home/njh/.cpan/build/Net-IP-1.26-0/blib/lib
    /home/njh/.cpan/build/JSON-RPC-1.06-0/blib/arch
    /home/njh/.cpan/build/JSON-RPC-1.06-0/blib/lib
    /home/njh/.cpan/build/Router-Simple-0.17-0/blib/arch
    /home/njh/.cpan/build/Router-Simple-0.17-0/blib/lib
    /home/njh/.cpan/build/Plack-1.0047-0/blib/arch
    /home/njh/.cpan/build/Plack-1.0047-0/blib/lib
    /home/njh/.cpan/build/Test-TCP-2.19-0/blib/arch
    /home/njh/.cpan/build/Test-TCP-2.19-0/blib/lib
    /home/njh/.cpan/build/HTTP-Headers-Fast-0.21-0/blib/arch
    /home/njh/.cpan/build/HTTP-Headers-Fast-0.21-0/blib/lib
    /home/njh/.cpan/build/HTTP-Entity-Parser-0.21-0/blib/arch
    /home/njh/.cpan/build/HTTP-Entity-Parser-0.21-0/blib/lib
    /home/njh/.cpan/build/WWW-Form-UrlEncoded-0.24-0/blib/arch
    /home/njh/.cpan/build/WWW-Form-UrlEncoded-0.24-0/blib/lib
    /home/njh/.cpan/build/Stream-Buffered-0.03-0/blib/arch
    /home/njh/.cpan/build/Stream-Buffered-0.03-0/blib/lib
    /home/njh/.cpan/build/Hash-MultiValue-0.16-0/blib/arch
    /home/njh/.cpan/build/Hash-MultiValue-0.16-0/blib/lib
    /home/njh/.cpan/build/HTTP-MultiPartParser-0.02-0/blib/arch
    /home/njh/.cpan/build/HTTP-MultiPartParser-0.02-0/blib/lib
    /home/njh/.cpan/build/Filesys-Notify-Simple-0.13-0/blib/arch
    /home/njh/.cpan/build/Filesys-Notify-Simple-0.13-0/blib/lib
    /home/njh/.cpan/build/Test-SharedFork-0.35-0/blib/arch
    /home/njh/.cpan/build/Test-SharedFork-0.35-0/blib/lib
    /home/njh/.cpan/build/Devel-StackTrace-AsHTML-0.15-0/blib/arch
    /home/njh/.cpan/build/Devel-StackTrace-AsHTML-0.15-0/blib/lib
    /home/njh/.cpan/build/Cookie-Baker-0.09-0/blib/arch
    /home/njh/.cpan/build/Cookie-Baker-0.09-0/blib/lib
    /home/njh/.cpan/build/Test-Time-0.05-0/blib/arch
    /home/njh/.cpan/build/Test-Time-0.05-0/blib/lib
    /home/njh/.cpan/build/Apache-LogFormat-Compiler-0.35-0/blib/arch
    /home/njh/.cpan/build/Apache-LogFormat-Compiler-0.35-0/blib/lib
    /home/njh/.cpan/build/Test-MockTime-0.17-0/blib/arch
    /home/njh/.cpan/build/Test-MockTime-0.17-0/blib/lib
    /home/njh/.cpan/build/POSIX-strftime-Compiler-0.42-0/blib/arch
    /home/njh/.cpan/build/POSIX-strftime-Compiler-0.42-0/blib/lib
    /home/njh/.cpan/build/Class-Accessor-Lite-0.08-0/blib/arch
    /home/njh/.cpan/build/Class-Accessor-Lite-0.08-0/blib/lib
    /home/njh/.cpan/build/IPC-Run-0.99-0/blib/arch
    /home/njh/.cpan/build/IPC-Run-0.99-0/blib/lib
    /home/njh/.cpan/build/Git-0.42-0/blib/arch
    /home/njh/.cpan/build/Git-0.42-0/blib/lib
    /home/njh/.cpan/build/File-Touch-0.11-0/blib/arch
    /home/njh/.cpan/build/File-Touch-0.11-0/blib/lib
    /home/njh/.cpan/build/File-Remove-1.57-0/blib/arch
    /home/njh/.cpan/build/File-Remove-1.57-0/blib/lib
    /home/njh/.cpan/build/DBIx-RunSQL-0.19-0/blib/arch
    /home/njh/.cpan/build/DBIx-RunSQL-0.19-0/blib/lib
    /home/njh/perl5/perlbrew/perls/perl-5.26.1/lib/site_perl/5.26.1/x86_64-linux
    /home/njh/perl5/perlbrew/perls/perl-5.26.1/lib/site_perl/5.26.1
    /home/njh/perl5/perlbrew/perls/perl-5.26.1/lib/5.26.1/x86_64-linux
    /home/njh/perl5/perlbrew/perls/perl-5.26.1/lib/5.26.1
    .