Back
From: metabase:user:320bfe00-2aae-11df-837a-5e0a49663a4f
Subject: FAIL HTTP-Engine-0.03005 v5.22.3 RC4 GNU/Linux
Date: 2016-11-10T03:35:45Z
This distribution has been tested as part of the CPAN Testers
project, supporting the Perl programming language. See
http://wiki.cpantesters.org/ for more information or email
questions to cpan-testers-discuss@perl.org
--
Dear Kazuhiro Osawa,
This is a computer-generated report for HTTP-Engine-0.03005
on perl 5.22.3, created by CPAN-Reporter-1.2018.
Thank you for uploading your work to CPAN. However, there was a problem
testing your distribution.
If you think this report is invalid, please consult the CPAN Testers Wiki
for suggestions on how to avoid getting FAIL reports for missing library
or binary dependencies, unsupported operating systems, and so on:
http://wiki.cpantesters.org/wiki/CPANAuthorNotes
Sections of this report:
* Tester comments
* Program output
* Prerequisites
* Environment and other context
------------------------------
TESTER COMMENTS
------------------------------
Additional comments from tester:
this report is from an automated smoke testing program
and was not reviewed by a human for accuracy
------------------------------
PROGRAM OUTPUT
------------------------------
Output from '/usr/bin/make test':
PERL_DL_NONLAZY=1 "/tmp/basesmoker-reloperl-hHAE/bin/perl" "-MExtUtils::Command::MM" "-MTest::Harness" "-e" "undef *Test::Harness::Switches; test_harness(0, 'inc', 'blib/lib', 'blib/arch')" t/*.t t/*/*.t t/moose/*/*.t
Possible precedence issue with control flow operator at /tmp/loop_over_bdir-31073-q63Jdx/HTTP-Engine-0.03005-0/inc/Test/Builder.pm line 917.
Any::Moose is deprecated. Please use Moo instead at /tmp/loop_over_bdir-31073-q63Jdx/HTTP-Engine-0.03005-0/blib/lib/HTTP/Engine.pm line 3.
# Soft dependency versions:
# Any::Moose 0.27
# Mouse v2.4.5
# MooseX::Types 0.46
t/00_compile.t .............................................. ok
Possible precedence issue with control flow operator at /tmp/loop_over_bdir-31073-q63Jdx/HTTP-Engine-0.03005-0/inc/Test/Builder.pm line 917.
Any::Moose is deprecated. Please use Moo instead at /tmp/loop_over_bdir-31073-q63Jdx/HTTP-Engine-0.03005-0/blib/lib/HTTP/Engine/Request.pm line 2.
t/010_core/builder_options-upload_tmp.t ..................... ok
Possible precedence issue with control flow operator at /tmp/loop_over_bdir-31073-q63Jdx/HTTP-Engine-0.03005-0/inc/Test/Builder.pm line 917.
Any::Moose is deprecated. Please use Moo instead at t/Utils.pm line 2.
t/010_core/interface-require.t .............................. ok
Possible precedence issue with control flow operator at /tmp/loop_over_bdir-31073-q63Jdx/HTTP-Engine-0.03005-0/inc/Test/Builder.pm line 917.
Any::Moose is deprecated. Please use Moo instead at t/Utils.pm line 2.
t/010_core/interface.t ...................................... ok
Possible precedence issue with control flow operator at /tmp/loop_over_bdir-31073-q63Jdx/HTTP-Engine-0.03005-0/inc/Test/Builder.pm line 917.
Any::Moose is deprecated. Please use Moo instead at /tmp/loop_over_bdir-31073-q63Jdx/HTTP-Engine-0.03005-0/blib/lib/HTTP/Engine/RequestBuilder/CGI.pm line 2.
t/010_core/load_requestbuilder_cgi.t ........................ ok
Possible precedence issue with control flow operator at /tmp/loop_over_bdir-31073-q63Jdx/HTTP-Engine-0.03005-0/inc/Test/Builder.pm line 917.
Redundant argument in sprintf at /tmp/loop_over_bdir-31073-q63Jdx/HTTP-Engine-0.03005-0/inc/Spiffy.pm line 225.
Redundant argument in sprintf at /tmp/loop_over_bdir-31073-q63Jdx/HTTP-Engine-0.03005-0/inc/Spiffy.pm line 225.
Redundant argument in sprintf at /tmp/loop_over_bdir-31073-q63Jdx/HTTP-Engine-0.03005-0/inc/Spiffy.pm line 225.
Redundant argument in sprintf at /tmp/loop_over_bdir-31073-q63Jdx/HTTP-Engine-0.03005-0/inc/Spiffy.pm line 225.
Any::Moose is deprecated. Please use Moo instead at t/Utils.pm line 2.
t/010_core/request-absolute_uri.t ........................... ok
Possible precedence issue with control flow operator at /tmp/loop_over_bdir-31073-q63Jdx/HTTP-Engine-0.03005-0/inc/Test/Builder.pm line 917.
Any::Moose is deprecated. Please use Moo instead at /tmp/loop_over_bdir-31073-q63Jdx/HTTP-Engine-0.03005-0/blib/lib/HTTP/Engine/Request.pm line 2.
t/010_core/request-as_http_request.t ........................ ok
Possible precedence issue with control flow operator at /tmp/loop_over_bdir-31073-q63Jdx/HTTP-Engine-0.03005-0/inc/Test/Builder.pm line 917.
Any::Moose is deprecated. Please use Moo instead at /tmp/loop_over_bdir-31073-q63Jdx/HTTP-Engine-0.03005-0/blib/lib/HTTP/Engine.pm line 3.
t/010_core/request-as_string.t .............................. ok
Possible precedence issue with control flow operator at /tmp/loop_over_bdir-31073-q63Jdx/HTTP-Engine-0.03005-0/inc/Test/Builder.pm line 917.
Any::Moose is deprecated. Please use Moo instead at t/Utils.pm line 2.
t/010_core/request-body.t ................................... ok
Possible precedence issue with control flow operator at /tmp/loop_over_bdir-31073-q63Jdx/HTTP-Engine-0.03005-0/inc/Test/Builder.pm line 917.
Any::Moose is deprecated. Please use Moo instead at /tmp/loop_over_bdir-31073-q63Jdx/HTTP-Engine-0.03005-0/blib/lib/HTTP/Engine/Request.pm line 2.
t/010_core/request-content.t ................................ ok
Possible precedence issue with control flow operator at /tmp/loop_over_bdir-31073-q63Jdx/HTTP-Engine-0.03005-0/inc/Test/Builder.pm line 917.
Any::Moose is deprecated. Please use Moo instead at t/Utils.pm line 2.
t/010_core/request-cookie.t ................................. ok
Possible precedence issue with control flow operator at /tmp/loop_over_bdir-31073-q63Jdx/HTTP-Engine-0.03005-0/inc/Test/Builder.pm line 917.
Any::Moose is deprecated. Please use Moo instead at /tmp/loop_over_bdir-31073-q63Jdx/HTTP-Engine-0.03005-0/blib/lib/HTTP/Engine/Request.pm line 2.
t/010_core/request-hostname.t ............................... ok
Any::Moose is deprecated. Please use Moo instead at t/Utils.pm line 2.
Possible precedence issue with control flow operator at /tmp/loop_over_bdir-31073-q63Jdx/HTTP-Engine-0.03005-0/inc/Test/Builder.pm line 917.
t/010_core/request-many_upload.t ............................ ok
Possible precedence issue with control flow operator at /tmp/loop_over_bdir-31073-q63Jdx/HTTP-Engine-0.03005-0/inc/Test/Builder.pm line 917.
Any::Moose is deprecated. Please use Moo instead at /tmp/loop_over_bdir-31073-q63Jdx/HTTP-Engine-0.03005-0/blib/lib/HTTP/Engine/Request.pm line 2.
t/010_core/request-parameters.t ............................. ok
Possible precedence issue with control flow operator at /tmp/loop_over_bdir-31073-q63Jdx/HTTP-Engine-0.03005-0/inc/Test/Builder.pm line 917.
Redundant argument in sprintf at /tmp/loop_over_bdir-31073-q63Jdx/HTTP-Engine-0.03005-0/inc/Spiffy.pm line 225.
Redundant argument in sprintf at /tmp/loop_over_bdir-31073-q63Jdx/HTTP-Engine-0.03005-0/inc/Spiffy.pm line 225.
Redundant argument in sprintf at /tmp/loop_over_bdir-31073-q63Jdx/HTTP-Engine-0.03005-0/inc/Spiffy.pm line 225.
Redundant argument in sprintf at /tmp/loop_over_bdir-31073-q63Jdx/HTTP-Engine-0.03005-0/inc/Spiffy.pm line 225.
Any::Moose is deprecated. Please use Moo instead at /tmp/loop_over_bdir-31073-q63Jdx/HTTP-Engine-0.03005-0/blib/lib/HTTP/Engine/Request.pm line 2.
t/010_core/request-params.t ................................. ok
Possible precedence issue with control flow operator at /tmp/loop_over_bdir-31073-q63Jdx/HTTP-Engine-0.03005-0/inc/Test/Builder.pm line 917.
Any::Moose is deprecated. Please use Moo instead at /tmp/loop_over_bdir-31073-q63Jdx/HTTP-Engine-0.03005-0/blib/lib/HTTP/Engine/Request.pm line 2.
t/010_core/request-parse.t .................................. ok
Possible precedence issue with control flow operator at /tmp/loop_over_bdir-31073-q63Jdx/HTTP-Engine-0.03005-0/inc/Test/Builder.pm line 917.
Redundant argument in sprintf at /tmp/loop_over_bdir-31073-q63Jdx/HTTP-Engine-0.03005-0/inc/Spiffy.pm line 225.
Redundant argument in sprintf at /tmp/loop_over_bdir-31073-q63Jdx/HTTP-Engine-0.03005-0/inc/Spiffy.pm line 225.
Redundant argument in sprintf at /tmp/loop_over_bdir-31073-q63Jdx/HTTP-Engine-0.03005-0/inc/Spiffy.pm line 225.
Redundant argument in sprintf at /tmp/loop_over_bdir-31073-q63Jdx/HTTP-Engine-0.03005-0/inc/Spiffy.pm line 225.
Any::Moose is deprecated. Please use Moo instead at /tmp/loop_over_bdir-31073-q63Jdx/HTTP-Engine-0.03005-0/blib/lib/HTTP/Engine/Request.pm line 2.
t/010_core/request-proxy_request.t .......................... ok
Possible precedence issue with control flow operator at /tmp/loop_over_bdir-31073-q63Jdx/HTTP-Engine-0.03005-0/inc/Test/Builder.pm line 917.
Any::Moose is deprecated. Please use Moo instead at /tmp/loop_over_bdir-31073-q63Jdx/HTTP-Engine-0.03005-0/blib/lib/HTTP/Engine/Request.pm line 2.
t/010_core/request-raw_body.t ............................... ok
Possible precedence issue with control flow operator at /tmp/loop_over_bdir-31073-q63Jdx/HTTP-Engine-0.03005-0/inc/Test/Builder.pm line 917.
Any::Moose is deprecated. Please use Moo instead at t/Utils.pm line 2.
t/010_core/request-readbody.t ............................... ok
Possible precedence issue with control flow operator at /tmp/loop_over_bdir-31073-q63Jdx/HTTP-Engine-0.03005-0/inc/Test/Builder.pm line 917.
Redundant argument in sprintf at /tmp/loop_over_bdir-31073-q63Jdx/HTTP-Engine-0.03005-0/inc/Spiffy.pm line 225.
Redundant argument in sprintf at /tmp/loop_over_bdir-31073-q63Jdx/HTTP-Engine-0.03005-0/inc/Spiffy.pm line 225.
Redundant argument in sprintf at /tmp/loop_over_bdir-31073-q63Jdx/HTTP-Engine-0.03005-0/inc/Spiffy.pm line 225.
Redundant argument in sprintf at /tmp/loop_over_bdir-31073-q63Jdx/HTTP-Engine-0.03005-0/inc/Spiffy.pm line 225.
Any::Moose is deprecated. Please use Moo instead at /tmp/loop_over_bdir-31073-q63Jdx/HTTP-Engine-0.03005-0/blib/lib/HTTP/Engine/Request.pm line 2.
t/010_core/request-secure.t ................................. ok
Possible precedence issue with control flow operator at /tmp/loop_over_bdir-31073-q63Jdx/HTTP-Engine-0.03005-0/inc/Test/Builder.pm line 917.
Any::Moose is deprecated. Please use Moo instead at /tmp/loop_over_bdir-31073-q63Jdx/HTTP-Engine-0.03005-0/blib/lib/HTTP/Engine/Request.pm line 2.
t/010_core/request-upload.t ................................. ok
Possible precedence issue with control flow operator at /tmp/loop_over_bdir-31073-q63Jdx/HTTP-Engine-0.03005-0/inc/Test/Builder.pm line 917.
Redundant argument in sprintf at /tmp/loop_over_bdir-31073-q63Jdx/HTTP-Engine-0.03005-0/inc/Spiffy.pm line 225.
Redundant argument in sprintf at /tmp/loop_over_bdir-31073-q63Jdx/HTTP-Engine-0.03005-0/inc/Spiffy.pm line 225.
Redundant argument in sprintf at /tmp/loop_over_bdir-31073-q63Jdx/HTTP-Engine-0.03005-0/inc/Spiffy.pm line 225.
Redundant argument in sprintf at /tmp/loop_over_bdir-31073-q63Jdx/HTTP-Engine-0.03005-0/inc/Spiffy.pm line 225.
Any::Moose is deprecated. Please use Moo instead at /tmp/loop_over_bdir-31073-q63Jdx/HTTP-Engine-0.03005-0/blib/lib/HTTP/Engine/Request.pm line 2.
t/010_core/request-uri.t .................................... ok
Possible precedence issue with control flow operator at /tmp/loop_over_bdir-31073-q63Jdx/HTTP-Engine-0.03005-0/inc/Test/Builder.pm line 917.
Any::Moose is deprecated. Please use Moo instead at /tmp/loop_over_bdir-31073-q63Jdx/HTTP-Engine-0.03005-0/blib/lib/HTTP/Engine/Request.pm line 2.
t/010_core/request.t ........................................ ok
Any::Moose is deprecated. Please use Moo instead at t/Utils.pm line 2.
Possible precedence issue with control flow operator at /tmp/loop_over_bdir-31073-q63Jdx/HTTP-Engine-0.03005-0/inc/Test/Builder.pm line 917.
t/010_core/request_builder-noenv.t .......................... ok
Possible precedence issue with control flow operator at /tmp/loop_over_bdir-31073-q63Jdx/HTTP-Engine-0.03005-0/inc/Test/Builder.pm line 917.
Any::Moose is deprecated. Please use Moo instead at t/Utils.pm line 2.
t/010_core/request_processor-catch_error.t .................. ok
Possible precedence issue with control flow operator at /tmp/loop_over_bdir-31073-q63Jdx/HTTP-Engine-0.03005-0/inc/Test/Builder.pm line 917.
Any::Moose is deprecated. Please use Moo instead at t/Utils.pm line 2.
t/010_core/request_processor-make_request.t ................. ok
Possible precedence issue with control flow operator at /tmp/loop_over_bdir-31073-q63Jdx/HTTP-Engine-0.03005-0/inc/Test/Builder.pm line 917.
Any::Moose is deprecated. Please use Moo instead at t/Utils.pm line 2.
t/010_core/request_processor-response_error.t ............... ok
Possible precedence issue with control flow operator at /tmp/loop_over_bdir-31073-q63Jdx/HTTP-Engine-0.03005-0/inc/Test/Builder.pm line 917.
Any::Moose is deprecated. Please use Moo instead at /tmp/loop_over_bdir-31073-q63Jdx/HTTP-Engine-0.03005-0/blib/lib/HTTP/Engine.pm line 3.
t/010_core/request_upload-basename.t ........................ ok
Possible precedence issue with control flow operator at /tmp/loop_over_bdir-31073-q63Jdx/HTTP-Engine-0.03005-0/inc/Test/Builder.pm line 917.
Any::Moose is deprecated. Please use Moo instead at /tmp/loop_over_bdir-31073-q63Jdx/HTTP-Engine-0.03005-0/blib/lib/HTTP/Engine/Response.pm line 2.
t/010_core/response-code.t .................................. ok
Possible precedence issue with control flow operator at /tmp/loop_over_bdir-31073-q63Jdx/HTTP-Engine-0.03005-0/inc/Test/Builder.pm line 917.
Any::Moose is deprecated. Please use Moo instead at /tmp/loop_over_bdir-31073-q63Jdx/HTTP-Engine-0.03005-0/blib/lib/HTTP/Engine/Response.pm line 2.
t/010_core/response-coerce_headers.t ........................ ok
Possible precedence issue with control flow operator at /tmp/loop_over_bdir-31073-q63Jdx/HTTP-Engine-0.03005-0/inc/Test/Builder.pm line 917.
Any::Moose is deprecated. Please use Moo instead at /tmp/loop_over_bdir-31073-q63Jdx/HTTP-Engine-0.03005-0/blib/lib/HTTP/Engine/Response.pm line 2.
t/010_core/response-content_length.t ........................ ok
Possible precedence issue with control flow operator at /tmp/loop_over_bdir-31073-q63Jdx/HTTP-Engine-0.03005-0/inc/Test/Builder.pm line 917.
Any::Moose is deprecated. Please use Moo instead at t/Utils.pm line 2.
t/010_core/response-cookie.t ................................ ok
Possible precedence issue with control flow operator at /tmp/loop_over_bdir-31073-q63Jdx/HTTP-Engine-0.03005-0/inc/Test/Builder.pm line 917.
Any::Moose is deprecated. Please use Moo instead at /tmp/loop_over_bdir-31073-q63Jdx/HTTP-Engine-0.03005-0/blib/lib/HTTP/Engine/Response.pm line 2.
t/010_core/response-new.t ................................... ok
Possible precedence issue with control flow operator at /tmp/loop_over_bdir-31073-q63Jdx/HTTP-Engine-0.03005-0/inc/Test/Builder.pm line 917.
Any::Moose is deprecated. Please use Moo instead at /tmp/loop_over_bdir-31073-q63Jdx/HTTP-Engine-0.03005-0/blib/lib/HTTP/Engine/Response.pm line 2.
t/010_core/response-set_http_response.t ..................... ok
Possible precedence issue with control flow operator at /tmp/loop_over_bdir-31073-q63Jdx/HTTP-Engine-0.03005-0/inc/Test/Builder.pm line 917.
Redundant argument in sprintf at /tmp/loop_over_bdir-31073-q63Jdx/HTTP-Engine-0.03005-0/inc/Spiffy.pm line 225.
Redundant argument in sprintf at /tmp/loop_over_bdir-31073-q63Jdx/HTTP-Engine-0.03005-0/inc/Spiffy.pm line 225.
Redundant argument in sprintf at /tmp/loop_over_bdir-31073-q63Jdx/HTTP-Engine-0.03005-0/inc/Spiffy.pm line 225.
Redundant argument in sprintf at /tmp/loop_over_bdir-31073-q63Jdx/HTTP-Engine-0.03005-0/inc/Spiffy.pm line 225.
Any::Moose is deprecated. Please use Moo instead at /tmp/loop_over_bdir-31073-q63Jdx/HTTP-Engine-0.03005-0/blib/lib/HTTP/Engine/Response.pm line 2.
t/010_core/response-status.t ................................ ok
Possible precedence issue with control flow operator at /tmp/loop_over_bdir-31073-q63Jdx/HTTP-Engine-0.03005-0/inc/Test/Builder.pm line 917.
Any::Moose is deprecated. Please use Moo instead at /tmp/loop_over_bdir-31073-q63Jdx/HTTP-Engine-0.03005-0/blib/lib/HTTP/Engine/Response.pm line 2.
t/010_core/response.t ....................................... ok
Possible precedence issue with control flow operator at /tmp/loop_over_bdir-31073-q63Jdx/HTTP-Engine-0.03005-0/inc/Test/Builder.pm line 917.
Redundant argument in sprintf at /tmp/loop_over_bdir-31073-q63Jdx/HTTP-Engine-0.03005-0/inc/Spiffy.pm line 225.
Redundant argument in sprintf at /tmp/loop_over_bdir-31073-q63Jdx/HTTP-Engine-0.03005-0/inc/Spiffy.pm line 225.
Redundant argument in sprintf at /tmp/loop_over_bdir-31073-q63Jdx/HTTP-Engine-0.03005-0/inc/Spiffy.pm line 225.
Redundant argument in sprintf at /tmp/loop_over_bdir-31073-q63Jdx/HTTP-Engine-0.03005-0/inc/Spiffy.pm line 225.
Any::Moose is deprecated. Please use Moo instead at /tmp/loop_over_bdir-31073-q63Jdx/HTTP-Engine-0.03005-0/blib/lib/HTTP/Engine.pm line 3.
t/010_core/response_finalizer.t ............................. ok
Possible precedence issue with control flow operator at /tmp/loop_over_bdir-31073-q63Jdx/HTTP-Engine-0.03005-0/inc/Test/Builder.pm line 917.
Any::Moose is deprecated. Please use Moo instead at /tmp/loop_over_bdir-31073-q63Jdx/HTTP-Engine-0.03005-0/blib/lib/HTTP/Engine/Request.pm line 2.
t/010_core/response_writer.t ................................ ok
Possible precedence issue with control flow operator at /tmp/loop_over_bdir-31073-q63Jdx/HTTP-Engine-0.03005-0/inc/Test/Builder.pm line 917.
Any::Moose is deprecated. Please use Moo instead at /tmp/loop_over_bdir-31073-q63Jdx/HTTP-Engine-0.03005-0/blib/lib/HTTP/Engine/Request.pm line 2.
t/010_core/responsewriter-broken_io.t ....................... ok
Any::Moose is deprecated. Please use Moo instead at t/010_core/responsewriter-with_io.t line 6.
Possible precedence issue with control flow operator at /tmp/loop_over_bdir-31073-q63Jdx/HTTP-Engine-0.03005-0/inc/Test/Builder.pm line 917.
Redundant argument in sprintf at /tmp/loop_over_bdir-31073-q63Jdx/HTTP-Engine-0.03005-0/inc/Spiffy.pm line 225.
Redundant argument in sprintf at /tmp/loop_over_bdir-31073-q63Jdx/HTTP-Engine-0.03005-0/inc/Spiffy.pm line 225.
Redundant argument in sprintf at /tmp/loop_over_bdir-31073-q63Jdx/HTTP-Engine-0.03005-0/inc/Spiffy.pm line 225.
Redundant argument in sprintf at /tmp/loop_over_bdir-31073-q63Jdx/HTTP-Engine-0.03005-0/inc/Spiffy.pm line 225.
t/010_core/responsewriter-with_io.t ......................... ok
Any::Moose is deprecated. Please use Moo instead at /tmp/loop_over_bdir-31073-q63Jdx/HTTP-Engine-0.03005-0/blib/lib/HTTP/Engine.pm line 3.
Possible precedence issue with control flow operator at /tmp/loop_over_bdir-31073-q63Jdx/HTTP-Engine-0.03005-0/inc/Test/Builder.pm line 917.
Redundant argument in sprintf at /tmp/loop_over_bdir-31073-q63Jdx/HTTP-Engine-0.03005-0/inc/Spiffy.pm line 225.
Redundant argument in sprintf at /tmp/loop_over_bdir-31073-q63Jdx/HTTP-Engine-0.03005-0/inc/Spiffy.pm line 225.
Redundant argument in sprintf at /tmp/loop_over_bdir-31073-q63Jdx/HTTP-Engine-0.03005-0/inc/Spiffy.pm line 225.
Redundant argument in sprintf at /tmp/loop_over_bdir-31073-q63Jdx/HTTP-Engine-0.03005-0/inc/Spiffy.pm line 225.
t/020_interface/cgi.t ....................................... ok
Possible precedence issue with control flow operator at /tmp/loop_over_bdir-31073-q63Jdx/HTTP-Engine-0.03005-0/inc/Test/Builder.pm line 917.
t/020_interface/lighty-fcgi.t ............................... skipped: set TEST_LIGHTTPD to enable this test
Any::Moose is deprecated. Please use Moo instead at t/Utils.pm line 2.
Possible precedence issue with control flow operator at /tmp/loop_over_bdir-31073-q63Jdx/HTTP-Engine-0.03005-0/inc/Test/Builder.pm line 917.
t/020_interface/modperl_wildcard_hostname.t ................. skipped: this test requires mod_perl 2
Possible precedence issue with control flow operator at /tmp/loop_over_bdir-31073-q63Jdx/HTTP-Engine-0.03005-0/inc/Test/Builder.pm line 917.
Any::Moose is deprecated. Please use Moo instead at /tmp/loop_over_bdir-31073-q63Jdx/HTTP-Engine-0.03005-0/blib/lib/HTTP/Engine.pm line 3.
t/020_interface/poe-proxy.t ................................. skipped: this test requires POE::Component::Client::HTTP
Possible precedence issue with control flow operator at /tmp/loop_over_bdir-31073-q63Jdx/HTTP-Engine-0.03005-0/inc/Test/Builder.pm line 917.
Any::Moose is deprecated. Please use Moo instead at /tmp/loop_over_bdir-31073-q63Jdx/HTTP-Engine-0.03005-0/blib/lib/HTTP/Engine.pm line 3.
t/020_interface/poe-uri.t ................................... skipped: this test requires POE::Component::Client::HTTP
Possible precedence issue with control flow operator at /tmp/loop_over_bdir-31073-q63Jdx/HTTP-Engine-0.03005-0/inc/Test/Builder.pm line 917.
Any::Moose is deprecated. Please use Moo instead at /tmp/loop_over_bdir-31073-q63Jdx/HTTP-Engine-0.03005-0/blib/lib/HTTP/Engine.pm line 3.
t/020_interface/poe.t ....................................... skipped: this test requires POE::Component::Client::HTTP
Any::Moose is deprecated. Please use Moo instead at t/Utils.pm line 2.
Possible precedence issue with control flow operator at /tmp/loop_over_bdir-31073-q63Jdx/HTTP-Engine-0.03005-0/inc/Test/Builder.pm line 917.
t/020_interface/psgi-with_plack.t ........................... ok
Any::Moose is deprecated. Please use Moo instead at t/Utils.pm line 2.
Possible precedence issue with control flow operator at /tmp/loop_over_bdir-31073-q63Jdx/HTTP-Engine-0.03005-0/inc/Test/Builder.pm line 917.
t/020_interface/psgi.t ...................................... ok
Any::Moose is deprecated. Please use Moo instead at t/Utils.pm line 2.
Possible precedence issue with control flow operator at /tmp/loop_over_bdir-31073-q63Jdx/HTTP-Engine-0.03005-0/inc/Test/Builder.pm line 917.
t/020_interface/server_simple-net_server_configure.t ........ ok
Possible precedence issue with control flow operator at /tmp/loop_over_bdir-31073-q63Jdx/HTTP-Engine-0.03005-0/inc/Test/Builder.pm line 917.
Any::Moose is deprecated. Please use Moo instead at /tmp/loop_over_bdir-31073-q63Jdx/HTTP-Engine-0.03005-0/blib/lib/HTTP/Engine.pm line 3.
t/020_interface/server_simple-not-send-header-bug.t ......... ok
Any::Moose is deprecated. Please use Moo instead at t/Utils.pm line 2.
Possible precedence issue with control flow operator at /tmp/loop_over_bdir-31073-q63Jdx/HTTP-Engine-0.03005-0/inc/Test/Builder.pm line 917.
t/020_interface/server_simple-print_banner.t ................ ok
Any::Moose is deprecated. Please use Moo instead at t/Utils.pm line 2.
Possible precedence issue with control flow operator at /tmp/loop_over_bdir-31073-q63Jdx/HTTP-Engine-0.03005-0/inc/Test/Builder.pm line 917.
t/020_interface/server_simple.t ............................. ok
Any::Moose is deprecated. Please use Moo instead at t/Utils.pm line 2.
Possible precedence issue with control flow operator at /tmp/loop_over_bdir-31073-q63Jdx/HTTP-Engine-0.03005-0/inc/Test/Builder.pm line 917.
t/020_interface/standalone-keep_alive.t ..................... skipped: Interface::Standalone will be removed
Any::Moose is deprecated. Please use Moo instead at t/Utils.pm line 2.
Possible precedence issue with control flow operator at /tmp/loop_over_bdir-31073-q63Jdx/HTTP-Engine-0.03005-0/inc/Test/Builder.pm line 917.
t/020_interface/standalone-restart.t ........................ skipped: Interface::Standalone will be removed
Any::Moose is deprecated. Please use Moo instead at t/Utils.pm line 2.
Possible precedence issue with control flow operator at /tmp/loop_over_bdir-31073-q63Jdx/HTTP-Engine-0.03005-0/inc/Test/Builder.pm line 917.
t/020_interface/streaming_response.t ........................ ok
Any::Moose is deprecated. Please use Moo instead at /tmp/loop_over_bdir-31073-q63Jdx/HTTP-Engine-0.03005-0/blib/lib/HTTP/Engine.pm line 3.
Possible precedence issue with control flow operator at /tmp/loop_over_bdir-31073-q63Jdx/HTTP-Engine-0.03005-0/inc/Test/Builder.pm line 917.
t/020_interface/test-validation.t ........................... ok
Possible precedence issue with control flow operator at /tmp/loop_over_bdir-31073-q63Jdx/HTTP-Engine-0.03005-0/inc/Test/Builder.pm line 917.
Any::Moose is deprecated. Please use Moo instead at /tmp/loop_over_bdir-31073-q63Jdx/HTTP-Engine-0.03005-0/blib/lib/HTTP/Engine.pm line 3.
t/020_interface/test-warn_at_utf8.t ......................... ok
Any::Moose is deprecated. Please use Moo instead at /tmp/loop_over_bdir-31073-q63Jdx/HTTP-Engine-0.03005-0/blib/lib/HTTP/Engine.pm line 3.
Possible precedence issue with control flow operator at /tmp/loop_over_bdir-31073-q63Jdx/HTTP-Engine-0.03005-0/inc/Test/Builder.pm line 917.
Redundant argument in sprintf at /tmp/loop_over_bdir-31073-q63Jdx/HTTP-Engine-0.03005-0/inc/Spiffy.pm line 225.
Redundant argument in sprintf at /tmp/loop_over_bdir-31073-q63Jdx/HTTP-Engine-0.03005-0/inc/Spiffy.pm line 225.
Redundant argument in sprintf at /tmp/loop_over_bdir-31073-q63Jdx/HTTP-Engine-0.03005-0/inc/Spiffy.pm line 225.
Redundant argument in sprintf at /tmp/loop_over_bdir-31073-q63Jdx/HTTP-Engine-0.03005-0/inc/Spiffy.pm line 225.
t/020_interface/test.t ...................................... ok
Possible precedence issue with control flow operator at /tmp/loop_over_bdir-31073-q63Jdx/HTTP-Engine-0.03005-0/inc/Test/Builder.pm line 917.
Any::Moose is deprecated. Please use Moo instead at /tmp/loop_over_bdir-31073-q63Jdx/HTTP-Engine-0.03005-0/blib/lib/HTTP/Engine.pm line 3.
t/020_interface/test_response-with_io.t ..................... ok
Any::Moose is deprecated. Please use Moo instead at t/Utils.pm line 2.
Possible precedence issue with control flow operator at /tmp/loop_over_bdir-31073-q63Jdx/HTTP-Engine-0.03005-0/inc/Test/Builder.pm line 917.
Redundant argument in sprintf at /tmp/loop_over_bdir-31073-q63Jdx/HTTP-Engine-0.03005-0/inc/Spiffy.pm line 225.
Redundant argument in sprintf at /tmp/loop_over_bdir-31073-q63Jdx/HTTP-Engine-0.03005-0/inc/Spiffy.pm line 225.
Redundant argument in sprintf at /tmp/loop_over_bdir-31073-q63Jdx/HTTP-Engine-0.03005-0/inc/Spiffy.pm line 225.
Redundant argument in sprintf at /tmp/loop_over_bdir-31073-q63Jdx/HTTP-Engine-0.03005-0/inc/Spiffy.pm line 225.
t/020_interface/test_upload.t ............................... ok
Any::Moose is deprecated. Please use Moo instead at t/Utils.pm line 2.
Possible precedence issue with control flow operator at /tmp/loop_over_bdir-31073-q63Jdx/HTTP-Engine-0.03005-0/inc/Test/Builder.pm line 917.
t/030_daemonize/connection_info.t ........................... ok
Any::Moose is deprecated. Please use Moo instead at t/Utils.pm line 2.
Possible precedence issue with control flow operator at /tmp/loop_over_bdir-31073-q63Jdx/HTTP-Engine-0.03005-0/inc/Test/Builder.pm line 917.
t/030_daemonize/headers.t ................................... ok
Any::Moose is deprecated. Please use Moo instead at t/Utils.pm line 2.
Possible precedence issue with control flow operator at /tmp/loop_over_bdir-31073-q63Jdx/HTTP-Engine-0.03005-0/inc/Test/Builder.pm line 917.
# Failed test at /tmp/loop_over_bdir-31073-q63Jdx/HTTP-Engine-0.03005-0/inc/Test/More.pm line 376.
# got: '/foo|'
# expected: '/|http://example.com/foo?http=1'
# Failed test at /tmp/loop_over_bdir-31073-q63Jdx/HTTP-Engine-0.03005-0/inc/Test/More.pm line 376.
# got: '/foo|'
# expected: '/|http://example.com:8080/foo?http=1'
# Failed test at /tmp/loop_over_bdir-31073-q63Jdx/HTTP-Engine-0.03005-0/inc/Test/More.pm line 376.
# got: '/foo|'
# expected: '/|http://example.com/foo?http=1'
# Failed test at /tmp/loop_over_bdir-31073-q63Jdx/HTTP-Engine-0.03005-0/inc/Test/More.pm line 376.
# got: '/foo|'
# expected: '/|http://example.com:8080/foo?http=1'
# Looks like you failed 4 tests of 16.
t/030_daemonize/proxy_path.t ................................
Dubious, test returned 4 (wstat 1024, 0x400)
Failed 4/16 subtests
Any::Moose is deprecated. Please use Moo instead at t/Utils.pm line 2.
Possible precedence issue with control flow operator at /tmp/loop_over_bdir-31073-q63Jdx/HTTP-Engine-0.03005-0/inc/Test/Builder.pm line 917.
t/030_daemonize/raw_body.t .................................. ok
Any::Moose is deprecated. Please use Moo instead at t/Utils.pm line 2.
Possible precedence issue with control flow operator at /tmp/loop_over_bdir-31073-q63Jdx/HTTP-Engine-0.03005-0/inc/Test/Builder.pm line 917.
t/030_daemonize/request_independence.t ...................... ok
Any::Moose is deprecated. Please use Moo instead at t/Utils.pm line 2.
Possible precedence issue with control flow operator at /tmp/loop_over_bdir-31073-q63Jdx/HTTP-Engine-0.03005-0/inc/Test/Builder.pm line 917.
t/030_daemonize/responsewriter_io.t ......................... ok
Any::Moose is deprecated. Please use Moo instead at t/Utils.pm line 2.
Possible precedence issue with control flow operator at /tmp/loop_over_bdir-31073-q63Jdx/HTTP-Engine-0.03005-0/inc/Test/Builder.pm line 917.
t/030_daemonize/upload-methods.t ............................ ok
Any::Moose is deprecated. Please use Moo instead at t/Utils.pm line 2.
Possible precedence issue with control flow operator at /tmp/loop_over_bdir-31073-q63Jdx/HTTP-Engine-0.03005-0/inc/Test/Builder.pm line 917.
t/030_daemonize/upload.t .................................... ok
Any::Moose is deprecated. Please use Moo instead at t/Utils.pm line 2.
Possible precedence issue with control flow operator at /tmp/loop_over_bdir-31073-q63Jdx/HTTP-Engine-0.03005-0/inc/Test/Builder.pm line 917.
t/030_daemonize/uri.t ....................................... ok
Any::Moose is deprecated. Please use Moo instead at t/Utils.pm line 2.
Possible precedence issue with control flow operator at /tmp/loop_over_bdir-31073-q63Jdx/HTTP-Engine-0.03005-0/inc/Test/Builder.pm line 917.
t/030_daemonize/utf8flagged-uri.t ........................... ok
Possible precedence issue with control flow operator at /tmp/loop_over_bdir-31073-q63Jdx/HTTP-Engine-0.03005-0/inc/Test/Builder.pm line 917.
Redundant argument in sprintf at /tmp/loop_over_bdir-31073-q63Jdx/HTTP-Engine-0.03005-0/inc/Spiffy.pm line 225.
Redundant argument in sprintf at /tmp/loop_over_bdir-31073-q63Jdx/HTTP-Engine-0.03005-0/inc/Spiffy.pm line 225.
Redundant argument in sprintf at /tmp/loop_over_bdir-31073-q63Jdx/HTTP-Engine-0.03005-0/inc/Spiffy.pm line 225.
Redundant argument in sprintf at /tmp/loop_over_bdir-31073-q63Jdx/HTTP-Engine-0.03005-0/inc/Spiffy.pm line 225.
t/040_minimal/001_simple.t .................................. ok
Possible precedence issue with control flow operator at /tmp/loop_over_bdir-31073-q63Jdx/HTTP-Engine-0.03005-0/inc/Test/Builder.pm line 917.
Any::Moose is deprecated. Please use Moo instead at /tmp/loop_over_bdir-31073-q63Jdx/HTTP-Engine-0.03005-0/blib/lib/HTTP/Engine/Request.pm line 2.
t/050_tests/request.t ....................................... ok
Possible precedence issue with control flow operator at /tmp/loop_over_bdir-31073-q63Jdx/HTTP-Engine-0.03005-0/inc/Test/Builder.pm line 917.
Any::Moose is deprecated. Please use Moo instead at /tmp/loop_over_bdir-31073-q63Jdx/HTTP-Engine-0.03005-0/blib/lib/HTTP/Engine.pm line 3.
# Soft dependency versions:
# Any::Moose 0.27
# Mouse v2.4.5
# MooseX::Types 0.46
t/moose/00_compile.t ........................................ ok
Possible precedence issue with control flow operator at /tmp/loop_over_bdir-31073-q63Jdx/HTTP-Engine-0.03005-0/inc/Test/Builder.pm line 917.
Any::Moose is deprecated. Please use Moo instead at /tmp/loop_over_bdir-31073-q63Jdx/HTTP-Engine-0.03005-0/blib/lib/HTTP/Engine/Request.pm line 2.
t/moose/010_core/builder_options-upload_tmp.t ............... ok
Possible precedence issue with control flow operator at /tmp/loop_over_bdir-31073-q63Jdx/HTTP-Engine-0.03005-0/inc/Test/Builder.pm line 917.
Any::Moose is deprecated. Please use Moo instead at t/Utils.pm line 2.
t/moose/010_core/interface-require.t ........................ ok
Possible precedence issue with control flow operator at /tmp/loop_over_bdir-31073-q63Jdx/HTTP-Engine-0.03005-0/inc/Test/Builder.pm line 917.
Any::Moose is deprecated. Please use Moo instead at t/Utils.pm line 2.
t/moose/010_core/interface.t ................................ ok
Possible precedence issue with control flow operator at /tmp/loop_over_bdir-31073-q63Jdx/HTTP-Engine-0.03005-0/inc/Test/Builder.pm line 917.
Any::Moose is deprecated. Please use Moo instead at /tmp/loop_over_bdir-31073-q63Jdx/HTTP-Engine-0.03005-0/blib/lib/HTTP/Engine/RequestBuilder/CGI.pm line 2.
t/moose/010_core/load_requestbuilder_cgi.t .................. ok
Possible precedence issue with control flow operator at /tmp/loop_over_bdir-31073-q63Jdx/HTTP-Engine-0.03005-0/inc/Test/Builder.pm line 917.
Redundant argument in sprintf at /tmp/loop_over_bdir-31073-q63Jdx/HTTP-Engine-0.03005-0/inc/Spiffy.pm line 225.
Redundant argument in sprintf at /tmp/loop_over_bdir-31073-q63Jdx/HTTP-Engine-0.03005-0/inc/Spiffy.pm line 225.
Redundant argument in sprintf at /tmp/loop_over_bdir-31073-q63Jdx/HTTP-Engine-0.03005-0/inc/Spiffy.pm line 225.
Redundant argument in sprintf at /tmp/loop_over_bdir-31073-q63Jdx/HTTP-Engine-0.03005-0/inc/Spiffy.pm line 225.
Any::Moose is deprecated. Please use Moo instead at t/Utils.pm line 2.
t/moose/010_core/request-absolute_uri.t ..................... ok
Possible precedence issue with control flow operator at /tmp/loop_over_bdir-31073-q63Jdx/HTTP-Engine-0.03005-0/inc/Test/Builder.pm line 917.
Any::Moose is deprecated. Please use Moo instead at /tmp/loop_over_bdir-31073-q63Jdx/HTTP-Engine-0.03005-0/blib/lib/HTTP/Engine/Request.pm line 2.
t/moose/010_core/request-as_http_request.t .................. ok
Possible precedence issue with control flow operator at /tmp/loop_over_bdir-31073-q63Jdx/HTTP-Engine-0.03005-0/inc/Test/Builder.pm line 917.
Any::Moose is deprecated. Please use Moo instead at /tmp/loop_over_bdir-31073-q63Jdx/HTTP-Engine-0.03005-0/blib/lib/HTTP/Engine.pm line 3.
t/moose/010_core/request-as_string.t ........................ ok
Possible precedence issue with control flow operator at /tmp/loop_over_bdir-31073-q63Jdx/HTTP-Engine-0.03005-0/inc/Test/Builder.pm line 917.
Any::Moose is deprecated. Please use Moo instead at t/Utils.pm line 2.
Class::MOP::load_class is deprecated at /home/sand/src/perl/repoperls/installed-perls/host/k93x64sid/v5.22.3-RC4/a3f9/lib/site_perl/5.22.3/x86_64-linux-thread-multi-ld/Class/MOP.pm line 69.
Class::MOP::load_class("HTTP::Engine::Interface::Test") called at /tmp/loop_over_bdir-31073-q63Jdx/HTTP-Engine-0.03005-0/blib/lib/HTTP/Engine/Types/Core.pm line 26
HTTP::Engine::Types::Core::__ANON__(HASH(0x555e36dde030)) called at /home/sand/src/perl/repoperls/installed-perls/host/k93x64sid/v5.22.3-RC4/a3f9/lib/site_perl/5.22.3/x86_64-linux-thread-multi-ld/Moose/Meta/TypeCoercion.pm line 65
Moose::Meta::TypeCoercion::__ANON__(HASH(0x555e36dde030)) called at constructor HTTP::Engine::new (defined at /tmp/loop_over_bdir-31073-q63Jdx/HTTP-Engine-0.03005-0/blib/lib/HTTP/Engine.pm line 17) line 32
HTTP::Engine::new("HTTP::Engine", "interface", HASH(0x555e36dde030)) called at t/Utils.pm line 141
t::Utils::run_engine(CODE(0x555e38bac360), HTTP::Request=HASH(0x555e36dde078)) called at t/moose/010_core/request-body.t line 27
t/moose/010_core/request-body.t ............................. ok
Possible precedence issue with control flow operator at /tmp/loop_over_bdir-31073-q63Jdx/HTTP-Engine-0.03005-0/inc/Test/Builder.pm line 917.
Any::Moose is deprecated. Please use Moo instead at /tmp/loop_over_bdir-31073-q63Jdx/HTTP-Engine-0.03005-0/blib/lib/HTTP/Engine/Request.pm line 2.
t/moose/010_core/request-content.t .......................... ok
Possible precedence issue with control flow operator at /tmp/loop_over_bdir-31073-q63Jdx/HTTP-Engine-0.03005-0/inc/Test/Builder.pm line 917.
Any::Moose is deprecated. Please use Moo instead at t/Utils.pm line 2.
Class::MOP::load_class is deprecated at /home/sand/src/perl/repoperls/installed-perls/host/k93x64sid/v5.22.3-RC4/a3f9/lib/site_perl/5.22.3/x86_64-linux-thread-multi-ld/Class/MOP.pm line 69.
Class::MOP::load_class("HTTP::Engine::Interface::Test") called at /tmp/loop_over_bdir-31073-q63Jdx/HTTP-Engine-0.03005-0/blib/lib/HTTP/Engine/Types/Core.pm line 26
HTTP::Engine::Types::Core::__ANON__(HASH(0x55df350ce9e0)) called at /home/sand/src/perl/repoperls/installed-perls/host/k93x64sid/v5.22.3-RC4/a3f9/lib/site_perl/5.22.3/x86_64-linux-thread-multi-ld/Moose/Meta/TypeCoercion.pm line 65
Moose::Meta::TypeCoercion::__ANON__(HASH(0x55df350ce9e0)) called at constructor HTTP::Engine::new (defined at /tmp/loop_over_bdir-31073-q63Jdx/HTTP-Engine-0.03005-0/blib/lib/HTTP/Engine.pm line 17) line 32
HTTP::Engine::new("HTTP::Engine", "interface", HASH(0x55df350ce9e0)) called at t/Utils.pm line 141
t::Utils::run_engine(CODE(0x55df350c4810), HTTP::Request=HASH(0x55df332f4060)) called at t/moose/010_core/request-cookie.t line 32
t/moose/010_core/request-cookie.t ........................... ok
Possible precedence issue with control flow operator at /tmp/loop_over_bdir-31073-q63Jdx/HTTP-Engine-0.03005-0/inc/Test/Builder.pm line 917.
Any::Moose is deprecated. Please use Moo instead at /tmp/loop_over_bdir-31073-q63Jdx/HTTP-Engine-0.03005-0/blib/lib/HTTP/Engine/Request.pm line 2.
t/moose/010_core/request-hostname.t ......................... ok
Any::Moose is deprecated. Please use Moo instead at t/Utils.pm line 2.
Possible precedence issue with control flow operator at /tmp/loop_over_bdir-31073-q63Jdx/HTTP-Engine-0.03005-0/inc/Test/Builder.pm line 917.
Class::MOP::load_class is deprecated at /home/sand/src/perl/repoperls/installed-perls/host/k93x64sid/v5.22.3-RC4/a3f9/lib/site_perl/5.22.3/x86_64-linux-thread-multi-ld/Class/MOP.pm line 69.
Class::MOP::load_class("HTTP::Engine::Interface::Test") called at /tmp/loop_over_bdir-31073-q63Jdx/HTTP-Engine-0.03005-0/blib/lib/HTTP/Engine/Types/Core.pm line 26
HTTP::Engine::Types::Core::__ANON__(HASH(0x55ca998f70d8)) called at /home/sand/src/perl/repoperls/installed-perls/host/k93x64sid/v5.22.3-RC4/a3f9/lib/site_perl/5.22.3/x86_64-linux-thread-multi-ld/Moose/Meta/TypeCoercion.pm line 65
Moose::Meta::TypeCoercion::__ANON__(HASH(0x55ca998f70d8)) called at constructor HTTP::Engine::new (defined at /tmp/loop_over_bdir-31073-q63Jdx/HTTP-Engine-0.03005-0/blib/lib/HTTP/Engine.pm line 17) line 32
HTTP::Engine::new("HTTP::Engine", "interface", HASH(0x55ca998f70d8)) called at t/Utils.pm line 141
t::Utils::run_engine(CODE(0x55ca9b6de600), HTTP::Request=HASH(0x55ca998f7150)) called at t/moose/010_core/request-many_upload.t line 91
t/moose/010_core/request-many_upload.t ...................... ok
Possible precedence issue with control flow operator at /tmp/loop_over_bdir-31073-q63Jdx/HTTP-Engine-0.03005-0/inc/Test/Builder.pm line 917.
Any::Moose is deprecated. Please use Moo instead at /tmp/loop_over_bdir-31073-q63Jdx/HTTP-Engine-0.03005-0/blib/lib/HTTP/Engine/Request.pm line 2.
t/moose/010_core/request-parameters.t ....................... ok
Possible precedence issue with control flow operator at /tmp/loop_over_bdir-31073-q63Jdx/HTTP-Engine-0.03005-0/inc/Test/Builder.pm line 917.
Redundant argument in sprintf at /tmp/loop_over_bdir-31073-q63Jdx/HTTP-Engine-0.03005-0/inc/Spiffy.pm line 225.
Redundant argument in sprintf at /tmp/loop_over_bdir-31073-q63Jdx/HTTP-Engine-0.03005-0/inc/Spiffy.pm line 225.
Redundant argument in sprintf at /tmp/loop_over_bdir-31073-q63Jdx/HTTP-Engine-0.03005-0/inc/Spiffy.pm line 225.
Redundant argument in sprintf at /tmp/loop_over_bdir-31073-q63Jdx/HTTP-Engine-0.03005-0/inc/Spiffy.pm line 225.
Any::Moose is deprecated. Please use Moo instead at /tmp/loop_over_bdir-31073-q63Jdx/HTTP-Engine-0.03005-0/blib/lib/HTTP/Engine/Request.pm line 2.
t/moose/010_core/request-params.t ........................... ok
Possible precedence issue with control flow operator at /tmp/loop_over_bdir-31073-q63Jdx/HTTP-Engine-0.03005-0/inc/Test/Builder.pm line 917.
Any::Moose is deprecated. Please use Moo instead at /tmp/loop_over_bdir-31073-q63Jdx/HTTP-Engine-0.03005-0/blib/lib/HTTP/Engine/Request.pm line 2.
t/moose/010_core/request-parse.t ............................ ok
Possible precedence issue with control flow operator at /tmp/loop_over_bdir-31073-q63Jdx/HTTP-Engine-0.03005-0/inc/Test/Builder.pm line 917.
Redundant argument in sprintf at /tmp/loop_over_bdir-31073-q63Jdx/HTTP-Engine-0.03005-0/inc/Spiffy.pm line 225.
Redundant argument in sprintf at /tmp/loop_over_bdir-31073-q63Jdx/HTTP-Engine-0.03005-0/inc/Spiffy.pm line 225.
Redundant argument in sprintf at /tmp/loop_over_bdir-31073-q63Jdx/HTTP-Engine-0.03005-0/inc/Spiffy.pm line 225.
Redundant argument in sprintf at /tmp/loop_over_bdir-31073-q63Jdx/HTTP-Engine-0.03005-0/inc/Spiffy.pm line 225.
Any::Moose is deprecated. Please use Moo instead at /tmp/loop_over_bdir-31073-q63Jdx/HTTP-Engine-0.03005-0/blib/lib/HTTP/Engine/Request.pm line 2.
t/moose/010_core/request-proxy_request.t .................... ok
Possible precedence issue with control flow operator at /tmp/loop_over_bdir-31073-q63Jdx/HTTP-Engine-0.03005-0/inc/Test/Builder.pm line 917.
Any::Moose is deprecated. Please use Moo instead at /tmp/loop_over_bdir-31073-q63Jdx/HTTP-Engine-0.03005-0/blib/lib/HTTP/Engine/Request.pm line 2.
t/moose/010_core/request-raw_body.t ......................... ok
Possible precedence issue with control flow operator at /tmp/loop_over_bdir-31073-q63Jdx/HTTP-Engine-0.03005-0/inc/Test/Builder.pm line 917.
Any::Moose is deprecated. Please use Moo instead at t/Utils.pm line 2.
t/moose/010_core/request-readbody.t ......................... ok
Possible precedence issue with control flow operator at /tmp/loop_over_bdir-31073-q63Jdx/HTTP-Engine-0.03005-0/inc/Test/Builder.pm line 917.
Redundant argument in sprintf at /tmp/loop_over_bdir-31073-q63Jdx/HTTP-Engine-0.03005-0/inc/Spiffy.pm line 225.
Redundant argument in sprintf at /tmp/loop_over_bdir-31073-q63Jdx/HTTP-Engine-0.03005-0/inc/Spiffy.pm line 225.
Redundant argument in sprintf at /tmp/loop_over_bdir-31073-q63Jdx/HTTP-Engine-0.03005-0/inc/Spiffy.pm line 225.
Redundant argument in sprintf at /tmp/loop_over_bdir-31073-q63Jdx/HTTP-Engine-0.03005-0/inc/Spiffy.pm line 225.
Any::Moose is deprecated. Please use Moo instead at /tmp/loop_over_bdir-31073-q63Jdx/HTTP-Engine-0.03005-0/blib/lib/HTTP/Engine/Request.pm line 2.
t/moose/010_core/request-secure.t ........................... ok
Possible precedence issue with control flow operator at /tmp/loop_over_bdir-31073-q63Jdx/HTTP-Engine-0.03005-0/inc/Test/Builder.pm line 917.
Any::Moose is deprecated. Please use Moo instead at /tmp/loop_over_bdir-31073-q63Jdx/HTTP-Engine-0.03005-0/blib/lib/HTTP/Engine/Request.pm line 2.
t/moose/010_core/request-upload.t ........................... ok
Possible precedence issue with control flow operator at /tmp/loop_over_bdir-31073-q63Jdx/HTTP-Engine-0.03005-0/inc/Test/Builder.pm line 917.
Redundant argument in sprintf at /tmp/loop_over_bdir-31073-q63Jdx/HTTP-Engine-0.03005-0/inc/Spiffy.pm line 225.
Redundant argument in sprintf at /tmp/loop_over_bdir-31073-q63Jdx/HTTP-Engine-0.03005-0/inc/Spiffy.pm line 225.
Redundant argument in sprintf at /tmp/loop_over_bdir-31073-q63Jdx/HTTP-Engine-0.03005-0/inc/Spiffy.pm line 225.
Redundant argument in sprintf at /tmp/loop_over_bdir-31073-q63Jdx/HTTP-Engine-0.03005-0/inc/Spiffy.pm line 225.
Any::Moose is deprecated. Please use Moo instead at /tmp/loop_over_bdir-31073-q63Jdx/HTTP-Engine-0.03005-0/blib/lib/HTTP/Engine/Request.pm line 2.
t/moose/010_core/request-uri.t .............................. ok
Possible precedence issue with control flow operator at /tmp/loop_over_bdir-31073-q63Jdx/HTTP-Engine-0.03005-0/inc/Test/Builder.pm line 917.
Any::Moose is deprecated. Please use Moo instead at /tmp/loop_over_bdir-31073-q63Jdx/HTTP-Engine-0.03005-0/blib/lib/HTTP/Engine/Request.pm line 2.
t/moose/010_core/request.t .................................. ok
Any::Moose is deprecated. Please use Moo instead at t/Utils.pm line 2.
Possible precedence issue with control flow operator at /tmp/loop_over_bdir-31073-q63Jdx/HTTP-Engine-0.03005-0/inc/Test/Builder.pm line 917.
t/moose/010_core/request_builder-noenv.t .................... ok
Possible precedence issue with control flow operator at /tmp/loop_over_bdir-31073-q63Jdx/HTTP-Engine-0.03005-0/inc/Test/Builder.pm line 917.
Any::Moose is deprecated. Please use Moo instead at t/Utils.pm line 2.
# Failed test at /tmp/loop_over_bdir-31073-q63Jdx/HTTP-Engine-0.03005-0/inc/Test/More.pm line 420.
# 'Class::MOP::load_class is deprecated at /home/sand/src/perl/repoperls/installed-perls/host/k93x64sid/v5.22.3-RC4/a3f9/lib/site_perl/5.22.3/x86_64-linux-thread-multi-ld/Class/MOP.pm line 69.
# Class::MOP::load_class("HTTP::Engine::Interface::Test") called at /tmp/loop_over_bdir-31073-q63Jdx/HTTP-Engine-0.03005-0/blib/lib/HTTP/Engine/Types/Core.pm line 26
# HTTP::Engine::Types::Core::__ANON__(HASH(0x55f5e3f66268)) called at /home/sand/src/perl/repoperls/installed-perls/host/k93x64sid/v5.22.3-RC4/a3f9/lib/site_perl/5.22.3/x86_64-linux-thread-multi-ld/Moose/Meta/TypeCoercion.pm line 65
# Moose::Meta::TypeCoercion::__ANON__(HASH(0x55f5e3f66268)) called at constructor HTTP::Engine::new (defined at /tmp/loop_over_bdir-31073-q63Jdx/HTTP-Engine-0.03005-0/blib/lib/HTTP/Engine.pm line 17) line 32
# HTTP::Engine::new("HTTP::Engine", "interface", HASH(0x55f5e3f66268)) called at t/Utils.pm line 141
# t::Utils::run_engine(CODE(0x55f5e30bfc98), HTTP::Request=HASH(0x55f5e4b94588)) called at t/moose/010_core/request_processor-catch_error.t line 15
# eval {...} called at t/moose/010_core/request_processor-catch_error.t line 12
# orz at t/moose/010_core/request_processor-catch_error.t line 14.
# '
# doesn't match '(?^:^orz)'
# Looks like you failed 1 test of 3.
t/moose/010_core/request_processor-catch_error.t ............
Dubious, test returned 1 (wstat 256, 0x100)
Failed 1/3 subtests
Possible precedence issue with control flow operator at /tmp/loop_over_bdir-31073-q63Jdx/HTTP-Engine-0.03005-0/inc/Test/Builder.pm line 917.
Any::Moose is deprecated. Please use Moo instead at t/Utils.pm line 2.
Class::MOP::load_class is deprecated at /home/sand/src/perl/repoperls/installed-perls/host/k93x64sid/v5.22.3-RC4/a3f9/lib/site_perl/5.22.3/x86_64-linux-thread-multi-ld/Class/MOP.pm line 69.
Class::MOP::load_class("HTTP::Engine::Interface::Test") called at /tmp/loop_over_bdir-31073-q63Jdx/HTTP-Engine-0.03005-0/blib/lib/HTTP/Engine/Types/Core.pm line 26
HTTP::Engine::Types::Core::__ANON__(HASH(0x562a2aeecb70)) called at /home/sand/src/perl/repoperls/installed-perls/host/k93x64sid/v5.22.3-RC4/a3f9/lib/site_perl/5.22.3/x86_64-linux-thread-multi-ld/Moose/Meta/TypeCoercion.pm line 65
Moose::Meta::TypeCoercion::__ANON__(HASH(0x562a2aeecb70)) called at constructor HTTP::Engine::new (defined at /tmp/loop_over_bdir-31073-q63Jdx/HTTP-Engine-0.03005-0/blib/lib/HTTP/Engine.pm line 17) line 32
HTTP::Engine::new("HTTP::Engine", "interface", HASH(0x562a2aeecb70)) called at t/Utils.pm line 141
t::Utils::run_engine(CODE(0x562a29135858), HTTP::Request=HASH(0x562a29101f98), "method", "GET", "raw_body", "test") called at t/moose/010_core/request_processor-make_request.t line 15
t/moose/010_core/request_processor-make_request.t ........... ok
Possible precedence issue with control flow operator at /tmp/loop_over_bdir-31073-q63Jdx/HTTP-Engine-0.03005-0/inc/Test/Builder.pm line 917.
Any::Moose is deprecated. Please use Moo instead at t/Utils.pm line 2.
t/moose/010_core/request_processor-response_error.t ......... ok
Possible precedence issue with control flow operator at /tmp/loop_over_bdir-31073-q63Jdx/HTTP-Engine-0.03005-0/inc/Test/Builder.pm line 917.
Any::Moose is deprecated. Please use Moo instead at /tmp/loop_over_bdir-31073-q63Jdx/HTTP-Engine-0.03005-0/blib/lib/HTTP/Engine.pm line 3.
t/moose/010_core/request_upload-basename.t .................. ok
Possible precedence issue with control flow operator at /tmp/loop_over_bdir-31073-q63Jdx/HTTP-Engine-0.03005-0/inc/Test/Builder.pm line 917.
Any::Moose is deprecated. Please use Moo instead at /tmp/loop_over_bdir-31073-q63Jdx/HTTP-Engine-0.03005-0/blib/lib/HTTP/Engine/Response.pm line 2.
t/moose/010_core/response-code.t ............................ ok
Possible precedence issue with control flow operator at /tmp/loop_over_bdir-31073-q63Jdx/HTTP-Engine-0.03005-0/inc/Test/Builder.pm line 917.
Any::Moose is deprecated. Please use Moo instead at /tmp/loop_over_bdir-31073-q63Jdx/HTTP-Engine-0.03005-0/blib/lib/HTTP/Engine/Response.pm line 2.
t/moose/010_core/response-coerce_headers.t .................. ok
Possible precedence issue with control flow operator at /tmp/loop_over_bdir-31073-q63Jdx/HTTP-Engine-0.03005-0/inc/Test/Builder.pm line 917.
Any::Moose is deprecated. Please use Moo instead at /tmp/loop_over_bdir-31073-q63Jdx/HTTP-Engine-0.03005-0/blib/lib/HTTP/Engine/Response.pm line 2.
t/moose/010_core/response-content_length.t .................. ok
Possible precedence issue with control flow operator at /tmp/loop_over_bdir-31073-q63Jdx/HTTP-Engine-0.03005-0/inc/Test/Builder.pm line 917.
Any::Moose is deprecated. Please use Moo instead at t/Utils.pm line 2.
Class::MOP::load_class is deprecated at /home/sand/src/perl/repoperls/installed-perls/host/k93x64sid/v5.22.3-RC4/a3f9/lib/site_perl/5.22.3/x86_64-linux-thread-multi-ld/Class/MOP.pm line 69.
Class::MOP::load_class("HTTP::Engine::Interface::Test") called at /tmp/loop_over_bdir-31073-q63Jdx/HTTP-Engine-0.03005-0/blib/lib/HTTP/Engine/Types/Core.pm line 26
HTTP::Engine::Types::Core::__ANON__(HASH(0x55984ed0b078)) called at /home/sand/src/perl/repoperls/installed-perls/host/k93x64sid/v5.22.3-RC4/a3f9/lib/site_perl/5.22.3/x86_64-linux-thread-multi-ld/Moose/Meta/TypeCoercion.pm line 65
Moose::Meta::TypeCoercion::__ANON__(HASH(0x55984ed0b078)) called at constructor HTTP::Engine::new (defined at /tmp/loop_over_bdir-31073-q63Jdx/HTTP-Engine-0.03005-0/blib/lib/HTTP/Engine.pm line 17) line 32
HTTP::Engine::new("HTTP::Engine", "interface", HASH(0x55984ed0b078)) called at t/Utils.pm line 141
t::Utils::run_engine(CODE(0x55984ed18028), HTTP::Request=HASH(0x55984ed0af58)) called at t/moose/010_core/response-cookie.t line 45
t/moose/010_core/response-cookie.t .......................... ok
Possible precedence issue with control flow operator at /tmp/loop_over_bdir-31073-q63Jdx/HTTP-Engine-0.03005-0/inc/Test/Builder.pm line 917.
Any::Moose is deprecated. Please use Moo instead at /tmp/loop_over_bdir-31073-q63Jdx/HTTP-Engine-0.03005-0/blib/lib/HTTP/Engine/Response.pm line 2.
t/moose/010_core/response-new.t ............................. ok
Possible precedence issue with control flow operator at /tmp/loop_over_bdir-31073-q63Jdx/HTTP-Engine-0.03005-0/inc/Test/Builder.pm line 917.
Any::Moose is deprecated. Please use Moo instead at /tmp/loop_over_bdir-31073-q63Jdx/HTTP-Engine-0.03005-0/blib/lib/HTTP/Engine/Response.pm line 2.
t/moose/010_core/response-set_http_response.t ............... ok
Possible precedence issue with control flow operator at /tmp/loop_over_bdir-31073-q63Jdx/HTTP-Engine-0.03005-0/inc/Test/Builder.pm line 917.
Redundant argument in sprintf at /tmp/loop_over_bdir-31073-q63Jdx/HTTP-Engine-0.03005-0/inc/Spiffy.pm line 225.
Redundant argument in sprintf at /tmp/loop_over_bdir-31073-q63Jdx/HTTP-Engine-0.03005-0/inc/Spiffy.pm line 225.
Redundant argument in sprintf at /tmp/loop_over_bdir-31073-q63Jdx/HTTP-Engine-0.03005-0/inc/Spiffy.pm line 225.
Redundant argument in sprintf at /tmp/loop_over_bdir-31073-q63Jdx/HTTP-Engine-0.03005-0/inc/Spiffy.pm line 225.
Any::Moose is deprecated. Please use Moo instead at /tmp/loop_over_bdir-31073-q63Jdx/HTTP-Engine-0.03005-0/blib/lib/HTTP/Engine/Response.pm line 2.
t/moose/010_core/response-status.t .......................... ok
Possible precedence issue with control flow operator at /tmp/loop_over_bdir-31073-q63Jdx/HTTP-Engine-0.03005-0/inc/Test/Builder.pm line 917.
Any::Moose is deprecated. Please use Moo instead at /tmp/loop_over_bdir-31073-q63Jdx/HTTP-Engine-0.03005-0/blib/lib/HTTP/Engine/Response.pm line 2.
t/moose/010_core/response.t ................................. ok
Possible precedence issue with control flow operator at /tmp/loop_over_bdir-31073-q63Jdx/HTTP-Engine-0.03005-0/inc/Test/Builder.pm line 917.
Redundant argument in sprintf at /tmp/loop_over_bdir-31073-q63Jdx/HTTP-Engine-0.03005-0/inc/Spiffy.pm line 225.
Redundant argument in sprintf at /tmp/loop_over_bdir-31073-q63Jdx/HTTP-Engine-0.03005-0/inc/Spiffy.pm line 225.
Redundant argument in sprintf at /tmp/loop_over_bdir-31073-q63Jdx/HTTP-Engine-0.03005-0/inc/Spiffy.pm line 225.
Redundant argument in sprintf at /tmp/loop_over_bdir-31073-q63Jdx/HTTP-Engine-0.03005-0/inc/Spiffy.pm line 225.
Any::Moose is deprecated. Please use Moo instead at /tmp/loop_over_bdir-31073-q63Jdx/HTTP-Engine-0.03005-0/blib/lib/HTTP/Engine.pm line 3.
t/moose/010_core/response_finalizer.t ....................... ok
Possible precedence issue with control flow operator at /tmp/loop_over_bdir-31073-q63Jdx/HTTP-Engine-0.03005-0/inc/Test/Builder.pm line 917.
Any::Moose is deprecated. Please use Moo instead at /tmp/loop_over_bdir-31073-q63Jdx/HTTP-Engine-0.03005-0/blib/lib/HTTP/Engine/Request.pm line 2.
Class::MOP::load_class is deprecated at /home/sand/src/perl/repoperls/installed-perls/host/k93x64sid/v5.22.3-RC4/a3f9/lib/site_perl/5.22.3/x86_64-linux-thread-multi-ld/Class/MOP.pm line 69.
Class::MOP::load_class("HTTP::Engine::RequestBuilder::CGI") called at /tmp/loop_over_bdir-31073-q63Jdx/HTTP-Engine-0.03005-0/blib/lib/HTTP/Engine/Interface.pm line 65
HTTP::Engine::Interface::_setup_builder("HTTP::Engine::Interface::CGI", "CGI") called at /tmp/loop_over_bdir-31073-q63Jdx/HTTP-Engine-0.03005-0/blib/lib/HTTP/Engine/Interface.pm line 51
HTTP::Engine::Interface::__INTERFACE__("HTTP::Engine::Interface::CGI") called at /tmp/loop_over_bdir-31073-q63Jdx/HTTP-Engine-0.03005-0/blib/lib/HTTP/Engine/Interface.pm line 31
HTTP::Engine::Interface::__ANON__() called at /tmp/loop_over_bdir-31073-q63Jdx/HTTP-Engine-0.03005-0/blib/lib/HTTP/Engine/Interface/CGI.pm line 18
require HTTP/Engine/Interface/CGI.pm called at t/moose/010_core/response_writer.t line 9
main::BEGIN() called at /tmp/loop_over_bdir-31073-q63Jdx/HTTP-Engine-0.03005-0/blib/lib/HTTP/Engine/Interface/CGI.pm line 0
eval {...} called at /tmp/loop_over_bdir-31073-q63Jdx/HTTP-Engine-0.03005-0/blib/lib/HTTP/Engine/Interface/CGI.pm line 0
t/moose/010_core/response_writer.t .......................... ok
Possible precedence issue with control flow operator at /tmp/loop_over_bdir-31073-q63Jdx/HTTP-Engine-0.03005-0/inc/Test/Builder.pm line 917.
Any::Moose is deprecated. Please use Moo instead at /tmp/loop_over_bdir-31073-q63Jdx/HTTP-Engine-0.03005-0/blib/lib/HTTP/Engine/Request.pm line 2.
t/moose/010_core/responsewriter-broken_io.t ................. ok
Any::Moose is deprecated. Please use Moo instead at t/moose/010_core/responsewriter-with_io.t line 7.
Possible precedence issue with control flow operator at /tmp/loop_over_bdir-31073-q63Jdx/HTTP-Engine-0.03005-0/inc/Test/Builder.pm line 917.
Redundant argument in sprintf at /tmp/loop_over_bdir-31073-q63Jdx/HTTP-Engine-0.03005-0/inc/Spiffy.pm line 225.
Redundant argument in sprintf at /tmp/loop_over_bdir-31073-q63Jdx/HTTP-Engine-0.03005-0/inc/Spiffy.pm line 225.
Redundant argument in sprintf at /tmp/loop_over_bdir-31073-q63Jdx/HTTP-Engine-0.03005-0/inc/Spiffy.pm line 225.
Redundant argument in sprintf at /tmp/loop_over_bdir-31073-q63Jdx/HTTP-Engine-0.03005-0/inc/Spiffy.pm line 225.
t/moose/010_core/responsewriter-with_io.t ................... ok
Any::Moose is deprecated. Please use Moo instead at /tmp/loop_over_bdir-31073-q63Jdx/HTTP-Engine-0.03005-0/blib/lib/HTTP/Engine.pm line 3.
Class::MOP::load_class is deprecated at /home/sand/src/perl/repoperls/installed-perls/host/k93x64sid/v5.22.3-RC4/a3f9/lib/site_perl/5.22.3/x86_64-linux-thread-multi-ld/Class/MOP.pm line 69.
Class::MOP::load_class("HTTP::Engine::RequestBuilder::CGI") called at /tmp/loop_over_bdir-31073-q63Jdx/HTTP-Engine-0.03005-0/blib/lib/HTTP/Engine/Interface.pm line 65
HTTP::Engine::Interface::_setup_builder("HTTP::Engine::Interface::CGI", "CGI") called at /tmp/loop_over_bdir-31073-q63Jdx/HTTP-Engine-0.03005-0/blib/lib/HTTP/Engine/Interface.pm line 51
HTTP::Engine::Interface::__INTERFACE__("HTTP::Engine::Interface::CGI") called at /tmp/loop_over_bdir-31073-q63Jdx/HTTP-Engine-0.03005-0/blib/lib/HTTP/Engine/Interface.pm line 31
HTTP::Engine::Interface::__ANON__() called at /tmp/loop_over_bdir-31073-q63Jdx/HTTP-Engine-0.03005-0/blib/lib/HTTP/Engine/Interface/CGI.pm line 18
require HTTP/Engine/Interface/CGI.pm called at t/moose/020_interface/cgi.t line 5
main::BEGIN() called at /tmp/loop_over_bdir-31073-q63Jdx/HTTP-Engine-0.03005-0/blib/lib/HTTP/Engine/Interface/CGI.pm line 0
eval {...} called at /tmp/loop_over_bdir-31073-q63Jdx/HTTP-Engine-0.03005-0/blib/lib/HTTP/Engine/Interface/CGI.pm line 0
Possible precedence issue with control flow operator at /tmp/loop_over_bdir-31073-q63Jdx/HTTP-Engine-0.03005-0/inc/Test/Builder.pm line 917.
Redundant argument in sprintf at /tmp/loop_over_bdir-31073-q63Jdx/HTTP-Engine-0.03005-0/inc/Spiffy.pm line 225.
Redundant argument in sprintf at /tmp/loop_over_bdir-31073-q63Jdx/HTTP-Engine-0.03005-0/inc/Spiffy.pm line 225.
Redundant argument in sprintf at /tmp/loop_over_bdir-31073-q63Jdx/HTTP-Engine-0.03005-0/inc/Spiffy.pm line 225.
Redundant argument in sprintf at /tmp/loop_over_bdir-31073-q63Jdx/HTTP-Engine-0.03005-0/inc/Spiffy.pm line 225.
Class::MOP::load_class is deprecated at /home/sand/src/perl/repoperls/installed-perls/host/k93x64sid/v5.22.3-RC4/a3f9/lib/site_perl/5.22.3/x86_64-linux-thread-multi-ld/Class/MOP.pm line 69, <DATA> line 1.
Class::MOP::load_class("HTTP::Engine::Interface::CGI") called at /tmp/loop_over_bdir-31073-q63Jdx/HTTP-Engine-0.03005-0/blib/lib/HTTP/Engine/Types/Core.pm line 26
HTTP::Engine::Types::Core::__ANON__(HASH(0x55ea342d7268)) called at /home/sand/src/perl/repoperls/installed-perls/host/k93x64sid/v5.22.3-RC4/a3f9/lib/site_perl/5.22.3/x86_64-linux-thread-multi-ld/Moose/Meta/TypeCoercion.pm line 65
Moose::Meta::TypeCoercion::__ANON__(HASH(0x55ea342d7268)) called at constructor HTTP::Engine::new (defined at /tmp/loop_over_bdir-31073-q63Jdx/HTTP-Engine-0.03005-0/blib/lib/HTTP/Engine.pm line 17) line 32
HTTP::Engine::new("HTTP::Engine", "interface", HASH(0x55ea342d7268)) called at t/moose/020_interface/cgi.t line 36
main::__ANON__(Test::Base::Block=HASH(0x55ea342d7778)) called at /tmp/loop_over_bdir-31073-q63Jdx/HTTP-Engine-0.03005-0/inc/Test/Base.pm line 269
Test::Base::run(undef) called at t/moose/020_interface/cgi.t line 39
t/moose/020_interface/cgi.t ................................. ok
Possible precedence issue with control flow operator at /tmp/loop_over_bdir-31073-q63Jdx/HTTP-Engine-0.03005-0/inc/Test/Builder.pm line 917.
t/moose/020_interface/lighty-fcgi.t ......................... skipped: set TEST_LIGHTTPD to enable this test
Any::Moose is deprecated. Please use Moo instead at t/Utils.pm line 2.
Possible precedence issue with control flow operator at /tmp/loop_over_bdir-31073-q63Jdx/HTTP-Engine-0.03005-0/inc/Test/Builder.pm line 917.
t/moose/020_interface/modperl_wildcard_hostname.t ........... skipped: this test requires mod_perl 2
Possible precedence issue with control flow operator at /tmp/loop_over_bdir-31073-q63Jdx/HTTP-Engine-0.03005-0/inc/Test/Builder.pm line 917.
Any::Moose is deprecated. Please use Moo instead at /tmp/loop_over_bdir-31073-q63Jdx/HTTP-Engine-0.03005-0/blib/lib/HTTP/Engine.pm line 3.
t/moose/020_interface/poe-proxy.t ........................... skipped: this test requires POE::Component::Client::HTTP
Possible precedence issue with control flow operator at /tmp/loop_over_bdir-31073-q63Jdx/HTTP-Engine-0.03005-0/inc/Test/Builder.pm line 917.
Any::Moose is deprecated. Please use Moo instead at /tmp/loop_over_bdir-31073-q63Jdx/HTTP-Engine-0.03005-0/blib/lib/HTTP/Engine.pm line 3.
t/moose/020_interface/poe-uri.t ............................. skipped: this test requires POE::Component::Client::HTTP
Possible precedence issue with control flow operator at /tmp/loop_over_bdir-31073-q63Jdx/HTTP-Engine-0.03005-0/inc/Test/Builder.pm line 917.
Any::Moose is deprecated. Please use Moo instead at /tmp/loop_over_bdir-31073-q63Jdx/HTTP-Engine-0.03005-0/blib/lib/HTTP/Engine.pm line 3.
t/moose/020_interface/poe.t ................................. skipped: this test requires POE::Component::Client::HTTP
Any::Moose is deprecated. Please use Moo instead at t/Utils.pm line 2.
Possible precedence issue with control flow operator at /tmp/loop_over_bdir-31073-q63Jdx/HTTP-Engine-0.03005-0/inc/Test/Builder.pm line 917.
Class::MOP::load_class is deprecated at /home/sand/src/perl/repoperls/installed-perls/host/k93x64sid/v5.22.3-RC4/a3f9/lib/site_perl/5.22.3/x86_64-linux-thread-multi-ld/Class/MOP.pm line 69.
Class::MOP::load_class("HTTP::Engine::Interface::PSGI") called at /tmp/loop_over_bdir-31073-q63Jdx/HTTP-Engine-0.03005-0/blib/lib/HTTP/Engine/Types/Core.pm line 26
HTTP::Engine::Types::Core::__ANON__(HASH(0x564b45a2efa8)) called at /home/sand/src/perl/repoperls/installed-perls/host/k93x64sid/v5.22.3-RC4/a3f9/lib/site_perl/5.22.3/x86_64-linux-thread-multi-ld/Moose/Meta/TypeCoercion.pm line 65
Moose::Meta::TypeCoercion::__ANON__(HASH(0x564b45a2efa8)) called at constructor HTTP::Engine::new (defined at /tmp/loop_over_bdir-31073-q63Jdx/HTTP-Engine-0.03005-0/blib/lib/HTTP/Engine.pm line 17) line 32
HTTP::Engine::new("HTTP::Engine", "interface", HASH(0x564b45a2efa8)) called at t/moose/020_interface/psgi-with_plack.t line 33
main::__ANON__(50356) called at /tmp/loop_over_bdir-31073-q63Jdx/HTTP-Engine-0.03005-0/inc/Test/TCP.pm line 118
Test::TCP::start(Test::TCP=HASH(0x564b47714910)) called at /tmp/loop_over_bdir-31073-q63Jdx/HTTP-Engine-0.03005-0/inc/Test/TCP.pm line 102
Test::TCP::new("Test::TCP", "code", CODE(0x564b478b3030), "port", 50356) called at /tmp/loop_over_bdir-31073-q63Jdx/HTTP-Engine-0.03005-0/inc/Test/TCP.pm line 54
Test::TCP::test_tcp("client", CODE(0x564b477de110), "server", CODE(0x564b478b3030)) called at t/moose/020_interface/psgi-with_plack.t line 37
t/moose/020_interface/psgi-with_plack.t ..................... ok
Any::Moose is deprecated. Please use Moo instead at t/Utils.pm line 2.
Possible precedence issue with control flow operator at /tmp/loop_over_bdir-31073-q63Jdx/HTTP-Engine-0.03005-0/inc/Test/Builder.pm line 917.
Class::MOP::load_class is deprecated at /home/sand/src/perl/repoperls/installed-perls/host/k93x64sid/v5.22.3-RC4/a3f9/lib/site_perl/5.22.3/x86_64-linux-thread-multi-ld/Class/MOP.pm line 69.
Class::MOP::load_class("HTTP::Engine::Interface::PSGI") called at /tmp/loop_over_bdir-31073-q63Jdx/HTTP-Engine-0.03005-0/blib/lib/HTTP/Engine/Types/Core.pm line 26
HTTP::Engine::Types::Core::__ANON__(HASH(0x557be33d7ed8)) called at /home/sand/src/perl/repoperls/installed-perls/host/k93x64sid/v5.22.3-RC4/a3f9/lib/site_perl/5.22.3/x86_64-linux-thread-multi-ld/Moose/Meta/TypeCoercion.pm line 65
Moose::Meta::TypeCoercion::__ANON__(HASH(0x557be33d7ed8)) called at constructor HTTP::Engine::new (defined at /tmp/loop_over_bdir-31073-q63Jdx/HTTP-Engine-0.03005-0/blib/lib/HTTP/Engine.pm line 17) line 32
HTTP::Engine::new("HTTP::Engine", "interface", HASH(0x557be33d7ed8)) called at t/moose/020_interface/psgi.t line 24
t/moose/020_interface/psgi.t ................................ ok
Any::Moose is deprecated. Please use Moo instead at t/Utils.pm line 2.
Possible precedence issue with control flow operator at /tmp/loop_over_bdir-31073-q63Jdx/HTTP-Engine-0.03005-0/inc/Test/Builder.pm line 917.
Class::MOP::load_class is deprecated at /home/sand/src/perl/repoperls/installed-perls/host/k93x64sid/v5.22.3-RC4/a3f9/lib/site_perl/5.22.3/x86_64-linux-thread-multi-ld/Class/MOP.pm line 69, <DATA> line 11.
Class::MOP::load_class("HTTP::Engine::Interface::ServerSimple") called at /tmp/loop_over_bdir-31073-q63Jdx/HTTP-Engine-0.03005-0/blib/lib/HTTP/Engine/Types/Core.pm line 26
HTTP::Engine::Types::Core::__ANON__(HASH(0x556243b97ef0)) called at /home/sand/src/perl/repoperls/installed-perls/host/k93x64sid/v5.22.3-RC4/a3f9/lib/site_perl/5.22.3/x86_64-linux-thread-multi-ld/Moose/Meta/TypeCoercion.pm line 65
Moose::Meta::TypeCoercion::__ANON__(HASH(0x556243b97ef0)) called at constructor HTTP::Engine::new (defined at /tmp/loop_over_bdir-31073-q63Jdx/HTTP-Engine-0.03005-0/blib/lib/HTTP/Engine.pm line 17) line 32
HTTP::Engine::new("HTTP::Engine", "interface", HASH(0x556243b97ef0)) called at t/moose/020_interface/server_simple-net_server_configure.t line 52
main::__ANON__(50821) called at /tmp/loop_over_bdir-31073-q63Jdx/HTTP-Engine-0.03005-0/inc/Test/TCP.pm line 118
Test::TCP::start(Test::TCP=HASH(0x556243cb00d8)) called at /tmp/loop_over_bdir-31073-q63Jdx/HTTP-Engine-0.03005-0/inc/Test/TCP.pm line 102
Test::TCP::new("Test::TCP", "code", CODE(0x556243a768f8), "port", 50821) called at /tmp/loop_over_bdir-31073-q63Jdx/HTTP-Engine-0.03005-0/inc/Test/TCP.pm line 54
Test::TCP::test_tcp("client", CODE(0x5562436e81d8), "server", CODE(0x556243a768f8)) called at t/moose/020_interface/server_simple-net_server_configure.t line 54
t/moose/020_interface/server_simple-net_server_configure.t .. ok
Possible precedence issue with control flow operator at /tmp/loop_over_bdir-31073-q63Jdx/HTTP-Engine-0.03005-0/inc/Test/Builder.pm line 917.
Any::Moose is deprecated. Please use Moo instead at /tmp/loop_over_bdir-31073-q63Jdx/HTTP-Engine-0.03005-0/blib/lib/HTTP/Engine.pm line 3.
Class::MOP::load_class is deprecated at /home/sand/src/perl/repoperls/installed-perls/host/k93x64sid/v5.22.3-RC4/a3f9/lib/site_perl/5.22.3/x86_64-linux-thread-multi-ld/Class/MOP.pm line 69, <DATA> line 11.
Class::MOP::load_class("HTTP::Engine::Interface::ServerSimple") called at /tmp/loop_over_bdir-31073-q63Jdx/HTTP-Engine-0.03005-0/blib/lib/HTTP/Engine/Types/Core.pm line 26
HTTP::Engine::Types::Core::__ANON__(HASH(0x55a28c2f5c10)) called at /home/sand/src/perl/repoperls/installed-perls/host/k93x64sid/v5.22.3-RC4/a3f9/lib/site_perl/5.22.3/x86_64-linux-thread-multi-ld/Moose/Meta/TypeCoercion.pm line 65
Moose::Meta::TypeCoercion::__ANON__(HASH(0x55a28c2f5c10)) called at constructor HTTP::Engine::new (defined at /tmp/loop_over_bdir-31073-q63Jdx/HTTP-Engine-0.03005-0/blib/lib/HTTP/Engine.pm line 17) line 32
HTTP::Engine::new("HTTP::Engine", "interface", HASH(0x55a28c2f5c10)) called at t/moose/020_interface/server_simple-not-send-header-bug.t line 39
main::__ANON__(50844) called at /tmp/loop_over_bdir-31073-q63Jdx/HTTP-Engine-0.03005-0/inc/Test/TCP.pm line 118
Test::TCP::start(Test::TCP=HASH(0x55a28a846ed8)) called at /tmp/loop_over_bdir-31073-q63Jdx/HTTP-Engine-0.03005-0/inc/Test/TCP.pm line 102
Test::TCP::new("Test::TCP", "code", CODE(0x55a28befd598), "port", 50844) called at /tmp/loop_over_bdir-31073-q63Jdx/HTTP-Engine-0.03005-0/inc/Test/TCP.pm line 54
Test::TCP::test_tcp("client", CODE(0x55a28aa00660), "server", CODE(0x55a28befd598)) called at t/moose/020_interface/server_simple-not-send-header-bug.t line 41
Class::MOP::load_class is deprecated at /home/sand/src/perl/repoperls/installed-perls/host/k93x64sid/v5.22.3-RC4/a3f9/lib/site_perl/5.22.3/x86_64-linux-thread-multi-ld/Class/MOP.pm line 69, <DATA> line 16.
Class::MOP::load_class("HTTP::Engine::RequestBuilder::NoEnv") called at /tmp/loop_over_bdir-31073-q63Jdx/HTTP-Engine-0.03005-0/blib/lib/HTTP/Engine/Interface.pm line 65
HTTP::Engine::Interface::_setup_builder("HTTP::Engine::Interface::ServerSimple", "NoEnv") called at /tmp/loop_over_bdir-31073-q63Jdx/HTTP-Engine-0.03005-0/blib/lib/HTTP/Engine/Interface.pm line 51
HTTP::Engine::Interface::__INTERFACE__("HTTP::Engine::Interface::ServerSimple") called at /tmp/loop_over_bdir-31073-q63Jdx/HTTP-Engine-0.03005-0/blib/lib/HTTP/Engine/Interface.pm line 31
HTTP::Engine::Interface::__ANON__() called at /tmp/loop_over_bdir-31073-q63Jdx/HTTP-Engine-0.03005-0/blib/lib/HTTP/Engine/Interface/ServerSimple.pm line 111
require HTTP/Engine/Interface/ServerSimple.pm called at /home/sand/src/perl/repoperls/installed-perls/host/k93x64sid/v5.22.3-RC4/a3f9/lib/site_perl/5.22.3/Module/Runtime.pm line 317
Module::Runtime::require_module("HTTP::Engine::Interface::ServerSimple") called at /home/sand/src/perl/repoperls/installed-perls/host/k93x64sid/v5.22.3-RC4/a3f9/lib/site_perl/5.22.3/Class/Load.pm line 174
Class::Load::try {...} () called at /home/sand/src/perl/repoperls/installed-perls/host/k93x64sid/v5.22.3-RC4/a3f9/lib/site_perl/5.22.3/Try/Tiny.pm line 99
eval {...} called at /home/sand/src/perl/repoperls/installed-perls/host/k93x64sid/v5.22.3-RC4/a3f9/lib/site_perl/5.22.3/Try/Tiny.pm line 94
Try::Tiny::try(CODE(0x55a28beca738), Try::Tiny::Catch=REF(0x55a28befb2c0)) called at /home/sand/src/perl/repoperls/installed-perls/host/k93x64sid/v5.22.3-RC4/a3f9/lib/site_perl/5.22.3/Class/Load.pm line 180
Class::Load::try_load_class("HTTP::Engine::Interface::ServerSimple", undef) called at /home/sand/src/perl/repoperls/installed-perls/host/k93x64sid/v5.22.3-RC4/a3f9/lib/site_perl/5.22.3/Class/Load.pm line 35
Class::Load::load_class("HTTP::Engine::Interface::ServerSimple") called at /tmp/loop_over_bdir-31073-q63Jdx/HTTP-Engine-0.03005-0/blib/lib/HTTP/Engine/Types/Core.pm line 26
HTTP::Engine::Types::Core::__ANON__(HASH(0x55a28c2f5c10)) called at /home/sand/src/perl/repoperls/installed-perls/host/k93x64sid/v5.22.3-RC4/a3f9/lib/site_perl/5.22.3/x86_64-linux-thread-multi-ld/Moose/Meta/TypeCoercion.pm line 65
Moose::Meta::TypeCoercion::__ANON__(HASH(0x55a28c2f5c10)) called at constructor HTTP::Engine::new (defined at /tmp/loop_over_bdir-31073-q63Jdx/HTTP-Engine-0.03005-0/blib/lib/HTTP/Engine.pm line 17) line 32
HTTP::Engine::new("HTTP::Engine", "interface", HASH(0x55a28c2f5c10)) called at t/moose/020_interface/server_simple-not-send-header-bug.t line 39
main::__ANON__(50844) called at /tmp/loop_over_bdir-31073-q63Jdx/HTTP-Engine-0.03005-0/inc/Test/TCP.pm line 118
Test::TCP::start(Test::TCP=HASH(0x55a28a846ed8)) called at /tmp/loop_over_bdir-31073-q63Jdx/HTTP-Engine-0.03005-0/inc/Test/TCP.pm line 102
Test::TCP::new("Test::TCP", "code", CODE(0x55a28befd598), "port", 50844) called at /tmp/loop_over_bdir-31073-q63Jdx/HTTP-Engine-0.03005-0/inc/Test/TCP.pm line 54
Test::TCP::test_tcp("client", CODE(0x55a28aa00660), "server", CODE(0x55a28befd598)) called at t/moose/020_interface/server_simple-not-send-header-bug.t line 41
t/moose/020_interface/server_simple-not-send-header-bug.t ... ok
Any::Moose is deprecated. Please use Moo instead at t/Utils.pm line 2.
Possible precedence issue with control flow operator at /tmp/loop_over_bdir-31073-q63Jdx/HTTP-Engine-0.03005-0/inc/Test/Builder.pm line 917.
Class::MOP::load_class is deprecated at /home/sand/src/perl/repoperls/installed-perls/host/k93x64sid/v5.22.3-RC4/a3f9/lib/site_perl/5.22.3/x86_64-linux-thread-multi-ld/Class/MOP.pm line 69, <DATA> line 11.
Class::MOP::load_class("HTTP::Engine::Interface::ServerSimple") called at /tmp/loop_over_bdir-31073-q63Jdx/HTTP-Engine-0.03005-0/blib/lib/HTTP/Engine/Types/Core.pm line 26
HTTP::Engine::Types::Core::__ANON__(HASH(0x55c2d079e0b8)) called at /home/sand/src/perl/repoperls/installed-perls/host/k93x64sid/v5.22.3-RC4/a3f9/lib/site_perl/5.22.3/x86_64-linux-thread-multi-ld/Moose/Meta/TypeCoercion.pm line 65
Moose::Meta::TypeCoercion::__ANON__(HASH(0x55c2d079e0b8)) called at constructor HTTP::Engine::new (defined at /tmp/loop_over_bdir-31073-q63Jdx/HTTP-Engine-0.03005-0/blib/lib/HTTP/Engine.pm line 17) line 32
HTTP::Engine::new("HTTP::Engine", "interface", HASH(0x55c2d079e0b8)) called at t/moose/020_interface/server_simple-print_banner.t line 32
main::__ANON__(50895) called at /tmp/loop_over_bdir-31073-q63Jdx/HTTP-Engine-0.03005-0/inc/Test/TCP.pm line 118
Test::TCP::start(Test::TCP=HASH(0x55c2ce965268)) called at /tmp/loop_over_bdir-31073-q63Jdx/HTTP-Engine-0.03005-0/inc/Test/TCP.pm line 102
Test::TCP::new("Test::TCP", "code", CODE(0x55c2ce964f80), "port", 50895) called at /tmp/loop_over_bdir-31073-q63Jdx/HTTP-Engine-0.03005-0/inc/Test/TCP.pm line 54
Test::TCP::test_tcp("client", CODE(0x55c2d0714058), "server", CODE(0x55c2ce964f80)) called at t/moose/020_interface/server_simple-print_banner.t line 34
t/moose/020_interface/server_simple-print_banner.t .......... ok
Any::Moose is deprecated. Please use Moo instead at t/Utils.pm line 2.
Possible precedence issue with control flow operator at /tmp/loop_over_bdir-31073-q63Jdx/HTTP-Engine-0.03005-0/inc/Test/Builder.pm line 917.
Class::MOP::load_class is deprecated at /home/sand/src/perl/repoperls/installed-perls/host/k93x64sid/v5.22.3-RC4/a3f9/lib/site_perl/5.22.3/x86_64-linux-thread-multi-ld/Class/MOP.pm line 69, <DATA> line 11.
Class::MOP::load_class("HTTP::Engine::Interface::ServerSimple") called at /tmp/loop_over_bdir-31073-q63Jdx/HTTP-Engine-0.03005-0/blib/lib/HTTP/Engine/Types/Core.pm line 26
HTTP::Engine::Types::Core::__ANON__(HASH(0x560dac9e26e8)) called at /home/sand/src/perl/repoperls/installed-perls/host/k93x64sid/v5.22.3-RC4/a3f9/lib/site_perl/5.22.3/x86_64-linux-thread-multi-ld/Moose/Meta/TypeCoercion.pm line 65
Moose::Meta::TypeCoercion::__ANON__(HASH(0x560dac9e26e8)) called at constructor HTTP::Engine::new (defined at /tmp/loop_over_bdir-31073-q63Jdx/HTTP-Engine-0.03005-0/blib/lib/HTTP/Engine.pm line 17) line 32
HTTP::Engine::new("HTTP::Engine", "interface", HASH(0x560dac9e26e8)) called at t/moose/020_interface/server_simple.t line 36
main::__ANON__(50291) called at /tmp/loop_over_bdir-31073-q63Jdx/HTTP-Engine-0.03005-0/inc/Test/TCP.pm line 118
Test::TCP::start(Test::TCP=HASH(0x560dac7e5590)) called at /tmp/loop_over_bdir-31073-q63Jdx/HTTP-Engine-0.03005-0/inc/Test/TCP.pm line 102
Test::TCP::new("Test::TCP", "code", CODE(0x560dac83f498), "port", 50291) called at /tmp/loop_over_bdir-31073-q63Jdx/HTTP-Engine-0.03005-0/inc/Test/TCP.pm line 54
Test::TCP::test_tcp("client", CODE(0x560dac8faa00), "server", CODE(0x560dac83f498)) called at t/moose/020_interface/server_simple.t line 38
t/moose/020_interface/server_simple.t ....................... ok
Any::Moose is deprecated. Please use Moo instead at t/Utils.pm line 2.
Possible precedence issue with control flow operator at /tmp/loop_over_bdir-31073-q63Jdx/HTTP-Engine-0.03005-0/inc/Test/Builder.pm line 917.
t/moose/020_interface/standalone-keep_alive.t ............... skipped: Interface::Standalone will be removed
Any::Moose is deprecated. Please use Moo instead at t/Utils.pm line 2.
Possible precedence issue with control flow operator at /tmp/loop_over_bdir-31073-q63Jdx/HTTP-Engine-0.03005-0/inc/Test/Builder.pm line 917.
t/moose/020_interface/standalone-restart.t .................. skipped: Interface::Standalone will be removed
Any::Moose is deprecated. Please use Moo instead at t/Utils.pm line 2.
Possible precedence issue with control flow operator at /tmp/loop_over_bdir-31073-q63Jdx/HTTP-Engine-0.03005-0/inc/Test/Builder.pm line 917.
Class::MOP::load_class is deprecated at /home/sand/src/perl/repoperls/installed-perls/host/k93x64sid/v5.22.3-RC4/a3f9/lib/site_perl/5.22.3/x86_64-linux-thread-multi-ld/Class/MOP.pm line 69.
Class::MOP::load_class("HTTP::Engine::Interface::Test") called at /tmp/loop_over_bdir-31073-q63Jdx/HTTP-Engine-0.03005-0/blib/lib/HTTP/Engine/Types/Core.pm line 26
HTTP::Engine::Types::Core::__ANON__(HASH(0x5579a2a252e0)) called at /home/sand/src/perl/repoperls/installed-perls/host/k93x64sid/v5.22.3-RC4/a3f9/lib/site_perl/5.22.3/x86_64-linux-thread-multi-ld/Moose/Meta/TypeCoercion.pm line 65
Moose::Meta::TypeCoercion::__ANON__(HASH(0x5579a2a252e0)) called at constructor HTTP::Engine::new (defined at /tmp/loop_over_bdir-31073-q63Jdx/HTTP-Engine-0.03005-0/blib/lib/HTTP/Engine.pm line 17) line 32
HTTP::Engine::new("HTTP::Engine", "interface", HASH(0x5579a2a252e0)) called at t/moose/020_interface/streaming_response.t line 30
eval {...} called at t/moose/020_interface/streaming_response.t line 19
t/moose/020_interface/streaming_response.t .................. ok
Any::Moose is deprecated. Please use Moo instead at /tmp/loop_over_bdir-31073-q63Jdx/HTTP-Engine-0.03005-0/blib/lib/HTTP/Engine.pm line 3.
Possible precedence issue with control flow operator at /tmp/loop_over_bdir-31073-q63Jdx/HTTP-Engine-0.03005-0/inc/Test/Builder.pm line 917.
# Failed test at t/moose/020_interface/test-validation.t line 23.
# got: '1'
# expected: '0'
# Looks like you failed 1 test of 10.
t/moose/020_interface/test-validation.t .....................
Dubious, test returned 1 (wstat 256, 0x100)
Failed 1/10 subtests
Possible precedence issue with control flow operator at /tmp/loop_over_bdir-31073-q63Jdx/HTTP-Engine-0.03005-0/inc/Test/Builder.pm line 917.
Any::Moose is deprecated. Please use Moo instead at /tmp/loop_over_bdir-31073-q63Jdx/HTTP-Engine-0.03005-0/blib/lib/HTTP/Engine.pm line 3.
t/moose/020_interface/test-warn_at_utf8.t ................... ok
Any::Moose is deprecated. Please use Moo instead at /tmp/loop_over_bdir-31073-q63Jdx/HTTP-Engine-0.03005-0/blib/lib/HTTP/Engine.pm line 3.
Possible precedence issue with control flow operator at /tmp/loop_over_bdir-31073-q63Jdx/HTTP-Engine-0.03005-0/inc/Test/Builder.pm line 917.
Redundant argument in sprintf at /tmp/loop_over_bdir-31073-q63Jdx/HTTP-Engine-0.03005-0/inc/Spiffy.pm line 225.
Redundant argument in sprintf at /tmp/loop_over_bdir-31073-q63Jdx/HTTP-Engine-0.03005-0/inc/Spiffy.pm line 225.
Redundant argument in sprintf at /tmp/loop_over_bdir-31073-q63Jdx/HTTP-Engine-0.03005-0/inc/Spiffy.pm line 225.
Redundant argument in sprintf at /tmp/loop_over_bdir-31073-q63Jdx/HTTP-Engine-0.03005-0/inc/Spiffy.pm line 225.
Class::MOP::load_class is deprecated at /home/sand/src/perl/repoperls/installed-perls/host/k93x64sid/v5.22.3-RC4/a3f9/lib/site_perl/5.22.3/x86_64-linux-thread-multi-ld/Class/MOP.pm line 69, <DATA> line 1.
Class::MOP::load_class("HTTP::Engine::Interface::Test") called at /tmp/loop_over_bdir-31073-q63Jdx/HTTP-Engine-0.03005-0/blib/lib/HTTP/Engine/Types/Core.pm line 26
HTTP::Engine::Types::Core::__ANON__(HASH(0x560aa89d06a0)) called at /home/sand/src/perl/repoperls/installed-perls/host/k93x64sid/v5.22.3-RC4/a3f9/lib/site_perl/5.22.3/x86_64-linux-thread-multi-ld/Moose/Meta/TypeCoercion.pm line 65
Moose::Meta::TypeCoercion::__ANON__(HASH(0x560aa89d06a0)) called at constructor HTTP::Engine::new (defined at /tmp/loop_over_bdir-31073-q63Jdx/HTTP-Engine-0.03005-0/blib/lib/HTTP/Engine.pm line 17) line 32
HTTP::Engine::new("HTTP::Engine", "interface", HASH(0x560aa89d06a0)) called at t/moose/020_interface/test.t line 38
main::__ANON__(Test::Base::Block=HASH(0x560aa8862200)) called at /tmp/loop_over_bdir-31073-q63Jdx/HTTP-Engine-0.03005-0/inc/Test/Base.pm line 269
Test::Base::run(undef) called at t/moose/020_interface/test.t line 43
t/moose/020_interface/test.t ................................ ok
Possible precedence issue with control flow operator at /tmp/loop_over_bdir-31073-q63Jdx/HTTP-Engine-0.03005-0/inc/Test/Builder.pm line 917.
Any::Moose is deprecated. Please use Moo instead at /tmp/loop_over_bdir-31073-q63Jdx/HTTP-Engine-0.03005-0/blib/lib/HTTP/Engine.pm line 3.
Class::MOP::load_class is deprecated at /home/sand/src/perl/repoperls/installed-perls/host/k93x64sid/v5.22.3-RC4/a3f9/lib/site_perl/5.22.3/x86_64-linux-thread-multi-ld/Class/MOP.pm line 69.
Class::MOP::load_class("HTTP::Engine::Interface::Test") called at /tmp/loop_over_bdir-31073-q63Jdx/HTTP-Engine-0.03005-0/blib/lib/HTTP/Engine/Types/Core.pm line 26
HTTP::Engine::Types::Core::__ANON__(HASH(0x5594b2e284c0)) called at /home/sand/src/perl/repoperls/installed-perls/host/k93x64sid/v5.22.3-RC4/a3f9/lib/site_perl/5.22.3/x86_64-linux-thread-multi-ld/Moose/Meta/TypeCoercion.pm line 65
Moose::Meta::TypeCoercion::__ANON__(HASH(0x5594b2e284c0)) called at constructor HTTP::Engine::new (defined at /tmp/loop_over_bdir-31073-q63Jdx/HTTP-Engine-0.03005-0/blib/lib/HTTP/Engine.pm line 17) line 32
HTTP::Engine::new("HTTP::Engine", "interface", HASH(0x5594b2e284c0)) called at t/moose/020_interface/test_response-with_io.t line 26
t/moose/020_interface/test_response-with_io.t ............... ok
Any::Moose is deprecated. Please use Moo instead at t/Utils.pm line 2.
Possible precedence issue with control flow operator at /tmp/loop_over_bdir-31073-q63Jdx/HTTP-Engine-0.03005-0/inc/Test/Builder.pm line 917.
Redundant argument in sprintf at /tmp/loop_over_bdir-31073-q63Jdx/HTTP-Engine-0.03005-0/inc/Spiffy.pm line 225.
Redundant argument in sprintf at /tmp/loop_over_bdir-31073-q63Jdx/HTTP-Engine-0.03005-0/inc/Spiffy.pm line 225.
Redundant argument in sprintf at /tmp/loop_over_bdir-31073-q63Jdx/HTTP-Engine-0.03005-0/inc/Spiffy.pm line 225.
Redundant argument in sprintf at /tmp/loop_over_bdir-31073-q63Jdx/HTTP-Engine-0.03005-0/inc/Spiffy.pm line 225.
Class::MOP::load_class is deprecated at /home/sand/src/perl/repoperls/installed-perls/host/k93x64sid/v5.22.3-RC4/a3f9/lib/site_perl/5.22.3/x86_64-linux-thread-multi-ld/Class/MOP.pm line 69, <DATA> line 1.
Class::MOP::load_class("HTTP::Engine::Interface::Test") called at /tmp/loop_over_bdir-31073-q63Jdx/HTTP-Engine-0.03005-0/blib/lib/HTTP/Engine/Types/Core.pm line 26
HTTP::Engine::Types::Core::__ANON__(HASH(0x55f920b51158)) called at /home/sand/src/perl/repoperls/installed-perls/host/k93x64sid/v5.22.3-RC4/a3f9/lib/site_perl/5.22.3/x86_64-linux-thread-multi-ld/Moose/Meta/TypeCoercion.pm line 65
Moose::Meta::TypeCoercion::__ANON__(HASH(0x55f920b51158)) called at constructor HTTP::Engine::new (defined at /tmp/loop_over_bdir-31073-q63Jdx/HTTP-Engine-0.03005-0/blib/lib/HTTP/Engine.pm line 17) line 32
HTTP::Engine::new("HTTP::Engine", "interface", HASH(0x55f920b51158)) called at t/moose/020_interface/test_upload.t line 55
main::__ANON__(Test::Base::Block=HASH(0x55f91e4981c8)) called at /tmp/loop_over_bdir-31073-q63Jdx/HTTP-Engine-0.03005-0/inc/Test/Base.pm line 269
Test::Base::run(undef) called at t/moose/020_interface/test_upload.t line 91
t/moose/020_interface/test_upload.t ......................... ok
Any::Moose is deprecated. Please use Moo instead at t/Utils.pm line 2.
Possible precedence issue with control flow operator at /tmp/loop_over_bdir-31073-q63Jdx/HTTP-Engine-0.03005-0/inc/Test/Builder.pm line 917.
Class::MOP::load_class is deprecated at /home/sand/src/perl/repoperls/installed-perls/host/k93x64sid/v5.22.3-RC4/a3f9/lib/site_perl/5.22.3/x86_64-linux-thread-multi-ld/Class/MOP.pm line 69.
Class::MOP::load_class("HTTP::Engine::Interface::Standalone") called at /tmp/loop_over_bdir-31073-q63Jdx/HTTP-Engine-0.03005-0/blib/lib/HTTP/Engine/Types/Core.pm line 26
HTTP::Engine::Types::Core::__ANON__(HASH(0x55c58d60e880)) called at /home/sand/src/perl/repoperls/installed-perls/host/k93x64sid/v5.22.3-RC4/a3f9/lib/site_perl/5.22.3/x86_64-linux-thread-multi-ld/Moose/Meta/TypeCoercion.pm line 65
Moose::Meta::TypeCoercion::__ANON__(HASH(0x55c58d60e880)) called at constructor HTTP::Engine::new (defined at /tmp/loop_over_bdir-31073-q63Jdx/HTTP-Engine-0.03005-0/blib/lib/HTTP/Engine.pm line 17) line 32
HTTP::Engine::new("HTTP::Engine", "interface", HASH(0x55c58d60e880)) called at t/Utils.pm line 129
t::Utils::__ANON__(50391) called at /tmp/loop_over_bdir-31073-q63Jdx/HTTP-Engine-0.03005-0/inc/Test/TCP.pm line 118
Test::TCP::start(Test::TCP=HASH(0x55c58da13d10)) called at /tmp/loop_over_bdir-31073-q63Jdx/HTTP-Engine-0.03005-0/inc/Test/TCP.pm line 102
Test::TCP::new("Test::TCP", "code", CODE(0x55c58d986950), "port", 50391) called at /tmp/loop_over_bdir-31073-q63Jdx/HTTP-Engine-0.03005-0/inc/Test/TCP.pm line 54
Test::TCP::test_tcp("client", CODE(0x55c58d9868c0), "server", CODE(0x55c58d986950), "port", 50391) called at t/Utils.pm line 132
t::Utils::daemonize_all(CODE(0x55c58d4078c0), " sub {\x{a} my \$port = shift;\x{a} return (\x{a} "...) called at t/moose/030_daemonize/connection_info.t line 47
Class::MOP::load_class is deprecated at /home/sand/src/perl/repoperls/installed-perls/host/k93x64sid/v5.22.3-RC4/a3f9/lib/site_perl/5.22.3/x86_64-linux-thread-multi-ld/Class/MOP.pm line 69.
Class::MOP::load_class("HTTP::Engine::Interface::ServerSimple") called at /tmp/loop_over_bdir-31073-q63Jdx/HTTP-Engine-0.03005-0/blib/lib/HTTP/Engine/Types/Core.pm line 26
HTTP::Engine::Types::Core::__ANON__(HASH(0x55c58d60e880)) called at /home/sand/src/perl/repoperls/installed-perls/host/k93x64sid/v5.22.3-RC4/a3f9/lib/site_perl/5.22.3/x86_64-linux-thread-multi-ld/Moose/Meta/TypeCoercion.pm line 65
Moose::Meta::TypeCoercion::__ANON__(HASH(0x55c58d60e880)) called at constructor HTTP::Engine::new (defined at /tmp/loop_over_bdir-31073-q63Jdx/HTTP-Engine-0.03005-0/blib/lib/HTTP/Engine.pm line 17) line 32
HTTP::Engine::new("HTTP::Engine", "interface", HASH(0x55c58d60e880)) called at t/Utils.pm line 129
t::Utils::__ANON__(50391) called at /tmp/loop_over_bdir-31073-q63Jdx/HTTP-Engine-0.03005-0/inc/Test/TCP.pm line 118
Test::TCP::start(Test::TCP=HASH(0x55c58dc05150)) called at /tmp/loop_over_bdir-31073-q63Jdx/HTTP-Engine-0.03005-0/inc/Test/TCP.pm line 102
Test::TCP::new("Test::TCP", "code", CODE(0x55c58d986950), "port", 50391) called at /tmp/loop_over_bdir-31073-q63Jdx/HTTP-Engine-0.03005-0/inc/Test/TCP.pm line 54
Test::TCP::test_tcp("client", CODE(0x55c58d9868c0), "server", CODE(0x55c58d986950), "port", 50391) called at t/Utils.pm line 132
t::Utils::daemonize_all(CODE(0x55c58d4078c0), " sub {\x{a} my \$port = shift;\x{a} return (\x{a} "...) called at t/moose/030_daemonize/connection_info.t line 47
Class::MOP::load_class is deprecated at /home/sand/src/perl/repoperls/installed-perls/host/k93x64sid/v5.22.3-RC4/a3f9/lib/site_perl/5.22.3/x86_64-linux-thread-multi-ld/Class/MOP.pm line 69.
Class::MOP::load_class("HTTP::Engine::Interface::POE") called at /tmp/loop_over_bdir-31073-q63Jdx/HTTP-Engine-0.03005-0/blib/lib/HTTP/Engine/Types/Core.pm line 26
HTTP::Engine::Types::Core::__ANON__(HASH(0x55c58d60e880)) called at /home/sand/src/perl/repoperls/installed-perls/host/k93x64sid/v5.22.3-RC4/a3f9/lib/site_perl/5.22.3/x86_64-linux-thread-multi-ld/Moose/Meta/TypeCoercion.pm line 65
Moose::Meta::TypeCoercion::__ANON__(HASH(0x55c58d60e880)) called at constructor HTTP::Engine::new (defined at /tmp/loop_over_bdir-31073-q63Jdx/HTTP-Engine-0.03005-0/blib/lib/HTTP/Engine.pm line 17) line 32
HTTP::Engine::new("HTTP::Engine", "interface", HASH(0x55c58d60e880)) called at t/Utils.pm line 129
t::Utils::__ANON__(50391) called at /tmp/loop_over_bdir-31073-q63Jdx/HTTP-Engine-0.03005-0/inc/Test/TCP.pm line 118
Test::TCP::start(Test::TCP=HASH(0x55c58da13f08)) called at /tmp/loop_over_bdir-31073-q63Jdx/HTTP-Engine-0.03005-0/inc/Test/TCP.pm line 102
Test::TCP::new("Test::TCP", "code", CODE(0x55c58d986950), "port", 50391) called at /tmp/loop_over_bdir-31073-q63Jdx/HTTP-Engine-0.03005-0/inc/Test/TCP.pm line 54
Test::TCP::test_tcp("client", CODE(0x55c58d9868c0), "server", CODE(0x55c58d986950), "port", 50391) called at t/Utils.pm line 132
t::Utils::daemonize_all(CODE(0x55c58d4078c0), " sub {\x{a} my \$port = shift;\x{a} return (\x{a} "...) called at t/moose/030_daemonize/connection_info.t line 47
t/moose/030_daemonize/connection_info.t ..................... ok
Any::Moose is deprecated. Please use Moo instead at t/Utils.pm line 2.
Possible precedence issue with control flow operator at /tmp/loop_over_bdir-31073-q63Jdx/HTTP-Engine-0.03005-0/inc/Test/Builder.pm line 917.
Class::MOP::load_class is deprecated at /home/sand/src/perl/repoperls/installed-perls/host/k93x64sid/v5.22.3-RC4/a3f9/lib/site_perl/5.22.3/x86_64-linux-thread-multi-ld/Class/MOP.pm line 69.
Class::MOP::load_class("HTTP::Engine::Interface::Standalone") called at /tmp/loop_over_bdir-31073-q63Jdx/HTTP-Engine-0.03005-0/blib/lib/HTTP/Engine/Types/Core.pm line 26
HTTP::Engine::Types::Core::__ANON__(HASH(0x5597193fb5c0)) called at /home/sand/src/perl/repoperls/installed-perls/host/k93x64sid/v5.22.3-RC4/a3f9/lib/site_perl/5.22.3/x86_64-linux-thread-multi-ld/Moose/Meta/TypeCoercion.pm line 65
Moose::Meta::TypeCoercion::__ANON__(HASH(0x5597193fb5c0)) called at constructor HTTP::Engine::new (defined at /tmp/loop_over_bdir-31073-q63Jdx/HTTP-Engine-0.03005-0/blib/lib/HTTP/Engine.pm line 17) line 32
HTTP::Engine::new("HTTP::Engine", "interface", HASH(0x5597193fb5c0)) called at t/Utils.pm line 129
t::Utils::__ANON__(50139) called at /tmp/loop_over_bdir-31073-q63Jdx/HTTP-Engine-0.03005-0/inc/Test/TCP.pm line 118
Test::TCP::start(Test::TCP=HASH(0x5597197f8458)) called at /tmp/loop_over_bdir-31073-q63Jdx/HTTP-Engine-0.03005-0/inc/Test/TCP.pm line 102
Test::TCP::new("Test::TCP", "code", CODE(0x55971976d8c0), "port", 50139) called at /tmp/loop_over_bdir-31073-q63Jdx/HTTP-Engine-0.03005-0/inc/Test/TCP.pm line 54
Test::TCP::test_tcp("client", CODE(0x55971976d830), "server", CODE(0x55971976d8c0), "port", 50139) called at t/Utils.pm line 132
t::Utils::daemonize_all(CODE(0x5597191f2660), " sub {\x{a} my \$port = shift;\x{a} return (\x{a} "...) called at t/moose/030_daemonize/headers.t line 40
Class::MOP::load_class is deprecated at /home/sand/src/perl/repoperls/installed-perls/host/k93x64sid/v5.22.3-RC4/a3f9/lib/site_perl/5.22.3/x86_64-linux-thread-multi-ld/Class/MOP.pm line 69.
Class::MOP::load_class("HTTP::Engine::Interface::ServerSimple") called at /tmp/loop_over_bdir-31073-q63Jdx/HTTP-Engine-0.03005-0/blib/lib/HTTP/Engine/Types/Core.pm line 26
HTTP::Engine::Types::Core::__ANON__(HASH(0x5597193fb5c0)) called at /home/sand/src/perl/repoperls/installed-perls/host/k93x64sid/v5.22.3-RC4/a3f9/lib/site_perl/5.22.3/x86_64-linux-thread-multi-ld/Moose/Meta/TypeCoercion.pm line 65
Moose::Meta::TypeCoercion::__ANON__(HASH(0x5597193fb5c0)) called at constructor HTTP::Engine::new (defined at /tmp/loop_over_bdir-31073-q63Jdx/HTTP-Engine-0.03005-0/blib/lib/HTTP/Engine.pm line 17) line 32
HTTP::Engine::new("HTTP::Engine", "interface", HASH(0x5597193fb5c0)) called at t/Utils.pm line 129
t::Utils::__ANON__(50139) called at /tmp/loop_over_bdir-31073-q63Jdx/HTTP-Engine-0.03005-0/inc/Test/TCP.pm line 118
Test::TCP::start(Test::TCP=HASH(0x55971971c2e8)) called at /tmp/loop_over_bdir-31073-q63Jdx/HTTP-Engine-0.03005-0/inc/Test/TCP.pm line 102
Test::TCP::new("Test::TCP", "code", CODE(0x55971976d8c0), "port", 50139) called at /tmp/loop_over_bdir-31073-q63Jdx/HTTP-Engine-0.03005-0/inc/Test/TCP.pm line 54
Test::TCP::test_tcp("client", CODE(0x55971976d830), "server", CODE(0x55971976d8c0), "port", 50139) called at t/Utils.pm line 132
t::Utils::daemonize_all(CODE(0x5597191f2660), " sub {\x{a} my \$port = shift;\x{a} return (\x{a} "...) called at t/moose/030_daemonize/headers.t line 40
Class::MOP::load_class is deprecated at /home/sand/src/perl/repoperls/installed-perls/host/k93x64sid/v5.22.3-RC4/a3f9/lib/site_perl/5.22.3/x86_64-linux-thread-multi-ld/Class/MOP.pm line 69.
Class::MOP::load_class("HTTP::Engine::Interface::POE") called at /tmp/loop_over_bdir-31073-q63Jdx/HTTP-Engine-0.03005-0/blib/lib/HTTP/Engine/Types/Core.pm line 26
HTTP::Engine::Types::Core::__ANON__(HASH(0x5597193fb5c0)) called at /home/sand/src/perl/repoperls/installed-perls/host/k93x64sid/v5.22.3-RC4/a3f9/lib/site_perl/5.22.3/x86_64-linux-thread-multi-ld/Moose/Meta/TypeCoercion.pm line 65
Moose::Meta::TypeCoercion::__ANON__(HASH(0x5597193fb5c0)) called at constructor HTTP::Engine::new (defined at /tmp/loop_over_bdir-31073-q63Jdx/HTTP-Engine-0.03005-0/blib/lib/HTTP/Engine.pm line 17) line 32
HTTP::Engine::new("HTTP::Engine", "interface", HASH(0x5597193fb5c0)) called at t/Utils.pm line 129
t::Utils::__ANON__(50139) called at /tmp/loop_over_bdir-31073-q63Jdx/HTTP-Engine-0.03005-0/inc/Test/TCP.pm line 118
Test::TCP::start(Test::TCP=HASH(0x559719c91e90)) called at /tmp/loop_over_bdir-31073-q63Jdx/HTTP-Engine-0.03005-0/inc/Test/TCP.pm line 102
Test::TCP::new("Test::TCP", "code", CODE(0x55971976d8c0), "port", 50139) called at /tmp/loop_over_bdir-31073-q63Jdx/HTTP-Engine-0.03005-0/inc/Test/TCP.pm line 54
Test::TCP::test_tcp("client", CODE(0x55971976d830), "server", CODE(0x55971976d8c0), "port", 50139) called at t/Utils.pm line 132
t::Utils::daemonize_all(CODE(0x5597191f2660), " sub {\x{a} my \$port = shift;\x{a} return (\x{a} "...) called at t/moose/030_daemonize/headers.t line 40
t/moose/030_daemonize/headers.t ............................. ok
Any::Moose is deprecated. Please use Moo instead at t/Utils.pm line 2.
Possible precedence issue with control flow operator at /tmp/loop_over_bdir-31073-q63Jdx/HTTP-Engine-0.03005-0/inc/Test/Builder.pm line 917.
# Failed test at /tmp/loop_over_bdir-31073-q63Jdx/HTTP-Engine-0.03005-0/inc/Test/More.pm line 376.
# got: '/foo|'
# expected: '/|http://example.com/foo?http=1'
# Failed test at /tmp/loop_over_bdir-31073-q63Jdx/HTTP-Engine-0.03005-0/inc/Test/More.pm line 376.
# got: '/foo|'
# expected: '/|http://example.com:8080/foo?http=1'
Class::MOP::load_class is deprecated at /home/sand/src/perl/repoperls/installed-perls/host/k93x64sid/v5.22.3-RC4/a3f9/lib/site_perl/5.22.3/x86_64-linux-thread-multi-ld/Class/MOP.pm line 69.
Class::MOP::load_class("HTTP::Engine::Interface::Standalone") called at /tmp/loop_over_bdir-31073-q63Jdx/HTTP-Engine-0.03005-0/blib/lib/HTTP/Engine/Types/Core.pm line 26
HTTP::Engine::Types::Core::__ANON__(HASH(0x5612d3f84798)) called at /home/sand/src/perl/repoperls/installed-perls/host/k93x64sid/v5.22.3-RC4/a3f9/lib/site_perl/5.22.3/x86_64-linux-thread-multi-ld/Moose/Meta/TypeCoercion.pm line 65
Moose::Meta::TypeCoercion::__ANON__(HASH(0x5612d3f84798)) called at constructor HTTP::Engine::new (defined at /tmp/loop_over_bdir-31073-q63Jdx/HTTP-Engine-0.03005-0/blib/lib/HTTP/Engine.pm line 17) line 32
HTTP::Engine::new("HTTP::Engine", "interface", HASH(0x5612d3f84798)) called at t/Utils.pm line 129
t::Utils::__ANON__(50952) called at /tmp/loop_over_bdir-31073-q63Jdx/HTTP-Engine-0.03005-0/inc/Test/TCP.pm line 118
Test::TCP::start(Test::TCP=HASH(0x5612d439f7e0)) called at /tmp/loop_over_bdir-31073-q63Jdx/HTTP-Engine-0.03005-0/inc/Test/TCP.pm line 102
Test::TCP::new("Test::TCP", "code", CODE(0x5612d43066f8), "port", 50952) called at /tmp/loop_over_bdir-31073-q63Jdx/HTTP-Engine-0.03005-0/inc/Test/TCP.pm line 54
Test::TCP::test_tcp("client", CODE(0x5612d4306668), "server", CODE(0x5612d43066f8), "port", 50952) called at t/Utils.pm line 132
t::Utils::daemonize_all(CODE(0x5612d3db5e28), " sub {\x{a} my \$port = shift;\x{a} return (\x{a} "...) called at t/moose/030_daemonize/proxy_path.t line 25
Class::MOP::load_class is deprecated at /home/sand/src/perl/repoperls/installed-perls/host/k93x64sid/v5.22.3-RC4/a3f9/lib/site_perl/5.22.3/x86_64-linux-thread-multi-ld/Class/MOP.pm line 69.
Class::MOP::load_class("HTTP::Engine::Interface::ServerSimple") called at /tmp/loop_over_bdir-31073-q63Jdx/HTTP-Engine-0.03005-0/blib/lib/HTTP/Engine/Types/Core.pm line 26
HTTP::Engine::Types::Core::__ANON__(HASH(0x5612d3f84798)) called at /home/sand/src/perl/repoperls/installed-perls/host/k93x64sid/v5.22.3-RC4/a3f9/lib/site_perl/5.22.3/x86_64-linux-thread-multi-ld/Moose/Meta/TypeCoercion.pm line 65
Moose::Meta::TypeCoercion::__ANON__(HASH(0x5612d3f84798)) called at constructor HTTP::Engine::new (defined at /tmp/loop_over_bdir-31073-q63Jdx/HTTP-Engine-0.03005-0/blib/lib/HTTP/Engine.pm line 17) line 32
HTTP::Engine::new("HTTP::Engine", "interface", HASH(0x5612d3f84798)) called at t/Utils.pm line 129
t::Utils::__ANON__(50952) called at /tmp/loop_over_bdir-31073-q63Jdx/HTTP-Engine-0.03005-0/inc/Test/TCP.pm line 118
Test::TCP::start(Test::TCP=HASH(0x5612d4305b10)) called at /tmp/loop_over_bdir-31073-q63Jdx/HTTP-Engine-0.03005-0/inc/Test/TCP.pm line 102
Test::TCP::new("Test::TCP", "code", CODE(0x5612d43066f8), "port", 50952) called at /tmp/loop_over_bdir-31073-q63Jdx/HTTP-Engine-0.03005-0/inc/Test/TCP.pm line 54
Test::TCP::test_tcp("client", CODE(0x5612d4306668), "server", CODE(0x5612d43066f8), "port", 50952) called at t/Utils.pm line 132
t::Utils::daemonize_all(CODE(0x5612d3db5e28), " sub {\x{a} my \$port = shift;\x{a} return (\x{a} "...) called at t/moose/030_daemonize/proxy_path.t line 25
# Failed test at /tmp/loop_over_bdir-31073-q63Jdx/HTTP-Engine-0.03005-0/inc/Test/More.pm line 376.
# got: '/foo|'
# expected: '/|http://example.com/foo?http=1'
# Failed test at /tmp/loop_over_bdir-31073-q63Jdx/HTTP-Engine-0.03005-0/inc/Test/More.pm line 376.
# got: '/foo|'
# expected: '/|http://example.com:8080/foo?http=1'
Class::MOP::load_class is deprecated at /home/sand/src/perl/repoperls/installed-perls/host/k93x64sid/v5.22.3-RC4/a3f9/lib/site_perl/5.22.3/x86_64-linux-thread-multi-ld/Class/MOP.pm line 69.
Class::MOP::load_class("HTTP::Engine::Interface::POE") called at /tmp/loop_over_bdir-31073-q63Jdx/HTTP-Engine-0.03005-0/blib/lib/HTTP/Engine/Types/Core.pm line 26
HTTP::Engine::Types::Core::__ANON__(HASH(0x5612d3f84798)) called at /home/sand/src/perl/repoperls/installed-perls/host/k93x64sid/v5.22.3-RC4/a3f9/lib/site_perl/5.22.3/x86_64-linux-thread-multi-ld/Moose/Meta/TypeCoercion.pm line 65
Moose::Meta::TypeCoercion::__ANON__(HASH(0x5612d3f84798)) called at constructor HTTP::Engine::new (defined at /tmp/loop_over_bdir-31073-q63Jdx/HTTP-Engine-0.03005-0/blib/lib/HTTP/Engine.pm line 17) line 32
HTTP::Engine::new("HTTP::Engine", "interface", HASH(0x5612d3f84798)) called at t/Utils.pm line 129
t::Utils::__ANON__(50952) called at /tmp/loop_over_bdir-31073-q63Jdx/HTTP-Engine-0.03005-0/inc/Test/TCP.pm line 118
Test::TCP::start(Test::TCP=HASH(0x5612d48abe30)) called at /tmp/loop_over_bdir-31073-q63Jdx/HTTP-Engine-0.03005-0/inc/Test/TCP.pm line 102
Test::TCP::new("Test::TCP", "code", CODE(0x5612d43066f8), "port", 50952) called at /tmp/loop_over_bdir-31073-q63Jdx/HTTP-Engine-0.03005-0/inc/Test/TCP.pm line 54
Test::TCP::test_tcp("client", CODE(0x5612d4306668), "server", CODE(0x5612d43066f8), "port", 50952) called at t/Utils.pm line 132
t::Utils::daemonize_all(CODE(0x5612d3db5e28), " sub {\x{a} my \$port = shift;\x{a} return (\x{a} "...) called at t/moose/030_daemonize/proxy_path.t line 25
# Looks like you failed 4 tests of 16.
t/moose/030_daemonize/proxy_path.t ..........................
Dubious, test returned 4 (wstat 1024, 0x400)
Failed 4/16 subtests
Any::Moose is deprecated. Please use Moo instead at t/Utils.pm line 2.
Possible precedence issue with control flow operator at /tmp/loop_over_bdir-31073-q63Jdx/HTTP-Engine-0.03005-0/inc/Test/Builder.pm line 917.
Class::MOP::load_class is deprecated at /home/sand/src/perl/repoperls/installed-perls/host/k93x64sid/v5.22.3-RC4/a3f9/lib/site_perl/5.22.3/x86_64-linux-thread-multi-ld/Class/MOP.pm line 69.
Class::MOP::load_class("HTTP::Engine::Interface::Standalone") called at /tmp/loop_over_bdir-31073-q63Jdx/HTTP-Engine-0.03005-0/blib/lib/HTTP/Engine/Types/Core.pm line 26
HTTP::Engine::Types::Core::__ANON__(HASH(0x55703467c388)) called at /home/sand/src/perl/repoperls/installed-perls/host/k93x64sid/v5.22.3-RC4/a3f9/lib/site_perl/5.22.3/x86_64-linux-thread-multi-ld/Moose/Meta/TypeCoercion.pm line 65
Moose::Meta::TypeCoercion::__ANON__(HASH(0x55703467c388)) called at constructor HTTP::Engine::new (defined at /tmp/loop_over_bdir-31073-q63Jdx/HTTP-Engine-0.03005-0/blib/lib/HTTP/Engine.pm line 17) line 32
HTTP::Engine::new("HTTP::Engine", "interface", HASH(0x55703467c388)) called at t/Utils.pm line 129
t::Utils::__ANON__(50114) called at /tmp/loop_over_bdir-31073-q63Jdx/HTTP-Engine-0.03005-0/inc/Test/TCP.pm line 118
Test::TCP::start(Test::TCP=HASH(0x557034a7ccf8)) called at /tmp/loop_over_bdir-31073-q63Jdx/HTTP-Engine-0.03005-0/inc/Test/TCP.pm line 102
Test::TCP::new("Test::TCP", "code", CODE(0x5570349f0f98), "port", 50114) called at /tmp/loop_over_bdir-31073-q63Jdx/HTTP-Engine-0.03005-0/inc/Test/TCP.pm line 54
Test::TCP::test_tcp("client", CODE(0x5570349f0f08), "server", CODE(0x5570349f0f98), "port", 50114) called at t/Utils.pm line 132
t::Utils::daemonize_all(CODE(0x557034474640), " sub {\x{a} my \$port = shift;\x{a} return (\x{a} "...) called at t/moose/030_daemonize/raw_body.t line 41
Class::MOP::load_class is deprecated at /home/sand/src/perl/repoperls/installed-perls/host/k93x64sid/v5.22.3-RC4/a3f9/lib/site_perl/5.22.3/x86_64-linux-thread-multi-ld/Class/MOP.pm line 69.
Class::MOP::load_class("HTTP::Engine::Interface::ServerSimple") called at /tmp/loop_over_bdir-31073-q63Jdx/HTTP-Engine-0.03005-0/blib/lib/HTTP/Engine/Types/Core.pm line 26
HTTP::Engine::Types::Core::__ANON__(HASH(0x55703467c388)) called at /home/sand/src/perl/repoperls/installed-perls/host/k93x64sid/v5.22.3-RC4/a3f9/lib/site_perl/5.22.3/x86_64-linux-thread-multi-ld/Moose/Meta/TypeCoercion.pm line 65
Moose::Meta::TypeCoercion::__ANON__(HASH(0x55703467c388)) called at constructor HTTP::Engine::new (defined at /tmp/loop_over_bdir-31073-q63Jdx/HTTP-Engine-0.03005-0/blib/lib/HTTP/Engine.pm line 17) line 32
HTTP::Engine::new("HTTP::Engine", "interface", HASH(0x55703467c388)) called at t/Utils.pm line 129
t::Utils::__ANON__(50114) called at /tmp/loop_over_bdir-31073-q63Jdx/HTTP-Engine-0.03005-0/inc/Test/TCP.pm line 118
Test::TCP::start(Test::TCP=HASH(0x5570328b5aa0)) called at /tmp/loop_over_bdir-31073-q63Jdx/HTTP-Engine-0.03005-0/inc/Test/TCP.pm line 102
Test::TCP::new("Test::TCP", "code", CODE(0x5570349f0f98), "port", 50114) called at /tmp/loop_over_bdir-31073-q63Jdx/HTTP-Engine-0.03005-0/inc/Test/TCP.pm line 54
Test::TCP::test_tcp("client", CODE(0x5570349f0f08), "server", CODE(0x5570349f0f98), "port", 50114) called at t/Utils.pm line 132
t::Utils::daemonize_all(CODE(0x557034474640), " sub {\x{a} my \$port = shift;\x{a} return (\x{a} "...) called at t/moose/030_daemonize/raw_body.t line 41
Class::MOP::load_class is deprecated at /home/sand/src/perl/repoperls/installed-perls/host/k93x64sid/v5.22.3-RC4/a3f9/lib/site_perl/5.22.3/x86_64-linux-thread-multi-ld/Class/MOP.pm line 69.
Class::MOP::load_class("HTTP::Engine::Interface::POE") called at /tmp/loop_over_bdir-31073-q63Jdx/HTTP-Engine-0.03005-0/blib/lib/HTTP/Engine/Types/Core.pm line 26
HTTP::Engine::Types::Core::__ANON__(HASH(0x55703467c388)) called at /home/sand/src/perl/repoperls/installed-perls/host/k93x64sid/v5.22.3-RC4/a3f9/lib/site_perl/5.22.3/x86_64-linux-thread-multi-ld/Moose/Meta/TypeCoercion.pm line 65
Moose::Meta::TypeCoercion::__ANON__(HASH(0x55703467c388)) called at constructor HTTP::Engine::new (defined at /tmp/loop_over_bdir-31073-q63Jdx/HTTP-Engine-0.03005-0/blib/lib/HTTP/Engine.pm line 17) line 32
HTTP::Engine::new("HTTP::Engine", "interface", HASH(0x55703467c388)) called at t/Utils.pm line 129
t::Utils::__ANON__(50114) called at /tmp/loop_over_bdir-31073-q63Jdx/HTTP-Engine-0.03005-0/inc/Test/TCP.pm line 118
Test::TCP::start(Test::TCP=HASH(0x557034f1dce0)) called at /tmp/loop_over_bdir-31073-q63Jdx/HTTP-Engine-0.03005-0/inc/Test/TCP.pm line 102
Test::TCP::new("Test::TCP", "code", CODE(0x5570349f0f98), "port", 50114) called at /tmp/loop_over_bdir-31073-q63Jdx/HTTP-Engine-0.03005-0/inc/Test/TCP.pm line 54
Test::TCP::test_tcp("client", CODE(0x5570349f0f08), "server", CODE(0x5570349f0f98), "port", 50114) called at t/Utils.pm line 132
t::Utils::daemonize_all(CODE(0x557034474640), " sub {\x{a} my \$port = shift;\x{a} return (\x{a} "...) called at t/moose/030_daemonize/raw_body.t line 41
t/moose/030_daemonize/raw_body.t ............................ ok
Any::Moose is deprecated. Please use Moo instead at t/Utils.pm line 2.
Possible precedence issue with control flow operator at /tmp/loop_over_bdir-31073-q63Jdx/HTTP-Engine-0.03005-0/inc/Test/Builder.pm line 917.
Class::MOP::load_class is deprecated at /home/sand/src/perl/repoperls/installed-perls/host/k93x64sid/v5.22.3-RC4/a3f9/lib/site_perl/5.22.3/x86_64-linux-thread-multi-ld/Class/MOP.pm line 69.
Class::MOP::load_class("HTTP::Engine::Interface::Standalone") called at /tmp/loop_over_bdir-31073-q63Jdx/HTTP-Engine-0.03005-0/blib/lib/HTTP/Engine/Types/Core.pm line 26
HTTP::Engine::Types::Core::__ANON__(HASH(0x56055416d8d0)) called at /home/sand/src/perl/repoperls/installed-perls/host/k93x64sid/v5.22.3-RC4/a3f9/lib/site_perl/5.22.3/x86_64-linux-thread-multi-ld/Moose/Meta/TypeCoercion.pm line 65
Moose::Meta::TypeCoercion::__ANON__(HASH(0x56055416d8d0)) called at constructor HTTP::Engine::new (defined at /tmp/loop_over_bdir-31073-q63Jdx/HTTP-Engine-0.03005-0/blib/lib/HTTP/Engine.pm line 17) line 32
HTTP::Engine::new("HTTP::Engine", "interface", HASH(0x56055416d8d0)) called at t/Utils.pm line 129
t::Utils::__ANON__(50941) called at /tmp/loop_over_bdir-31073-q63Jdx/HTTP-Engine-0.03005-0/inc/Test/TCP.pm line 118
Test::TCP::start(Test::TCP=HASH(0x5605545700f0)) called at /tmp/loop_over_bdir-31073-q63Jdx/HTTP-Engine-0.03005-0/inc/Test/TCP.pm line 102
Test::TCP::new("Test::TCP", "code", CODE(0x5605544e4138), "port", 50941) called at /tmp/loop_over_bdir-31073-q63Jdx/HTTP-Engine-0.03005-0/inc/Test/TCP.pm line 54
Test::TCP::test_tcp("client", CODE(0x5605544e40a8), "server", CODE(0x5605544e4138), "port", 50941) called at t/Utils.pm line 132
t::Utils::daemonize_all(CODE(0x560553f68a20), " sub {\x{a} my \$port = shift;\x{a} return (\x{a} "...) called at t/moose/030_daemonize/request_independence.t line 51
Class::MOP::load_class is deprecated at /home/sand/src/perl/repoperls/installed-perls/host/k93x64sid/v5.22.3-RC4/a3f9/lib/site_perl/5.22.3/x86_64-linux-thread-multi-ld/Class/MOP.pm line 69.
Class::MOP::load_class("HTTP::Engine::Interface::ServerSimple") called at /tmp/loop_over_bdir-31073-q63Jdx/HTTP-Engine-0.03005-0/blib/lib/HTTP/Engine/Types/Core.pm line 26
HTTP::Engine::Types::Core::__ANON__(HASH(0x56055416d8d0)) called at /home/sand/src/perl/repoperls/installed-perls/host/k93x64sid/v5.22.3-RC4/a3f9/lib/site_perl/5.22.3/x86_64-linux-thread-multi-ld/Moose/Meta/TypeCoercion.pm line 65
Moose::Meta::TypeCoercion::__ANON__(HASH(0x56055416d8d0)) called at constructor HTTP::Engine::new (defined at /tmp/loop_over_bdir-31073-q63Jdx/HTTP-Engine-0.03005-0/blib/lib/HTTP/Engine.pm line 17) line 32
HTTP::Engine::new("HTTP::Engine", "interface", HASH(0x56055416d8d0)) called at t/Utils.pm line 129
t::Utils::__ANON__(50941) called at /tmp/loop_over_bdir-31073-q63Jdx/HTTP-Engine-0.03005-0/inc/Test/TCP.pm line 118
Test::TCP::start(Test::TCP=HASH(0x560554570300)) called at /tmp/loop_over_bdir-31073-q63Jdx/HTTP-Engine-0.03005-0/inc/Test/TCP.pm line 102
Test::TCP::new("Test::TCP", "code", CODE(0x5605544e4138), "port", 50941) called at /tmp/loop_over_bdir-31073-q63Jdx/HTTP-Engine-0.03005-0/inc/Test/TCP.pm line 54
Test::TCP::test_tcp("client", CODE(0x5605544e40a8), "server", CODE(0x5605544e4138), "port", 50941) called at t/Utils.pm line 132
t::Utils::daemonize_all(CODE(0x560553f68a20), " sub {\x{a} my \$port = shift;\x{a} return (\x{a} "...) called at t/moose/030_daemonize/request_independence.t line 51
Class::MOP::load_class is deprecated at /home/sand/src/perl/repoperls/installed-perls/host/k93x64sid/v5.22.3-RC4/a3f9/lib/site_perl/5.22.3/x86_64-linux-thread-multi-ld/Class/MOP.pm line 69.
Class::MOP::load_class("HTTP::Engine::Interface::POE") called at /tmp/loop_over_bdir-31073-q63Jdx/HTTP-Engine-0.03005-0/blib/lib/HTTP/Engine/Types/Core.pm line 26
HTTP::Engine::Types::Core::__ANON__(HASH(0x56055416d8d0)) called at /home/sand/src/perl/repoperls/installed-perls/host/k93x64sid/v5.22.3-RC4/a3f9/lib/site_perl/5.22.3/x86_64-linux-thread-multi-ld/Moose/Meta/TypeCoercion.pm line 65
Moose::Meta::TypeCoercion::__ANON__(HASH(0x56055416d8d0)) called at constructor HTTP::Engine::new (defined at /tmp/loop_over_bdir-31073-q63Jdx/HTTP-Engine-0.03005-0/blib/lib/HTTP/Engine.pm line 17) line 32
HTTP::Engine::new("HTTP::Engine", "interface", HASH(0x56055416d8d0)) called at t/Utils.pm line 129
t::Utils::__ANON__(50941) called at /tmp/loop_over_bdir-31073-q63Jdx/HTTP-Engine-0.03005-0/inc/Test/TCP.pm line 118
Test::TCP::start(Test::TCP=HASH(0x5605545705e8)) called at /tmp/loop_over_bdir-31073-q63Jdx/HTTP-Engine-0.03005-0/inc/Test/TCP.pm line 102
Test::TCP::new("Test::TCP", "code", CODE(0x5605544e4138), "port", 50941) called at /tmp/loop_over_bdir-31073-q63Jdx/HTTP-Engine-0.03005-0/inc/Test/TCP.pm line 54
Test::TCP::test_tcp("client", CODE(0x5605544e40a8), "server", CODE(0x5605544e4138), "port", 50941) called at t/Utils.pm line 132
t::Utils::daemonize_all(CODE(0x560553f68a20), " sub {\x{a} my \$port = shift;\x{a} return (\x{a} "...) called at t/moose/030_daemonize/request_independence.t line 51
t/moose/030_daemonize/request_independence.t ................ ok
Any::Moose is deprecated. Please use Moo instead at t/Utils.pm line 2.
Possible precedence issue with control flow operator at /tmp/loop_over_bdir-31073-q63Jdx/HTTP-Engine-0.03005-0/inc/Test/Builder.pm line 917.
Class::MOP::load_class is deprecated at /home/sand/src/perl/repoperls/installed-perls/host/k93x64sid/v5.22.3-RC4/a3f9/lib/site_perl/5.22.3/x86_64-linux-thread-multi-ld/Class/MOP.pm line 69.
Class::MOP::load_class("HTTP::Engine::Interface::Standalone") called at /tmp/loop_over_bdir-31073-q63Jdx/HTTP-Engine-0.03005-0/blib/lib/HTTP/Engine/Types/Core.pm line 26
HTTP::Engine::Types::Core::__ANON__(HASH(0x55cbcb0df8b0)) called at /home/sand/src/perl/repoperls/installed-perls/host/k93x64sid/v5.22.3-RC4/a3f9/lib/site_perl/5.22.3/x86_64-linux-thread-multi-ld/Moose/Meta/TypeCoercion.pm line 65
Moose::Meta::TypeCoercion::__ANON__(HASH(0x55cbcb0df8b0)) called at constructor HTTP::Engine::new (defined at /tmp/loop_over_bdir-31073-q63Jdx/HTTP-Engine-0.03005-0/blib/lib/HTTP/Engine.pm line 17) line 32
HTTP::Engine::new("HTTP::Engine", "interface", HASH(0x55cbcb0df8b0)) called at t/Utils.pm line 129
t::Utils::__ANON__(50170) called at /tmp/loop_over_bdir-31073-q63Jdx/HTTP-Engine-0.03005-0/inc/Test/TCP.pm line 118
Test::TCP::start(Test::TCP=HASH(0x55cbcb132c48)) called at /tmp/loop_over_bdir-31073-q63Jdx/HTTP-Engine-0.03005-0/inc/Test/TCP.pm line 102
Test::TCP::new("Test::TCP", "code", CODE(0x55cbcb0e0228), "port", 50170) called at /tmp/loop_over_bdir-31073-q63Jdx/HTTP-Engine-0.03005-0/inc/Test/TCP.pm line 54
Test::TCP::test_tcp("client", CODE(0x55cbcb0e0198), "server", CODE(0x55cbcb0e0228), "port", 50170) called at t/Utils.pm line 132
t::Utils::daemonize_all(CODE(0x55cbcad242a8), " sub {\x{a} require File::Temp;\x{a} my \$port = shif"...) called at t/moose/030_daemonize/responsewriter_io.t line 50
Class::MOP::load_class is deprecated at /home/sand/src/perl/repoperls/installed-perls/host/k93x64sid/v5.22.3-RC4/a3f9/lib/site_perl/5.22.3/x86_64-linux-thread-multi-ld/Class/MOP.pm line 69.
Class::MOP::load_class("HTTP::Engine::Interface::ServerSimple") called at /tmp/loop_over_bdir-31073-q63Jdx/HTTP-Engine-0.03005-0/blib/lib/HTTP/Engine/Types/Core.pm line 26
HTTP::Engine::Types::Core::__ANON__(HASH(0x55cbcb0df8b0)) called at /home/sand/src/perl/repoperls/installed-perls/host/k93x64sid/v5.22.3-RC4/a3f9/lib/site_perl/5.22.3/x86_64-linux-thread-multi-ld/Moose/Meta/TypeCoercion.pm line 65
Moose::Meta::TypeCoercion::__ANON__(HASH(0x55cbcb0df8b0)) called at constructor HTTP::Engine::new (defined at /tmp/loop_over_bdir-31073-q63Jdx/HTTP-Engine-0.03005-0/blib/lib/HTTP/Engine.pm line 17) line 32
HTTP::Engine::new("HTTP::Engine", "interface", HASH(0x55cbcb0df8b0)) called at t/Utils.pm line 129
t::Utils::__ANON__(50170) called at /tmp/loop_over_bdir-31073-q63Jdx/HTTP-Engine-0.03005-0/inc/Test/TCP.pm line 118
Test::TCP::start(Test::TCP=HASH(0x55cbcb145af8)) called at /tmp/loop_over_bdir-31073-q63Jdx/HTTP-Engine-0.03005-0/inc/Test/TCP.pm line 102
Test::TCP::new("Test::TCP", "code", CODE(0x55cbcb0e0228), "port", 50170) called at /tmp/loop_over_bdir-31073-q63Jdx/HTTP-Engine-0.03005-0/inc/Test/TCP.pm line 54
Test::TCP::test_tcp("client", CODE(0x55cbcb0e0198), "server", CODE(0x55cbcb0e0228), "port", 50170) called at t/Utils.pm line 132
t::Utils::daemonize_all(CODE(0x55cbcad242a8), " sub {\x{a} require File::Temp;\x{a} my \$port = shif"...) called at t/moose/030_daemonize/responsewriter_io.t line 50
Class::MOP::load_class is deprecated at /home/sand/src/perl/repoperls/installed-perls/host/k93x64sid/v5.22.3-RC4/a3f9/lib/site_perl/5.22.3/x86_64-linux-thread-multi-ld/Class/MOP.pm line 69.
Class::MOP::load_class("HTTP::Engine::Interface::POE") called at /tmp/loop_over_bdir-31073-q63Jdx/HTTP-Engine-0.03005-0/blib/lib/HTTP/Engine/Types/Core.pm line 26
HTTP::Engine::Types::Core::__ANON__(HASH(0x55cbcb0df8b0)) called at /home/sand/src/perl/repoperls/installed-perls/host/k93x64sid/v5.22.3-RC4/a3f9/lib/site_perl/5.22.3/x86_64-linux-thread-multi-ld/Moose/Meta/TypeCoercion.pm line 65
Moose::Meta::TypeCoercion::__ANON__(HASH(0x55cbcb0df8b0)) called at constructor HTTP::Engine::new (defined at /tmp/loop_over_bdir-31073-q63Jdx/HTTP-Engine-0.03005-0/blib/lib/HTTP/Engine.pm line 17) line 32
HTTP::Engine::new("HTTP::Engine", "interface", HASH(0x55cbcb0df8b0)) called at t/Utils.pm line 129
t::Utils::__ANON__(50170) called at /tmp/loop_over_bdir-31073-q63Jdx/HTTP-Engine-0.03005-0/inc/Test/TCP.pm line 118
Test::TCP::start(Test::TCP=HASH(0x55cbcb650488)) called at /tmp/loop_over_bdir-31073-q63Jdx/HTTP-Engine-0.03005-0/inc/Test/TCP.pm line 102
Test::TCP::new("Test::TCP", "code", CODE(0x55cbcb0e0228), "port", 50170) called at /tmp/loop_over_bdir-31073-q63Jdx/HTTP-Engine-0.03005-0/inc/Test/TCP.pm line 54
Test::TCP::test_tcp("client", CODE(0x55cbcb0e0198), "server", CODE(0x55cbcb0e0228), "port", 50170) called at t/Utils.pm line 132
t::Utils::daemonize_all(CODE(0x55cbcad242a8), " sub {\x{a} require File::Temp;\x{a} my \$port = shif"...) called at t/moose/030_daemonize/responsewriter_io.t line 50
t/moose/030_daemonize/responsewriter_io.t ................... ok
Any::Moose is deprecated. Please use Moo instead at t/Utils.pm line 2.
Possible precedence issue with control flow operator at /tmp/loop_over_bdir-31073-q63Jdx/HTTP-Engine-0.03005-0/inc/Test/Builder.pm line 917.
Class::MOP::load_class is deprecated at /home/sand/src/perl/repoperls/installed-perls/host/k93x64sid/v5.22.3-RC4/a3f9/lib/site_perl/5.22.3/x86_64-linux-thread-multi-ld/Class/MOP.pm line 69.
Class::MOP::load_class("HTTP::Engine::Interface::Standalone") called at /tmp/loop_over_bdir-31073-q63Jdx/HTTP-Engine-0.03005-0/blib/lib/HTTP/Engine/Types/Core.pm line 26
HTTP::Engine::Types::Core::__ANON__(HASH(0x5609cc2d9018)) called at /home/sand/src/perl/repoperls/installed-perls/host/k93x64sid/v5.22.3-RC4/a3f9/lib/site_perl/5.22.3/x86_64-linux-thread-multi-ld/Moose/Meta/TypeCoercion.pm line 65
Moose::Meta::TypeCoercion::__ANON__(HASH(0x5609cc2d9018)) called at constructor HTTP::Engine::new (defined at /tmp/loop_over_bdir-31073-q63Jdx/HTTP-Engine-0.03005-0/blib/lib/HTTP/Engine.pm line 17) line 32
HTTP::Engine::new("HTTP::Engine", "interface", HASH(0x5609cc2d9018)) called at t/Utils.pm line 129
t::Utils::__ANON__(50780) called at /tmp/loop_over_bdir-31073-q63Jdx/HTTP-Engine-0.03005-0/inc/Test/TCP.pm line 118
Test::TCP::start(Test::TCP=HASH(0x5609ce65d640)) called at /tmp/loop_over_bdir-31073-q63Jdx/HTTP-Engine-0.03005-0/inc/Test/TCP.pm line 102
Test::TCP::new("Test::TCP", "code", CODE(0x5609ce5d29a0), "port", 50780) called at /tmp/loop_over_bdir-31073-q63Jdx/HTTP-Engine-0.03005-0/inc/Test/TCP.pm line 54
Test::TCP::test_tcp("client", CODE(0x5609ce5d2910), "server", CODE(0x5609ce5d29a0), "port", 50780) called at t/Utils.pm line 132
t::Utils::daemonize_all(CODE(0x5609cc2bbe00), " sub {\x{a} my \$port = shift;\x{a} return (\x{a} "...) called at t/moose/030_daemonize/upload-methods.t line 42
Class::MOP::load_class is deprecated at /home/sand/src/perl/repoperls/installed-perls/host/k93x64sid/v5.22.3-RC4/a3f9/lib/site_perl/5.22.3/x86_64-linux-thread-multi-ld/Class/MOP.pm line 69.
Class::MOP::load_class("HTTP::Engine::Interface::ServerSimple") called at /tmp/loop_over_bdir-31073-q63Jdx/HTTP-Engine-0.03005-0/blib/lib/HTTP/Engine/Types/Core.pm line 26
HTTP::Engine::Types::Core::__ANON__(HASH(0x5609cc2d9018)) called at /home/sand/src/perl/repoperls/installed-perls/host/k93x64sid/v5.22.3-RC4/a3f9/lib/site_perl/5.22.3/x86_64-linux-thread-multi-ld/Moose/Meta/TypeCoercion.pm line 65
Moose::Meta::TypeCoercion::__ANON__(HASH(0x5609cc2d9018)) called at constructor HTTP::Engine::new (defined at /tmp/loop_over_bdir-31073-q63Jdx/HTTP-Engine-0.03005-0/blib/lib/HTTP/Engine.pm line 17) line 32
HTTP::Engine::new("HTTP::Engine", "interface", HASH(0x5609cc2d9018)) called at t/Utils.pm line 129
t::Utils::__ANON__(50780) called at /tmp/loop_over_bdir-31073-q63Jdx/HTTP-Engine-0.03005-0/inc/Test/TCP.pm line 118
Test::TCP::start(Test::TCP=HASH(0x5609ce8aed90)) called at /tmp/loop_over_bdir-31073-q63Jdx/HTTP-Engine-0.03005-0/inc/Test/TCP.pm line 102
Test::TCP::new("Test::TCP", "code", CODE(0x5609ce5d29a0), "port", 50780) called at /tmp/loop_over_bdir-31073-q63Jdx/HTTP-Engine-0.03005-0/inc/Test/TCP.pm line 54
Test::TCP::test_tcp("client", CODE(0x5609ce5d2910), "server", CODE(0x5609ce5d29a0), "port", 50780) called at t/Utils.pm line 132
t::Utils::daemonize_all(CODE(0x5609cc2bbe00), " sub {\x{a} my \$port = shift;\x{a} return (\x{a} "...) called at t/moose/030_daemonize/upload-methods.t line 42
Class::MOP::load_class is deprecated at /home/sand/src/perl/repoperls/installed-perls/host/k93x64sid/v5.22.3-RC4/a3f9/lib/site_perl/5.22.3/x86_64-linux-thread-multi-ld/Class/MOP.pm line 69.
Class::MOP::load_class("HTTP::Engine::Interface::POE") called at /tmp/loop_over_bdir-31073-q63Jdx/HTTP-Engine-0.03005-0/blib/lib/HTTP/Engine/Types/Core.pm line 26
HTTP::Engine::Types::Core::__ANON__(HASH(0x5609cc2d9018)) called at /home/sand/src/perl/repoperls/installed-perls/host/k93x64sid/v5.22.3-RC4/a3f9/lib/site_perl/5.22.3/x86_64-linux-thread-multi-ld/Moose/Meta/TypeCoercion.pm line 65
Moose::Meta::TypeCoercion::__ANON__(HASH(0x5609cc2d9018)) called at constructor HTTP::Engine::new (defined at /tmp/loop_over_bdir-31073-q63Jdx/HTTP-Engine-0.03005-0/blib/lib/HTTP/Engine.pm line 17) line 32
HTTP::Engine::new("HTTP::Engine", "interface", HASH(0x5609cc2d9018)) called at t/Utils.pm line 129
t::Utils::__ANON__(50780) called at /tmp/loop_over_bdir-31073-q63Jdx/HTTP-Engine-0.03005-0/inc/Test/TCP.pm line 118
Test::TCP::start(Test::TCP=HASH(0x5609ce65d868)) called at /tmp/loop_over_bdir-31073-q63Jdx/HTTP-Engine-0.03005-0/inc/Test/TCP.pm line 102
Test::TCP::new("Test::TCP", "code", CODE(0x5609ce5d29a0), "port", 50780) called at /tmp/loop_over_bdir-31073-q63Jdx/HTTP-Engine-0.03005-0/inc/Test/TCP.pm line 54
Test::TCP::test_tcp("client", CODE(0x5609ce5d2910), "server", CODE(0x5609ce5d29a0), "port", 50780) called at t/Utils.pm line 132
t::Utils::daemonize_all(CODE(0x5609cc2bbe00), " sub {\x{a} my \$port = shift;\x{a} return (\x{a} "...) called at t/moose/030_daemonize/upload-methods.t line 42
t/moose/030_daemonize/upload-methods.t ...................... ok
Any::Moose is deprecated. Please use Moo instead at t/Utils.pm line 2.
Possible precedence issue with control flow operator at /tmp/loop_over_bdir-31073-q63Jdx/HTTP-Engine-0.03005-0/inc/Test/Builder.pm line 917.
Class::MOP::load_class is deprecated at /home/sand/src/perl/repoperls/installed-perls/host/k93x64sid/v5.22.3-RC4/a3f9/lib/site_perl/5.22.3/x86_64-linux-thread-multi-ld/Class/MOP.pm line 69.
Class::MOP::load_class("HTTP::Engine::Interface::Standalone") called at /tmp/loop_over_bdir-31073-q63Jdx/HTTP-Engine-0.03005-0/blib/lib/HTTP/Engine/Types/Core.pm line 26
HTTP::Engine::Types::Core::__ANON__(HASH(0x55d97509cbd0)) called at /home/sand/src/perl/repoperls/installed-perls/host/k93x64sid/v5.22.3-RC4/a3f9/lib/site_perl/5.22.3/x86_64-linux-thread-multi-ld/Moose/Meta/TypeCoercion.pm line 65
Moose::Meta::TypeCoercion::__ANON__(HASH(0x55d97509cbd0)) called at constructor HTTP::Engine::new (defined at /tmp/loop_over_bdir-31073-q63Jdx/HTTP-Engine-0.03005-0/blib/lib/HTTP/Engine.pm line 17) line 32
HTTP::Engine::new("HTTP::Engine", "interface", HASH(0x55d97509cbd0)) called at t/Utils.pm line 129
t::Utils::__ANON__(50015) called at /tmp/loop_over_bdir-31073-q63Jdx/HTTP-Engine-0.03005-0/inc/Test/TCP.pm line 118
Test::TCP::start(Test::TCP=HASH(0x55d9751f3f58)) called at /tmp/loop_over_bdir-31073-q63Jdx/HTTP-Engine-0.03005-0/inc/Test/TCP.pm line 102
Test::TCP::new("Test::TCP", "code", CODE(0x55d975169210), "port", 50015) called at /tmp/loop_over_bdir-31073-q63Jdx/HTTP-Engine-0.03005-0/inc/Test/TCP.pm line 54
Test::TCP::test_tcp("client", CODE(0x55d975169180), "server", CODE(0x55d975169210), "port", 50015) called at t/Utils.pm line 132
t::Utils::daemonize_all(CODE(0x55d972e51e00), " sub {\x{a} my \$port = shift;\x{a} return (\x{a} "...) called at t/moose/030_daemonize/upload.t line 42
Class::MOP::load_class is deprecated at /home/sand/src/perl/repoperls/installed-perls/host/k93x64sid/v5.22.3-RC4/a3f9/lib/site_perl/5.22.3/x86_64-linux-thread-multi-ld/Class/MOP.pm line 69.
Class::MOP::load_class("HTTP::Engine::Interface::ServerSimple") called at /tmp/loop_over_bdir-31073-q63Jdx/HTTP-Engine-0.03005-0/blib/lib/HTTP/Engine/Types/Core.pm line 26
HTTP::Engine::Types::Core::__ANON__(HASH(0x55d97509cbd0)) called at /home/sand/src/perl/repoperls/installed-perls/host/k93x64sid/v5.22.3-RC4/a3f9/lib/site_perl/5.22.3/x86_64-linux-thread-multi-ld/Moose/Meta/TypeCoercion.pm line 65
Moose::Meta::TypeCoercion::__ANON__(HASH(0x55d97509cbd0)) called at constructor HTTP::Engine::new (defined at /tmp/loop_over_bdir-31073-q63Jdx/HTTP-Engine-0.03005-0/blib/lib/HTTP/Engine.pm line 17) line 32
HTTP::Engine::new("HTTP::Engine", "interface", HASH(0x55d97509cbd0)) called at t/Utils.pm line 129
t::Utils::__ANON__(50015) called at /tmp/loop_over_bdir-31073-q63Jdx/HTTP-Engine-0.03005-0/inc/Test/TCP.pm line 118
Test::TCP::start(Test::TCP=HASH(0x55d9751f40c0)) called at /tmp/loop_over_bdir-31073-q63Jdx/HTTP-Engine-0.03005-0/inc/Test/TCP.pm line 102
Test::TCP::new("Test::TCP", "code", CODE(0x55d975169210), "port", 50015) called at /tmp/loop_over_bdir-31073-q63Jdx/HTTP-Engine-0.03005-0/inc/Test/TCP.pm line 54
Test::TCP::test_tcp("client", CODE(0x55d975169180), "server", CODE(0x55d975169210), "port", 50015) called at t/Utils.pm line 132
t::Utils::daemonize_all(CODE(0x55d972e51e00), " sub {\x{a} my \$port = shift;\x{a} return (\x{a} "...) called at t/moose/030_daemonize/upload.t line 42
Class::MOP::load_class is deprecated at /home/sand/src/perl/repoperls/installed-perls/host/k93x64sid/v5.22.3-RC4/a3f9/lib/site_perl/5.22.3/x86_64-linux-thread-multi-ld/Class/MOP.pm line 69.
Class::MOP::load_class("HTTP::Engine::Interface::POE") called at /tmp/loop_over_bdir-31073-q63Jdx/HTTP-Engine-0.03005-0/blib/lib/HTTP/Engine/Types/Core.pm line 26
HTTP::Engine::Types::Core::__ANON__(HASH(0x55d97509cbd0)) called at /home/sand/src/perl/repoperls/installed-perls/host/k93x64sid/v5.22.3-RC4/a3f9/lib/site_perl/5.22.3/x86_64-linux-thread-multi-ld/Moose/Meta/TypeCoercion.pm line 65
Moose::Meta::TypeCoercion::__ANON__(HASH(0x55d97509cbd0)) called at constructor HTTP::Engine::new (defined at /tmp/loop_over_bdir-31073-q63Jdx/HTTP-Engine-0.03005-0/blib/lib/HTTP/Engine.pm line 17) line 32
HTTP::Engine::new("HTTP::Engine", "interface", HASH(0x55d97509cbd0)) called at t/Utils.pm line 129
t::Utils::__ANON__(50015) called at /tmp/loop_over_bdir-31073-q63Jdx/HTTP-Engine-0.03005-0/inc/Test/TCP.pm line 118
Test::TCP::start(Test::TCP=HASH(0x55d9751f40d8)) called at /tmp/loop_over_bdir-31073-q63Jdx/HTTP-Engine-0.03005-0/inc/Test/TCP.pm line 102
Test::TCP::new("Test::TCP", "code", CODE(0x55d975169210), "port", 50015) called at /tmp/loop_over_bdir-31073-q63Jdx/HTTP-Engine-0.03005-0/inc/Test/TCP.pm line 54
Test::TCP::test_tcp("client", CODE(0x55d975169180), "server", CODE(0x55d975169210), "port", 50015) called at t/Utils.pm line 132
t::Utils::daemonize_all(CODE(0x55d972e51e00), " sub {\x{a} my \$port = shift;\x{a} return (\x{a} "...) called at t/moose/030_daemonize/upload.t line 42
t/moose/030_daemonize/upload.t .............................. ok
Any::Moose is deprecated. Please use Moo instead at t/Utils.pm line 2.
Possible precedence issue with control flow operator at /tmp/loop_over_bdir-31073-q63Jdx/HTTP-Engine-0.03005-0/inc/Test/Builder.pm line 917.
Class::MOP::load_class is deprecated at /home/sand/src/perl/repoperls/installed-perls/host/k93x64sid/v5.22.3-RC4/a3f9/lib/site_perl/5.22.3/x86_64-linux-thread-multi-ld/Class/MOP.pm line 69.
Class::MOP::load_class("HTTP::Engine::Interface::Standalone") called at /tmp/loop_over_bdir-31073-q63Jdx/HTTP-Engine-0.03005-0/blib/lib/HTTP/Engine/Types/Core.pm line 26
HTTP::Engine::Types::Core::__ANON__(HASH(0x560524940ed0)) called at /home/sand/src/perl/repoperls/installed-perls/host/k93x64sid/v5.22.3-RC4/a3f9/lib/site_perl/5.22.3/x86_64-linux-thread-multi-ld/Moose/Meta/TypeCoercion.pm line 65
Moose::Meta::TypeCoercion::__ANON__(HASH(0x560524940ed0)) called at constructor HTTP::Engine::new (defined at /tmp/loop_over_bdir-31073-q63Jdx/HTTP-Engine-0.03005-0/blib/lib/HTTP/Engine.pm line 17) line 32
HTTP::Engine::new("HTTP::Engine", "interface", HASH(0x560524940ed0)) called at t/Utils.pm line 129
t::Utils::__ANON__(50301) called at /tmp/loop_over_bdir-31073-q63Jdx/HTTP-Engine-0.03005-0/inc/Test/TCP.pm line 118
Test::TCP::start(Test::TCP=HASH(0x560524d41588)) called at /tmp/loop_over_bdir-31073-q63Jdx/HTTP-Engine-0.03005-0/inc/Test/TCP.pm line 102
Test::TCP::new("Test::TCP", "code", CODE(0x560524cb6ab0), "port", 50301) called at /tmp/loop_over_bdir-31073-q63Jdx/HTTP-Engine-0.03005-0/inc/Test/TCP.pm line 54
Test::TCP::test_tcp("client", CODE(0x560524cb6a20), "server", CODE(0x560524cb6ab0), "port", 50301) called at t/Utils.pm line 132
t::Utils::daemonize_all(CODE(0x560524738480), " sub {\x{a} my \$port = shift;\x{a} return (\x{a} "...) called at t/moose/030_daemonize/uri.t line 20
Class::MOP::load_class is deprecated at /home/sand/src/perl/repoperls/installed-perls/host/k93x64sid/v5.22.3-RC4/a3f9/lib/site_perl/5.22.3/x86_64-linux-thread-multi-ld/Class/MOP.pm line 69.
Class::MOP::load_class("HTTP::Engine::Interface::ServerSimple") called at /tmp/loop_over_bdir-31073-q63Jdx/HTTP-Engine-0.03005-0/blib/lib/HTTP/Engine/Types/Core.pm line 26
HTTP::Engine::Types::Core::__ANON__(HASH(0x560524940ed0)) called at /home/sand/src/perl/repoperls/installed-perls/host/k93x64sid/v5.22.3-RC4/a3f9/lib/site_perl/5.22.3/x86_64-linux-thread-multi-ld/Moose/Meta/TypeCoercion.pm line 65
Moose::Meta::TypeCoercion::__ANON__(HASH(0x560524940ed0)) called at constructor HTTP::Engine::new (defined at /tmp/loop_over_bdir-31073-q63Jdx/HTTP-Engine-0.03005-0/blib/lib/HTTP/Engine.pm line 17) line 32
HTTP::Engine::new("HTTP::Engine", "interface", HASH(0x560524940ed0)) called at t/Utils.pm line 129
t::Utils::__ANON__(50301) called at /tmp/loop_over_bdir-31073-q63Jdx/HTTP-Engine-0.03005-0/inc/Test/TCP.pm line 118
Test::TCP::start(Test::TCP=HASH(0x560524d418b8)) called at /tmp/loop_over_bdir-31073-q63Jdx/HTTP-Engine-0.03005-0/inc/Test/TCP.pm line 102
Test::TCP::new("Test::TCP", "code", CODE(0x560524cb6ab0), "port", 50301) called at /tmp/loop_over_bdir-31073-q63Jdx/HTTP-Engine-0.03005-0/inc/Test/TCP.pm line 54
Test::TCP::test_tcp("client", CODE(0x560524cb6a20), "server", CODE(0x560524cb6ab0), "port", 50301) called at t/Utils.pm line 132
t::Utils::daemonize_all(CODE(0x560524738480), " sub {\x{a} my \$port = shift;\x{a} return (\x{a} "...) called at t/moose/030_daemonize/uri.t line 20
Class::MOP::load_class is deprecated at /home/sand/src/perl/repoperls/installed-perls/host/k93x64sid/v5.22.3-RC4/a3f9/lib/site_perl/5.22.3/x86_64-linux-thread-multi-ld/Class/MOP.pm line 69.
Class::MOP::load_class("HTTP::Engine::Interface::POE") called at /tmp/loop_over_bdir-31073-q63Jdx/HTTP-Engine-0.03005-0/blib/lib/HTTP/Engine/Types/Core.pm line 26
HTTP::Engine::Types::Core::__ANON__(HASH(0x560524940ed0)) called at /home/sand/src/perl/repoperls/installed-perls/host/k93x64sid/v5.22.3-RC4/a3f9/lib/site_perl/5.22.3/x86_64-linux-thread-multi-ld/Moose/Meta/TypeCoercion.pm line 65
Moose::Meta::TypeCoercion::__ANON__(HASH(0x560524940ed0)) called at constructor HTTP::Engine::new (defined at /tmp/loop_over_bdir-31073-q63Jdx/HTTP-Engine-0.03005-0/blib/lib/HTTP/Engine.pm line 17) line 32
HTTP::Engine::new("HTTP::Engine", "interface", HASH(0x560524940ed0)) called at t/Utils.pm line 129
t::Utils::__ANON__(50301) called at /tmp/loop_over_bdir-31073-q63Jdx/HTTP-Engine-0.03005-0/inc/Test/TCP.pm line 118
Test::TCP::start(Test::TCP=HASH(0x560524d1e9e0)) called at /tmp/loop_over_bdir-31073-q63Jdx/HTTP-Engine-0.03005-0/inc/Test/TCP.pm line 102
Test::TCP::new("Test::TCP", "code", CODE(0x560524cb6ab0), "port", 50301) called at /tmp/loop_over_bdir-31073-q63Jdx/HTTP-Engine-0.03005-0/inc/Test/TCP.pm line 54
Test::TCP::test_tcp("client", CODE(0x560524cb6a20), "server", CODE(0x560524cb6ab0), "port", 50301) called at t/Utils.pm line 132
t::Utils::daemonize_all(CODE(0x560524738480), " sub {\x{a} my \$port = shift;\x{a} return (\x{a} "...) called at t/moose/030_daemonize/uri.t line 20
t/moose/030_daemonize/uri.t ................................. ok
Any::Moose is deprecated. Please use Moo instead at t/Utils.pm line 2.
Possible precedence issue with control flow operator at /tmp/loop_over_bdir-31073-q63Jdx/HTTP-Engine-0.03005-0/inc/Test/Builder.pm line 917.
Class::MOP::load_class is deprecated at /home/sand/src/perl/repoperls/installed-perls/host/k93x64sid/v5.22.3-RC4/a3f9/lib/site_perl/5.22.3/x86_64-linux-thread-multi-ld/Class/MOP.pm line 69.
Class::MOP::load_class("HTTP::Engine::Interface::Standalone") called at /tmp/loop_over_bdir-31073-q63Jdx/HTTP-Engine-0.03005-0/blib/lib/HTTP/Engine/Types/Core.pm line 26
HTTP::Engine::Types::Core::__ANON__(HASH(0x5611ee697f70)) called at /home/sand/src/perl/repoperls/installed-perls/host/k93x64sid/v5.22.3-RC4/a3f9/lib/site_perl/5.22.3/x86_64-linux-thread-multi-ld/Moose/Meta/TypeCoercion.pm line 65
Moose::Meta::TypeCoercion::__ANON__(HASH(0x5611ee697f70)) called at constructor HTTP::Engine::new (defined at /tmp/loop_over_bdir-31073-q63Jdx/HTTP-Engine-0.03005-0/blib/lib/HTTP/Engine.pm line 17) line 32
HTTP::Engine::new("HTTP::Engine", "interface", HASH(0x5611ee697f70)) called at t/Utils.pm line 129
t::Utils::__ANON__(50962) called at /tmp/loop_over_bdir-31073-q63Jdx/HTTP-Engine-0.03005-0/inc/Test/TCP.pm line 118
Test::TCP::start(Test::TCP=HASH(0x5611ee706b78)) called at /tmp/loop_over_bdir-31073-q63Jdx/HTTP-Engine-0.03005-0/inc/Test/TCP.pm line 102
Test::TCP::new("Test::TCP", "code", CODE(0x5611ee698120), "port", 50962) called at /tmp/loop_over_bdir-31073-q63Jdx/HTTP-Engine-0.03005-0/inc/Test/TCP.pm line 54
Test::TCP::test_tcp("client", CODE(0x5611ee698090), "server", CODE(0x5611ee698120), "port", 50962) called at t/Utils.pm line 132
t::Utils::daemonize_all(CODE(0x5611ee0fcc68), " sub {\x{a} my \$port = Encode::decode_utf8(shift);\x{a} "...) called at t/moose/030_daemonize/utf8flagged-uri.t line 23
Class::MOP::load_class is deprecated at /home/sand/src/perl/repoperls/installed-perls/host/k93x64sid/v5.22.3-RC4/a3f9/lib/site_perl/5.22.3/x86_64-linux-thread-multi-ld/Class/MOP.pm line 69.
Class::MOP::load_class("HTTP::Engine::Interface::ServerSimple") called at /tmp/loop_over_bdir-31073-q63Jdx/HTTP-Engine-0.03005-0/blib/lib/HTTP/Engine/Types/Core.pm line 26
HTTP::Engine::Types::Core::__ANON__(HASH(0x5611ee697f70)) called at /home/sand/src/perl/repoperls/installed-perls/host/k93x64sid/v5.22.3-RC4/a3f9/lib/site_perl/5.22.3/x86_64-linux-thread-multi-ld/Moose/Meta/TypeCoercion.pm line 65
Moose::Meta::TypeCoercion::__ANON__(HASH(0x5611ee697f70)) called at constructor HTTP::Engine::new (defined at /tmp/loop_over_bdir-31073-q63Jdx/HTTP-Engine-0.03005-0/blib/lib/HTTP/Engine.pm line 17) line 32
HTTP::Engine::new("HTTP::Engine", "interface", HASH(0x5611ee697f70)) called at t/Utils.pm line 129
t::Utils::__ANON__(50962) called at /tmp/loop_over_bdir-31073-q63Jdx/HTTP-Engine-0.03005-0/inc/Test/TCP.pm line 118
Test::TCP::start(Test::TCP=HASH(0x5611ee70bc28)) called at /tmp/loop_over_bdir-31073-q63Jdx/HTTP-Engine-0.03005-0/inc/Test/TCP.pm line 102
Test::TCP::new("Test::TCP", "code", CODE(0x5611ee698120), "port", 50962) called at /tmp/loop_over_bdir-31073-q63Jdx/HTTP-Engine-0.03005-0/inc/Test/TCP.pm line 54
Test::TCP::test_tcp("client", CODE(0x5611ee698090), "server", CODE(0x5611ee698120), "port", 50962) called at t/Utils.pm line 132
t::Utils::daemonize_all(CODE(0x5611ee0fcc68), " sub {\x{a} my \$port = Encode::decode_utf8(shift);\x{a} "...) called at t/moose/030_daemonize/utf8flagged-uri.t line 23
Class::MOP::load_class is deprecated at /home/sand/src/perl/repoperls/installed-perls/host/k93x64sid/v5.22.3-RC4/a3f9/lib/site_perl/5.22.3/x86_64-linux-thread-multi-ld/Class/MOP.pm line 69.
Class::MOP::load_class("HTTP::Engine::Interface::POE") called at /tmp/loop_over_bdir-31073-q63Jdx/HTTP-Engine-0.03005-0/blib/lib/HTTP/Engine/Types/Core.pm line 26
HTTP::Engine::Types::Core::__ANON__(HASH(0x5611ee697f70)) called at /home/sand/src/perl/repoperls/installed-perls/host/k93x64sid/v5.22.3-RC4/a3f9/lib/site_perl/5.22.3/x86_64-linux-thread-multi-ld/Moose/Meta/TypeCoercion.pm line 65
Moose::Meta::TypeCoercion::__ANON__(HASH(0x5611ee697f70)) called at constructor HTTP::Engine::new (defined at /tmp/loop_over_bdir-31073-q63Jdx/HTTP-Engine-0.03005-0/blib/lib/HTTP/Engine.pm line 17) line 32
HTTP::Engine::new("HTTP::Engine", "interface", HASH(0x5611ee697f70)) called at t/Utils.pm line 129
t::Utils::__ANON__(50962) called at /tmp/loop_over_bdir-31073-q63Jdx/HTTP-Engine-0.03005-0/inc/Test/TCP.pm line 118
Test::TCP::start(Test::TCP=HASH(0x5611ee707178)) called at /tmp/loop_over_bdir-31073-q63Jdx/HTTP-Engine-0.03005-0/inc/Test/TCP.pm line 102
Test::TCP::new("Test::TCP", "code", CODE(0x5611ee698120), "port", 50962) called at /tmp/loop_over_bdir-31073-q63Jdx/HTTP-Engine-0.03005-0/inc/Test/TCP.pm line 54
Test::TCP::test_tcp("client", CODE(0x5611ee698090), "server", CODE(0x5611ee698120), "port", 50962) called at t/Utils.pm line 132
t::Utils::daemonize_all(CODE(0x5611ee0fcc68), " sub {\x{a} my \$port = Encode::decode_utf8(shift);\x{a} "...) called at t/moose/030_daemonize/utf8flagged-uri.t line 23
t/moose/030_daemonize/utf8flagged-uri.t ..................... ok
Possible precedence issue with control flow operator at /tmp/loop_over_bdir-31073-q63Jdx/HTTP-Engine-0.03005-0/inc/Test/Builder.pm line 917.
Redundant argument in sprintf at /tmp/loop_over_bdir-31073-q63Jdx/HTTP-Engine-0.03005-0/inc/Spiffy.pm line 225.
Redundant argument in sprintf at /tmp/loop_over_bdir-31073-q63Jdx/HTTP-Engine-0.03005-0/inc/Spiffy.pm line 225.
Redundant argument in sprintf at /tmp/loop_over_bdir-31073-q63Jdx/HTTP-Engine-0.03005-0/inc/Spiffy.pm line 225.
Redundant argument in sprintf at /tmp/loop_over_bdir-31073-q63Jdx/HTTP-Engine-0.03005-0/inc/Spiffy.pm line 225.
t/moose/040_minimal/001_simple.t ............................ ok
Possible precedence issue with control flow operator at /tmp/loop_over_bdir-31073-q63Jdx/HTTP-Engine-0.03005-0/inc/Test/Builder.pm line 917.
Any::Moose is deprecated. Please use Moo instead at /tmp/loop_over_bdir-31073-q63Jdx/HTTP-Engine-0.03005-0/blib/lib/HTTP/Engine/Request.pm line 2.
t/moose/050_tests/request.t ................................. ok
Test Summary Report
-------------------
t/030_daemonize/proxy_path.t (Wstat: 1024 Tests: 16 Failed: 4)
Failed tests: 2, 4, 10, 12
Non-zero exit status: 4
t/moose/010_core/request_processor-catch_error.t (Wstat: 256 Tests: 3 Failed: 1)
Failed test: 3
Non-zero exit status: 1
t/moose/020_interface/test-validation.t (Wstat: 256 Tests: 10 Failed: 1)
Failed test: 2
Non-zero exit status: 1
t/moose/030_daemonize/proxy_path.t (Wstat: 1024 Tests: 16 Failed: 4)
Failed tests: 2, 4, 10, 12
Non-zero exit status: 4
Files=144, Tests=1362, 45 wallclock secs ( 0.32 usr 0.56 sys + 30.98 cusr 5.26 csys = 37.12 CPU)
Result: FAIL
Failed 4/144 test programs. 10/1362 subtests failed.
Makefile:862: recipe for target 'test_dynamic' failed
make: *** [test_dynamic] Error 255
------------------------------
PREREQUISITES
------------------------------
Prerequisite modules loaded:
requires:
Module Need Have
-------------------- ------ --------
Any::Moose 0.13 0.27
CGI::Simple::Cookie 1.103 1.114
File::Copy 0 2.30
File::Spec::Unix 3.2701 3.62
Filter::Util::Call 0 1.54
HTTP::Body 1.05 1.22
HTTP::Headers::Fast 0.11 0.20
HTTP::Server::Simple 0.35 0.51
Mouse 0.62 v2.4.5
MouseX::Types 0.05 0.06
perl 5.008 5.022003
Scalar::Util 1.19 1.46
URI 1.36 1.71
build_requires:
Module Need Have
-------------------- ------ --------
ExtUtils::MakeMaker 6.42 7.24
File::Temp 0.20 0.2304
HTTP::Request::AsCGI 0 1.2
IO::File 1.14 1.16
IO::Scalar 0 2.111
IO::Socket 1.3 1.38
IO::Socket::INET 0 1.35
Test::More 0 1.302062
Test::SharedFork 0.11 0.35
Test::TCP 0.16 2.17
YAML 0 1.18
configure_requires:
Module Need Have
-------------------- ------ --------
ExtUtils::MakeMaker 6.42 7.24
------------------------------
ENVIRONMENT AND OTHER CONTEXT
------------------------------
Environment variables:
AUTOMATED_TESTING = 1
LANG = C
PATH = /home/sand/bin:/usr/local/bin:/usr/bin:/bin:/usr/games:/usr/local/perl/bin:/usr/X11/bin:/sbin:/usr/sbin
PERL5LIB =
PERL5OPT =
PERL5_CPANPLUS_IS_RUNNING = 15016
PERL5_CPAN_IS_RUNNING = 15016
PERL_CANARY_STABILITY_NOPROMPT = 1
PERL_MM_USE_DEFAULT = 1
SHELL = /usr/bin/zsh
TERM = screen
Perl special variables (and OS-specific diagnostics, for MSWin32):
$^X = /tmp/basesmoker-reloperl-hHAE/bin/perl
$UID/$EUID = 1005 / 1005
$GID = 1005 1005
$EGID = 1005 1005
Perl module toolchain versions installed:
Module Have
------------------- ----------
CPAN 2.15
CPAN::Meta 2.150010
Cwd 3.62
ExtUtils::CBuilder 0.280224
ExtUtils::Command 7.24
ExtUtils::Install 2.04
ExtUtils::MakeMaker 7.24
ExtUtils::Manifest 1.70
ExtUtils::ParseXS 3.28
File::Spec 3.62
JSON 2.90
JSON::PP 2.27300_01
Module::Build 0.4220
Module::Signature 0.81
Parse::CPAN::Meta 2.150010
Test::Harness 3.36
Test::More 1.302062
YAML 1.18
YAML::Syck 1.29
version 0.9917
--
Summary of my perl5 (revision 5 version 22 subversion 3) configuration:
Commit id: fbdcfe02e796f08f85d7b27110ca9db31f10f1f1
Platform:
osname=linux, osvers=4.8.0-1-amd64, archname=x86_64-linux-thread-multi-ld
uname='linux k93x64sid 4.8.0-1-amd64 #1 smp debian 4.8.5-1 (2016-10-28) x86_64 gnulinux '
config_args='-Dprefix=/home/sand/src/perl/repoperls/installed-perls/host/k93x64sid/v5.22.3-RC4/a3f9 -Dmyhostname=k93x64sid -Dinstallusrbinperl=n -Uversiononly -Dusedevel -des -Ui_db -Dlibswanted=cl pthread socket inet nsl gdbm dbm malloc dl ld sun m crypt sec util c cposix posix ucb BSD gdbm_compat -Duseithreads -Duselongdouble -DDEBUGGING=-g'
hint=recommended, useposix=true, d_sigaction=define
useithreads=define, usemultiplicity=define
use64bitint=define, use64bitall=define, uselongdouble=define
usemymalloc=n, bincompat5005=undef
Compiler:
cc='cc', ccflags ='-D_REENTRANT -D_GNU_SOURCE -fwrapv -fno-strict-aliasing -pipe -fstack-protector-strong -I/usr/local/include -D_LARGEFILE_SOURCE -D_FILE_OFFSET_BITS=64',
optimize='-O2 -g',
cppflags='-D_REENTRANT -D_GNU_SOURCE -fwrapv -fno-strict-aliasing -pipe -fstack-protector-strong -I/usr/local/include'
ccversion='', gccversion='6.2.0 20161103', gccosandvers=''
intsize=4, longsize=8, ptrsize=8, doublesize=8, byteorder=12345678, doublekind=3
d_longlong=define, longlongsize=8, d_longdbl=define, longdblsize=16, longdblkind=3
ivtype='long', ivsize=8, nvtype='long double', nvsize=16, Off_t='off_t', lseeksize=8
alignbytes=16, prototype=define
Linker and Libraries:
ld='cc', ldflags =' -fstack-protector-strong -L/usr/local/lib'
libpth=/usr/local/lib /usr/lib/gcc/x86_64-linux-gnu/6/include-fixed /usr/include/x86_64-linux-gnu /usr/lib /lib/x86_64-linux-gnu /lib/../lib /usr/lib/x86_64-linux-gnu /usr/lib/../lib /lib
libs=-lpthread -lnsl -ldl -lm -lcrypt -lutil -lc
perllibs=-lpthread -lnsl -ldl -lm -lcrypt -lutil -lc
libc=libc-2.24.so, so=so, useshrplib=false, libperl=libperl.a
gnulibc_version='2.24'
Dynamic Linking:
dlsrc=dl_dlopen.xs, dlext=so, d_dlsymun=undef, ccdlflags='-Wl,-E'
cccdlflags='-fPIC', lddlflags='-shared -O2 -g -L/usr/local/lib -fstack-protector-strong'
Characteristics of this binary (from libperl):
Compile-time options: HAS_TIMES MULTIPLICITY PERLIO_LAYERS
PERL_DONT_CREATE_GVSV
PERL_HASH_FUNC_ONE_AT_A_TIME_HARD
PERL_IMPLICIT_CONTEXT PERL_MALLOC_WRAP
PERL_NEW_COPY_ON_WRITE PERL_PRESERVE_IVUV
PERL_USE_DEVEL USE_64_BIT_ALL USE_64_BIT_INT
USE_ITHREADS USE_LARGE_FILES USE_LOCALE
USE_LOCALE_COLLATE USE_LOCALE_CTYPE
USE_LOCALE_NUMERIC USE_LOCALE_TIME USE_LONG_DOUBLE
USE_PERLIO USE_PERL_ATOF USE_REENTRANT_API
Locally applied patches:
RC4
Built under linux
Compiled at Nov 9 2016 16:12:33
%ENV:
PERL5LIB=""
PERL5OPT=""
PERL5_CPANPLUS_IS_RUNNING="15016"
PERL5_CPAN_IS_RUNNING="15016"
PERL_CANARY_STABILITY_NOPROMPT="1"
PERL_MM_USE_DEFAULT="1"
@INC:
/home/sand/src/perl/repoperls/installed-perls/host/k93x64sid/v5.22.3-RC4/a3f9/lib/site_perl/5.22.3/x86_64-linux-thread-multi-ld
/home/sand/src/perl/repoperls/installed-perls/host/k93x64sid/v5.22.3-RC4/a3f9/lib/site_perl/5.22.3
/home/sand/src/perl/repoperls/installed-perls/host/k93x64sid/v5.22.3-RC4/a3f9/lib/5.22.3/x86_64-linux-thread-multi-ld
/home/sand/src/perl/repoperls/installed-perls/host/k93x64sid/v5.22.3-RC4/a3f9/lib/5.22.3
.