POE-Component-SSLify v1.012 Perl 5 v5.16.3 x86_64-linux

Status
Fail
From
Andreas J. König (ANDK)
Dist
POE-Component-SSLify v1.012
Platform
Perl 5 v5.16.3 x86_64-linux
Date
2025-05-08 14:57:29
ID
c38113fe-2c1c-11f0-a949-f2df0e38cdd1
This distribution has been tested as part of the CPAN Testers
project, supporting the Perl programming language.  See
http://wiki.cpantesters.org/ for more information or email
questions to cpan-testers-discuss@perl.org


--
Dear Apocalypse,

This is a computer-generated report for POE-Component-SSLify-1.012
on perl 5.16.3, created by CPAN-Reporter-1.2019.

Thank you for uploading your work to CPAN.  However, there was a problem
testing your distribution.

If you think this report is invalid, please consult the CPAN Testers Wiki
for suggestions on how to avoid getting FAIL reports for missing library
or binary dependencies, unsupported operating systems, and so on:

http://wiki.cpantesters.org/wiki/CPANAuthorNotes

Sections of this report:

    * Tester comments
    * Program output
    * Prerequisites
    * Environment and other context

------------------------------
TESTER COMMENTS
------------------------------

Additional comments from tester:

this report is from an automated smoke testing program
and was not reviewed by a human for accuracy

------------------------------
PROGRAM OUTPUT
------------------------------

Output from './Build test':

t/00-compile.t ................ ok
# 
# Versions for all modules listed in MYMETA.json (including optional ones):
# 
# === Configure Requires ===
# 
#     Module               Want  Have
#     ------------------- ----- -----
#     ExtUtils::MakeMaker   any  7.70
#     Module::Build::Tiny 0.039 0.046
# 
# === Test Requires ===
# 
#     Module                          Want     Have
#     --------------------------- -------- --------
#     ExtUtils::MakeMaker              any     7.70
#     File::Spec                       any     3.75
#     File::Temp                       any   0.2311
#     IO::Handle                      1.28     1.51
#     IPC::Open3                       any     1.12
#     POE                            1.267    1.370
#     POE::Component::Client::TCP      any    1.370
#     POE::Component::Server::TCP      any    1.370
#     POE::Filter::Stream              any    1.370
#     Socket                           any    2.037
#     Test::FailWarnings               any    0.008
#     Test::More                  1.001002 1.302209
# 
# === Test Recommends ===
# 
#     Module         Want     Have
#     ---------- -------- --------
#     CPAN::Meta 2.120900 2.150010
# 
# === Runtime Requires ===
# 
#     Module        Want  Have
#     ------------ ----- -----
#     Exporter       any  5.78
#     IO::Handle    1.28  1.51
#     Net::SSLeay   1.36  1.92
#     POE          1.267 1.370
#     Scalar::Util   any  1.68
#     Symbol         any  1.07
#     Task::Weaken  1.03  1.06
#     parent         any 0.241
#     strict         any  1.07
#     warnings       any  1.13
# 
t/00-report-prereqs.t ......... ok
# 
# Net::SSLeay::ver_number is 0x30500000
# 	OpenSSL 3.5.0 8 Apr 2025
# 	built on: Tue Apr  8 19:15:30 2025 UTC
# 	platform: debian-amd64
# 	OPENSSLDIR: "/usr/lib/ssl"
# 	pogomips: 36452999
t/00-ssleay-info.t ............ ok
t/99_mire_test.t .............. skipped: AUTHOR TEST
t/apocalypse.t ................ skipped: Test::Apocalypse required for validating the distribution
t/connect_hook.t .............. ok

#   Failed test 'Got SERVER read error 32: Broken pipe'
#   at t/connect_hook_nodata.t line 84.
# Looks like you failed 1 test of 17.
t/connect_hook_nodata.t ....... 
Dubious, test returned 1 (wstat 256, 0x100)
Failed 1/17 subtests 
t/connfail_client.t ........... ok
t/connfail_server.t ........... ok

#   Failed test 'SERVER: SSLify_Options Can't locate auto/Net/SSLeay/CTX_v3_new.al in @INC (@INC contains: /tmp/loop_over_bdir-1665817-dj_Wse/POE-Component-SSLify-1.012-0/blib/arch /tmp/loop_over_bdir-1665817-dj_Wse/POE-Component-SSLify-1.012-0/blib/lib /home/sand/src/perl/repoperls/installed-perls/host/k93msid/v5.16.3/bb7f/lib/site_perl/5.16.3/x86_64-linux /home/sand/src/perl/repoperls/installed-perls/host/k93msid/v5.16.3/bb7f/lib/site_perl/5.16.3 /home/sand/src/perl/repoperls/installed-perls/host/k93msid/v5.16.3/bb7f/lib/5.16.3/x86_64-linux /home/sand/src/perl/repoperls/installed-perls/host/k93msid/v5.16.3/bb7f/lib/5.16.3 .) at /tmp/loop_over_bdir-1665817-dj_Wse/POE-Component-SSLify-1.012-0/blib/lib/POE/Component/SSLify.pm line 359.
# '
#   at t/renegotiate_client.t line 55.

#   Failed test 'SERVER: Server_SSLify Please do SSLify_Options() first ( or pass in a $ctx object ) at /tmp/loop_over_bdir-1665817-dj_Wse/POE-Component-SSLify-1.012-0/blib/lib/POE/Component/SSLify.pm line 247.
# '
#   at t/renegotiate_client.t line 58.

#   Failed test 'CLIENT: SSLify_ContextCreate Can't locate auto/Net/SSLeay/CTX_v3_new.al in @INC (@INC contains: /tmp/loop_over_bdir-1665817-dj_Wse/POE-Component-SSLify-1.012-0/blib/arch /tmp/loop_over_bdir-1665817-dj_Wse/POE-Component-SSLify-1.012-0/blib/lib /home/sand/src/perl/repoperls/installed-perls/host/k93msid/v5.16.3/bb7f/lib/site_perl/5.16.3/x86_64-linux /home/sand/src/perl/repoperls/installed-perls/host/k93msid/v5.16.3/bb7f/lib/site_perl/5.16.3 /home/sand/src/perl/repoperls/installed-perls/host/k93msid/v5.16.3/bb7f/lib/5.16.3/x86_64-linux /home/sand/src/perl/repoperls/installed-perls/host/k93msid/v5.16.3/bb7f/lib/5.16.3 .) at /tmp/loop_over_bdir-1665817-dj_Wse/POE-Component-SSLify-1.012-0/blib/lib/POE/Component/SSLify.pm line 359.
# '
#   at t/renegotiate_client.t line 117.
Can't use an undefined value as a symbol reference at /tmp/loop_over_bdir-1665817-dj_Wse/POE-Component-SSLify-1.012-0/blib/lib/POE/Component/SSLify.pm line 446.
# Tests were run but no plan was declared and done_testing() was not seen.
# Looks like your test exited with 22 just after 7.
t/renegotiate_client.t ........ 
Dubious, test returned 22 (wstat 5632, 0x1600)
Failed 3/7 subtests 

#   Failed test 'SERVER: SSLify_Options Can't locate auto/Net/SSLeay/CTX_v3_new.al in @INC (@INC contains: /tmp/loop_over_bdir-1665817-dj_Wse/POE-Component-SSLify-1.012-0/blib/arch /tmp/loop_over_bdir-1665817-dj_Wse/POE-Component-SSLify-1.012-0/blib/lib /home/sand/src/perl/repoperls/installed-perls/host/k93msid/v5.16.3/bb7f/lib/site_perl/5.16.3/x86_64-linux /home/sand/src/perl/repoperls/installed-perls/host/k93msid/v5.16.3/bb7f/lib/site_perl/5.16.3 /home/sand/src/perl/repoperls/installed-perls/host/k93msid/v5.16.3/bb7f/lib/5.16.3/x86_64-linux /home/sand/src/perl/repoperls/installed-perls/host/k93msid/v5.16.3/bb7f/lib/5.16.3 .) at /tmp/loop_over_bdir-1665817-dj_Wse/POE-Component-SSLify-1.012-0/blib/lib/POE/Component/SSLify.pm line 359.
# '
#   at t/renegotiate_client_pings.t line 57.

#   Failed test 'SERVER: Server_SSLify Please do SSLify_Options() first ( or pass in a $ctx object ) at /tmp/loop_over_bdir-1665817-dj_Wse/POE-Component-SSLify-1.012-0/blib/lib/POE/Component/SSLify.pm line 247.
# '
#   at t/renegotiate_client_pings.t line 60.

#   Failed test 'CLIENT: SSLify_ContextCreate Can't locate auto/Net/SSLeay/CTX_v3_new.al in @INC (@INC contains: /tmp/loop_over_bdir-1665817-dj_Wse/POE-Component-SSLify-1.012-0/blib/arch /tmp/loop_over_bdir-1665817-dj_Wse/POE-Component-SSLify-1.012-0/blib/lib /home/sand/src/perl/repoperls/installed-perls/host/k93msid/v5.16.3/bb7f/lib/site_perl/5.16.3/x86_64-linux /home/sand/src/perl/repoperls/installed-perls/host/k93msid/v5.16.3/bb7f/lib/site_perl/5.16.3 /home/sand/src/perl/repoperls/installed-perls/host/k93msid/v5.16.3/bb7f/lib/5.16.3/x86_64-linux /home/sand/src/perl/repoperls/installed-perls/host/k93msid/v5.16.3/bb7f/lib/5.16.3 .) at /tmp/loop_over_bdir-1665817-dj_Wse/POE-Component-SSLify-1.012-0/blib/lib/POE/Component/SSLify.pm line 359.
# '
#   at t/renegotiate_client_pings.t line 120.
Can't use an undefined value as a symbol reference at /tmp/loop_over_bdir-1665817-dj_Wse/POE-Component-SSLify-1.012-0/blib/lib/POE/Component/SSLify.pm line 446.
# Tests were run but no plan was declared and done_testing() was not seen.
# Looks like your test exited with 22 just after 7.
t/renegotiate_client_pings.t .. 
Dubious, test returned 22 (wstat 5632, 0x1600)
Failed 3/7 subtests 

#   Failed test 'SERVER: SSLify_Options Can't locate auto/Net/SSLeay/CTX_v3_new.al in @INC (@INC contains: /tmp/loop_over_bdir-1665817-dj_Wse/POE-Component-SSLify-1.012-0/blib/arch /tmp/loop_over_bdir-1665817-dj_Wse/POE-Component-SSLify-1.012-0/blib/lib /home/sand/src/perl/repoperls/installed-perls/host/k93msid/v5.16.3/bb7f/lib/site_perl/5.16.3/x86_64-linux /home/sand/src/perl/repoperls/installed-perls/host/k93msid/v5.16.3/bb7f/lib/site_perl/5.16.3 /home/sand/src/perl/repoperls/installed-perls/host/k93msid/v5.16.3/bb7f/lib/5.16.3/x86_64-linux /home/sand/src/perl/repoperls/installed-perls/host/k93msid/v5.16.3/bb7f/lib/5.16.3 .) at /tmp/loop_over_bdir-1665817-dj_Wse/POE-Component-SSLify-1.012-0/blib/lib/POE/Component/SSLify.pm line 359.
# '
#   at t/renegotiate_server.t line 55.

#   Failed test 'SERVER: Server_SSLify Please do SSLify_Options() first ( or pass in a $ctx object ) at /tmp/loop_over_bdir-1665817-dj_Wse/POE-Component-SSLify-1.012-0/blib/lib/POE/Component/SSLify.pm line 247.
# '
#   at t/renegotiate_server.t line 58.

#   Failed test 'CLIENT: SSLify_ContextCreate Can't locate auto/Net/SSLeay/CTX_v3_new.al in @INC (@INC contains: /tmp/loop_over_bdir-1665817-dj_Wse/POE-Component-SSLify-1.012-0/blib/arch /tmp/loop_over_bdir-1665817-dj_Wse/POE-Component-SSLify-1.012-0/blib/lib /home/sand/src/perl/repoperls/installed-perls/host/k93msid/v5.16.3/bb7f/lib/site_perl/5.16.3/x86_64-linux /home/sand/src/perl/repoperls/installed-perls/host/k93msid/v5.16.3/bb7f/lib/site_perl/5.16.3 /home/sand/src/perl/repoperls/installed-perls/host/k93msid/v5.16.3/bb7f/lib/5.16.3/x86_64-linux /home/sand/src/perl/repoperls/installed-perls/host/k93msid/v5.16.3/bb7f/lib/5.16.3 .) at /tmp/loop_over_bdir-1665817-dj_Wse/POE-Component-SSLify-1.012-0/blib/lib/POE/Component/SSLify.pm line 359.
# '
#   at t/renegotiate_server.t line 117.
Can't use an undefined value as a symbol reference at /tmp/loop_over_bdir-1665817-dj_Wse/POE-Component-SSLify-1.012-0/blib/lib/POE/Component/SSLify.pm line 446.
# Tests were run but no plan was declared and done_testing() was not seen.
# Looks like your test exited with 22 just after 7.
t/renegotiate_server.t ........ 
Dubious, test returned 22 (wstat 5632, 0x1600)
Failed 3/7 subtests 

#   Failed test 'SERVER: SSLify_Options Can't locate auto/Net/SSLeay/CTX_v3_new.al in @INC (@INC contains: /tmp/loop_over_bdir-1665817-dj_Wse/POE-Component-SSLify-1.012-0/blib/arch /tmp/loop_over_bdir-1665817-dj_Wse/POE-Component-SSLify-1.012-0/blib/lib /home/sand/src/perl/repoperls/installed-perls/host/k93msid/v5.16.3/bb7f/lib/site_perl/5.16.3/x86_64-linux /home/sand/src/perl/repoperls/installed-perls/host/k93msid/v5.16.3/bb7f/lib/site_perl/5.16.3 /home/sand/src/perl/repoperls/installed-perls/host/k93msid/v5.16.3/bb7f/lib/5.16.3/x86_64-linux /home/sand/src/perl/repoperls/installed-perls/host/k93msid/v5.16.3/bb7f/lib/5.16.3 .) at /tmp/loop_over_bdir-1665817-dj_Wse/POE-Component-SSLify-1.012-0/blib/lib/POE/Component/SSLify.pm line 359.
# '
#   at t/simple.t line 52.

#   Failed test 'SERVER: Server_SSLify Please do SSLify_Options() first ( or pass in a $ctx object ) at /tmp/loop_over_bdir-1665817-dj_Wse/POE-Component-SSLify-1.012-0/blib/lib/POE/Component/SSLify.pm line 247.
# '
#   at t/simple.t line 55.

#   Failed test 'CLIENT: SSLify_ContextCreate Can't locate auto/Net/SSLeay/CTX_v3_new.al in @INC (@INC contains: /tmp/loop_over_bdir-1665817-dj_Wse/POE-Component-SSLify-1.012-0/blib/arch /tmp/loop_over_bdir-1665817-dj_Wse/POE-Component-SSLify-1.012-0/blib/lib /home/sand/src/perl/repoperls/installed-perls/host/k93msid/v5.16.3/bb7f/lib/site_perl/5.16.3/x86_64-linux /home/sand/src/perl/repoperls/installed-perls/host/k93msid/v5.16.3/bb7f/lib/site_perl/5.16.3 /home/sand/src/perl/repoperls/installed-perls/host/k93msid/v5.16.3/bb7f/lib/5.16.3/x86_64-linux /home/sand/src/perl/repoperls/installed-perls/host/k93msid/v5.16.3/bb7f/lib/5.16.3 .) at /tmp/loop_over_bdir-1665817-dj_Wse/POE-Component-SSLify-1.012-0/blib/lib/POE/Component/SSLify.pm line 359.
# '
#   at t/simple.t line 111.
Can't use an undefined value as a symbol reference at /tmp/loop_over_bdir-1665817-dj_Wse/POE-Component-SSLify-1.012-0/blib/lib/POE/Component/SSLify.pm line 446.
# Tests were run but no plan was declared and done_testing() was not seen.
# Looks like your test exited with 22 just after 7.
t/simple.t .................... 
Dubious, test returned 22 (wstat 5632, 0x1600)
Failed 3/7 subtests 

#   Failed test 'SERVER: SSLify_Options Can't locate auto/Net/SSLeay/CTX_v3_new.al in @INC (@INC contains: /tmp/loop_over_bdir-1665817-dj_Wse/POE-Component-SSLify-1.012-0/blib/arch /tmp/loop_over_bdir-1665817-dj_Wse/POE-Component-SSLify-1.012-0/blib/lib /home/sand/src/perl/repoperls/installed-perls/host/k93msid/v5.16.3/bb7f/lib/site_perl/5.16.3/x86_64-linux /home/sand/src/perl/repoperls/installed-perls/host/k93msid/v5.16.3/bb7f/lib/site_perl/5.16.3 /home/sand/src/perl/repoperls/installed-perls/host/k93msid/v5.16.3/bb7f/lib/5.16.3/x86_64-linux /home/sand/src/perl/repoperls/installed-perls/host/k93msid/v5.16.3/bb7f/lib/5.16.3 .) at /tmp/loop_over_bdir-1665817-dj_Wse/POE-Component-SSLify-1.012-0/blib/lib/POE/Component/SSLify.pm line 359.
# '
#   at t/simple_large.t line 54.

#   Failed test 'SERVER: Server_SSLify Please do SSLify_Options() first ( or pass in a $ctx object ) at /tmp/loop_over_bdir-1665817-dj_Wse/POE-Component-SSLify-1.012-0/blib/lib/POE/Component/SSLify.pm line 247.
# '
#   at t/simple_large.t line 57.

#   Failed test 'CLIENT: SSLify_ContextCreate Can't locate auto/Net/SSLeay/CTX_v3_new.al in @INC (@INC contains: /tmp/loop_over_bdir-1665817-dj_Wse/POE-Component-SSLify-1.012-0/blib/arch /tmp/loop_over_bdir-1665817-dj_Wse/POE-Component-SSLify-1.012-0/blib/lib /home/sand/src/perl/repoperls/installed-perls/host/k93msid/v5.16.3/bb7f/lib/site_perl/5.16.3/x86_64-linux /home/sand/src/perl/repoperls/installed-perls/host/k93msid/v5.16.3/bb7f/lib/site_perl/5.16.3 /home/sand/src/perl/repoperls/installed-perls/host/k93msid/v5.16.3/bb7f/lib/5.16.3/x86_64-linux /home/sand/src/perl/repoperls/installed-perls/host/k93msid/v5.16.3/bb7f/lib/5.16.3 .) at /tmp/loop_over_bdir-1665817-dj_Wse/POE-Component-SSLify-1.012-0/blib/lib/POE/Component/SSLify.pm line 359.
# '
#   at t/simple_large.t line 113.
Can't use an undefined value as a symbol reference at /tmp/loop_over_bdir-1665817-dj_Wse/POE-Component-SSLify-1.012-0/blib/lib/POE/Component/SSLify.pm line 446.
# Tests were run but no plan was declared and done_testing() was not seen.
# Looks like your test exited with 22 just after 6.
t/simple_large.t .............. 
Dubious, test returned 22 (wstat 5632, 0x1600)
Failed 3/6 subtests 

#   Failed test 'SERVER: SSLify_Options Can't locate auto/Net/SSLeay/CTX_v3_new.al in @INC (@INC contains: /tmp/loop_over_bdir-1665817-dj_Wse/POE-Component-SSLify-1.012-0/blib/arch /tmp/loop_over_bdir-1665817-dj_Wse/POE-Component-SSLify-1.012-0/blib/lib /home/sand/src/perl/repoperls/installed-perls/host/k93msid/v5.16.3/bb7f/lib/site_perl/5.16.3/x86_64-linux /home/sand/src/perl/repoperls/installed-perls/host/k93msid/v5.16.3/bb7f/lib/site_perl/5.16.3 /home/sand/src/perl/repoperls/installed-perls/host/k93msid/v5.16.3/bb7f/lib/5.16.3/x86_64-linux /home/sand/src/perl/repoperls/installed-perls/host/k93msid/v5.16.3/bb7f/lib/5.16.3 .) at /tmp/loop_over_bdir-1665817-dj_Wse/POE-Component-SSLify-1.012-0/blib/lib/POE/Component/SSLify.pm line 359.
# '
#   at t/simple_parallel.t line 52.

#   Failed test 'SERVER: Server_SSLify Please do SSLify_Options() first ( or pass in a $ctx object ) at /tmp/loop_over_bdir-1665817-dj_Wse/POE-Component-SSLify-1.012-0/blib/lib/POE/Component/SSLify.pm line 247.
# '
#   at t/simple_parallel.t line 55.

#   Failed test 'CLIENT: SSLify_ContextCreate Can't locate auto/Net/SSLeay/CTX_v3_new.al in @INC (@INC contains: /tmp/loop_over_bdir-1665817-dj_Wse/POE-Component-SSLify-1.012-0/blib/arch /tmp/loop_over_bdir-1665817-dj_Wse/POE-Component-SSLify-1.012-0/blib/lib /home/sand/src/perl/repoperls/installed-perls/host/k93msid/v5.16.3/bb7f/lib/site_perl/5.16.3/x86_64-linux /home/sand/src/perl/repoperls/installed-perls/host/k93msid/v5.16.3/bb7f/lib/site_perl/5.16.3 /home/sand/src/perl/repoperls/installed-perls/host/k93msid/v5.16.3/bb7f/lib/5.16.3/x86_64-linux /home/sand/src/perl/repoperls/installed-perls/host/k93msid/v5.16.3/bb7f/lib/5.16.3 .) at /tmp/loop_over_bdir-1665817-dj_Wse/POE-Component-SSLify-1.012-0/blib/lib/POE/Component/SSLify.pm line 359.
# '
#   at t/simple_parallel.t line 111.

#   Failed test 'CLIENT: SSLify_ContextCreate Can't locate auto/Net/SSLeay/CTX_v3_new.al in @INC (@INC contains: /tmp/loop_over_bdir-1665817-dj_Wse/POE-Component-SSLify-1.012-0/blib/arch /tmp/loop_over_bdir-1665817-dj_Wse/POE-Component-SSLify-1.012-0/blib/lib /home/sand/src/perl/repoperls/installed-perls/host/k93msid/v5.16.3/bb7f/lib/site_perl/5.16.3/x86_64-linux /home/sand/src/perl/repoperls/installed-perls/host/k93msid/v5.16.3/bb7f/lib/site_perl/5.16.3 /home/sand/src/perl/repoperls/installed-perls/host/k93msid/v5.16.3/bb7f/lib/5.16.3/x86_64-linux /home/sand/src/perl/repoperls/installed-perls/host/k93msid/v5.16.3/bb7f/lib/5.16.3 .) at /tmp/loop_over_bdir-1665817-dj_Wse/POE-Component-SSLify-1.012-0/blib/lib/POE/Component/SSLify.pm line 359.
# '
#   at t/simple_parallel.t line 111.

#   Failed test 'CLIENT: SSLify_ContextCreate Can't locate auto/Net/SSLeay/CTX_v3_new.al in @INC (@INC contains: /tmp/loop_over_bdir-1665817-dj_Wse/POE-Component-SSLify-1.012-0/blib/arch /tmp/loop_over_bdir-1665817-dj_Wse/POE-Component-SSLify-1.012-0/blib/lib /home/sand/src/perl/repoperls/installed-perls/host/k93msid/v5.16.3/bb7f/lib/site_perl/5.16.3/x86_64-linux /home/sand/src/perl/repoperls/installed-perls/host/k93msid/v5.16.3/bb7f/lib/site_perl/5.16.3 /home/sand/src/perl/repoperls/installed-perls/host/k93msid/v5.16.3/bb7f/lib/5.16.3/x86_64-linux /home/sand/src/perl/repoperls/installed-perls/host/k93msid/v5.16.3/bb7f/lib/5.16.3 .) at /tmp/loop_over_bdir-1665817-dj_Wse/POE-Component-SSLify-1.012-0/blib/lib/POE/Component/SSLify.pm line 359.
# '
#   at t/simple_parallel.t line 111.

#   Failed test 'CLIENT: SSLify_ContextCreate Can't locate auto/Net/SSLeay/CTX_v3_new.al in @INC (@INC contains: /tmp/loop_over_bdir-1665817-dj_Wse/POE-Component-SSLify-1.012-0/blib/arch /tmp/loop_over_bdir-1665817-dj_Wse/POE-Component-SSLify-1.012-0/blib/lib /home/sand/src/perl/repoperls/installed-perls/host/k93msid/v5.16.3/bb7f/lib/site_perl/5.16.3/x86_64-linux /home/sand/src/perl/repoperls/installed-perls/host/k93msid/v5.16.3/bb7f/lib/site_perl/5.16.3 /home/sand/src/perl/repoperls/installed-perls/host/k93msid/v5.16.3/bb7f/lib/5.16.3/x86_64-linux /home/sand/src/perl/repoperls/installed-perls/host/k93msid/v5.16.3/bb7f/lib/5.16.3 .) at /tmp/loop_over_bdir-1665817-dj_Wse/POE-Component-SSLify-1.012-0/blib/lib/POE/Component/SSLify.pm line 359.
# '
#   at t/simple_parallel.t line 111.

#   Failed test 'CLIENT: SSLify_ContextCreate Can't locate auto/Net/SSLeay/CTX_v3_new.al in @INC (@INC contains: /tmp/loop_over_bdir-1665817-dj_Wse/POE-Component-SSLify-1.012-0/blib/arch /tmp/loop_over_bdir-1665817-dj_Wse/POE-Component-SSLify-1.012-0/blib/lib /home/sand/src/perl/repoperls/installed-perls/host/k93msid/v5.16.3/bb7f/lib/site_perl/5.16.3/x86_64-linux /home/sand/src/perl/repoperls/installed-perls/host/k93msid/v5.16.3/bb7f/lib/site_perl/5.16.3 /home/sand/src/perl/repoperls/installed-perls/host/k93msid/v5.16.3/bb7f/lib/5.16.3/x86_64-linux /home/sand/src/perl/repoperls/installed-perls/host/k93msid/v5.16.3/bb7f/lib/5.16.3 .) at /tmp/loop_over_bdir-1665817-dj_Wse/POE-Component-SSLify-1.012-0/blib/lib/POE/Component/SSLify.pm line 359.
# '
#   at t/simple_parallel.t line 111.

#   Failed test 'CLIENT: SSLify_ContextCreate Can't locate auto/Net/SSLeay/CTX_v3_new.al in @INC (@INC contains: /tmp/loop_over_bdir-1665817-dj_Wse/POE-Component-SSLify-1.012-0/blib/arch /tmp/loop_over_bdir-1665817-dj_Wse/POE-Component-SSLify-1.012-0/blib/lib /home/sand/src/perl/repoperls/installed-perls/host/k93msid/v5.16.3/bb7f/lib/site_perl/5.16.3/x86_64-linux /home/sand/src/perl/repoperls/installed-perls/host/k93msid/v5.16.3/bb7f/lib/site_perl/5.16.3 /home/sand/src/perl/repoperls/installed-perls/host/k93msid/v5.16.3/bb7f/lib/5.16.3/x86_64-linux /home/sand/src/perl/repoperls/installed-perls/host/k93msid/v5.16.3/bb7f/lib/5.16.3 .) at /tmp/loop_over_bdir-1665817-dj_Wse/POE-Component-SSLify-1.012-0/blib/lib/POE/Component/SSLify.pm line 359.
# '
#   at t/simple_parallel.t line 111.

#   Failed test 'CLIENT: SSLify_ContextCreate Can't locate auto/Net/SSLeay/CTX_v3_new.al in @INC (@INC contains: /tmp/loop_over_bdir-1665817-dj_Wse/POE-Component-SSLify-1.012-0/blib/arch /tmp/loop_over_bdir-1665817-dj_Wse/POE-Component-SSLify-1.012-0/blib/lib /home/sand/src/perl/repoperls/installed-perls/host/k93msid/v5.16.3/bb7f/lib/site_perl/5.16.3/x86_64-linux /home/sand/src/perl/repoperls/installed-perls/host/k93msid/v5.16.3/bb7f/lib/site_perl/5.16.3 /home/sand/src/perl/repoperls/installed-perls/host/k93msid/v5.16.3/bb7f/lib/5.16.3/x86_64-linux /home/sand/src/perl/repoperls/installed-perls/host/k93msid/v5.16.3/bb7f/lib/5.16.3 .) at /tmp/loop_over_bdir-1665817-dj_Wse/POE-Component-SSLify-1.012-0/blib/lib/POE/Component/SSLify.pm line 359.
# '
#   at t/simple_parallel.t line 111.

#   Failed test 'CLIENT: SSLify_ContextCreate Can't locate auto/Net/SSLeay/CTX_v3_new.al in @INC (@INC contains: /tmp/loop_over_bdir-1665817-dj_Wse/POE-Component-SSLify-1.012-0/blib/arch /tmp/loop_over_bdir-1665817-dj_Wse/POE-Component-SSLify-1.012-0/blib/lib /home/sand/src/perl/repoperls/installed-perls/host/k93msid/v5.16.3/bb7f/lib/site_perl/5.16.3/x86_64-linux /home/sand/src/perl/repoperls/installed-perls/host/k93msid/v5.16.3/bb7f/lib/site_perl/5.16.3 /home/sand/src/perl/repoperls/installed-perls/host/k93msid/v5.16.3/bb7f/lib/5.16.3/x86_64-linux /home/sand/src/perl/repoperls/installed-perls/host/k93msid/v5.16.3/bb7f/lib/5.16.3 .) at /tmp/loop_over_bdir-1665817-dj_Wse/POE-Component-SSLify-1.012-0/blib/lib/POE/Component/SSLify.pm line 359.
# '
#   at t/simple_parallel.t line 111.

#   Failed test 'CLIENT: SSLify_ContextCreate Can't locate auto/Net/SSLeay/CTX_v3_new.al in @INC (@INC contains: /tmp/loop_over_bdir-1665817-dj_Wse/POE-Component-SSLify-1.012-0/blib/arch /tmp/loop_over_bdir-1665817-dj_Wse/POE-Component-SSLify-1.012-0/blib/lib /home/sand/src/perl/repoperls/installed-perls/host/k93msid/v5.16.3/bb7f/lib/site_perl/5.16.3/x86_64-linux /home/sand/src/perl/repoperls/installed-perls/host/k93msid/v5.16.3/bb7f/lib/site_perl/5.16.3 /home/sand/src/perl/repoperls/installed-perls/host/k93msid/v5.16.3/bb7f/lib/5.16.3/x86_64-linux /home/sand/src/perl/repoperls/installed-perls/host/k93msid/v5.16.3/bb7f/lib/5.16.3 .) at /tmp/loop_over_bdir-1665817-dj_Wse/POE-Component-SSLify-1.012-0/blib/lib/POE/Component/SSLify.pm line 359.
# '
#   at t/simple_parallel.t line 111.

#   Failed test 'CLIENT: SSLify_ContextCreate Can't locate auto/Net/SSLeay/CTX_v3_new.al in @INC (@INC contains: /tmp/loop_over_bdir-1665817-dj_Wse/POE-Component-SSLify-1.012-0/blib/arch /tmp/loop_over_bdir-1665817-dj_Wse/POE-Component-SSLify-1.012-0/blib/lib /home/sand/src/perl/repoperls/installed-perls/host/k93msid/v5.16.3/bb7f/lib/site_perl/5.16.3/x86_64-linux /home/sand/src/perl/repoperls/installed-perls/host/k93msid/v5.16.3/bb7f/lib/site_perl/5.16.3 /home/sand/src/perl/repoperls/installed-perls/host/k93msid/v5.16.3/bb7f/lib/5.16.3/x86_64-linux /home/sand/src/perl/repoperls/installed-perls/host/k93msid/v5.16.3/bb7f/lib/5.16.3 .) at /tmp/loop_over_bdir-1665817-dj_Wse/POE-Component-SSLify-1.012-0/blib/lib/POE/Component/SSLify.pm line 359.
# '
#   at t/simple_parallel.t line 111.
Can't use an undefined value as a symbol reference at /tmp/loop_over_bdir-1665817-dj_Wse/POE-Component-SSLify-1.012-0/blib/lib/POE/Component/SSLify.pm line 446.
# Tests were run but no plan was declared and done_testing() was not seen.
# Looks like your test exited with 22 just after 52.
t/simple_parallel.t ........... 
Dubious, test returned 22 (wstat 5632, 0x1600)
Failed 12/52 subtests 

#   Failed test 'SERVER: SSLify_Options Can't locate auto/Net/SSLeay/CTX_v3_new.al in @INC (@INC contains: /tmp/loop_over_bdir-1665817-dj_Wse/POE-Component-SSLify-1.012-0/blib/arch /tmp/loop_over_bdir-1665817-dj_Wse/POE-Component-SSLify-1.012-0/blib/lib /home/sand/src/perl/repoperls/installed-perls/host/k93msid/v5.16.3/bb7f/lib/site_perl/5.16.3/x86_64-linux /home/sand/src/perl/repoperls/installed-perls/host/k93msid/v5.16.3/bb7f/lib/site_perl/5.16.3 /home/sand/src/perl/repoperls/installed-perls/host/k93msid/v5.16.3/bb7f/lib/5.16.3/x86_64-linux /home/sand/src/perl/repoperls/installed-perls/host/k93msid/v5.16.3/bb7f/lib/5.16.3 .) at /tmp/loop_over_bdir-1665817-dj_Wse/POE-Component-SSLify-1.012-0/blib/lib/POE/Component/SSLify.pm line 359.
# '
#   at t/simple_parallel_large.t line 54.

#   Failed test 'SERVER: Server_SSLify Please do SSLify_Options() first ( or pass in a $ctx object ) at /tmp/loop_over_bdir-1665817-dj_Wse/POE-Component-SSLify-1.012-0/blib/lib/POE/Component/SSLify.pm line 247.
# '
#   at t/simple_parallel_large.t line 57.

#   Failed test 'CLIENT: SSLify_ContextCreate Can't locate auto/Net/SSLeay/CTX_v3_new.al in @INC (@INC contains: /tmp/loop_over_bdir-1665817-dj_Wse/POE-Component-SSLify-1.012-0/blib/arch /tmp/loop_over_bdir-1665817-dj_Wse/POE-Component-SSLify-1.012-0/blib/lib /home/sand/src/perl/repoperls/installed-perls/host/k93msid/v5.16.3/bb7f/lib/site_perl/5.16.3/x86_64-linux /home/sand/src/perl/repoperls/installed-perls/host/k93msid/v5.16.3/bb7f/lib/site_perl/5.16.3 /home/sand/src/perl/repoperls/installed-perls/host/k93msid/v5.16.3/bb7f/lib/5.16.3/x86_64-linux /home/sand/src/perl/repoperls/installed-perls/host/k93msid/v5.16.3/bb7f/lib/5.16.3 .) at /tmp/loop_over_bdir-1665817-dj_Wse/POE-Component-SSLify-1.012-0/blib/lib/POE/Component/SSLify.pm line 359.
# '
#   at t/simple_parallel_large.t line 111.

#   Failed test 'CLIENT: SSLify_ContextCreate Can't locate auto/Net/SSLeay/CTX_v3_new.al in @INC (@INC contains: /tmp/loop_over_bdir-1665817-dj_Wse/POE-Component-SSLify-1.012-0/blib/arch /tmp/loop_over_bdir-1665817-dj_Wse/POE-Component-SSLify-1.012-0/blib/lib /home/sand/src/perl/repoperls/installed-perls/host/k93msid/v5.16.3/bb7f/lib/site_perl/5.16.3/x86_64-linux /home/sand/src/perl/repoperls/installed-perls/host/k93msid/v5.16.3/bb7f/lib/site_perl/5.16.3 /home/sand/src/perl/repoperls/installed-perls/host/k93msid/v5.16.3/bb7f/lib/5.16.3/x86_64-linux /home/sand/src/perl/repoperls/installed-perls/host/k93msid/v5.16.3/bb7f/lib/5.16.3 .) at /tmp/loop_over_bdir-1665817-dj_Wse/POE-Component-SSLify-1.012-0/blib/lib/POE/Component/SSLify.pm line 359.
# '
#   at t/simple_parallel_large.t line 111.

#   Failed test 'CLIENT: SSLify_ContextCreate Can't locate auto/Net/SSLeay/CTX_v3_new.al in @INC (@INC contains: /tmp/loop_over_bdir-1665817-dj_Wse/POE-Component-SSLify-1.012-0/blib/arch /tmp/loop_over_bdir-1665817-dj_Wse/POE-Component-SSLify-1.012-0/blib/lib /home/sand/src/perl/repoperls/installed-perls/host/k93msid/v5.16.3/bb7f/lib/site_perl/5.16.3/x86_64-linux /home/sand/src/perl/repoperls/installed-perls/host/k93msid/v5.16.3/bb7f/lib/site_perl/5.16.3 /home/sand/src/perl/repoperls/installed-perls/host/k93msid/v5.16.3/bb7f/lib/5.16.3/x86_64-linux /home/sand/src/perl/repoperls/installed-perls/host/k93msid/v5.16.3/bb7f/lib/5.16.3 .) at /tmp/loop_over_bdir-1665817-dj_Wse/POE-Component-SSLify-1.012-0/blib/lib/POE/Component/SSLify.pm line 359.
# '
#   at t/simple_parallel_large.t line 111.

#   Failed test 'CLIENT: SSLify_ContextCreate Can't locate auto/Net/SSLeay/CTX_v3_new.al in @INC (@INC contains: /tmp/loop_over_bdir-1665817-dj_Wse/POE-Component-SSLify-1.012-0/blib/arch /tmp/loop_over_bdir-1665817-dj_Wse/POE-Component-SSLify-1.012-0/blib/lib /home/sand/src/perl/repoperls/installed-perls/host/k93msid/v5.16.3/bb7f/lib/site_perl/5.16.3/x86_64-linux /home/sand/src/perl/repoperls/installed-perls/host/k93msid/v5.16.3/bb7f/lib/site_perl/5.16.3 /home/sand/src/perl/repoperls/installed-perls/host/k93msid/v5.16.3/bb7f/lib/5.16.3/x86_64-linux /home/sand/src/perl/repoperls/installed-perls/host/k93msid/v5.16.3/bb7f/lib/5.16.3 .) at /tmp/loop_over_bdir-1665817-dj_Wse/POE-Component-SSLify-1.012-0/blib/lib/POE/Component/SSLify.pm line 359.
# '
#   at t/simple_parallel_large.t line 111.

#   Failed test 'CLIENT: SSLify_ContextCreate Can't locate auto/Net/SSLeay/CTX_v3_new.al in @INC (@INC contains: /tmp/loop_over_bdir-1665817-dj_Wse/POE-Component-SSLify-1.012-0/blib/arch /tmp/loop_over_bdir-1665817-dj_Wse/POE-Component-SSLify-1.012-0/blib/lib /home/sand/src/perl/repoperls/installed-perls/host/k93msid/v5.16.3/bb7f/lib/site_perl/5.16.3/x86_64-linux /home/sand/src/perl/repoperls/installed-perls/host/k93msid/v5.16.3/bb7f/lib/site_perl/5.16.3 /home/sand/src/perl/repoperls/installed-perls/host/k93msid/v5.16.3/bb7f/lib/5.16.3/x86_64-linux /home/sand/src/perl/repoperls/installed-perls/host/k93msid/v5.16.3/bb7f/lib/5.16.3 .) at /tmp/loop_over_bdir-1665817-dj_Wse/POE-Component-SSLify-1.012-0/blib/lib/POE/Component/SSLify.pm line 359.
# '
#   at t/simple_parallel_large.t line 111.

#   Failed test 'CLIENT: SSLify_ContextCreate Can't locate auto/Net/SSLeay/CTX_v3_new.al in @INC (@INC contains: /tmp/loop_over_bdir-1665817-dj_Wse/POE-Component-SSLify-1.012-0/blib/arch /tmp/loop_over_bdir-1665817-dj_Wse/POE-Component-SSLify-1.012-0/blib/lib /home/sand/src/perl/repoperls/installed-perls/host/k93msid/v5.16.3/bb7f/lib/site_perl/5.16.3/x86_64-linux /home/sand/src/perl/repoperls/installed-perls/host/k93msid/v5.16.3/bb7f/lib/site_perl/5.16.3 /home/sand/src/perl/repoperls/installed-perls/host/k93msid/v5.16.3/bb7f/lib/5.16.3/x86_64-linux /home/sand/src/perl/repoperls/installed-perls/host/k93msid/v5.16.3/bb7f/lib/5.16.3 .) at /tmp/loop_over_bdir-1665817-dj_Wse/POE-Component-SSLify-1.012-0/blib/lib/POE/Component/SSLify.pm line 359.
# '
#   at t/simple_parallel_large.t line 111.

#   Failed test 'CLIENT: SSLify_ContextCreate Can't locate auto/Net/SSLeay/CTX_v3_new.al in @INC (@INC contains: /tmp/loop_over_bdir-1665817-dj_Wse/POE-Component-SSLify-1.012-0/blib/arch /tmp/loop_over_bdir-1665817-dj_Wse/POE-Component-SSLify-1.012-0/blib/lib /home/sand/src/perl/repoperls/installed-perls/host/k93msid/v5.16.3/bb7f/lib/site_perl/5.16.3/x86_64-linux /home/sand/src/perl/repoperls/installed-perls/host/k93msid/v5.16.3/bb7f/lib/site_perl/5.16.3 /home/sand/src/perl/repoperls/installed-perls/host/k93msid/v5.16.3/bb7f/lib/5.16.3/x86_64-linux /home/sand/src/perl/repoperls/installed-perls/host/k93msid/v5.16.3/bb7f/lib/5.16.3 .) at /tmp/loop_over_bdir-1665817-dj_Wse/POE-Component-SSLify-1.012-0/blib/lib/POE/Component/SSLify.pm line 359.
# '
#   at t/simple_parallel_large.t line 111.

#   Failed test 'CLIENT: SSLify_ContextCreate Can't locate auto/Net/SSLeay/CTX_v3_new.al in @INC (@INC contains: /tmp/loop_over_bdir-1665817-dj_Wse/POE-Component-SSLify-1.012-0/blib/arch /tmp/loop_over_bdir-1665817-dj_Wse/POE-Component-SSLify-1.012-0/blib/lib /home/sand/src/perl/repoperls/installed-perls/host/k93msid/v5.16.3/bb7f/lib/site_perl/5.16.3/x86_64-linux /home/sand/src/perl/repoperls/installed-perls/host/k93msid/v5.16.3/bb7f/lib/site_perl/5.16.3 /home/sand/src/perl/repoperls/installed-perls/host/k93msid/v5.16.3/bb7f/lib/5.16.3/x86_64-linux /home/sand/src/perl/repoperls/installed-perls/host/k93msid/v5.16.3/bb7f/lib/5.16.3 .) at /tmp/loop_over_bdir-1665817-dj_Wse/POE-Component-SSLify-1.012-0/blib/lib/POE/Component/SSLify.pm line 359.
# '
#   at t/simple_parallel_large.t line 111.

#   Failed test 'CLIENT: SSLify_ContextCreate Can't locate auto/Net/SSLeay/CTX_v3_new.al in @INC (@INC contains: /tmp/loop_over_bdir-1665817-dj_Wse/POE-Component-SSLify-1.012-0/blib/arch /tmp/loop_over_bdir-1665817-dj_Wse/POE-Component-SSLify-1.012-0/blib/lib /home/sand/src/perl/repoperls/installed-perls/host/k93msid/v5.16.3/bb7f/lib/site_perl/5.16.3/x86_64-linux /home/sand/src/perl/repoperls/installed-perls/host/k93msid/v5.16.3/bb7f/lib/site_perl/5.16.3 /home/sand/src/perl/repoperls/installed-perls/host/k93msid/v5.16.3/bb7f/lib/5.16.3/x86_64-linux /home/sand/src/perl/repoperls/installed-perls/host/k93msid/v5.16.3/bb7f/lib/5.16.3 .) at /tmp/loop_over_bdir-1665817-dj_Wse/POE-Component-SSLify-1.012-0/blib/lib/POE/Component/SSLify.pm line 359.
# '
#   at t/simple_parallel_large.t line 111.

#   Failed test 'CLIENT: SSLify_ContextCreate Can't locate auto/Net/SSLeay/CTX_v3_new.al in @INC (@INC contains: /tmp/loop_over_bdir-1665817-dj_Wse/POE-Component-SSLify-1.012-0/blib/arch /tmp/loop_over_bdir-1665817-dj_Wse/POE-Component-SSLify-1.012-0/blib/lib /home/sand/src/perl/repoperls/installed-perls/host/k93msid/v5.16.3/bb7f/lib/site_perl/5.16.3/x86_64-linux /home/sand/src/perl/repoperls/installed-perls/host/k93msid/v5.16.3/bb7f/lib/site_perl/5.16.3 /home/sand/src/perl/repoperls/installed-perls/host/k93msid/v5.16.3/bb7f/lib/5.16.3/x86_64-linux /home/sand/src/perl/repoperls/installed-perls/host/k93msid/v5.16.3/bb7f/lib/5.16.3 .) at /tmp/loop_over_bdir-1665817-dj_Wse/POE-Component-SSLify-1.012-0/blib/lib/POE/Component/SSLify.pm line 359.
# '
#   at t/simple_parallel_large.t line 111.
Can't use an undefined value as a symbol reference at /tmp/loop_over_bdir-1665817-dj_Wse/POE-Component-SSLify-1.012-0/blib/lib/POE/Component/SSLify.pm line 446.
# Tests were run but no plan was declared and done_testing() was not seen.
# Looks like your test exited with 22 just after 42.
t/simple_parallel_large.t ..... 
Dubious, test returned 22 (wstat 5632, 0x1600)
Failed 12/42 subtests 

#   Failed test 'SERVER: SSLify_Options Can't locate auto/Net/SSLeay/CTX_v3_new.al in @INC (@INC contains: /tmp/loop_over_bdir-1665817-dj_Wse/POE-Component-SSLify-1.012-0/blib/arch /tmp/loop_over_bdir-1665817-dj_Wse/POE-Component-SSLify-1.012-0/blib/lib /home/sand/src/perl/repoperls/installed-perls/host/k93msid/v5.16.3/bb7f/lib/site_perl/5.16.3/x86_64-linux /home/sand/src/perl/repoperls/installed-perls/host/k93msid/v5.16.3/bb7f/lib/site_perl/5.16.3 /home/sand/src/perl/repoperls/installed-perls/host/k93msid/v5.16.3/bb7f/lib/5.16.3/x86_64-linux /home/sand/src/perl/repoperls/installed-perls/host/k93msid/v5.16.3/bb7f/lib/5.16.3 .) at /tmp/loop_over_bdir-1665817-dj_Wse/POE-Component-SSLify-1.012-0/blib/lib/POE/Component/SSLify.pm line 359.
# '
#   at t/simple_parallel_superbig.t line 63.

#   Failed test 'SERVER: Server_SSLify Please do SSLify_Options() first ( or pass in a $ctx object ) at /tmp/loop_over_bdir-1665817-dj_Wse/POE-Component-SSLify-1.012-0/blib/lib/POE/Component/SSLify.pm line 247.
# '
#   at t/simple_parallel_superbig.t line 66.

#   Failed test 'CLIENT: SSLify_ContextCreate Can't locate auto/Net/SSLeay/CTX_v3_new.al in @INC (@INC contains: /tmp/loop_over_bdir-1665817-dj_Wse/POE-Component-SSLify-1.012-0/blib/arch /tmp/loop_over_bdir-1665817-dj_Wse/POE-Component-SSLify-1.012-0/blib/lib /home/sand/src/perl/repoperls/installed-perls/host/k93msid/v5.16.3/bb7f/lib/site_perl/5.16.3/x86_64-linux /home/sand/src/perl/repoperls/installed-perls/host/k93msid/v5.16.3/bb7f/lib/site_perl/5.16.3 /home/sand/src/perl/repoperls/installed-perls/host/k93msid/v5.16.3/bb7f/lib/5.16.3/x86_64-linux /home/sand/src/perl/repoperls/installed-perls/host/k93msid/v5.16.3/bb7f/lib/5.16.3 .) at /tmp/loop_over_bdir-1665817-dj_Wse/POE-Component-SSLify-1.012-0/blib/lib/POE/Component/SSLify.pm line 359.
# '
#   at t/simple_parallel_superbig.t line 120.

#   Failed test 'CLIENT: SSLify_ContextCreate Can't locate auto/Net/SSLeay/CTX_v3_new.al in @INC (@INC contains: /tmp/loop_over_bdir-1665817-dj_Wse/POE-Component-SSLify-1.012-0/blib/arch /tmp/loop_over_bdir-1665817-dj_Wse/POE-Component-SSLify-1.012-0/blib/lib /home/sand/src/perl/repoperls/installed-perls/host/k93msid/v5.16.3/bb7f/lib/site_perl/5.16.3/x86_64-linux /home/sand/src/perl/repoperls/installed-perls/host/k93msid/v5.16.3/bb7f/lib/site_perl/5.16.3 /home/sand/src/perl/repoperls/installed-perls/host/k93msid/v5.16.3/bb7f/lib/5.16.3/x86_64-linux /home/sand/src/perl/repoperls/installed-perls/host/k93msid/v5.16.3/bb7f/lib/5.16.3 .) at /tmp/loop_over_bdir-1665817-dj_Wse/POE-Component-SSLify-1.012-0/blib/lib/POE/Component/SSLify.pm line 359.
# '
#   at t/simple_parallel_superbig.t line 120.

#   Failed test 'CLIENT: SSLify_ContextCreate Can't locate auto/Net/SSLeay/CTX_v3_new.al in @INC (@INC contains: /tmp/loop_over_bdir-1665817-dj_Wse/POE-Component-SSLify-1.012-0/blib/arch /tmp/loop_over_bdir-1665817-dj_Wse/POE-Component-SSLify-1.012-0/blib/lib /home/sand/src/perl/repoperls/installed-perls/host/k93msid/v5.16.3/bb7f/lib/site_perl/5.16.3/x86_64-linux /home/sand/src/perl/repoperls/installed-perls/host/k93msid/v5.16.3/bb7f/lib/site_perl/5.16.3 /home/sand/src/perl/repoperls/installed-perls/host/k93msid/v5.16.3/bb7f/lib/5.16.3/x86_64-linux /home/sand/src/perl/repoperls/installed-perls/host/k93msid/v5.16.3/bb7f/lib/5.16.3 .) at /tmp/loop_over_bdir-1665817-dj_Wse/POE-Component-SSLify-1.012-0/blib/lib/POE/Component/SSLify.pm line 359.
# '
#   at t/simple_parallel_superbig.t line 120.

#   Failed test 'CLIENT: SSLify_ContextCreate Can't locate auto/Net/SSLeay/CTX_v3_new.al in @INC (@INC contains: /tmp/loop_over_bdir-1665817-dj_Wse/POE-Component-SSLify-1.012-0/blib/arch /tmp/loop_over_bdir-1665817-dj_Wse/POE-Component-SSLify-1.012-0/blib/lib /home/sand/src/perl/repoperls/installed-perls/host/k93msid/v5.16.3/bb7f/lib/site_perl/5.16.3/x86_64-linux /home/sand/src/perl/repoperls/installed-perls/host/k93msid/v5.16.3/bb7f/lib/site_perl/5.16.3 /home/sand/src/perl/repoperls/installed-perls/host/k93msid/v5.16.3/bb7f/lib/5.16.3/x86_64-linux /home/sand/src/perl/repoperls/installed-perls/host/k93msid/v5.16.3/bb7f/lib/5.16.3 .) at /tmp/loop_over_bdir-1665817-dj_Wse/POE-Component-SSLify-1.012-0/blib/lib/POE/Component/SSLify.pm line 359.
# '
#   at t/simple_parallel_superbig.t line 120.

#   Failed test 'CLIENT: SSLify_ContextCreate Can't locate auto/Net/SSLeay/CTX_v3_new.al in @INC (@INC contains: /tmp/loop_over_bdir-1665817-dj_Wse/POE-Component-SSLify-1.012-0/blib/arch /tmp/loop_over_bdir-1665817-dj_Wse/POE-Component-SSLify-1.012-0/blib/lib /home/sand/src/perl/repoperls/installed-perls/host/k93msid/v5.16.3/bb7f/lib/site_perl/5.16.3/x86_64-linux /home/sand/src/perl/repoperls/installed-perls/host/k93msid/v5.16.3/bb7f/lib/site_perl/5.16.3 /home/sand/src/perl/repoperls/installed-perls/host/k93msid/v5.16.3/bb7f/lib/5.16.3/x86_64-linux /home/sand/src/perl/repoperls/installed-perls/host/k93msid/v5.16.3/bb7f/lib/5.16.3 .) at /tmp/loop_over_bdir-1665817-dj_Wse/POE-Component-SSLify-1.012-0/blib/lib/POE/Component/SSLify.pm line 359.
# '
#   at t/simple_parallel_superbig.t line 120.

#   Failed test 'CLIENT: SSLify_ContextCreate Can't locate auto/Net/SSLeay/CTX_v3_new.al in @INC (@INC contains: /tmp/loop_over_bdir-1665817-dj_Wse/POE-Component-SSLify-1.012-0/blib/arch /tmp/loop_over_bdir-1665817-dj_Wse/POE-Component-SSLify-1.012-0/blib/lib /home/sand/src/perl/repoperls/installed-perls/host/k93msid/v5.16.3/bb7f/lib/site_perl/5.16.3/x86_64-linux /home/sand/src/perl/repoperls/installed-perls/host/k93msid/v5.16.3/bb7f/lib/site_perl/5.16.3 /home/sand/src/perl/repoperls/installed-perls/host/k93msid/v5.16.3/bb7f/lib/5.16.3/x86_64-linux /home/sand/src/perl/repoperls/installed-perls/host/k93msid/v5.16.3/bb7f/lib/5.16.3 .) at /tmp/loop_over_bdir-1665817-dj_Wse/POE-Component-SSLify-1.012-0/blib/lib/POE/Component/SSLify.pm line 359.
# '
#   at t/simple_parallel_superbig.t line 120.

#   Failed test 'CLIENT: SSLify_ContextCreate Can't locate auto/Net/SSLeay/CTX_v3_new.al in @INC (@INC contains: /tmp/loop_over_bdir-1665817-dj_Wse/POE-Component-SSLify-1.012-0/blib/arch /tmp/loop_over_bdir-1665817-dj_Wse/POE-Component-SSLify-1.012-0/blib/lib /home/sand/src/perl/repoperls/installed-perls/host/k93msid/v5.16.3/bb7f/lib/site_perl/5.16.3/x86_64-linux /home/sand/src/perl/repoperls/installed-perls/host/k93msid/v5.16.3/bb7f/lib/site_perl/5.16.3 /home/sand/src/perl/repoperls/installed-perls/host/k93msid/v5.16.3/bb7f/lib/5.16.3/x86_64-linux /home/sand/src/perl/repoperls/installed-perls/host/k93msid/v5.16.3/bb7f/lib/5.16.3 .) at /tmp/loop_over_bdir-1665817-dj_Wse/POE-Component-SSLify-1.012-0/blib/lib/POE/Component/SSLify.pm line 359.
# '
#   at t/simple_parallel_superbig.t line 120.

#   Failed test 'CLIENT: SSLify_ContextCreate Can't locate auto/Net/SSLeay/CTX_v3_new.al in @INC (@INC contains: /tmp/loop_over_bdir-1665817-dj_Wse/POE-Component-SSLify-1.012-0/blib/arch /tmp/loop_over_bdir-1665817-dj_Wse/POE-Component-SSLify-1.012-0/blib/lib /home/sand/src/perl/repoperls/installed-perls/host/k93msid/v5.16.3/bb7f/lib/site_perl/5.16.3/x86_64-linux /home/sand/src/perl/repoperls/installed-perls/host/k93msid/v5.16.3/bb7f/lib/site_perl/5.16.3 /home/sand/src/perl/repoperls/installed-perls/host/k93msid/v5.16.3/bb7f/lib/5.16.3/x86_64-linux /home/sand/src/perl/repoperls/installed-perls/host/k93msid/v5.16.3/bb7f/lib/5.16.3 .) at /tmp/loop_over_bdir-1665817-dj_Wse/POE-Component-SSLify-1.012-0/blib/lib/POE/Component/SSLify.pm line 359.
# '
#   at t/simple_parallel_superbig.t line 120.

#   Failed test 'CLIENT: SSLify_ContextCreate Can't locate auto/Net/SSLeay/CTX_v3_new.al in @INC (@INC contains: /tmp/loop_over_bdir-1665817-dj_Wse/POE-Component-SSLify-1.012-0/blib/arch /tmp/loop_over_bdir-1665817-dj_Wse/POE-Component-SSLify-1.012-0/blib/lib /home/sand/src/perl/repoperls/installed-perls/host/k93msid/v5.16.3/bb7f/lib/site_perl/5.16.3/x86_64-linux /home/sand/src/perl/repoperls/installed-perls/host/k93msid/v5.16.3/bb7f/lib/site_perl/5.16.3 /home/sand/src/perl/repoperls/installed-perls/host/k93msid/v5.16.3/bb7f/lib/5.16.3/x86_64-linux /home/sand/src/perl/repoperls/installed-perls/host/k93msid/v5.16.3/bb7f/lib/5.16.3 .) at /tmp/loop_over_bdir-1665817-dj_Wse/POE-Component-SSLify-1.012-0/blib/lib/POE/Component/SSLify.pm line 359.
# '
#   at t/simple_parallel_superbig.t line 120.

#   Failed test 'CLIENT: SSLify_ContextCreate Can't locate auto/Net/SSLeay/CTX_v3_new.al in @INC (@INC contains: /tmp/loop_over_bdir-1665817-dj_Wse/POE-Component-SSLify-1.012-0/blib/arch /tmp/loop_over_bdir-1665817-dj_Wse/POE-Component-SSLify-1.012-0/blib/lib /home/sand/src/perl/repoperls/installed-perls/host/k93msid/v5.16.3/bb7f/lib/site_perl/5.16.3/x86_64-linux /home/sand/src/perl/repoperls/installed-perls/host/k93msid/v5.16.3/bb7f/lib/site_perl/5.16.3 /home/sand/src/perl/repoperls/installed-perls/host/k93msid/v5.16.3/bb7f/lib/5.16.3/x86_64-linux /home/sand/src/perl/repoperls/installed-perls/host/k93msid/v5.16.3/bb7f/lib/5.16.3 .) at /tmp/loop_over_bdir-1665817-dj_Wse/POE-Component-SSLify-1.012-0/blib/lib/POE/Component/SSLify.pm line 359.
# '
#   at t/simple_parallel_superbig.t line 120.
Can't use an undefined value as a symbol reference at /tmp/loop_over_bdir-1665817-dj_Wse/POE-Component-SSLify-1.012-0/blib/lib/POE/Component/SSLify.pm line 446.
# Tests were run but no plan was declared and done_testing() was not seen.
# Looks like your test exited with 22 just after 42.
t/simple_parallel_superbig.t .. 
Dubious, test returned 22 (wstat 5632, 0x1600)
Failed 12/42 subtests 

#   Failed test 'SERVER: SSLify_Options Can't locate auto/Net/SSLeay/CTX_v3_new.al in @INC (@INC contains: /tmp/loop_over_bdir-1665817-dj_Wse/POE-Component-SSLify-1.012-0/blib/arch /tmp/loop_over_bdir-1665817-dj_Wse/POE-Component-SSLify-1.012-0/blib/lib /home/sand/src/perl/repoperls/installed-perls/host/k93msid/v5.16.3/bb7f/lib/site_perl/5.16.3/x86_64-linux /home/sand/src/perl/repoperls/installed-perls/host/k93msid/v5.16.3/bb7f/lib/site_perl/5.16.3 /home/sand/src/perl/repoperls/installed-perls/host/k93msid/v5.16.3/bb7f/lib/5.16.3/x86_64-linux /home/sand/src/perl/repoperls/installed-perls/host/k93msid/v5.16.3/bb7f/lib/5.16.3 .) at /tmp/loop_over_bdir-1665817-dj_Wse/POE-Component-SSLify-1.012-0/blib/lib/POE/Component/SSLify.pm line 359.
# '
#   at t/simple_superbig.t line 62.

#   Failed test 'SERVER: Server_SSLify Please do SSLify_Options() first ( or pass in a $ctx object ) at /tmp/loop_over_bdir-1665817-dj_Wse/POE-Component-SSLify-1.012-0/blib/lib/POE/Component/SSLify.pm line 247.
# '
#   at t/simple_superbig.t line 65.

#   Failed test 'CLIENT: SSLify_ContextCreate Can't locate auto/Net/SSLeay/CTX_v3_new.al in @INC (@INC contains: /tmp/loop_over_bdir-1665817-dj_Wse/POE-Component-SSLify-1.012-0/blib/arch /tmp/loop_over_bdir-1665817-dj_Wse/POE-Component-SSLify-1.012-0/blib/lib /home/sand/src/perl/repoperls/installed-perls/host/k93msid/v5.16.3/bb7f/lib/site_perl/5.16.3/x86_64-linux /home/sand/src/perl/repoperls/installed-perls/host/k93msid/v5.16.3/bb7f/lib/site_perl/5.16.3 /home/sand/src/perl/repoperls/installed-perls/host/k93msid/v5.16.3/bb7f/lib/5.16.3/x86_64-linux /home/sand/src/perl/repoperls/installed-perls/host/k93msid/v5.16.3/bb7f/lib/5.16.3 .) at /tmp/loop_over_bdir-1665817-dj_Wse/POE-Component-SSLify-1.012-0/blib/lib/POE/Component/SSLify.pm line 359.
# '
#   at t/simple_superbig.t line 123.
Can't use an undefined value as a symbol reference at /tmp/loop_over_bdir-1665817-dj_Wse/POE-Component-SSLify-1.012-0/blib/lib/POE/Component/SSLify.pm line 446.
# Tests were run but no plan was declared and done_testing() was not seen.
# Looks like your test exited with 22 just after 6.
t/simple_superbig.t ........... 
Dubious, test returned 22 (wstat 5632, 0x1600)
Failed 3/6 subtests 

#   Failed test 'SERVER: SSLify_Options Can't locate auto/Net/SSLeay/CTX_v3_new.al in @INC (@INC contains: /tmp/loop_over_bdir-1665817-dj_Wse/POE-Component-SSLify-1.012-0/blib/arch /tmp/loop_over_bdir-1665817-dj_Wse/POE-Component-SSLify-1.012-0/blib/lib /home/sand/src/perl/repoperls/installed-perls/host/k93msid/v5.16.3/bb7f/lib/site_perl/5.16.3/x86_64-linux /home/sand/src/perl/repoperls/installed-perls/host/k93msid/v5.16.3/bb7f/lib/site_perl/5.16.3 /home/sand/src/perl/repoperls/installed-perls/host/k93msid/v5.16.3/bb7f/lib/5.16.3/x86_64-linux /home/sand/src/perl/repoperls/installed-perls/host/k93msid/v5.16.3/bb7f/lib/5.16.3 .) at /tmp/loop_over_bdir-1665817-dj_Wse/POE-Component-SSLify-1.012-0/blib/lib/POE/Component/SSLify.pm line 359.
# '
#   at t/upgrade.t line 59.

#   Failed test 'SERVER: Server_SSLify Please do SSLify_Options() first ( or pass in a $ctx object ) at /tmp/loop_over_bdir-1665817-dj_Wse/POE-Component-SSLify-1.012-0/blib/lib/POE/Component/SSLify.pm line 247.
# '
#   at t/upgrade.t line 61.
Can't use an undefined value as a symbol reference at /tmp/loop_over_bdir-1665817-dj_Wse/POE-Component-SSLify-1.012-0/blib/lib/POE/Component/SSLify.pm line 446.
# Tests were run but no plan was declared and done_testing() was not seen.
# Looks like your test exited with 22 just after 5.
t/upgrade.t ................... 
Dubious, test returned 22 (wstat 5632, 0x1600)
Failed 2/5 subtests 

Test Summary Report
-------------------
t/connect_hook_nodata.t     (Wstat: 256 (exited 1) Tests: 17 Failed: 1)
  Failed test:  16
  Non-zero exit status: 1
t/renegotiate_client.t      (Wstat: 5632 (exited 22) Tests: 7 Failed: 3)
  Failed tests:  1-3
  Non-zero exit status: 22
  Parse errors: No plan found in TAP output
t/renegotiate_client_pings.t (Wstat: 5632 (exited 22) Tests: 7 Failed: 3)
  Failed tests:  1-3
  Non-zero exit status: 22
  Parse errors: No plan found in TAP output
t/renegotiate_server.t      (Wstat: 5632 (exited 22) Tests: 7 Failed: 3)
  Failed tests:  1-3
  Non-zero exit status: 22
  Parse errors: No plan found in TAP output
t/simple.t                  (Wstat: 5632 (exited 22) Tests: 7 Failed: 3)
  Failed tests:  1-3
  Non-zero exit status: 22
  Parse errors: No plan found in TAP output
t/simple_large.t            (Wstat: 5632 (exited 22) Tests: 6 Failed: 3)
  Failed tests:  1-3
  Non-zero exit status: 22
  Parse errors: No plan found in TAP output
t/simple_parallel.t         (Wstat: 5632 (exited 22) Tests: 52 Failed: 12)
  Failed tests:  1-3, 8, 13, 18, 23, 28, 33, 38, 43, 48
  Non-zero exit status: 22
  Parse errors: No plan found in TAP output
t/simple_parallel_large.t   (Wstat: 5632 (exited 22) Tests: 42 Failed: 12)
  Failed tests:  1-3, 7, 11, 15, 19, 23, 27, 31, 35, 39
  Non-zero exit status: 22
  Parse errors: No plan found in TAP output
t/simple_parallel_superbig.t (Wstat: 5632 (exited 22) Tests: 42 Failed: 12)
  Failed tests:  1-3, 7, 11, 15, 19, 23, 27, 31, 35, 39
  Non-zero exit status: 22
  Parse errors: No plan found in TAP output
t/simple_superbig.t         (Wstat: 5632 (exited 22) Tests: 6 Failed: 3)
  Failed tests:  1-3
  Non-zero exit status: 22
  Parse errors: No plan found in TAP output
t/upgrade.t                 (Wstat: 5632 (exited 22) Tests: 5 Failed: 2)
  Failed tests:  4-5
  Non-zero exit status: 22
  Parse errors: No plan found in TAP output
Files=19, Tests=236,  7 wallclock secs ( 0.09 usr  0.05 sys +  3.69 cusr  0.74 csys =  4.57 CPU)
Result: FAIL

------------------------------
PREREQUISITES
------------------------------

Prerequisite modules loaded:

requires:

    Module                      Need     Have    
    --------------------------- -------- --------
    Exporter                    0        5.78    
    IO::Handle                  1.28     1.51    
    Net::SSLeay                 1.36     1.92    
    parent                      0        0.241   
    perl                        5.006    5.016003
    POE                         1.267    1.370   
    Scalar::Util                0        1.68    
    strict                      0        1.07    
    Symbol                      0        1.07    
    Task::Weaken                1.03     1.06    
    warnings                    0        1.13    

build_requires:

    Module                      Need     Have    
    --------------------------- -------- --------
    ExtUtils::MakeMaker         0        7.70    
    File::Spec                  0        3.75    
    File::Temp                  0        0.2311  
    IO::Handle                  1.28     1.51    
    IPC::Open3                  0        1.12    
    perl                        5.006    5.016003
    POE                         1.267    1.370   
    POE::Component::Client::TCP 0        1.370   
    POE::Component::Server::TCP 0        1.370   
    POE::Filter::Stream         0        1.370   
    Socket                      0        2.037   
    Test::FailWarnings          0        0.008   
    Test::More                  1.001002 1.302209

configure_requires:

    Module                      Need     Have    
    --------------------------- -------- --------
    ExtUtils::MakeMaker         0        7.70    
    Module::Build::Tiny         0.039    0.046   
    perl                        5.006    5.016003


------------------------------
ENVIRONMENT AND OTHER CONTEXT
------------------------------

Environment variables:

    AUTOMATED_TESTING = 1
    LANG = en_US.UTF-8
    LANGUAGE = en_US:en
    PATH = /home/sand/bin:/usr/local/bin:/usr/bin:/bin:/usr/games:/usr/local/perl/bin:/usr/X11/bin:/sbin:/usr/sbin
    PERL5LIB = 
    PERL5OPT = 
    PERL5_CPANPLUS_IS_RUNNING = 2193228
    PERL5_CPAN_IS_RUNNING = 2193228
    PERL_CANARY_STABILITY_NOPROMPT = 1
    PERL_MM_USE_DEFAULT = 1
    PERL_USE_UNSAFE_INC = 1
    SHELL = /usr/bin/zsh
    TERM = screen

Perl special variables (and OS-specific diagnostics, for MSWin32):

    $^X = /home/sand/src/perl/repoperls/installed-perls/host/k93msid/v5.16.3/bb7f/bin/perl
    $UID/$EUID = 1005 / 1005
    $GID = 1005 1005
    $EGID = 1005 1005

Perl module toolchain versions installed:

    Module              Have    
    ------------------- --------
    CPAN                2.37    
    CPAN::Meta          2.150010
    Cwd                 3.75    
    ExtUtils::CBuilder  0.280236
    ExtUtils::Command   7.70    
    ExtUtils::Install   2.06    
    ExtUtils::MakeMaker 7.70    
    ExtUtils::Manifest  1.70    
    ExtUtils::ParseXS   3.44    
    File::Spec          3.75    
    JSON                4.10    
    JSON::PP            4.16    
    Module::Build       0.4234  
    Module::Signature   0.88    
    Parse::CPAN::Meta   2.150010
    Test2               1.302209
    Test::Harness       3.47    
    Test::More          1.302209
    YAML                1.30    
    YAML::Syck          1.34    
    version             0.9929  


--

Summary of my perl5 (revision 5 version 16 subversion 3) configuration:
  Derived from: fd04d42d38f4751b981eb6e9213ee1ab8ef11ea6
  Platform:
    osname=linux, osvers=6.1.0-7-amd64, archname=x86_64-linux
    uname='linux k93msid 6.1.0-7-amd64 #1 smp preempt_dynamic debian 6.1.20-1 (2023-03-19) x86_64 gnulinux '
    config_args='-Dprefix=/home/sand/src/perl/repoperls/installed-perls/host/k93msid/v5.16.3/bb7f -Dmyhostname=k93msid -Dinstallusrbinperl=n -Uversiononly -Dusedevel -des -Ui_db -Dlibswanted=cl pthread socket inet nsl gdbm dbm malloc dl ld sun m crypt sec util c cposix posix ucb BSD gdbm_compat -Uuseithreads -Uuselongdouble -DEBUGGING=both'
    hint=recommended, useposix=true, d_sigaction=define
    useithreads=undef, usemultiplicity=undef
    useperlio=define, d_sfio=undef, uselargefiles=define, usesocks=undef
    use64bitint=define, use64bitall=define, uselongdouble=undef
    usemymalloc=n, bincompat5005=undef
  Compiler:
    cc='cc', ccflags ='-fwrapv -DDEBUGGING -fno-strict-aliasing -pipe -fstack-protector -I/usr/local/include -D_LARGEFILE_SOURCE -D_FILE_OFFSET_BITS=64',
    optimize='-O2 -g',
    cppflags='-fwrapv -DDEBUGGING -fno-strict-aliasing -pipe -fstack-protector -I/usr/local/include'
    ccversion='', gccversion='12.2.0', gccosandvers=''
    intsize=4, longsize=8, ptrsize=8, doublesize=8, byteorder=12345678
    d_longlong=define, longlongsize=8, d_longdbl=define, longdblsize=16
    ivtype='long', ivsize=8, nvtype='double', nvsize=8, Off_t='off_t', lseeksize=8
    alignbytes=8, prototype=define
  Linker and Libraries:
    ld='cc', ldflags =' -fstack-protector -L/usr/local/lib'
    libpth=/usr/local/lib /lib/x86_64-linux-gnu /lib/../lib /usr/lib/x86_64-linux-gnu /usr/lib/../lib /lib /usr/lib /lib64 /usr/lib64
    libs=-lpthread -lnsl -ldl -lm -lcrypt -lutil -lc
    perllibs=-lpthread -lnsl -ldl -lm -lcrypt -lutil -lc
    libc=/lib/x86_64-linux-gnu/libc.so.6, so=so, useshrplib=false, libperl=libperl.a
    gnulibc_version='2.36'
  Dynamic Linking:
    dlsrc=dl_dlopen.xs, dlext=so, d_dlsymun=undef, ccdlflags='-Wl,-E'
    cccdlflags='-fPIC', lddlflags='-shared -O2 -g -L/usr/local/lib -fstack-protector'


Characteristics of this binary (from libperl): 
  Compile-time options: DEBUGGING HAS_TIMES PERLIO_LAYERS
                        PERL_DONT_CREATE_GVSV PERL_MALLOC_WRAP
                        PERL_PRESERVE_IVUV PERL_USE_DEVEL USE_64_BIT_ALL
                        USE_64_BIT_INT USE_LARGE_FILES USE_LOCALE
                        USE_LOCALE_COLLATE USE_LOCALE_CTYPE
                        USE_LOCALE_NUMERIC USE_PERLIO USE_PERL_ATOF
  Locally applied patches:
	uncommitted-changes
  Built under linux
  Compiled at Jul  2 2023 21:32:53
  %ENV:
    PERL5LIB=""
    PERL5OPT=""
    PERL5_CPANPLUS_IS_RUNNING="2193228"
    PERL5_CPAN_IS_RUNNING="2193228"
    PERL_CANARY_STABILITY_NOPROMPT="1"
    PERL_MM_USE_DEFAULT="1"
    PERL_USE_UNSAFE_INC="1"
  @INC:
    /home/sand/src/perl/repoperls/installed-perls/host/k93msid/v5.16.3/bb7f/lib/site_perl/5.16.3/x86_64-linux
    /home/sand/src/perl/repoperls/installed-perls/host/k93msid/v5.16.3/bb7f/lib/site_perl/5.16.3
    /home/sand/src/perl/repoperls/installed-perls/host/k93msid/v5.16.3/bb7f/lib/5.16.3/x86_64-linux
    /home/sand/src/perl/repoperls/installed-perls/host/k93msid/v5.16.3/bb7f/lib/5.16.3
    .