Report for C-DynaLib-0.61

Back
From: metabase:user:320bfe00-2aae-11df-837a-5e0a49663a4f
Subject: FAIL C-DynaLib-0.61 v5.13.6 GNU/Linux
Date: 2010-12-21T18:04:32Z

This distribution has been tested as part of the CPAN Testers
project, supporting the Perl programming language.  See
http://wiki.cpantesters.org/ for more information or email
questions to cpan-testers-discuss@perl.org


--
Dear Reini Urban,

This is a computer-generated report for C-DynaLib-0.61
on perl 5.13.6, created by CPAN-Reporter-1.18_06.

Thank you for uploading your work to CPAN.  However, there was a problem
testing your distribution.

If you think this report is invalid, please consult the CPAN Testers Wiki
for suggestions on how to avoid getting FAIL reports for missing library
or binary dependencies, unsupported operating systems, and so on:

http://wiki.cpantesters.org/wiki/CPANAuthorNotes

Sections of this report:

    * Tester comments
    * Program output
    * Prerequisites
    * Environment and other context

------------------------------
TESTER COMMENTS
------------------------------

Additional comments from tester:

this report is from an automated smoke testing program
and was not reviewed by a human for accuracy

------------------------------
PROGRAM OUTPUT
------------------------------

Output from '/usr/bin/make test':

PERL_DL_NONLAZY=1 /home/src/perl/repoperls/installed-perls/perl/v5.13.6-606-g3cea328/bin/perl "-MExtUtils::Command::MM" "-e" "test_harness(0, 'blib/lib', 'blib/arch')" t/*.t
Class 'GCC::Node::call_expr' tried to inherit from itself

#   Failed test 'pow(2, 0.5) from -lm'
#   at t/01test.t line 55.
Illegal memory operation at t/01test.t line 10
	main::goof('SEGV') called	eval {...} called at (eval 29) line 3
	C::DynaLib::__ANON__ called at /home/sand/.cpan/build/C-DynaLib-0.61-XHJkX1/blib/lib/C/DynaLib.pm line 216
	C::DynaLib::__ANON__('oof rab zab') called at t/01test.t line 67
 at /home/sand/.cpan/build/C-DynaLib-0.61-XHJkX1/blib/lib/C/DynaLib.pm line 216
 at t/01test.t line 67
# Looks like you planned 11 tests but ran 2.
# Looks like you failed 1 test of 2 run.
# Looks like your test exited with 2 just after 2.
t/01test.t .......... 
Dubious, test returned 2 (wstat 512, 0x200)
Failed 10/11 subtests 
Class 'GCC::Node::call_expr' tried to inherit from itself
t/02struct.t ........ ok
t/03win32.t ......... skipped: This module does only work on Windows
Class 'GCC::Node::call_expr' tried to inherit from itself
t/04asmcall.t ....... skipped: This test only works with cdecl, have cdecl6
Class 'GCC::Node::call_expr' tried to inherit from itself
t/09distribution.t .. skipped: Only with Test::Distribution

Test Summary Report
-------------------
t/01test.t        (Wstat: 512 Tests: 2 Failed: 1)
  Failed test:  2
  Non-zero exit status: 2
  Parse errors: Bad plan.  You planned 11 tests but ran 2.
Files=5, Tests=7,  1 wallclock secs ( 0.03 usr  0.02 sys +  0.30 cusr  0.08 csys =  0.43 CPU)
Result: FAIL
Failed 1/5 test programs. 1/7 subtests failed.
make: *** [test_dynamic] Error 255

------------------------------
PREREQUISITES
------------------------------

Prerequisite modules loaded:

requires:

    Module               Need Have   
    -------------------- ---- -------
    Convert::Binary::C   0.7  0.74   
    GCC::TranslationUnit 1.00 1.00   
    Test                 0    1.25_02
    Test::More           0    0.97_01

build_requires:

    Module               Need Have   
    -------------------- ---- -------
    ExtUtils::MakeMaker  0    6.57_05

configure_requires:

    Module               Need Have   
    -------------------- ---- -------
    ExtUtils::MakeMaker  0    6.57_05


------------------------------
ENVIRONMENT AND OTHER CONTEXT
------------------------------

Environment variables:

    AUTOMATED_TESTING = 1
    LANG = en_US.UTF-8
    PATH = /home/sand/bin:/usr/local/bin:/usr/bin:/bin:/usr/bin/X11:/usr/games:/usr/local/perl/bin:/usr/X11/bin:/sbin:/usr/sbin
    PERL5LIB = 
    PERL5OPT = 
    PERL5_CPANPLUS_IS_RUNNING = 6677
    PERL5_CPAN_IS_RUNNING = 6677
    PERL_MM_USE_DEFAULT = 1
    SHELL = /usr/bin/zsh
    TERM = screen

Perl special variables (and OS-specific diagnostics, for MSWin32):

    $^X = /home/src/perl/repoperls/installed-perls/perl/v5.13.6-606-g3cea328/bin/perl
    $UID/$EUID = 1001 / 1001
    $GID = 1001 1001
    $EGID = 1001 1001

Perl module toolchain versions installed:

    Module              Have   
    ------------------- -------
    CPAN                1.94_62
    Cwd                 3.34   
    ExtUtils::CBuilder  0.2802 
    ExtUtils::Command   1.16   
    ExtUtils::Install   1.55   
    ExtUtils::MakeMaker 6.57_05
    ExtUtils::Manifest  1.58   
    ExtUtils::ParseXS   2.2207 
    File::Spec          3.33   
    Module::Build       0.36_20
    Module::Signature   0.66   
    Test::Harness       3.22   
    Test::More          0.97_01
    YAML                0.72   
    YAML::Syck          1.17   
    version             0.88   


--

Summary of my perl5 (revision 5 version 13 subversion 6) configuration:
  Commit id: 3cea328dca910314153e2363d0d2b6f6c979a0c4
  Platform:
    osname=linux, osvers=2.6.32-5-amd64, archname=x86_64-linux-thread-multi
    uname='linux k81 2.6.32-5-amd64 #1 smp sat oct 30 14:18:21 utc 2010 x86_64 gnulinux '
    config_args='-Dprefix=/home/src/perl/repoperls/installed-perls/perl/v5.13.6-606-g3cea328 -Dinstallusrbinperl=n -Uversiononly -Dusedevel -des -Ui_db -Duseithreads -Uuselongdouble'
    hint=recommended, useposix=true, d_sigaction=define
    useithreads=define, usemultiplicity=define
    useperlio=define, d_sfio=undef, uselargefiles=define, usesocks=undef
    use64bitint=define, use64bitall=define, uselongdouble=undef
    usemymalloc=n, bincompat5005=undef
  Compiler:
    cc='cc', ccflags ='-D_REENTRANT -D_GNU_SOURCE -fno-strict-aliasing -pipe -fstack-protector -I/usr/local/include -D_LARGEFILE_SOURCE -D_FILE_OFFSET_BITS=64',
    optimize='-O2',
    cppflags='-D_REENTRANT -D_GNU_SOURCE -fno-strict-aliasing -pipe -fstack-protector -I/usr/local/include'
    ccversion='', gccversion='4.4.5', gccosandvers=''
    intsize=4, longsize=8, ptrsize=8, doublesize=8, byteorder=12345678
    d_longlong=define, longlongsize=8, d_longdbl=define, longdblsize=16
    ivtype='long', ivsize=8, nvtype='double', nvsize=8, Off_t='off_t', lseeksize=8
    alignbytes=8, prototype=define
  Linker and Libraries:
    ld='cc', ldflags =' -fstack-protector -L/usr/local/lib'
    libpth=/usr/local/lib /lib /usr/lib /lib64 /usr/lib64
    libs=-lnsl -lgdbm -ldb -ldl -lm -lcrypt -lutil -lpthread -lc -lgdbm_compat
    perllibs=-lnsl -ldl -lm -lcrypt -lutil -lpthread -lc
    libc=/lib/libc-2.11.2.so, so=so, useshrplib=false, libperl=libperl.a
    gnulibc_version='2.11.2'
  Dynamic Linking:
    dlsrc=dl_dlopen.xs, dlext=so, d_dlsymun=undef, ccdlflags='-Wl,-E'
    cccdlflags='-fPIC', lddlflags='-shared -O2 -L/usr/local/lib -fstack-protector'


Characteristics of this binary (from libperl): 
  Compile-time options: MULTIPLICITY PERL_DONT_CREATE_GVSV
                        PERL_IMPLICIT_CONTEXT PERL_MALLOC_WRAP PERL_USE_DEVEL
                        USE_64_BIT_ALL USE_64_BIT_INT USE_ITHREADS
                        USE_LARGE_FILES USE_PERLIO USE_PERL_ATOF
                        USE_REENTRANT_API
  Built under linux
  Compiled at Nov 20 2010 09:46:16
  %ENV:
    PERL5LIB=""
    PERL5OPT=""
    PERL5_CPANPLUS_IS_RUNNING="6677"
    PERL5_CPAN_IS_RUNNING="6677"
    PERL_MM_USE_DEFAULT="1"
  @INC:
    /home/src/perl/repoperls/installed-perls/perl/v5.13.6-606-g3cea328/lib/site_perl/5.13.6/x86_64-linux-thread-multi
    /home/src/perl/repoperls/installed-perls/perl/v5.13.6-606-g3cea328/lib/site_perl/5.13.6
    /home/src/perl/repoperls/installed-perls/perl/v5.13.6-606-g3cea328/lib/5.13.6/x86_64-linux-thread-multi
    /home/src/perl/repoperls/installed-perls/perl/v5.13.6-606-g3cea328/lib/5.13.6
    .