Report for Sendmail-Queue-0.400

Back
From: metabase:user:e7b34f46-36ca-11e0-a826-945c7ca43f85
Subject: FAIL Sendmail-Queue-0.400 v5.12.2 Dragonfly BSD
Date: 2011-07-30T21:49:12Z

This distribution has been tested as part of the CPAN Testers
project, supporting the Perl programming language.  See
http://wiki.cpantesters.org/ for more information or email
questions to cpan-testers-discuss@perl.org


--
Dear David O'Neill,

This is a computer-generated report for Sendmail-Queue-0.400
on perl 5.12.2, created by CPAN-Reporter-1.1902.

Thank you for uploading your work to CPAN.  However, there was a problem
testing your distribution.

If you think this report is invalid, please consult the CPAN Testers Wiki
for suggestions on how to avoid getting FAIL reports for missing library
or binary dependencies, unsupported operating systems, and so on:

http://wiki.cpantesters.org/wiki/CPANAuthorNotes

Sections of this report:

    * Tester comments
    * Program output
    * Prerequisites
    * Environment and other context

------------------------------
TESTER COMMENTS
------------------------------

Additional comments from tester:

this report is from an automated smoke testing program
and was not reviewed by a human for accuracy

------------------------------
PROGRAM OUTPUT
------------------------------

Output from '/usr/bin/make test':

PERL_DL_NONLAZY=1 /usr/pkg/bin/perl "-MExtUtils::Command::MM" "-e" "test_harness(0, 'inc', 'blib/lib', 'blib/arch')" t/*.t
# Testing Sendmail::Queue 0.400, Perl 5.012002, /usr/pkg/bin/perl
t/00-load.t ............ ok
t/pod-coverage.t ....... ok
t/pod.t ................ ok
t/sendmail-queue-df.t .. ok

#   Failed test 'Got expected Received header'
#   at t/sendmail-queue-qf.t line 240.
#   (in test_queue_df->clone_qf_file)
#                   'Received: from loser (broken.dynamic.server.example.com [999.888.777.666])
# 	by mail.roaringpenguin.com (envelope-sender <dmo@dmo.ca>) (Sendmail::Queue) with ESMTP id lAE0Qe00080293
# 	for <dmo@roaringpenguin.com>; Wed, 14 Nov 2007 00:26:40 +0000'
#     doesn't match '(?-xism:^Received: from loser \(broken\.dynamic\.server\.example\.com\ \[999\.888\.777\.666\]\)\
# \	by\ mail\.roaringpenguin\.com\ \(envelope\-sender\ \<dmo\@dmo.ca>\)\ \(Sendmail\:\:Queue\) with ESMTP id lAE0Qe..\d{6}\n\tfor <dmo\@roaringpenguin\.com>; Tue, 13 Nov 2007 19:26:40 -0500$)'

#   Failed test 'Got expected Received header'
#   at t/sendmail-queue-qf.t line 196.
#   (in test_queue_df->generate_received)
#                   'Received: (from cpan@localhost)
# 	by localhost (Sendmail::Queue) id lAE0Qe00080293; Wed, 14 Nov 2007 00:26:40 +0000'
#     doesn't match '(?-xism:^Received: \(from cpan\@localhost\)\n\tby localhost \(Sendmail::Queue\) id lAE0Qe..\d{6}; Tue, 13 Nov 2007 19:26:40 -0500$)'

#   Failed test 'Got expected Received header'
#   at t/sendmail-queue-qf.t line 214.
#   (in test_queue_df->generate_received)
#                   'Received: from loser (broken.dynamic.server.example.com [999.888.777.666])
# 	by mail.roaringpenguin.com (envelope-sender <dmo@dmo.ca>) (Sendmail::Queue) with ESMTP id lAE0Qe00080293
# 	for <dmo@roaringpenguin.com>; Wed, 14 Nov 2007 00:26:40 +0000'
#     doesn't match '(?-xism:^Received: from loser \(broken\.dynamic\.server\.example\.com\ \[999\.888\.777\.666\]\)\
# \	by\ mail\.roaringpenguin\.com\ \(envelope\-sender\ \<dmo\@dmo.ca>\)\ \(Sendmail\:\:Queue\) with ESMTP id lAE0Qe..\d{6}\n\tfor <dmo\@roaringpenguin\.com>; Tue, 13 Nov 2007 19:26:40 -0500$)'
# 3 tests of 46 failed.
t/sendmail-queue-qf.t .. 
Dubious, test returned 3 (wstat 768, 0x300)
Failed 3/46 subtests 

#   Failed test 'Wrote expected qf data'
#   at t/sendmail-queue.t line 116.
#   (in test_queue->queue_message)
#                   'V6
# T1234567890
# K0
# N0
# P30000
# F
# ${daemon_flags}
# $rESMTP
# S<dmo@dmo.ca>
# rRFC822; dmo@roaringpenguin.com
# RPFD:dmo@roaringpenguin.com
# rRFC822; dfs@roaringpenguin.com
# RPFD:dfs@roaringpenguin.com
# H??Received: (from cpan@localhost)
# 	by localhost (envelope-sender <dmo@dmo.ca>) (Sendmail::Queue) with ESMTP id n1DNVU98080294; Fri, 13 Feb 2009 23:31:30 +0000
# H??From: foobar
# H??To: someone
# H??Date: Wed, 07 Nov 2007 14:54:33 -0500
# .
# '
#     doesn't match '(?-xism:^V6
# T1234567890
# K0
# N0
# P30000
# F
# \${daemon_flags}
# \$rESMTP
# S<dmo\@dmo.ca>
# rRFC822; dmo\@roaringpenguin.com
# RPFD:dmo\@roaringpenguin.com
# rRFC822; dfs\@roaringpenguin.com
# RPFD:dfs\@roaringpenguin.com
# H\?\?Received: \(from cpan\@localhost\)
# 	by localhost \(envelope-sender <dmo\@dmo\.ca>\) \(Sendmail::Queue\) with ESMTP id n1DNVU..\d{6}; Fri, 13 Feb 2009 18:31:30 -0500
# H\?\?From: foobar
# H\?\?To: someone
# H\?\?Date: Wed, 07 Nov 2007 14:54:33 -0500
# .
# $)'

#   Failed test 'Wrote expected qf data'
#   at t/sendmail-queue.t line 398.
#   (in test_queue->queue_message_8bit)
#                   'V6
# T1234567890
# K0
# N0
# P30000
# F8
# ${daemon_flags}
# $rESMTP
# S<dmo@dmo.ca>
# rRFC822; dmo@roaringpenguin.com
# RPFD:dmo@roaringpenguin.com
# rRFC822; dfs@roaringpenguin.com
# RPFD:dfs@roaringpenguin.com
# H??Received: (from cpan@localhost)
# 	by localhost (envelope-sender <dmo@dmo.ca>) (Sendmail::Queue) with ESMTP id n1DNVUFF080294; Fri, 13 Feb 2009 23:31:30 +0000
# H??From: foobar
# H??To: someone
# H??Date: Wed, 07 Nov 2007 14:54:33 -0500
# .
# '
#     doesn't match '(?-xism:^V6
# T1234567890
# K0
# N0
# P30000
# F8
# \${daemon_flags}
# \$rESMTP
# S<dmo\@dmo.ca>
# rRFC822; dmo\@roaringpenguin.com
# RPFD:dmo\@roaringpenguin.com
# rRFC822; dfs\@roaringpenguin.com
# RPFD:dfs\@roaringpenguin.com
# H\?\?Received: \(from cpan\@localhost\)
# 	by localhost \(envelope-sender <dmo\@dmo\.ca>\) \(Sendmail::Queue\) with ESMTP id n1DNVU..\d{6}; Fri, 13 Feb 2009 18:31:30 -0500
# H\?\?From: foobar
# H\?\?To: someone
# H\?\?Date: Wed, 07 Nov 2007 14:54:33 -0500
# .
# $)'

#   Failed test 'Wrote expected qf data'
#   at t/sendmail-queue.t line 219.
#   (in test_queue->queue_multiple_success)
#                   'V6
# T1234567890
# K0
# N0
# P30000
# F
# ${daemon_flags}
# $rESMTP
# S<dmo@dmo.ca>
# rRFC822; dmo@roaringpenguin.com
# RPFD:dmo@roaringpenguin.com
# rRFC822; dfs@roaringpenguin.com
# RPFD:dfs@roaringpenguin.com
# H??Received: (from cpan@localhost)
# 	by localhost (envelope-sender <dmo@dmo.ca>) (Sendmail::Queue) with ESMTP id n1DNVU5Z080294; Fri, 13 Feb 2009 23:31:30 +0000
# H??From: foobar
# H??To: someone
# H??Date: Wed, 07 Nov 2007 14:54:33 -0500
# .
# '
#     doesn't match '(?-xism:^V6
# T1234567890
# K0
# N0
# P30000
# F
# \${daemon_flags}
# \$rESMTP
# S<dmo\@dmo.ca>
# rRFC822; dmo\@roaringpenguin.com
# RPFD:dmo\@roaringpenguin.com
# rRFC822; dfs\@roaringpenguin.com
# RPFD:dfs\@roaringpenguin.com
# H\?\?Received: \(from cpan\@localhost\)
# 	by localhost \(envelope-sender <dmo\@dmo\.ca>\) \(Sendmail::Queue\) with ESMTP id n1DNVU..\d{6}; Fri, 13 Feb 2009 18:31:30 -0500
# H\?\?From: foobar
# H\?\?To: someone
# H\?\?Date: Wed, 07 Nov 2007 14:54:33 -0500
# .
# $)'

#   Failed test 'Wrote expected qf data'
#   at t/sendmail-queue.t line 220.
#   (in test_queue->queue_multiple_success)
#                   'V6
# T1234567890
# K0
# N0
# P30000
# F
# ${daemon_flags}
# $rESMTP
# S<dmo@dmo.ca>
# rRFC822; foo@roaringpenguin.com
# RPFD:foo@roaringpenguin.com
# rRFC822; bar@roaringpenguin.com
# RPFD:bar@roaringpenguin.com
# H??Received: (from cpan@localhost)
# 	by localhost (envelope-sender <dmo@dmo.ca>) (Sendmail::Queue) with ESMTP id n1DNVUwu080294; Fri, 13 Feb 2009 23:31:30 +0000
# H??From: foobar
# H??To: someone
# H??Date: Wed, 07 Nov 2007 14:54:33 -0500
# .
# '
#     doesn't match '(?-xism:^V6
# T1234567890
# K0
# N0
# P30000
# F
# \${daemon_flags}
# \$rESMTP
# S<dmo\@dmo.ca>
# rRFC822; foo\@roaringpenguin.com
# RPFD:foo\@roaringpenguin.com
# rRFC822; bar\@roaringpenguin.com
# RPFD:bar\@roaringpenguin.com
# H\?\?Received: \(from cpan\@localhost\)
# 	by localhost \(envelope-sender <dmo\@dmo\.ca>\) \(Sendmail::Queue\) with ESMTP id n1DNVU..\d{6}; Fri, 13 Feb 2009 18:31:30 -0500
# H\?\?From: foobar
# H\?\?To: someone
# H\?\?Date: Wed, 07 Nov 2007 14:54:33 -0500
# .
# $)'
# 4 tests of 36 failed.
t/sendmail-queue.t ..... 
Dubious, test returned 4 (wstat 1024, 0x400)
Failed 4/36 subtests 

Test Summary Report
-------------------
t/sendmail-queue-qf.t (Wstat: 768 Tests: 46 Failed: 3)
  Failed tests:  2, 17-18
  Non-zero exit status: 3
t/sendmail-queue.t   (Wstat: 1024 Tests: 36 Failed: 4)
  Failed tests:  1, 5, 22-23
  Non-zero exit status: 4
Files=6, Tests=104,  2 wallclock secs ( 0.12 usr  0.07 sys +  1.13 cusr  0.45 csys =  1.77 CPU)
Result: FAIL
Failed 2/6 test programs. 7/104 subtests failed.
*** Error code 4

Stop in /home/cpan/.cpan/build/Sendmail-Queue-0.400-EOK_8A.

------------------------------
PREREQUISITES
------------------------------

Prerequisite modules loaded:

requires:

    Module                  Need  Have    
    ----------------------- ----- --------
    File::Spec              0     3.33    
    IO::File                0     1.14    
    Mail::Header::Generator 0     0.301   
    perl                    5.008 5.012002
    Scalar::Util            0     1.23    
    Storable                0     2.30    
    Time::Local             0     1.2000  

build_requires:

    Module                  Need  Have    
    ----------------------- ----- --------
    ExtUtils::MakeMaker     6.42  6.58    
    Test::Class             0     0.36    
    Test::Most              0     0.24    

configure_requires:

    Module                  Need  Have    
    ----------------------- ----- --------
    ExtUtils::MakeMaker     6.42  6.58    


------------------------------
ENVIRONMENT AND OTHER CONTEXT
------------------------------

Environment variables:

    AUTOMATED_TESTING = 1
    PATH = /home/cpan/perl5/bin:/sbin:/bin:/usr/sbin:/usr/bin:/usr/games:/usr/pkg/sbin:/usr/pkg/bin:/usr/pkg/xorg/bin:/usr/local/sbin:/usr/local/bin:/home/cpan/bin
    PERL5LIB = /home/cpan/perl5/lib/perl5/i386-dragonfly-thread-multi:/home/cpan/perl5/lib/perl5
    PERL5OPT = 
    PERL5_CPANPLUS_IS_RUNNING = 80159
    PERL5_CPAN_IS_RUNNING = 80159
    PERL5_CPAN_IS_RUNNING_IN_RECURSION = 72069,80159
    PERL_CR_SMOKER_CURRENT = Sendmail-Queue-0.400
    PERL_EXTUTILS_AUTOINSTALL = --defaultdeps
    PERL_LOCAL_LIB_ROOT = /home/cpan/perl5
    PERL_MB_OPT = --install_base /home/cpan/perl5
    PERL_MM_OPT = INSTALL_BASE=/home/cpan/perl5
    PERL_MM_USE_DEFAULT = 1
    SHELL = /usr/pkg/bin/bash
    TERM = cons25

Perl special variables (and OS-specific diagnostics, for MSWin32):

    $^X = /usr/pkg/bin/perl
    $UID/$EUID = 1001 / 1001
    $GID = 1002 1002
    $EGID = 1002 1002

Perl module toolchain versions installed:

    Module              Have    
    ------------------- --------
    CPAN                1.9600  
    Cwd                 3.33    
    ExtUtils::CBuilder  0.280202
    ExtUtils::Command   1.17    
    ExtUtils::Install   1.55    
    ExtUtils::MakeMaker 6.58    
    ExtUtils::Manifest  1.58    
    ExtUtils::ParseXS   3.00_05 
    File::Spec          3.33    
    Module::Build       0.39_01 
    Module::Signature   0.68    
    Test::Harness       3.23    
    Test::More          2.00_07 
    YAML                0.73    
    YAML::Syck          1.17    
    version             0.93    


--

Summary of my perl5 (revision 5 version 12 subversion 2) configuration:
   
  Platform:
    osname=dragonfly, osvers=2.10-release, archname=i386-dragonfly-thread-multi
    uname='dragonfly pkgbox32.dragonflybsd.org 2.10-release dragonfly v2.10.1.1.gf7ba0-release #1: mon apr 25 19:14:15 utc 2011 root@pkgbox32.dragonflybsd.org:usrobjusrsrcsyspkgbox32 i386 '
    config_args='-sde -D ccflags=-O2  -pthread  -I/usr/include -D ldflags=  -L/usr/lib -Wl,-R/usr/lib -Wl,-R/usr/pkg/lib -Duseshrplib -Duseithreads -Uusemymalloc'
    hint=recommended, useposix=true, d_sigaction=define
    useithreads=define, usemultiplicity=define
    useperlio=define, d_sfio=undef, uselargefiles=define, usesocks=undef
    use64bitint=undef, use64bitall=undef, uselongdouble=undef
    usemymalloc=n, bincompat5005=undef
  Compiler:
    cc='cc', ccflags ='-O2 -pthread -I/usr/include -DHAS_FPSETMASK -DHAS_FLOATINGPOINT_H -fno-strict-aliasing -pipe -fstack-protector -I/usr/local/include',
    optimize='-O2  -pthread  -I/usr/include',
    cppflags='-O2 -pthread -I/usr/include -DHAS_FPSETMASK -DHAS_FLOATINGPOINT_H -fno-strict-aliasing -pipe -fstack-protector -I/usr/local/include'
    ccversion='', gccversion='4.4.5', gccosandvers=''
    intsize=4, longsize=4, ptrsize=4, doublesize=8, byteorder=1234
    d_longlong=define, longlongsize=8, d_longdbl=define, longdblsize=12
    ivtype='long', ivsize=4, nvtype='double', nvsize=8, Off_t='off_t', lseeksize=8
    alignbytes=4, prototype=define
  Linker and Libraries:
    ld='cc', ldflags ='-Wl,-R/usr/pkg/lib -pthread -Wl,-E -fstack-protector'
    libpth=/usr/lib /usr/local/lib
    libs=-lm -lcrypt -lpthread -lrt
    perllibs=-lm -lcrypt -lpthread -lrt
    libc=, so=so, useshrplib=true, libperl=libperl.so
    gnulibc_version=''
  Dynamic Linking:
    dlsrc=dl_dlopen.xs, dlext=so, d_dlsymun=undef, ccdlflags='  -Wl,-R/usr/pkg/lib/perl5/5.12.0/i386-dragonfly-thread-multi/CORE'
    cccdlflags='-DPIC -fPIC', lddlflags='-Wl,-R/usr/pkg/lib -shared  -L/usr/local/lib -fstack-protector'


Characteristics of this binary (from libperl): 
  Compile-time options: MULTIPLICITY PERL_DONT_CREATE_GVSV
                        PERL_IMPLICIT_CONTEXT PERL_MALLOC_WRAP USE_ITHREADS
                        USE_LARGE_FILES USE_PERLIO USE_PERL_ATOF
                        USE_REENTRANT_API
  Built under dragonfly
  Compiled at Apr 26 2011 01:55:02
  %ENV:
    PERL5LIB="/home/cpan/perl5/lib/perl5/i386-dragonfly-thread-multi:/home/cpan/perl5/lib/perl5"
    PERL5OPT=""
    PERL5_CPANPLUS_IS_RUNNING="80159"
    PERL5_CPAN_IS_RUNNING="80159"
    PERL5_CPAN_IS_RUNNING_IN_RECURSION="72069,80159"
    PERL_CR_SMOKER_CURRENT="Sendmail-Queue-0.400"
    PERL_EXTUTILS_AUTOINSTALL="--defaultdeps"
    PERL_LOCAL_LIB_ROOT="/home/cpan/perl5"
    PERL_MB_OPT="--install_base /home/cpan/perl5"
    PERL_MM_OPT="INSTALL_BASE=/home/cpan/perl5"
    PERL_MM_USE_DEFAULT="1"
  @INC:
    /home/cpan/perl5/lib/perl5/i386-dragonfly-thread-multi
    /home/cpan/perl5/lib/perl5/i386-dragonfly-thread-multi
    /home/cpan/perl5/lib/perl5
    /usr/pkg/lib/perl5/site_perl/5.12.0/i386-dragonfly-thread-multi
    /usr/pkg/lib/perl5/site_perl/5.12.0
    /usr/pkg/lib/perl5/vendor_perl/5.12.0/i386-dragonfly-thread-multi
    /usr/pkg/lib/perl5/vendor_perl/5.12.0
    /usr/pkg/lib/perl5/5.12.0/i386-dragonfly-thread-multi
    /usr/pkg/lib/perl5/5.12.0
    .