Report for HTML-FormHandlerX-Field-JavaScript-0.004

Back
From: metabase:user:30ae4450-2aae-11df-837a-5e0a49663a4f
Subject: FAIL HTML-FormHandlerX-Field-JavaScript-0.004 v5.16.2 GNU/Linux
Date: 2015-01-05T14:11:37Z

This distribution has been tested as part of the CPAN Testers
project, supporting the Perl programming language.  See
http://wiki.cpantesters.org/ for more information or email
questions to cpan-testers-discuss@perl.org


--
Dear Charlie Garrison,

This is a computer-generated report for HTML-FormHandlerX-Field-JavaScript-0.004
on perl 5.16.2, created by CPAN-Reporter-1.2010.

Thank you for uploading your work to CPAN.  However, there was a problem
testing your distribution.

If you think this report is invalid, please consult the CPAN Testers Wiki
for suggestions on how to avoid getting FAIL reports for missing library
or binary dependencies, unsupported operating systems, and so on:

http://wiki.cpantesters.org/wiki/CPANAuthorNotes

Sections of this report:

    * Tester comments
    * Program output
    * Prerequisites
    * Environment and other context

------------------------------
TESTER COMMENTS
------------------------------

Additional comments from tester:

this report is from an automated smoke testing program
and was not reviewed by a human for accuracy

------------------------------
PROGRAM OUTPUT
------------------------------

Output from '/usr/bin/make test':

PERL_DL_NONLAZY=1 "/home/c/perl5/perlbrew/perls/5.16.2i/bin/perl" "-MExtUtils::Command::MM" "-MTest::Harness" "-e" "undef *Test::Harness::Switches; test_harness(0, 'blib/lib', 'blib/arch')" t/*.t

#   Failed test 'use Test::JavaScript;'
#   at t/javascript.t line 53.
#     Tried to use 'Test::JavaScript'.
#     Error:  Can't locate Test/JavaScript.pm in @INC (@INC contains: /home/c/.cpan/build/HTML-FormHandlerX-Field-JavaScript-0.004-drfoHo/blib/lib /home/c/.cpan/build/HTML-FormHandlerX-Field-JavaScript-0.004-drfoHo/blib/arch /home/c/.cpan/build/JSON-MaybeXS-1.003003-cAYD3n/blib/arch /home/c/.cpan/build/JSON-MaybeXS-1.003003-cAYD3n/blib/lib /home/c/.cpan/build/JSON-MaybeXS-1.003003-cAYD3n/blib/arch /home/c/.cpan/build/JSON-MaybeXS-1.003003-cAYD3n/blib/lib /home/c/perl5/perlbrew/perls/5.16.2i/lib/site_perl/5.16.2/i686-linux-thread-multi /home/c/perl5/perlbrew/perls/5.16.2i/lib/site_perl/5.16.2 /home/c/perl5/perlbrew/perls/5.16.2i/lib/5.16.2/i686-linux-thread-multi /home/c/perl5/perlbrew/perls/5.16.2i/lib/5.16.2 .) at (eval 771) line 2.
# BEGIN failed--compilation aborted at (eval 771) line 2.
# Looks like you failed 1 test of 8.
t/javascript.t .. 
Dubious, test returned 1 (wstat 256, 0x100)
Failed 1/8 subtests 
Can't locate object method "meta" via package "Exporter" at /home/c/perl5/perlbrew/perls/5.16.2i/lib/site_perl/5.16.2/HTML/FormHandler/BuildFields.pm line 75.
# Tests were run but no plan was declared and done_testing() was not seen.
t/json.t ........ 
Dubious, test returned 255 (wstat 65280, 0xff00)
All 1 subtests passed 
t/load.t ........ ok

Test Summary Report
-------------------
t/javascript.t (Wstat: 256 Tests: 8 Failed: 1)
  Failed test:  1
  Non-zero exit status: 1
t/json.t      (Wstat: 65280 Tests: 1 Failed: 0)
  Non-zero exit status: 255
  Parse errors: No plan found in TAP output
Files=3, Tests=12,  4 wallclock secs ( 0.00 usr  0.05 sys +  2.94 cusr  0.38 csys =  3.37 CPU)
Result: FAIL
Failed 2/3 test programs. 1/12 subtests failed.
make: *** [test_dynamic] Ошибка 255

------------------------------
PREREQUISITES
------------------------------

Prerequisite modules loaded:

requires:

    Module                            Need  Have    
    --------------------------------- ----- --------
    HTML::FormHandler::Field::NoValue 0     0       
    JavaScript::Minifier::XS          0     0.09    
    JSON::MaybeXS                     0     1.003003
    Moose                             0     2.0802  
    namespace::autoclean              0     0.13    
    perl                              5.010 5.016002

build_requires:

    Module                            Need  Have    
    --------------------------------- ----- --------
    ExtUtils::MakeMaker               0     7.04    
    HTML::FormHandler                 0     0.40025 
    HTML::FormHandler::Moose          0     0       
    strict                            0     1.07    
    Test::More                        0     0.98    
    utf8                              0     1.09    
    warnings                          0     1.13    

configure_requires:

    Module                            Need  Have    
    --------------------------------- ----- --------
    ExtUtils::MakeMaker               0     7.04    


------------------------------
ENVIRONMENT AND OTHER CONTEXT
------------------------------

Environment variables:

    AUTOMATED_TESTING = 1
    LANG = ru_RU.utf8
    PATH = /home/c/perl5/perlbrew/bin:/home/c/perl5/perlbrew/perls/5.16.2i/bin:/usr/local/bin:/usr/bin:/bin:/usr/local/games:/usr/games
    PERL5LIB = /home/c/.cpan/build/JSON-MaybeXS-1.003003-cAYD3n/blib/arch:/home/c/.cpan/build/JSON-MaybeXS-1.003003-cAYD3n/blib/lib
    PERL5OPT = 
    PERL5_CPANPLUS_IS_RUNNING = 9055
    PERL5_CPAN_IS_RUNNING = 9055
    PERL5_CPAN_IS_RUNNING_IN_RECURSION = 4792,9055
    PERLBREW_MANPATH = /home/c/perl5/perlbrew/perls/5.16.2i/man
    PERLBREW_PATH = /home/c/perl5/perlbrew/bin:/home/c/perl5/perlbrew/perls/5.16.2i/bin
    PERLBREW_PERL = 5.16.2i
    PERLBREW_ROOT = /home/c/perl5/perlbrew
    PERLBREW_SKIP_INIT = 1
    PERLBREW_VERSION = 0.58
    PERL_CR_SMOKER_CURRENT = HTML-FormHandlerX-Field-JavaScript-0.004
    PERL_EXTUTILS_AUTOINSTALL = --defaultdeps
    PERL_MM_USE_DEFAULT = 1
    SHELL = /bin/bash
    TERM = xterm

Perl special variables (and OS-specific diagnostics, for MSWin32):

    $^X = /home/c/perl5/perlbrew/perls/5.16.2i/bin/perl
    $UID/$EUID = 1000 / 1000
    $GID = 1000 24 25 27 29 30 44 46 108 109 115 1000 1001
    $EGID = 1000 24 25 27 29 30 44 46 108 109 115 1000 1001

Perl module toolchain versions installed:

    Module              Have    
    ------------------- --------
    CPAN                2.00    
    CPAN::Meta          2.120921
    Cwd                 3.40    
    ExtUtils::CBuilder  0.280206
    ExtUtils::Command   1.17    
    ExtUtils::Install   1.58    
    ExtUtils::MakeMaker 7.04    
    ExtUtils::Manifest  1.65    
    ExtUtils::ParseXS   3.16    
    File::Spec          3.40    
    JSON                2.53    
    JSON::PP            2.27203 
    Module::Build       0.4005  
    Module::Signature   0.70    
    Parse::CPAN::Meta   1.4404  
    Test::Harness       3.30    
    Test::More          0.98    
    YAML                0.84    
    YAML::Syck          1.22    
    version             0.9901  


--

Summary of my perl5 (revision 5 version 16 subversion 2) configuration:
   
  Platform:
    osname=linux, osvers=2.6.32-5-686, archname=i686-linux-thread-multi
    uname='linux deb1 2.6.32-5-686 #1 smp sun sep 23 09:49:36 utc 2012 i686 gnulinux '
    config_args='-de -Dprefix=/home/c/perl5/perlbrew/perls/5.16.2i -Dusethreads -Aeval:scriptdir=/home/c/perl5/perlbrew/perls/5.16.2i/bin'
    hint=recommended, useposix=true, d_sigaction=define
    useithreads=define, usemultiplicity=define
    useperlio=define, d_sfio=undef, uselargefiles=define, usesocks=undef
    use64bitint=undef, use64bitall=undef, uselongdouble=undef
    usemymalloc=n, bincompat5005=undef
  Compiler:
    cc='cc', ccflags ='-D_REENTRANT -D_GNU_SOURCE -fno-strict-aliasing -pipe -fstack-protector -I/usr/local/include -D_LARGEFILE_SOURCE -D_FILE_OFFSET_BITS=64',
    optimize='-O2',
    cppflags='-D_REENTRANT -D_GNU_SOURCE -fno-strict-aliasing -pipe -fstack-protector -I/usr/local/include'
    ccversion='', gccversion='4.4.5', gccosandvers=''
    intsize=4, longsize=4, ptrsize=4, doublesize=8, byteorder=1234
    d_longlong=define, longlongsize=8, d_longdbl=define, longdblsize=12
    ivtype='long', ivsize=4, nvtype='double', nvsize=8, Off_t='off_t', lseeksize=8
    alignbytes=4, prototype=define
  Linker and Libraries:
    ld='cc', ldflags =' -fstack-protector -L/usr/local/lib'
    libpth=/usr/local/lib /lib/../lib /usr/lib/../lib /lib /usr/lib /usr/lib/i486-linux-gnu /usr/lib64
    libs=-lnsl -lgdbm -ldb -ldl -lm -lcrypt -lutil -lpthread -lc -lgdbm_compat
    perllibs=-lnsl -ldl -lm -lcrypt -lutil -lpthread -lc
    libc=/lib/libc-2.11.3.so, so=so, useshrplib=false, libperl=libperl.a
    gnulibc_version='2.11.3'
  Dynamic Linking:
    dlsrc=dl_dlopen.xs, dlext=so, d_dlsymun=undef, ccdlflags='-Wl,-E'
    cccdlflags='-fPIC', lddlflags='-shared -O2 -L/usr/local/lib -fstack-protector'


Characteristics of this binary (from libperl): 
  Compile-time options: HAS_TIMES MULTIPLICITY PERLIO_LAYERS
                        PERL_DONT_CREATE_GVSV PERL_IMPLICIT_CONTEXT
                        PERL_MALLOC_WRAP PERL_PRESERVE_IVUV USE_ITHREADS
                        USE_LARGE_FILES USE_LOCALE USE_LOCALE_COLLATE
                        USE_LOCALE_CTYPE USE_LOCALE_NUMERIC USE_PERLIO
                        USE_PERL_ATOF USE_REENTRANT_API
  Built under linux
  Compiled at Jan 26 2013 16:12:36
  %ENV:
    PERL5LIB="/home/c/.cpan/build/JSON-MaybeXS-1.003003-cAYD3n/blib/arch:/home/c/.cpan/build/JSON-MaybeXS-1.003003-cAYD3n/blib/lib"
    PERL5OPT=""
    PERL5_CPANPLUS_IS_RUNNING="9055"
    PERL5_CPAN_IS_RUNNING="9055"
    PERL5_CPAN_IS_RUNNING_IN_RECURSION="4792,9055"
    PERLBREW_MANPATH="/home/c/perl5/perlbrew/perls/5.16.2i/man"
    PERLBREW_PATH="/home/c/perl5/perlbrew/bin:/home/c/perl5/perlbrew/perls/5.16.2i/bin"
    PERLBREW_PERL="5.16.2i"
    PERLBREW_ROOT="/home/c/perl5/perlbrew"
    PERLBREW_SKIP_INIT="1"
    PERLBREW_VERSION="0.58"
    PERL_CR_SMOKER_CURRENT="HTML-FormHandlerX-Field-JavaScript-0.004"
    PERL_EXTUTILS_AUTOINSTALL="--defaultdeps"
    PERL_MM_USE_DEFAULT="1"
  @INC:
    /home/c/.cpan/build/JSON-MaybeXS-1.003003-cAYD3n/blib/arch
    /home/c/.cpan/build/JSON-MaybeXS-1.003003-cAYD3n/blib/lib
    /home/c/perl5/perlbrew/perls/5.16.2i/lib/site_perl/5.16.2/i686-linux-thread-multi
    /home/c/perl5/perlbrew/perls/5.16.2i/lib/site_perl/5.16.2
    /home/c/perl5/perlbrew/perls/5.16.2i/lib/5.16.2/i686-linux-thread-multi
    /home/c/perl5/perlbrew/perls/5.16.2i/lib/5.16.2
    .