Mojolicious-Plugin-Vparam v3.06 Perl 5 v5.37.7 x86_64-linux

Status
Fail
From
Andreas J. König (ANDK)
Dist
Mojolicious-Plugin-Vparam v3.06
Platform
Perl 5 v5.37.7 x86_64-linux
Date
2023-01-16 13:14:51
ID
c2a7c66e-959f-11ed-b6ce-6f5e173f339d
This distribution has been tested as part of the CPAN Testers
project, supporting the Perl programming language.  See
http://wiki.cpantesters.org/ for more information or email
questions to cpan-testers-discuss@perl.org


--
Dear Roman V. Nikolaev,

This is a computer-generated report for Mojolicious-Plugin-Vparam-3.06
on perl 5.37.7, created by CPAN-Reporter-1.2018.

Thank you for uploading your work to CPAN.  However, there was a problem
testing your distribution.

If you think this report is invalid, please consult the CPAN Testers Wiki
for suggestions on how to avoid getting FAIL reports for missing library
or binary dependencies, unsupported operating systems, and so on:

http://wiki.cpantesters.org/wiki/CPANAuthorNotes

Sections of this report:

    * Tester comments
    * Program output
    * Prerequisites
    * Environment and other context

------------------------------
TESTER COMMENTS
------------------------------

Additional comments from tester:

this report is from an automated smoke testing program
and was not reviewed by a human for accuracy

------------------------------
PROGRAM OUTPUT
------------------------------

Output from '/usr/bin/make test':

PERL_DL_NONLAZY=1 "/tmp/basesmoker-reloperl-jzc2/bin/perl" "-MExtUtils::Command::MM" "-MTest::Harness" "-e" "undef *Test::Harness::Switches; test_harness(0, 'blib/lib', 'blib/arch')" t/*.t
t/001_use_ok.t .............. ok
t/005_compile.t ............. ok
Can't locate object method "success" via package "Mojo::Transaction::HTTP" at t/007_vtype.t line 57.
# Looks like your test exited with 255 just after 11.
t/007_vtype.t ............... 
Dubious, test returned 255 (wstat 65280, 0xff00)
All 11 subtests passed 
Can't locate object method "success" via package "Mojo::Transaction::HTTP" at t/008_vconf.t line 45.
# Looks like your test exited with 255 just after 7.
t/008_vconf.t ............... 
Dubious, test returned 255 (wstat 65280, 0xff00)
All 7 subtests passed 
Can't locate object method "success" via package "Mojo::Transaction::HTTP" at t/009_vfilter.t line 61.
# Looks like your test exited with 255 just after 11.
t/009_vfilter.t ............. 
Dubious, test returned 255 (wstat 65280, 0xff00)
All 11 subtests passed 
Can't locate object method "success" via package "Mojo::Transaction::HTTP" at t/010_vparam.t line 55.
# Looks like your test exited with 255 just after 9.
t/010_vparam.t .............. 
Dubious, test returned 255 (wstat 65280, 0xff00)
All 9 subtests passed 
Can't locate object method "success" via package "Mojo::Transaction::HTTP" at t/011_vparam_attr.t line 54.
# Looks like your test exited with 255 just after 7.
t/011_vparam_attr.t ......... 
Dubious, test returned 255 (wstat 65280, 0xff00)
All 7 subtests passed 
	(less 1 skipped subtest: 6 okay)
Can't locate object method "success" via package "Mojo::Transaction::HTTP" at t/020_simple.t line 71.
# Looks like your test exited with 255 just after 15.
t/020_simple.t .............. 
Dubious, test returned 255 (wstat 65280, 0xff00)
Failed 16/31 subtests 
Can't locate object method "success" via package "Mojo::Transaction::HTTP" at t/022_vparams.t line 52.
# Looks like your test exited with 255 just after 8.
t/022_vparams.t ............. 
Dubious, test returned 255 (wstat 65280, 0xff00)
Failed 5/13 subtests 
Can't locate object method "success" via package "Mojo::Transaction::HTTP" at t/023_vsort.t line 50.
# Looks like your test exited with 255 just after 10.
t/023_vsort.t ............... 
Dubious, test returned 255 (wstat 65280, 0xff00)
Failed 10/20 subtests 
Can't locate object method "success" via package "Mojo::Transaction::HTTP" at t/024_vsort_disable.t line 57.
# Looks like your test exited with 255 just after 11.
t/024_vsort_disable.t ....... 
Dubious, test returned 255 (wstat 65280, 0xff00)
All 11 subtests passed 
Can't locate object method "success" via package "Mojo::Transaction::HTTP" at t/030_optional.t line 95.
# Looks like your test exited with 255 just after 23.
t/030_optional.t ............ 
Dubious, test returned 255 (wstat 65280, 0xff00)
Failed 38/61 subtests 
Can't locate object method "success" via package "Mojo::Transaction::HTTP" at t/031_as.t line 60.
# Looks like your test exited with 255 just after 8.
t/031_as.t .................. 
Dubious, test returned 255 (wstat 65280, 0xff00)
Failed 4/12 subtests 
Can't locate object method "success" via package "Mojo::Transaction::HTTP" at t/032_skip.t line 73.
# Looks like your test exited with 255 just after 16.
t/032_skip.t ................ 
Dubious, test returned 255 (wstat 65280, 0xff00)
All 16 subtests passed 
Can't locate object method "success" via package "Mojo::Transaction::HTTP" at t/033_isa.t line 51.
# Looks like your test exited with 255 just after 5.
t/033_isa.t ................. 
Dubious, test returned 255 (wstat 65280, 0xff00)
All 5 subtests passed 
Can't locate object method "success" via package "Mojo::Transaction::HTTP" at t/034_skipundef.t line 85.
# Looks like your test exited with 255 just after 20.
t/034_skipundef.t ........... 
Dubious, test returned 255 (wstat 65280, 0xff00)
All 20 subtests passed 
Can't locate object method "success" via package "Mojo::Transaction::HTTP" at t/035_blessed.t line 58.
# Looks like your test exited with 255 just after 9.
t/035_blessed.t ............. 
Dubious, test returned 255 (wstat 65280, 0xff00)
Failed 6/15 subtests 
Can't locate object method "success" via package "Mojo::Transaction::HTTP" at t/036_unknown.t line 74.
# Looks like your test exited with 255 just after 16.
t/036_unknown.t ............. 
Dubious, test returned 255 (wstat 65280, 0xff00)
All 16 subtests passed 
Can't locate object method "success" via package "Mojo::Transaction::HTTP" at t/040_array.t line 51.
# Looks like your test exited with 255 just after 7.
t/040_array.t ............... 
Dubious, test returned 255 (wstat 65280, 0xff00)
Failed 21/28 subtests 
Can't locate object method "success" via package "Mojo::Transaction::HTTP" at t/041_multiline.t line 74.
# Looks like your test exited with 255 just after 8.
t/041_multiline.t ........... 
Dubious, test returned 255 (wstat 65280, 0xff00)
Failed 3/11 subtests 
Can't locate object method "success" via package "Mojo::Transaction::HTTP" at t/042_multijoin.t line 80.
# Looks like your test exited with 255 just after 10.
t/042_multijoin.t ........... 
Dubious, test returned 255 (wstat 65280, 0xff00)
Failed 10/20 subtests 
Can't locate object method "success" via package "Mojo::Transaction::HTTP" at t/043_objects.t line 55.
# Looks like your test exited with 255 just after 6.
t/043_objects.t ............. 
Dubious, test returned 255 (wstat 65280, 0xff00)
All 6 subtests passed 
Can't locate object method "success" via package "Mojo::Transaction::HTTP" at t/045_load.t line 54.
# Looks like your test exited with 255 just after 8.
t/045_load.t ................ 
Dubious, test returned 255 (wstat 65280, 0xff00)
All 8 subtests passed 
Can't locate object method "success" via package "Mojo::Transaction::HTTP" at t/046_load-array.t line 66.
# Looks like your test exited with 255 just after 10.
t/046_load-array.t .......... 
Dubious, test returned 255 (wstat 65280, 0xff00)
All 10 subtests passed 
Can't locate object method "success" via package "Mojo::Transaction::HTTP" at t/047_load-code.t line 57.
# Looks like your test exited with 255 just after 8.
t/047_load-code.t ........... 
Dubious, test returned 255 (wstat 65280, 0xff00)
All 8 subtests passed 
Can't locate object method "success" via package "Mojo::Transaction::HTTP" at t/049_hash.t line 88.
# Looks like your test exited with 255 just after 17.
t/049_hash.t ................ 
Dubious, test returned 255 (wstat 65280, 0xff00)
Failed 22/39 subtests 
Can't locate object method "success" via package "Mojo::Transaction::HTTP" at t/050_vclass.t line 59.
# Looks like your test exited with 255 just after 11.
t/050_vclass.t .............. 
Dubious, test returned 255 (wstat 65280, 0xff00)
All 11 subtests passed 
Can't locate object method "success" via package "Mojo::Transaction::HTTP" at t/060_vvalue.t line 71.
# Looks like your test exited with 255 just after 15.
t/060_vvalue.t .............. 
Dubious, test returned 255 (wstat 65280, 0xff00)
All 15 subtests passed 
Can't locate object method "success" via package "Mojo::Transaction::HTTP" at t/080_mojo_validator.t line 69.
# Looks like your test exited with 255 just after 17.
t/080_mojo_validator.t ...... 
Dubious, test returned 255 (wstat 65280, 0xff00)
All 17 subtests passed 
Can't locate object method "success" via package "Mojo::Transaction::HTTP" at t/090_errors.t line 47.
# Looks like your test exited with 255 just after 6.
t/090_errors.t .............. 
Dubious, test returned 255 (wstat 65280, 0xff00)
Failed 51/57 subtests 
Can't locate object method "success" via package "Mojo::Transaction::HTTP" at t/091_verror_manual.t line 46.
# Looks like your test exited with 255 just after 6.
t/091_verror_manual.t ....... 
Dubious, test returned 255 (wstat 65280, 0xff00)
All 6 subtests passed 
Can't locate object method "success" via package "Mojo::Transaction::HTTP" at t/100_int.t line 90.
# Looks like your test exited with 255 just after 26.
t/100_int.t ................. 
Dubious, test returned 255 (wstat 65280, 0xff00)
All 26 subtests passed 
Can't locate object method "success" via package "Mojo::Transaction::HTTP" at t/110_numeric.t line 85.
# Looks like your test exited with 255 just after 24.
t/110_numeric.t ............. 
Dubious, test returned 255 (wstat 65280, 0xff00)
All 24 subtests passed 
Can't locate object method "success" via package "Mojo::Transaction::HTTP" at t/120_money.t line 82.
# Looks like your test exited with 255 just after 22.
t/120_money.t ............... 
Dubious, test returned 255 (wstat 65280, 0xff00)
All 22 subtests passed 
Can't locate object method "success" via package "Mojo::Transaction::HTTP" at t/130_percent.t line 67.
# Looks like your test exited with 255 just after 14.
t/130_percent.t ............. 
Dubious, test returned 255 (wstat 65280, 0xff00)
All 14 subtests passed 
Can't locate object method "success" via package "Mojo::Transaction::HTTP" at t/140_lon_lat.t line 63.
# Looks like your test exited with 255 just after 12.
t/140_lon_lat.t ............. 
Dubious, test returned 255 (wstat 65280, 0xff00)
Failed 9/21 subtests 
Can't locate object method "success" via package "Mojo::Transaction::HTTP" at t/200_str.t line 65.
# Looks like your test exited with 255 just after 14.
t/200_str.t ................. 
Dubious, test returned 255 (wstat 65280, 0xff00)
All 14 subtests passed 
Can't locate object method "success" via package "Mojo::Transaction::HTTP" at t/210_text.t line 64.
# Looks like your test exited with 255 just after 14.
t/210_text.t ................ 
Dubious, test returned 255 (wstat 65280, 0xff00)
All 14 subtests passed 
Can't locate object method "success" via package "Mojo::Transaction::HTTP" at t/220_password.t line 88.
# Looks like your test exited with 255 just after 18.
t/220_password.t ............ 
Dubious, test returned 255 (wstat 65280, 0xff00)
All 18 subtests passed 
Can't locate object method "success" via package "Mojo::Transaction::HTTP" at t/230_uuid.t line 84.
# Looks like your test exited with 255 just after 16.
t/230_uuid.t ................ 
Dubious, test returned 255 (wstat 65280, 0xff00)
All 16 subtests passed 
Can't locate object method "success" via package "Mojo::Transaction::HTTP" at t/300_datetime.t line 205.
# Looks like your test exited with 255 just after 37.
t/300_datetime.t ............ 
Dubious, test returned 255 (wstat 65280, 0xff00)
All 37 subtests passed 
Can't locate object method "success" via package "Mojo::Transaction::HTTP" at t/303_datetime_timestamp.t line 53.
# Looks like your test exited with 255 just after 8.
t/303_datetime_timestamp.t .. 
Dubious, test returned 255 (wstat 65280, 0xff00)
All 8 subtests passed 
Can't locate object method "success" via package "Mojo::Transaction::HTTP" at t/306_datetime_relative.t line 90.
# Looks like your test exited with 255 just after 15.
t/306_datetime_relative.t ... 
Dubious, test returned 255 (wstat 65280, 0xff00)
Failed 21/36 subtests 
Can't locate object method "success" via package "Mojo::Transaction::HTTP" at t/310_time.t line 79.
# Looks like your test exited with 255 just after 22.
t/310_time.t ................ 
Dubious, test returned 255 (wstat 65280, 0xff00)
All 22 subtests passed 
Can't locate object method "success" via package "Mojo::Transaction::HTTP" at t/320_date.t line 88.
# Looks like your test exited with 255 just after 22.
t/320_date.t ................ 
Dubious, test returned 255 (wstat 65280, 0xff00)
All 22 subtests passed 
Can't locate object method "success" via package "Mojo::Transaction::HTTP" at t/325_date_dt.t line 58.
# Looks like your test exited with 255 just after 12.
t/325_date_dt.t ............. 
Dubious, test returned 255 (wstat 65280, 0xff00)
All 12 subtests passed 
Can't locate object method "success" via package "Mojo::Transaction::HTTP" at t/400_bool.t line 90.
# Looks like your test exited with 255 just after 28.
t/400_bool.t ................ 
Dubious, test returned 255 (wstat 65280, 0xff00)
Failed 11/39 subtests 
Can't locate object method "success" via package "Mojo::Transaction::HTTP" at t/410_logic.t line 98.
# Looks like your test exited with 255 just after 32.
t/410_logic.t ............... 
Dubious, test returned 255 (wstat 65280, 0xff00)
Failed 11/43 subtests 
Can't locate object method "success" via package "Mojo::Transaction::HTTP" at t/500_email.t line 60.
# Looks like your test exited with 255 just after 13.
t/500_email.t ............... 
Dubious, test returned 255 (wstat 65280, 0xff00)
All 13 subtests passed 
Can't locate object method "success" via package "Mojo::Transaction::HTTP" at t/510_url.t line 83.
# Looks like your test exited with 255 just after 21.
t/510_url.t ................. 
Dubious, test returned 255 (wstat 65280, 0xff00)
All 21 subtests passed 
	(less 2 skipped subtests: 19 okay)
Can't locate object method "success" via package "Mojo::Transaction::HTTP" at t/600_phone.t line 95.
# Looks like your test exited with 255 just after 26.
t/600_phone.t ............... 
Dubious, test returned 255 (wstat 65280, 0xff00)
All 26 subtests passed 
Can't locate object method "success" via package "Mojo::Transaction::HTTP" at t/605_phone_defaults.t line 52.
# Looks like your test exited with 255 just after 8.
t/605_phone_defaults.t ...... 
Dubious, test returned 255 (wstat 65280, 0xff00)
All 8 subtests passed 
Can't locate object method "success" via package "Mojo::Transaction::HTTP" at t/607_phone_fix.t line 59.
# Looks like your test exited with 255 just after 10.
t/607_phone_fix.t ........... 
Dubious, test returned 255 (wstat 65280, 0xff00)
All 10 subtests passed 
Can't locate object method "success" via package "Mojo::Transaction::HTTP" at t/700_json.t line 72.
# Looks like your test exited with 255 just after 16.
t/700_json.t ................ 
Dubious, test returned 255 (wstat 65280, 0xff00)
All 16 subtests passed 
Can't locate object method "success" via package "Mojo::Transaction::HTTP" at t/710_address.t line 91.
# Looks like your test exited with 255 just after 22.
t/710_address.t ............. 
Dubious, test returned 255 (wstat 65280, 0xff00)
All 22 subtests passed 
Can't locate object method "success" via package "Mojo::Transaction::HTTP" at t/714_address_signing.t line 86.
# Looks like your test exited with 255 just after 25.
t/714_address_signing.t ..... 
Dubious, test returned 255 (wstat 65280, 0xff00)
Failed 37/62 subtests 
Can't locate object method "success" via package "Mojo::Transaction::HTTP" at t/715_address-optional.t line 65.
# Looks like your test exited with 255 just after 13.
t/715_address-optional.t .... 
Dubious, test returned 255 (wstat 65280, 0xff00)
All 13 subtests passed 
Can't locate object method "success" via package "Mojo::Transaction::HTTP" at t/716_address_json.t line 156.
# Looks like your test exited with 255 just after 48.
t/716_address_json.t ........ 
Dubious, test returned 255 (wstat 65280, 0xff00)
Failed 14/62 subtests 
Can't locate object method "success" via package "Mojo::Transaction::HTTP" at t/720_jpath.t line 44.
# Looks like your test exited with 255 just after 6.
t/720_jpath.t ............... 
Dubious, test returned 255 (wstat 65280, 0xff00)
Failed 20/26 subtests 
Can't locate object method "success" via package "Mojo::Transaction::HTTP" at t/721_jpath_array.t line 81.
# Looks like your test exited with 255 just after 14.
t/721_jpath_array.t ......... 
Dubious, test returned 255 (wstat 65280, 0xff00)
Failed 11/25 subtests 
Can't locate object method "success" via package "Mojo::Transaction::HTTP" at t/722_jpath_maybe.t line 45.
# Looks like your test exited with 255 just after 6.
t/722_jpath_maybe.t ......... 
Dubious, test returned 255 (wstat 65280, 0xff00)
Failed 31/37 subtests 
Can't locate object method "success" via package "Mojo::Transaction::HTTP" at t/730_cpath.t line 45.
# Looks like your test exited with 255 just after 6.
t/730_cpath.t ............... 
Dubious, test returned 255 (wstat 65280, 0xff00)
Failed 14/20 subtests 
Can't locate object method "success" via package "Mojo::Transaction::HTTP" at t/740_xpath.t line 45.
# Looks like your test exited with 255 just after 6.
t/740_xpath.t ............... 
Dubious, test returned 255 (wstat 65280, 0xff00)
Failed 16/22 subtests 
Can't locate object method "success" via package "Mojo::Transaction::HTTP" at t/750_opath.t line 59.
# Looks like your test exited with 255 just after 11.
t/750_opath.t ............... 
Dubious, test returned 255 (wstat 65280, 0xff00)
Failed 11/22 subtests 
Can't locate object method "success" via package "Mojo::Transaction::HTTP" at t/800_inn.t line 84.
# Looks like your test exited with 255 just after 18.
t/800_inn.t ................. 
Dubious, test returned 255 (wstat 65280, 0xff00)
All 18 subtests passed 
Can't locate object method "success" via package "Mojo::Transaction::HTTP" at t/805_kpp.t line 66.
# Looks like your test exited with 255 just after 12.
t/805_kpp.t ................. 
Dubious, test returned 255 (wstat 65280, 0xff00)
All 12 subtests passed 
Can't locate object method "success" via package "Mojo::Transaction::HTTP" at t/840_isin.t line 98.
# Looks like your test exited with 255 just after 23.
t/840_isin.t ................ 
Dubious, test returned 255 (wstat 65280, 0xff00)
All 23 subtests passed 
Can't locate object method "success" via package "Mojo::Transaction::HTTP" at t/841_maestro.t line 60.
# Looks like your test exited with 255 just after 10.
t/841_maestro.t ............. 
Dubious, test returned 255 (wstat 65280, 0xff00)
All 10 subtests passed 
Can't locate object method "success" via package "Mojo::Transaction::HTTP" at t/842_creditcard.t line 77.
# Looks like your test exited with 255 just after 14.
t/842_creditcard.t .......... 
Dubious, test returned 255 (wstat 65280, 0xff00)
All 14 subtests passed 
Can't locate object method "success" via package "Mojo::Transaction::HTTP" at t/850_barcode.t line 96.
# Looks like your test exited with 255 just after 22.
t/850_barcode.t ............. 
Dubious, test returned 255 (wstat 65280, 0xff00)
All 22 subtests passed 
Can't locate object method "success" via package "Mojo::Transaction::HTTP" at t/900_regexp.t line 63.
# Looks like your test exited with 255 just after 12.
t/900_regexp.t .............. 
Dubious, test returned 255 (wstat 65280, 0xff00)
Failed 9/21 subtests 
Can't locate object method "success" via package "Mojo::Transaction::HTTP" at t/905_in.t line 84.
# Looks like your test exited with 255 just after 20.
t/905_in.t .................. 
Dubious, test returned 255 (wstat 65280, 0xff00)
All 20 subtests passed 
Can't locate object method "success" via package "Mojo::Transaction::HTTP" at t/910_numbers.t line 72.
# Looks like your test exited with 255 just after 14.
t/910_numbers.t ............. 
Dubious, test returned 255 (wstat 65280, 0xff00)
Failed 25/39 subtests 
Can't locate object method "success" via package "Mojo::Transaction::HTTP" at t/915_strings.t line 70.
# Looks like your test exited with 255 just after 18.
t/915_strings.t ............. 
Dubious, test returned 255 (wstat 65280, 0xff00)
All 18 subtests passed 
Can't locate object method "success" via package "Mojo::Transaction::HTTP" at t/920_range.t line 70.
# Looks like your test exited with 255 just after 14.
t/920_range.t ............... 
Dubious, test returned 255 (wstat 65280, 0xff00)
All 14 subtests passed 
Can't locate object method "success" via package "Mojo::Transaction::HTTP" at t/925_size.t line 75.
# Looks like your test exited with 255 just after 16.
t/925_size.t ................ 
Dubious, test returned 255 (wstat 65280, 0xff00)
All 16 subtests passed 
t/990_manifest.t ............ ok
t/995_pod.t ................. ok

Test Summary Report
-------------------
t/007_vtype.t             (Wstat: 65280 (exited 255) Tests: 11 Failed: 0)
  Non-zero exit status: 255
t/008_vconf.t             (Wstat: 65280 (exited 255) Tests: 7 Failed: 0)
  Non-zero exit status: 255
t/009_vfilter.t           (Wstat: 65280 (exited 255) Tests: 11 Failed: 0)
  Non-zero exit status: 255
t/010_vparam.t            (Wstat: 65280 (exited 255) Tests: 9 Failed: 0)
  Non-zero exit status: 255
t/011_vparam_attr.t       (Wstat: 65280 (exited 255) Tests: 7 Failed: 0)
  Non-zero exit status: 255
t/020_simple.t            (Wstat: 65280 (exited 255) Tests: 15 Failed: 0)
  Non-zero exit status: 255
  Parse errors: Bad plan.  You planned 31 tests but ran 15.
t/022_vparams.t           (Wstat: 65280 (exited 255) Tests: 8 Failed: 0)
  Non-zero exit status: 255
  Parse errors: Bad plan.  You planned 13 tests but ran 8.
t/023_vsort.t             (Wstat: 65280 (exited 255) Tests: 10 Failed: 0)
  Non-zero exit status: 255
  Parse errors: Bad plan.  You planned 20 tests but ran 10.
t/024_vsort_disable.t     (Wstat: 65280 (exited 255) Tests: 11 Failed: 0)
  Non-zero exit status: 255
t/030_optional.t          (Wstat: 65280 (exited 255) Tests: 23 Failed: 0)
  Non-zero exit status: 255
  Parse errors: Bad plan.  You planned 61 tests but ran 23.
t/031_as.t                (Wstat: 65280 (exited 255) Tests: 8 Failed: 0)
  Non-zero exit status: 255
  Parse errors: Bad plan.  You planned 12 tests but ran 8.
t/032_skip.t              (Wstat: 65280 (exited 255) Tests: 16 Failed: 0)
  Non-zero exit status: 255
t/033_isa.t               (Wstat: 65280 (exited 255) Tests: 5 Failed: 0)
  Non-zero exit status: 255
t/034_skipundef.t         (Wstat: 65280 (exited 255) Tests: 20 Failed: 0)
  Non-zero exit status: 255
t/035_blessed.t           (Wstat: 65280 (exited 255) Tests: 9 Failed: 0)
  Non-zero exit status: 255
  Parse errors: Bad plan.  You planned 15 tests but ran 9.
t/036_unknown.t           (Wstat: 65280 (exited 255) Tests: 16 Failed: 0)
  Non-zero exit status: 255
t/040_array.t             (Wstat: 65280 (exited 255) Tests: 7 Failed: 0)
  Non-zero exit status: 255
  Parse errors: Bad plan.  You planned 28 tests but ran 7.
t/041_multiline.t         (Wstat: 65280 (exited 255) Tests: 8 Failed: 0)
  Non-zero exit status: 255
  Parse errors: Bad plan.  You planned 11 tests but ran 8.
t/042_multijoin.t         (Wstat: 65280 (exited 255) Tests: 10 Failed: 0)
  Non-zero exit status: 255
  Parse errors: Bad plan.  You planned 20 tests but ran 10.
t/043_objects.t           (Wstat: 65280 (exited 255) Tests: 6 Failed: 0)
  Non-zero exit status: 255
t/045_load.t              (Wstat: 65280 (exited 255) Tests: 8 Failed: 0)
  Non-zero exit status: 255
t/046_load-array.t        (Wstat: 65280 (exited 255) Tests: 10 Failed: 0)
  Non-zero exit status: 255
t/047_load-code.t         (Wstat: 65280 (exited 255) Tests: 8 Failed: 0)
  Non-zero exit status: 255
t/049_hash.t              (Wstat: 65280 (exited 255) Tests: 17 Failed: 0)
  Non-zero exit status: 255
  Parse errors: Bad plan.  You planned 39 tests but ran 17.
t/050_vclass.t            (Wstat: 65280 (exited 255) Tests: 11 Failed: 0)
  Non-zero exit status: 255
t/060_vvalue.t            (Wstat: 65280 (exited 255) Tests: 15 Failed: 0)
  Non-zero exit status: 255
t/080_mojo_validator.t    (Wstat: 65280 (exited 255) Tests: 17 Failed: 0)
  Non-zero exit status: 255
t/090_errors.t            (Wstat: 65280 (exited 255) Tests: 6 Failed: 0)
  Non-zero exit status: 255
  Parse errors: Bad plan.  You planned 57 tests but ran 6.
t/091_verror_manual.t     (Wstat: 65280 (exited 255) Tests: 6 Failed: 0)
  Non-zero exit status: 255
t/100_int.t               (Wstat: 65280 (exited 255) Tests: 26 Failed: 0)
  Non-zero exit status: 255
t/110_numeric.t           (Wstat: 65280 (exited 255) Tests: 24 Failed: 0)
  Non-zero exit status: 255
t/120_money.t             (Wstat: 65280 (exited 255) Tests: 22 Failed: 0)
  Non-zero exit status: 255
t/130_percent.t           (Wstat: 65280 (exited 255) Tests: 14 Failed: 0)
  Non-zero exit status: 255
t/140_lon_lat.t           (Wstat: 65280 (exited 255) Tests: 12 Failed: 0)
  Non-zero exit status: 255
  Parse errors: Bad plan.  You planned 21 tests but ran 12.
t/200_str.t               (Wstat: 65280 (exited 255) Tests: 14 Failed: 0)
  Non-zero exit status: 255
t/210_text.t              (Wstat: 65280 (exited 255) Tests: 14 Failed: 0)
  Non-zero exit status: 255
t/220_password.t          (Wstat: 65280 (exited 255) Tests: 18 Failed: 0)
  Non-zero exit status: 255
t/230_uuid.t              (Wstat: 65280 (exited 255) Tests: 16 Failed: 0)
  Non-zero exit status: 255
t/300_datetime.t          (Wstat: 65280 (exited 255) Tests: 37 Failed: 0)
  Non-zero exit status: 255
t/303_datetime_timestamp.t (Wstat: 65280 (exited 255) Tests: 8 Failed: 0)
  Non-zero exit status: 255
t/306_datetime_relative.t (Wstat: 65280 (exited 255) Tests: 15 Failed: 0)
  Non-zero exit status: 255
  Parse errors: Bad plan.  You planned 36 tests but ran 15.
t/310_time.t              (Wstat: 65280 (exited 255) Tests: 22 Failed: 0)
  Non-zero exit status: 255
t/320_date.t              (Wstat: 65280 (exited 255) Tests: 22 Failed: 0)
  Non-zero exit status: 255
t/325_date_dt.t           (Wstat: 65280 (exited 255) Tests: 12 Failed: 0)
  Non-zero exit status: 255
t/400_bool.t              (Wstat: 65280 (exited 255) Tests: 28 Failed: 0)
  Non-zero exit status: 255
  Parse errors: Bad plan.  You planned 39 tests but ran 28.
t/410_logic.t             (Wstat: 65280 (exited 255) Tests: 32 Failed: 0)
  Non-zero exit status: 255
  Parse errors: Bad plan.  You planned 43 tests but ran 32.
t/500_email.t             (Wstat: 65280 (exited 255) Tests: 13 Failed: 0)
  Non-zero exit status: 255
t/510_url.t               (Wstat: 65280 (exited 255) Tests: 21 Failed: 0)
  Non-zero exit status: 255
t/600_phone.t             (Wstat: 65280 (exited 255) Tests: 26 Failed: 0)
  Non-zero exit status: 255
t/605_phone_defaults.t    (Wstat: 65280 (exited 255) Tests: 8 Failed: 0)
  Non-zero exit status: 255
t/607_phone_fix.t         (Wstat: 65280 (exited 255) Tests: 10 Failed: 0)
  Non-zero exit status: 255
t/700_json.t              (Wstat: 65280 (exited 255) Tests: 16 Failed: 0)
  Non-zero exit status: 255
t/710_address.t           (Wstat: 65280 (exited 255) Tests: 22 Failed: 0)
  Non-zero exit status: 255
t/714_address_signing.t   (Wstat: 65280 (exited 255) Tests: 25 Failed: 0)
  Non-zero exit status: 255
  Parse errors: Bad plan.  You planned 62 tests but ran 25.
t/715_address-optional.t  (Wstat: 65280 (exited 255) Tests: 13 Failed: 0)
  Non-zero exit status: 255
t/716_address_json.t      (Wstat: 65280 (exited 255) Tests: 48 Failed: 0)
  Non-zero exit status: 255
  Parse errors: Bad plan.  You planned 62 tests but ran 48.
t/720_jpath.t             (Wstat: 65280 (exited 255) Tests: 6 Failed: 0)
  Non-zero exit status: 255
  Parse errors: Bad plan.  You planned 26 tests but ran 6.
t/721_jpath_array.t       (Wstat: 65280 (exited 255) Tests: 14 Failed: 0)
  Non-zero exit status: 255
  Parse errors: Bad plan.  You planned 25 tests but ran 14.
t/722_jpath_maybe.t       (Wstat: 65280 (exited 255) Tests: 6 Failed: 0)
  Non-zero exit status: 255
  Parse errors: Bad plan.  You planned 37 tests but ran 6.
t/730_cpath.t             (Wstat: 65280 (exited 255) Tests: 6 Failed: 0)
  Non-zero exit status: 255
  Parse errors: Bad plan.  You planned 20 tests but ran 6.
t/740_xpath.t             (Wstat: 65280 (exited 255) Tests: 6 Failed: 0)
  Non-zero exit status: 255
  Parse errors: Bad plan.  You planned 22 tests but ran 6.
t/750_opath.t             (Wstat: 65280 (exited 255) Tests: 11 Failed: 0)
  Non-zero exit status: 255
  Parse errors: Bad plan.  You planned 22 tests but ran 11.
t/800_inn.t               (Wstat: 65280 (exited 255) Tests: 18 Failed: 0)
  Non-zero exit status: 255
t/805_kpp.t               (Wstat: 65280 (exited 255) Tests: 12 Failed: 0)
  Non-zero exit status: 255
t/840_isin.t              (Wstat: 65280 (exited 255) Tests: 23 Failed: 0)
  Non-zero exit status: 255
t/841_maestro.t           (Wstat: 65280 (exited 255) Tests: 10 Failed: 0)
  Non-zero exit status: 255
t/842_creditcard.t        (Wstat: 65280 (exited 255) Tests: 14 Failed: 0)
  Non-zero exit status: 255
t/850_barcode.t           (Wstat: 65280 (exited 255) Tests: 22 Failed: 0)
  Non-zero exit status: 255
t/900_regexp.t            (Wstat: 65280 (exited 255) Tests: 12 Failed: 0)
  Non-zero exit status: 255
  Parse errors: Bad plan.  You planned 21 tests but ran 12.
t/905_in.t                (Wstat: 65280 (exited 255) Tests: 20 Failed: 0)
  Non-zero exit status: 255
t/910_numbers.t           (Wstat: 65280 (exited 255) Tests: 14 Failed: 0)
  Non-zero exit status: 255
  Parse errors: Bad plan.  You planned 39 tests but ran 14.
t/915_strings.t           (Wstat: 65280 (exited 255) Tests: 18 Failed: 0)
  Non-zero exit status: 255
t/920_range.t             (Wstat: 65280 (exited 255) Tests: 14 Failed: 0)
  Non-zero exit status: 255
t/925_size.t              (Wstat: 65280 (exited 255) Tests: 16 Failed: 0)
  Non-zero exit status: 255
Files=78, Tests=1126, 44 wallclock secs ( 0.36 usr  0.07 sys + 37.27 cusr  6.49 csys = 44.19 CPU)
Result: FAIL
Failed 74/78 test programs. 0/1126 subtests failed.
make: *** [Makefile:897: test_dynamic] Error 255

------------------------------
PREREQUISITES
------------------------------

Prerequisite modules loaded:

requires:

    Module                      Need     Have    
    --------------------------- -------- --------
    DateTime                    0        1.59    
    DateTime::Format::DateParse 0        0.05    
    List::MoreUtils             0        0.430   
    Mail::RFC822::Address       0        0.3     
    Mojolicious                 0        9.31    
    perl                        5.010000 5.037007
    Test::Compile               0        v3.1.0  
    Test::More                  0        1.302191
    XML::LibXML                 0        2.0208  

build_requires:

    Module                      Need     Have    
    --------------------------- -------- --------
    ExtUtils::MakeMaker         0        7.66    

configure_requires:

    Module                      Need     Have    
    --------------------------- -------- --------
    ExtUtils::MakeMaker         0        7.66    


------------------------------
ENVIRONMENT AND OTHER CONTEXT
------------------------------

Environment variables:

    AUTOMATED_TESTING = 1
    LANG = en_US.UTF-8
    PATH = /home/sand/bin:/usr/local/bin:/usr/local/sbin:/usr/sbin:/usr/bin:/sbin:/bin:/usr/games:/usr/local/games:/snap/bin:/usr/local/perl/bin:/usr/X11/bin
    PERL = /tmp/basesmoker-reloperl-jzc2/bin/perl
    PERL5LIB = /tmp/loop_over_bdir-2720289-E2bU0y/Alien-SNMP-MIBDEV-2.020000-0/blib/arch:/tmp/loop_over_bdir-2720289-E2bU0y/Alien-SNMP-MIBDEV-2.020000-0/blib/lib:/tmp/loop_over_bdir-2720289-E2bU0y/CGI-Application-NetNewsIface-0.0204-0/blib/arch:/tmp/loop_over_bdir-2720289-E2bU0y/CGI-Application-NetNewsIface-0.0204-0/blib/lib:/tmp/loop_over_bdir-2720289-E2bU0y/triceps-2.1.0-0/blib/arch:/tmp/loop_over_bdir-2720289-E2bU0y/triceps-2.1.0-0/blib/lib:/tmp/loop_over_bdir-2720289-E2bU0y/Simulation-Automate-1.0.1-0/blib/arch:/tmp/loop_over_bdir-2720289-E2bU0y/Simulation-Automate-1.0.1-0/blib/lib:/tmp/loop_over_bdir-2720289-E2bU0y/js-app-0.13-0/blib/arch:/tmp/loop_over_bdir-2720289-E2bU0y/js-app-0.13-0/blib/lib:/tmp/loop_over_bdir-2720289-E2bU0y/Linux-InitFS-0.2-0/blib/arch:/tmp/loop_over_bdir-2720289-E2bU0y/Linux-InitFS-0.2-0/blib/lib:/tmp/loop_over_bdir-2720289-E2bU0y/NoZone-1.3-0/blib/arch:/tmp/loop_over_bdir-2720289-E2bU0y/NoZone-1.3-0/blib/lib:/tmp/loop_over_bdir-2720289-E2bU0y/mmds-1.902-0/blib/arch:/tmp/loop_over_bdir-2720289-E2bU0y/mmds-1.902-0/blib/lib:/tmp/loop_over_bdir-2720289-E2bU0y/App-rmcd-0.280-0/blib/arch:/tmp/loop_over_bdir-2720289-E2bU0y/App-rmcd-0.280-0/blib/lib:/tmp/loop_over_bdir-2720289-E2bU0y/LiquidWeb-Storm-CLI-1.03-0/blib/arch:/tmp/loop_over_bdir-2720289-E2bU0y/LiquidWeb-Storm-CLI-1.03-0/blib/lib:/tmp/loop_over_bdir-2720289-E2bU0y/shishi-0.0.1-0/blib/arch:/tmp/loop_over_bdir-2720289-E2bU0y/shishi-0.0.1-0/blib/lib:/tmp/loop_over_bdir-2720289-E2bU0y/DBIx-Migration-Directories-0.12-0/blib/arch:/tmp/loop_over_bdir-2720289-E2bU0y/DBIx-Migration-Directories-0.12-0/blib/lib:/tmp/loop_over_bdir-2720289-E2bU0y/Device-Kiln-0.03-0/blib/arch:/tmp/loop_over_bdir-2720289-E2bU0y/Device-Kiln-0.03-0/blib/lib:/tmp/loop_over_bdir-2720289-E2bU0y/Net-OpenVPN-DDNS-0.1-0/blib/arch:/tmp/loop_over_bdir-2720289-E2bU0y/Net-OpenVPN-DDNS-0.1-0/blib/lib:/tmp/loop_over_bdir-2720289-E2bU0y/Business-Shipping-DataFiles-1.02-0/blib/arch:/tmp/loop_over_bdir-2720289-E2bU0y/Business-Shipping-DataFiles-1.02-0/blib/lib:/tmp/loop_over_bdir-2720289-E2bU0y/Net-ISP-Balance-1.31-0/blib/arch:/tmp/loop_over_bdir-2720289-E2bU0y/Net-ISP-Balance-1.31-0/blib/lib:/tmp/loop_over_bdir-2720289-E2bU0y/Devel-Required-0.16-0/blib/arch:/tmp/loop_over_bdir-2720289-E2bU0y/Devel-Required-0.16-0/blib/lib:/tmp/loop_over_bdir-2720289-E2bU0y/Lemonldap-NG-Cli-0.2-0/blib/arch:/tmp/loop_over_bdir-2720289-E2bU0y/Lemonldap-NG-Cli-0.2-0/blib/lib:/tmp/loop_over_bdir-2720289-E2bU0y/Lingua-BioYaTeA-0.11-0/blib/arch:/tmp/loop_over_bdir-2720289-E2bU0y/Lingua-BioYaTeA-0.11-0/blib/lib:/tmp/loop_over_bdir-2720289-E2bU0y/Lingua-YaTeA-0.626-0/blib/arch:/tmp/loop_over_bdir-2720289-E2bU0y/Lingua-YaTeA-0.626-0/blib/lib:/tmp/loop_over_bdir-2720289-E2bU0y/Net-Async-WebService-lxd-0.03-0/blib/arch:/tmp/loop_over_bdir-2720289-E2bU0y/Net-Async-WebService-lxd-0.03-0/blib/lib:/tmp/loop_over_bdir-2720289-E2bU0y/Net-Async-DigitalOcean-0.04-0/blib/arch:/tmp/loop_over_bdir-2720289-E2bU0y/Net-Async-DigitalOcean-0.04-0/blib/lib:/tmp/loop_over_bdir-2720289-E2bU0y/CORBA-Python-2.66-0/blib/arch:/tmp/loop_over_bdir-2720289-E2bU0y/CORBA-Python-2.66-0/blib/lib:/tmp/loop_over_bdir-2720289-E2bU0y/downsexta-0/blib/arch:/tmp/loop_over_bdir-2720289-E2bU0y/downsexta-0/blib/lib:/tmp/loop_over_bdir-2720289-E2bU0y/Dpkg-1.21.14-0/blib/arch:/tmp/loop_over_bdir-2720289-E2bU0y/Dpkg-1.21.14-0/blib/lib:/tmp/loop_over_bdir-2720289-E2bU0y/Debian-Packages-0.03-0/blib/arch:/tmp/loop_over_bdir-2720289-E2bU0y/Debian-Packages-0.03-0/blib/lib:/tmp/loop_over_bdir-2720289-E2bU0y/dta-tokwrap-0.98-0/blib/arch:/tmp/loop_over_bdir-2720289-E2bU0y/dta-tokwrap-0.98-0/blib/lib:/tmp/loop_over_bdir-2720289-E2bU0y/App-nrun-v1.1.2-0/blib/arch:/tmp/loop_over_bdir-2720289-E2bU0y/App-nrun-v1.1.2-0/blib/lib
    PERL5OPT = 
    PERL5_CPANPLUS_IS_RUNNING = 2720298
    PERL5_CPAN_IS_RUNNING = 2720298
    PERL_CANARY_STABILITY_NOPROMPT = 1
    PERL_MM_USE_DEFAULT = 1
    PERL_USE_UNSAFE_INC = 1
    SHELL = /usr/bin/zsh
    TERM = screen

Perl special variables (and OS-specific diagnostics, for MSWin32):

    $^X = /tmp/basesmoker-reloperl-jzc2/bin/perl
    $UID/$EUID = 1005 / 1005
    $GID = 1005 1005
    $EGID = 1005 1005

Perl module toolchain versions installed:

    Module              Have    
    ------------------- --------
    CPAN                2.34    
    CPAN::Meta          2.150010
    Cwd                 3.88    
    ExtUtils::CBuilder  0.280238
    ExtUtils::Command   7.66    
    ExtUtils::Install   2.22    
    ExtUtils::MakeMaker 7.66    
    ExtUtils::Manifest  1.73    
    ExtUtils::ParseXS   3.49    
    File::Spec          3.88    
    JSON                4.10    
    JSON::PP            4.16    
    Module::Build       0.4232  
    Module::Signature   0.88    
    Parse::CPAN::Meta   2.150010
    Test::Harness       3.44    
    Test::More          1.302191
    YAML                1.30    
    YAML::Syck          1.34    
    version             0.9929  


--

Summary of my perl5 (revision 5 version 37 subversion 7) configuration:
  Commit id: b1163c2ae562670f2bf4c7700087f0c9d0ad8fe5
  Platform:
    osname=linux
    osvers=5.4.0-135-generic
    archname=x86_64-linux
    uname='linux k93focal 5.4.0-135-generic #152-ubuntu smp wed nov 23 20:19:22 utc 2022 x86_64 x86_64 x86_64 gnulinux '
    config_args='-Dprefix=/home/sand/src/perl/repoperls/installed-perls/host/k93focal/v5.37.7/b254 -Dmyhostname=k93focal -Dinstallusrbinperl=n -Uversiononly -Dusedevel -des -Ui_db -Dlibswanted=cl pthread socket inet nsl gdbm dbm malloc dl ld sun m crypt sec util c cposix posix ucb BSD gdbm_compat -Uuseithreads -Uuselongdouble -DEBUGGING=both'
    hint=recommended
    useposix=true
    d_sigaction=define
    useithreads=undef
    usemultiplicity=undef
    use64bitint=define
    use64bitall=define
    uselongdouble=undef
    usemymalloc=n
    default_inc_excludes_dot=define
  Compiler:
    cc='cc'
    ccflags ='-fwrapv -DDEBUGGING -fno-strict-aliasing -pipe -fstack-protector-strong -I/usr/local/include -D_LARGEFILE_SOURCE -D_FILE_OFFSET_BITS=64'
    optimize='-O2 -g'
    cppflags='-fwrapv -DDEBUGGING -fno-strict-aliasing -pipe -fstack-protector-strong -I/usr/local/include'
    ccversion=''
    gccversion='9.4.0'
    gccosandvers=''
    intsize=4
    longsize=8
    ptrsize=8
    doublesize=8
    byteorder=12345678
    doublekind=3
    d_longlong=define
    longlongsize=8
    d_longdbl=define
    longdblsize=16
    longdblkind=3
    ivtype='long'
    ivsize=8
    nvtype='double'
    nvsize=8
    Off_t='off_t'
    lseeksize=8
    alignbytes=8
    prototype=define
  Linker and Libraries:
    ld='cc'
    ldflags =' -fstack-protector-strong -L/usr/local/lib'
    libpth=/usr/local/lib /usr/lib/x86_64-linux-gnu /usr/lib /usr/lib64
    libs=-lpthread -lnsl -ldl -lm -lcrypt -lutil -lc
    perllibs=-lpthread -lnsl -ldl -lm -lcrypt -lutil -lc
    libc=libc-2.31.so
    so=so
    useshrplib=false
    libperl=libperl.a
    gnulibc_version='2.31'
  Dynamic Linking:
    dlsrc=dl_dlopen.xs
    dlext=so
    d_dlsymun=undef
    ccdlflags='-Wl,-E'
    cccdlflags='-fPIC'
    lddlflags='-shared -O2 -g -L/usr/local/lib -fstack-protector-strong'


Characteristics of this binary (from libperl): 
  Compile-time options:
    DEBUGGING
    HAS_TIMES
    PERLIO_LAYERS
    PERL_COPY_ON_WRITE
    PERL_DONT_CREATE_GVSV
    PERL_HASH_FUNC_SIPHASH13
    PERL_HASH_USE_SBOX32
    PERL_MALLOC_WRAP
    PERL_OP_PARENT
    PERL_PRESERVE_IVUV
    PERL_USE_DEVEL
    PERL_USE_SAFE_PUTENV
    USE_64_BIT_ALL
    USE_64_BIT_INT
    USE_LARGE_FILES
    USE_LOCALE
    USE_LOCALE_COLLATE
    USE_LOCALE_CTYPE
    USE_LOCALE_NUMERIC
    USE_LOCALE_TIME
    USE_PERLIO
    USE_PERL_ATOF
  Built under linux
  Compiled at Jan  5 2023 05:26:31
  %ENV:
    PERL="/tmp/basesmoker-reloperl-jzc2/bin/perl"
    PERL5LIB="/tmp/loop_over_bdir-2720289-E2bU0y/Alien-SNMP-MIBDEV-2.020000-0/blib/arch:/tmp/loop_over_bdir-2720289-E2bU0y/Alien-SNMP-MIBDEV-2.020000-0/blib/lib:/tmp/loop_over_bdir-2720289-E2bU0y/CGI-Application-NetNewsIface-0.0204-0/blib/arch:/tmp/loop_over_bdir-2720289-E2bU0y/CGI-Application-NetNewsIface-0.0204-0/blib/lib:/tmp/loop_over_bdir-2720289-E2bU0y/triceps-2.1.0-0/blib/arch:/tmp/loop_over_bdir-2720289-E2bU0y/triceps-2.1.0-0/blib/lib:/tmp/loop_over_bdir-2720289-E2bU0y/Simulation-Automate-1.0.1-0/blib/arch:/tmp/loop_over_bdir-2720289-E2bU0y/Simulation-Automate-1.0.1-0/blib/lib:/tmp/loop_over_bdir-2720289-E2bU0y/js-app-0.13-0/blib/arch:/tmp/loop_over_bdir-2720289-E2bU0y/js-app-0.13-0/blib/lib:/tmp/loop_over_bdir-2720289-E2bU0y/Linux-InitFS-0.2-0/blib/arch:/tmp/loop_over_bdir-2720289-E2bU0y/Linux-InitFS-0.2-0/blib/lib:/tmp/loop_over_bdir-2720289-E2bU0y/NoZone-1.3-0/blib/arch:/tmp/loop_over_bdir-2720289-E2bU0y/NoZone-1.3-0/blib/lib:/tmp/loop_over_bdir-2720289-E2bU0y/mmds-1.902-0/blib/arch:/tmp/loop_over_bdir-2720289-E2bU0y/mmds-1.902-0/blib/lib:/tmp/loop_over_bdir-2720289-E2bU0y/App-rmcd-0.280-0/blib/arch:/tmp/loop_over_bdir-2720289-E2bU0y/App-rmcd-0.280-0/blib/lib:/tmp/loop_over_bdir-2720289-E2bU0y/LiquidWeb-Storm-CLI-1.03-0/blib/arch:/tmp/loop_over_bdir-2720289-E2bU0y/LiquidWeb-Storm-CLI-1.03-0/blib/lib:/tmp/loop_over_bdir-2720289-E2bU0y/shishi-0.0.1-0/blib/arch:/tmp/loop_over_bdir-2720289-E2bU0y/shishi-0.0.1-0/blib/lib:/tmp/loop_over_bdir-2720289-E2bU0y/DBIx-Migration-Directories-0.12-0/blib/arch:/tmp/loop_over_bdir-2720289-E2bU0y/DBIx-Migration-Directories-0.12-0/blib/lib:/tmp/loop_over_bdir-2720289-E2bU0y/Device-Kiln-0.03-0/blib/arch:/tmp/loop_over_bdir-2720289-E2bU0y/Device-Kiln-0.03-0/blib/lib:/tmp/loop_over_bdir-2720289-E2bU0y/Net-OpenVPN-DDNS-0.1-0/blib/arch:/tmp/loop_over_bdir-2720289-E2bU0y/Net-OpenVPN-DDNS-0.1-0/blib/lib:/tmp/loop_over_bdir-2720289-E2bU0y/Business-Shipping-DataFiles-1.02-0/blib/arch:/tmp/loop_over_bdir-2720289-E2bU0y/Business-Shipping-DataFiles-1.02-0/blib/lib:/tmp/loop_over_bdir-2720289-E2bU0y/Net-ISP-Balance-1.31-0/blib/arch:/tmp/loop_over_bdir-2720289-E2bU0y/Net-ISP-Balance-1.31-0/blib/lib:/tmp/loop_over_bdir-2720289-E2bU0y/Devel-Required-0.16-0/blib/arch:/tmp/loop_over_bdir-2720289-E2bU0y/Devel-Required-0.16-0/blib/lib:/tmp/loop_over_bdir-2720289-E2bU0y/Lemonldap-NG-Cli-0.2-0/blib/arch:/tmp/loop_over_bdir-2720289-E2bU0y/Lemonldap-NG-Cli-0.2-0/blib/lib:/tmp/loop_over_bdir-2720289-E2bU0y/Lingua-BioYaTeA-0.11-0/blib/arch:/tmp/loop_over_bdir-2720289-E2bU0y/Lingua-BioYaTeA-0.11-0/blib/lib:/tmp/loop_over_bdir-2720289-E2bU0y/Lingua-YaTeA-0.626-0/blib/arch:/tmp/loop_over_bdir-2720289-E2bU0y/Lingua-YaTeA-0.626-0/blib/lib:/tmp/loop_over_bdir-2720289-E2bU0y/Net-Async-WebService-lxd-0.03-0/blib/arch:/tmp/loop_over_bdir-2720289-E2bU0y/Net-Async-WebService-lxd-0.03-0/blib/lib:/tmp/loop_over_bdir-2720289-E2bU0y/Net-Async-DigitalOcean-0.04-0/blib/arch:/tmp/loop_over_bdir-2720289-E2bU0y/Net-Async-DigitalOcean-0.04-0/blib/lib:/tmp/loop_over_bdir-2720289-E2bU0y/CORBA-Python-2.66-0/blib/arch:/tmp/loop_over_bdir-2720289-E2bU0y/CORBA-Python-2.66-0/blib/lib:/tmp/loop_over_bdir-2720289-E2bU0y/downsexta-0/blib/arch:/tmp/loop_over_bdir-2720289-E2bU0y/downsexta-0/blib/lib:/tmp/loop_over_bdir-2720289-E2bU0y/Dpkg-1.21.14-0/blib/arch:/tmp/loop_over_bdir-2720289-E2bU0y/Dpkg-1.21.14-0/blib/lib:/tmp/loop_over_bdir-2720289-E2bU0y/Debian-Packages-0.03-0/blib/arch:/tmp/loop_over_bdir-2720289-E2bU0y/Debian-Packages-0.03-0/blib/lib:/tmp/loop_over_bdir-2720289-E2bU0y/dta-tokwrap-0.98-0/blib/arch:/tmp/loop_over_bdir-2720289-E2bU0y/dta-tokwrap-0.98-0/blib/lib:/tmp/loop_over_bdir-2720289-E2bU0y/App-nrun-v1.1.2-0/blib/arch:/tmp/loop_over_bdir-2720289-E2bU0y/App-nrun-v1.1.2-0/blib/lib"
    PERL5OPT=""
    PERL5_CPANPLUS_IS_RUNNING="2720298"
    PERL5_CPAN_IS_RUNNING="2720298"
    PERL_CANARY_STABILITY_NOPROMPT="1"
    PERL_MM_USE_DEFAULT="1"
    PERL_USE_UNSAFE_INC="1"
  @INC:
    /tmp/loop_over_bdir-2720289-E2bU0y/Alien-SNMP-MIBDEV-2.020000-0/blib/arch
    /tmp/loop_over_bdir-2720289-E2bU0y/Alien-SNMP-MIBDEV-2.020000-0/blib/lib
    /tmp/loop_over_bdir-2720289-E2bU0y/CGI-Application-NetNewsIface-0.0204-0/blib/arch
    /tmp/loop_over_bdir-2720289-E2bU0y/CGI-Application-NetNewsIface-0.0204-0/blib/lib
    /tmp/loop_over_bdir-2720289-E2bU0y/triceps-2.1.0-0/blib/arch
    /tmp/loop_over_bdir-2720289-E2bU0y/triceps-2.1.0-0/blib/lib
    /tmp/loop_over_bdir-2720289-E2bU0y/Simulation-Automate-1.0.1-0/blib/arch
    /tmp/loop_over_bdir-2720289-E2bU0y/Simulation-Automate-1.0.1-0/blib/lib
    /tmp/loop_over_bdir-2720289-E2bU0y/js-app-0.13-0/blib/arch
    /tmp/loop_over_bdir-2720289-E2bU0y/js-app-0.13-0/blib/lib
    /tmp/loop_over_bdir-2720289-E2bU0y/Linux-InitFS-0.2-0/blib/arch
    /tmp/loop_over_bdir-2720289-E2bU0y/Linux-InitFS-0.2-0/blib/lib
    /tmp/loop_over_bdir-2720289-E2bU0y/NoZone-1.3-0/blib/arch
    /tmp/loop_over_bdir-2720289-E2bU0y/NoZone-1.3-0/blib/lib
    /tmp/loop_over_bdir-2720289-E2bU0y/mmds-1.902-0/blib/arch
    /tmp/loop_over_bdir-2720289-E2bU0y/mmds-1.902-0/blib/lib
    /tmp/loop_over_bdir-2720289-E2bU0y/App-rmcd-0.280-0/blib/arch
    /tmp/loop_over_bdir-2720289-E2bU0y/App-rmcd-0.280-0/blib/lib
    /tmp/loop_over_bdir-2720289-E2bU0y/LiquidWeb-Storm-CLI-1.03-0/blib/arch
    /tmp/loop_over_bdir-2720289-E2bU0y/LiquidWeb-Storm-CLI-1.03-0/blib/lib
    /tmp/loop_over_bdir-2720289-E2bU0y/shishi-0.0.1-0/blib/arch
    /tmp/loop_over_bdir-2720289-E2bU0y/shishi-0.0.1-0/blib/lib
    /tmp/loop_over_bdir-2720289-E2bU0y/DBIx-Migration-Directories-0.12-0/blib/arch
    /tmp/loop_over_bdir-2720289-E2bU0y/DBIx-Migration-Directories-0.12-0/blib/lib
    /tmp/loop_over_bdir-2720289-E2bU0y/Device-Kiln-0.03-0/blib/arch
    /tmp/loop_over_bdir-2720289-E2bU0y/Device-Kiln-0.03-0/blib/lib
    /tmp/loop_over_bdir-2720289-E2bU0y/Net-OpenVPN-DDNS-0.1-0/blib/arch
    /tmp/loop_over_bdir-2720289-E2bU0y/Net-OpenVPN-DDNS-0.1-0/blib/lib
    /tmp/loop_over_bdir-2720289-E2bU0y/Business-Shipping-DataFiles-1.02-0/blib/arch
    /tmp/loop_over_bdir-2720289-E2bU0y/Business-Shipping-DataFiles-1.02-0/blib/lib
    /tmp/loop_over_bdir-2720289-E2bU0y/Net-ISP-Balance-1.31-0/blib/arch
    /tmp/loop_over_bdir-2720289-E2bU0y/Net-ISP-Balance-1.31-0/blib/lib
    /tmp/loop_over_bdir-2720289-E2bU0y/Devel-Required-0.16-0/blib/arch
    /tmp/loop_over_bdir-2720289-E2bU0y/Devel-Required-0.16-0/blib/lib
    /tmp/loop_over_bdir-2720289-E2bU0y/Lemonldap-NG-Cli-0.2-0/blib/arch
    /tmp/loop_over_bdir-2720289-E2bU0y/Lemonldap-NG-Cli-0.2-0/blib/lib
    /tmp/loop_over_bdir-2720289-E2bU0y/Lingua-BioYaTeA-0.11-0/blib/arch
    /tmp/loop_over_bdir-2720289-E2bU0y/Lingua-BioYaTeA-0.11-0/blib/lib
    /tmp/loop_over_bdir-2720289-E2bU0y/Lingua-YaTeA-0.626-0/blib/arch
    /tmp/loop_over_bdir-2720289-E2bU0y/Lingua-YaTeA-0.626-0/blib/lib
    /tmp/loop_over_bdir-2720289-E2bU0y/Net-Async-WebService-lxd-0.03-0/blib/arch
    /tmp/loop_over_bdir-2720289-E2bU0y/Net-Async-WebService-lxd-0.03-0/blib/lib
    /tmp/loop_over_bdir-2720289-E2bU0y/Net-Async-DigitalOcean-0.04-0/blib/arch
    /tmp/loop_over_bdir-2720289-E2bU0y/Net-Async-DigitalOcean-0.04-0/blib/lib
    /tmp/loop_over_bdir-2720289-E2bU0y/CORBA-Python-2.66-0/blib/arch
    /tmp/loop_over_bdir-2720289-E2bU0y/CORBA-Python-2.66-0/blib/lib
    /tmp/loop_over_bdir-2720289-E2bU0y/downsexta-0/blib/arch
    /tmp/loop_over_bdir-2720289-E2bU0y/downsexta-0/blib/lib
    /tmp/loop_over_bdir-2720289-E2bU0y/Dpkg-1.21.14-0/blib/arch
    /tmp/loop_over_bdir-2720289-E2bU0y/Dpkg-1.21.14-0/blib/lib
    /tmp/loop_over_bdir-2720289-E2bU0y/Debian-Packages-0.03-0/blib/arch
    /tmp/loop_over_bdir-2720289-E2bU0y/Debian-Packages-0.03-0/blib/lib
    /tmp/loop_over_bdir-2720289-E2bU0y/dta-tokwrap-0.98-0/blib/arch
    /tmp/loop_over_bdir-2720289-E2bU0y/dta-tokwrap-0.98-0/blib/lib
    /tmp/loop_over_bdir-2720289-E2bU0y/App-nrun-v1.1.2-0/blib/arch
    /tmp/loop_over_bdir-2720289-E2bU0y/App-nrun-v1.1.2-0/blib/lib
    /home/sand/src/perl/repoperls/installed-perls/host/k93focal/v5.37.7/b254/lib/site_perl/5.37.7/x86_64-linux
    /home/sand/src/perl/repoperls/installed-perls/host/k93focal/v5.37.7/b254/lib/site_perl/5.37.7
    /home/sand/src/perl/repoperls/installed-perls/host/k93focal/v5.37.7/b254/lib/5.37.7/x86_64-linux
    /home/sand/src/perl/repoperls/installed-perls/host/k93focal/v5.37.7/b254/lib/5.37.7
    .