Report for Froody-42.005

Back
From: metabase:user:3198cbe2-2aae-11df-837a-5e0a49663a4f
Subject: FAIL Froody-42.005 v5.12.3 GNU/Linux
Date: 2011-03-24T05:08:30Z

This distribution has been tested as part of the CPAN Testers
project, supporting the Perl programming language.  See
http://wiki.cpantesters.org/ for more information or email
questions to cpan-testers-discuss@perl.org


--
Dear Fotango Ltd,

This is a computer-generated report for Froody-42.005
on perl 5.12.3, created by CPAN-Reporter-1.1902.

Thank you for uploading your work to CPAN.  However, there was a problem
testing your distribution.

If you think this report is invalid, please consult the CPAN Testers Wiki
for suggestions on how to avoid getting FAIL reports for missing library
or binary dependencies, unsupported operating systems, and so on:

http://wiki.cpantesters.org/wiki/CPANAuthorNotes

Sections of this report:

    * Tester comments
    * Program output
    * Prerequisites
    * Environment and other context

------------------------------
TESTER COMMENTS
------------------------------

Additional comments from tester:

this report is from an automated smoke testing program
and was not reviewed by a human for accuracy

------------------------------
PROGRAM OUTPUT
------------------------------

Output from './Build test':

# 38 tests planned, but 1 ran.
# 38 tests planned, but 2 ran.
# 38 tests planned, but 3 ran.
# 38 tests planned, but 4 ran.
# 38 tests planned, but 5 ran.
# 38 tests planned, but 6 ran.
# 38 tests planned, but 7 ran.
# 38 tests planned, but 8 ran.
# 38 tests planned, but 9 ran.
# 38 tests planned, but 10 ran.
# 38 tests planned, but 11 ran.
# 38 tests planned, but 12 ran.
# 38 tests planned, but 13 ran.
# 38 tests planned, but 14 ran.
# 38 tests planned, but 15 ran.
# 38 tests planned, but 16 ran.
# 38 tests planned, but 17 ran.
# 38 tests planned, but 18 ran.
# 38 tests planned, but 19 ran.
# 38 tests planned, but 20 ran.
# 38 tests planned, but 21 ran.
# 38 tests planned, but 22 ran.
# 38 tests planned, but 23 ran.
# 38 tests planned, but 24 ran.
# 38 tests planned, but 25 ran.
# 38 tests planned, but 26 ran.
# 38 tests planned, but 27 ran.
# 38 tests planned, but 28 ran.
# 38 tests planned, but 29 ran.
# 38 tests planned, but 30 ran.
# 38 tests planned, but 31 ran.
# 38 tests planned, but 32 ran.
# 38 tests planned, but 33 ran.
# 38 tests planned, but 34 ran.
# 38 tests planned, but 35 ran.
# 38 tests planned, but 36 ran.
# 38 tests planned, but 37 ran.
t/000compile.t ...... ok
t/001pragmas.t ...... ok
t/003pod.t .......... ok
t/004uselib.t ....... ok
t/api.t ............. ok
t/complex_invoke.t .. ok
t/copy.t ............ ok

#   Failed test 'expected XML'
#   at t/dispatch.t line 44.
#          got: '<?xml version="1.0" encoding="utf-8"?>
# <rsp stat="ok">
#   <value>é</value>
# </rsp>
# '
#     expected: '<?xml version="1.0" encoding="utf-8"?>
# <rsp stat="ok">
#   <value>é</value>
# </rsp>
# '

#   Failed test 'expected XML'
#   at t/dispatch.t line 44.
#          got: '<?xml version="1.0" encoding="utf-8"?>
# <rsp stat="ok">
#   <value>≤</value>
# </rsp>
# '
#     expected: '<?xml version="1.0" encoding="utf-8"?>
# <rsp stat="ok">
#   <value>≤</value>
# </rsp>
# '
froody.invoke.nosuchmethod - Method 'y.y.y' not found:
  Method 'y.y.y' not found at /home/graham/perltest/perl5123ldth/cpan/build/Froody-42.005-4plsqw/blib/lib/Froody/Repository.pm line 137
  	Froody::Repository::get_method() called at /home/graham/perltest/perl5123ldth/cpan/build/Froody-42.005-4plsqw/blib/lib/Froody/Dispatch.pm line 223
  	eval {...} called at /home/graham/perltest/perl5123ldth/cpan/build/Froody-42.005-4plsqw/blib/lib/Froody/Dispatch.pm line 211
  	Froody::Dispatch::dispatch() called at /home/graham/perltest/perl5123ldth/cpan/build/Froody-42.005-4plsqw/blib/lib/Froody/Dispatch.pm line 334
  	Froody::Dispatch::call() called at t/dispatch.t line 53
  	Test::Exception::throws_ok() called at t/dispatch.t line 54
froody.invoke.nosuchmethod - Method 'y.y.y' not found:
  Method 'y.y.y' not found at /home/graham/perltest/perl5123ldth/cpan/build/Froody-42.005-4plsqw/blib/lib/Froody/Repository.pm line 137
  	Froody::Repository::get_method() called at /home/graham/perltest/perl5123ldth/cpan/build/Froody-42.005-4plsqw/blib/lib/Froody/Dispatch.pm line 223
  	eval {...} called at /home/graham/perltest/perl5123ldth/cpan/build/Froody-42.005-4plsqw/blib/lib/Froody/Dispatch.pm line 211
  	Froody::Dispatch::dispatch() called at t/dispatch.t line 57
  	Test::Exception::throws_ok() called at t/dispatch.t line 58
An error occurred while executing "foo.test.haltandcatchfire": test.error - I'm on fire:
  I'm on fire at t/lib/DTest/Test.pm line 24
  	DTest::Test::haltandcatchfire() called at /home/graham/perltest/perl5123ldth/cpan/build/Froody-42.005-4plsqw/blib/lib/Froody/Invoker/Implementation.pm line 42
  	eval {...} called at /home/graham/perltest/perl5123ldth/cpan/build/Froody-42.005-4plsqw/blib/lib/Froody/Invoker/Implementation.pm line 37
  	Froody::Invoker::Implementation::invoke() called at /home/graham/perltest/perl5123ldth/cpan/build/Froody-42.005-4plsqw/blib/lib/Froody/Method.pm line 74
  	Froody::Method::call() called at /home/graham/perltest/perl5123ldth/cpan/build/Froody-42.005-4plsqw/blib/lib/Froody/Dispatch.pm line 224
  	eval {...} called at /home/graham/perltest/perl5123ldth/cpan/build/Froody-42.005-4plsqw/blib/lib/Froody/Dispatch.pm line 211
  	Froody::Dispatch::dispatch() called at /home/graham/perltest/perl5123ldth/cpan/build/Froody-42.005-4plsqw/blib/lib/Froody/Dispatch.pm line 334
  	Froody::Dispatch::call() called at t/dispatch.t line 72
  	Test::Exception::throws_ok() called at t/dispatch.t line 73
 at t/dispatch.t line 72
# 2 tests of 19 failed.
t/dispatch.t ........ 
Dubious, test returned 2 (wstat 512, 0x200)
Failed 2/19 subtests 
t/err_isa.t ......... ok
t/error.t ........... ok
Use of uninitialized value in subroutine entry at /home/graham/perltest/perl5123ldth/perl/lib/site_perl/5.12.3/i686-linux-thread-multi-ld/XML/LibXML.pm line 1537, <DATA> line 16.
Use of uninitialized value in subroutine entry at /home/graham/perltest/perl5123ldth/perl/lib/site_perl/5.12.3/i686-linux-thread-multi-ld/XML/LibXML.pm line 1537, <DATA> line 16.
Use of uninitialized value in subroutine entry at /home/graham/perltest/perl5123ldth/perl/lib/site_perl/5.12.3/i686-linux-thread-multi-ld/XML/LibXML.pm line 1537, <DATA> line 16.
Use of uninitialized value in subroutine entry at /home/graham/perltest/perl5123ldth/perl/lib/site_perl/5.12.3/i686-linux-thread-multi-ld/XML/LibXML.pm line 1537, <DATA> line 16.
Use of uninitialized value in subroutine entry at /home/graham/perltest/perl5123ldth/perl/lib/site_perl/5.12.3/i686-linux-thread-multi-ld/XML/LibXML.pm line 1537, <DATA> line 16.
Use of uninitialized value in subroutine entry at /home/graham/perltest/perl5123ldth/perl/lib/site_perl/5.12.3/i686-linux-thread-multi-ld/XML/LibXML.pm line 1537, <DATA> line 16.
Use of uninitialized value in subroutine entry at /home/graham/perltest/perl5123ldth/perl/lib/site_perl/5.12.3/i686-linux-thread-multi-ld/XML/LibXML.pm line 1537, <DATA> line 16.
Use of uninitialized value in subroutine entry at /home/graham/perltest/perl5123ldth/perl/lib/site_perl/5.12.3/i686-linux-thread-multi-ld/XML/LibXML.pm line 1537, <DATA> line 16.
Use of uninitialized value in subroutine entry at /home/graham/perltest/perl5123ldth/perl/lib/site_perl/5.12.3/i686-linux-thread-multi-ld/XML/LibXML.pm line 1537, <DATA> line 16.

#   Failed test 'We get the right answer back.'
#   at t/high-level.t line 60.
#          got: 'é'
#     expected: 'é'
froody.invoke.nosuchmethod - Method 'foo.foo.bar' not found:
  Method 'foo.foo.bar' not found at /home/graham/perltest/perl5123ldth/cpan/build/Froody-42.005-4plsqw/blib/lib/Froody/Repository.pm line 137
  	Froody::Repository::get_method() called at /home/graham/perltest/perl5123ldth/cpan/build/Froody-42.005-4plsqw/blib/lib/Froody/Dispatch.pm line 223
  	eval {...} called at /home/graham/perltest/perl5123ldth/cpan/build/Froody-42.005-4plsqw/blib/lib/Froody/Dispatch.pm line 211
  	Froody::Dispatch::dispatch() called at /home/graham/perltest/perl5123ldth/cpan/build/Froody-42.005-4plsqw/blib/lib/Froody/Dispatch.pm line 334
  	Froody::Dispatch::call() called at t/high-level.t line 69
  	Test::Exception::throws_ok() called at t/high-level.t line 70
An error occurred while executing "foo.test.haltandcatchfire": test.error - I'm on fire:
  I'm on fire at t/lib/DTest/Test.pm line 24
  	DTest::Test::haltandcatchfire('Froody::Invoker::Implementation=HASH(0x96848a8)', 'HASH(0x95bc978)') called at /home/graham/perltest/perl5123ldth/cpan/build/Froody-42.005-4plsqw/blib/lib/Froody/Invoker/Implementation.pm line 42
  	eval {...} called at /home/graham/perltest/perl5123ldth/cpan/build/Froody-42.005-4plsqw/blib/lib/Froody/Invoker/Implementation.pm line 37
  	Froody::Invoker::Implementation::invoke('Froody::Invoker::Implementation=HASH(0x96848a8)', 'Froody::Method=HASH(0x9680608)', 'HASH(0x95bc978)') called at /home/graham/perltest/perl5123ldth/cpan/build/Froody-42.005-4plsqw/blib/lib/Froody/Method.pm line 74
  	Froody::Method::call('Froody::Method=HASH(0x9680608)', 'HASH(0x95bc978)') called at /home/graham/perltest/perl5123ldth/cpan/build/Froody-42.005-4plsqw/blib/lib/Froody/Dispatch.pm line 224
  	eval {...} called at /home/graham/perltest/perl5123ldth/cpan/build/Froody-42.005-4plsqw/blib/lib/Froody/Dispatch.pm line 211
  	Froody::Dispatch::dispatch('Froody::Dispatch=HASH(0x95dd2d8)', 'method', 'foo.test.haltandcatchfire', 'params', 'HASH(0x95bc978)') called at /home/graham/perltest/perl5123ldth/cpan/build/Froody-42.005-4plsqw/blib/lib/Froody/Server/Standalone.pm line 48
  	Froody::Server::Standalone::handle_request('Froody::Server::Standalone=HASH(0x8c194b8)', 'CGI=HASH(0x95bc7b8)') called at /home/graham/perltest/perl5123ldth/perl/lib/site_perl/5.12.3/HTTP/Server/Simple/CGI.pm line 154
  	eval {...} called at /home/graham/perltest/perl5123ldth/perl/lib/site_perl/5.12.3/HTTP/Server/Simple/CGI.pm line 154
  	HTTP::Server::Simple::CGI::handler('Froody::Server::Standalone=HASH(0x8c194b8)') called at /home/graham/perltest/perl5123ldth/perl/lib/site_perl/5.12.3/HTTP/Server/Simple.pm line 402
  	HTTP::Server::Simple::__ANON__('Froody::Server::Standalone::NetServer0') called at /home/graham/perltest/perl5123ldth/perl/lib/site_perl/5.12.3/HTTP/Server/Simple.pm line 307
  	HTTP::Server::Simple::__ANON__('Froody::Server::Standalone::NetServer0', 'port', 32050) called at /home/graham/perltest/perl5123ldth/perl/lib/site_perl/5.12.3/HTTP/Server/Simple.pm line 271
  	HTTP::Server::Simple::run('Froody::Server::Standalone=HASH(0x8c194b8)') called at t/high-level.t line 41
 at /home/graham/perltest/perl5123ldth/cpan/build/Froody-42.005-4plsqw/blib/lib/Froody/Server/Standalone.pm line 48
# 1 test of 12 failed.
t/high-level.t ...... 
Dubious, test returned 1 (wstat 256, 0x100)
Failed 1/12 subtests 
t/implementation.t .. ok
t/inv_rem.t ......... ok
t/meta_err.t ........ ok
t/method.t .......... ok
t/method_basic.t .... ok
t/reflection.t ...... ok
Use of uninitialized value in subroutine entry at /home/graham/perltest/perl5123ldth/perl/lib/site_perl/5.12.3/i686-linux-thread-multi-ld/XML/LibXML.pm line 1537.
t/reflection2.t ..... ok
t/repos.t ........... ok
t/rsp_basic.t ....... ok
t/rsp_convert.t ..... ok
t/rsp_err.t ......... ok
error : string is not in UTF-8
encoding error : output conversion failed due to conv error, bytes 0xE9 0x6F 0x6E 0x3D
I/O error : encoder error
t/rsp_perlds.t ...... ok

#   Failed test 'Boney's fine'
#   at t/rsp_terse.t line 91.
Undefined subroutine &main::Dump called at t/rsp_terse.t line 91.
# 1 test of 9 failed.
# Looks like your test exited with 255 just after 9.
t/rsp_terse.t ....... 
Dubious, test returned 255 (wstat 65280, 0xff00)
Failed 1/9 subtests 

#   Failed test 'contains right thing'
#   at t/rsp_xml.t line 32.
#                   '<?xml version="1.0" encoding="utf-8"?>
# <rsp stat="ok"><foo>Léon</foo></rsp>
# '
#     doesn't match '(?-xism:<foo>L\x{c3}\x{a9}on</foo>)'
# 1 test of 4 failed.
t/rsp_xml.t ......... 
Dubious, test returned 1 (wstat 256, 0x100)
Failed 1/4 subtests 
t/structure.t ....... ok
t/t.t ............... ok
t/xml.t ............. ok

Test Summary Report
-------------------
t/dispatch.t      (Wstat: 512 Tests: 19 Failed: 2)
  Failed tests:  5, 9
  Non-zero exit status: 2
t/high-level.t    (Wstat: 256 Tests: 12 Failed: 1)
  Failed test:  5
  Non-zero exit status: 1
t/rsp_terse.t     (Wstat: 65280 Tests: 9 Failed: 1)
  Failed test:  9
  Non-zero exit status: 255
t/rsp_xml.t       (Wstat: 256 Tests: 4 Failed: 1)
  Failed test:  3
  Non-zero exit status: 1
Files=28, Tests=825, 26 wallclock secs ( 1.00 usr  0.13 sys + 19.90 cusr  2.05 csys = 23.08 CPU)
Result: FAIL
Failed 4/28 test programs. 5/825 subtests failed.

------------------------------
PREREQUISITES
------------------------------

Prerequisite modules loaded:

requires:

    Module                   Need  Have    
    ------------------------ ----- --------
    Class::Accessor          0     0.34    
    Class::Accessor::Chained 0     0.01    
    Error                    0.15  0.17016 
    File::Spec               0     3.33    
    HTTP::Request::Common    0     6.00    
    HTTP::Server::Simple     0     0.43    
    List::MoreUtils          0     0.31_02 
    LWP::Simple              0     6.00    
    LWP::UserAgent           0     6.00    
    Params::Validate         0     0.95    
    perl                     5.008 5.012003
    UNIVERSAL::require       0     0.13    
    XML::LibXML              0     1.70    
    YAML                     0     0.72    

build_requires:

    Module                   Need  Have    
    ------------------------ ----- --------
    File::Find::Rule         0     0.32    
    Test::Differences        0     0.500   
    Test::Exception          0     0.31    
    Test::More               0     2.00_07 
    Test::XML                0     0.08    


------------------------------
ENVIRONMENT AND OTHER CONTEXT
------------------------------

Environment variables:

    AUTOMATED_TESTING = 1
    LANG = C
    PATH = /home/graham/perltest/perl5123ldth/perl/bin:/usr/local/bin:/usr/bin:/bin:/usr/local/sbin:/usr/sbin:/sbin:/opt/java/bin:/opt/java/db/bin:/opt/java/jre/bin:/opt/kde/bin:/usr/bin/perlbin/site:/usr/bin/perlbin/vendor:/usr/lib/perl5/core_perl/bin:/opt/qt/bin
    PERL5LIB = 
    PERL5OPT = 
    PERL5_CPANPLUS_IS_RUNNING = 15617
    PERL5_CPAN_IS_RUNNING = 15617
    PERL5_CPAN_IS_RUNNING_IN_RECURSION = 3715,15617
    PERL_CR_SMOKER_CURRENT = Froody-42.005
    PERL_EXTUTILS_AUTOINSTALL = --defaultdeps
    PERL_MM_USE_DEFAULT = 1
    SHELL = /bin/bash
    TERM = xterm

Perl special variables (and OS-specific diagnostics, for MSWin32):

    $^X = /home/graham/perltest/perl5123ldth/perl/bin/perl
    $UID/$EUID = 1000 / 1000
    $GID = 1000 7 10 91 92 93 95 98 100 108 1000 1001
    $EGID = 1000 7 10 91 92 93 95 98 100 108 1000 1001

Perl module toolchain versions installed:

    Module              Have    
    ------------------- --------
    CPAN                1.9304  
    Cwd                 3.33    
    ExtUtils::CBuilder  0.280202
    ExtUtils::Command   1.17    
    ExtUtils::Install   1.55    
    ExtUtils::MakeMaker 6.56    
    ExtUtils::Manifest  1.58    
    ExtUtils::ParseXS   2.2206  
    File::Spec          3.33    
    Module::Build       0.3800  
    Module::Signature   0.66    
    Test::Harness       3.23    
    Test::More          2.00_07 
    YAML                0.72    
    YAML::Syck          1.17    
    version             0.88    


--

Summary of my perl5 (revision 5 version 12 subversion 3) configuration:
   
  Platform:
    osname=linux, osvers=2.6.36-arch, archname=i686-linux-thread-multi-ld
    uname='linux lorant 2.6.36-arch #1 smp preempt fri dec 10 20:01:53 utc 2010 i686 intel(r) pentium(r) 4 cpu 2.80ghz genuineintel gnulinux '
    config_args=''
    hint=recommended, useposix=true, d_sigaction=define
    useithreads=define, usemultiplicity=define
    useperlio=define, d_sfio=undef, uselargefiles=define, usesocks=undef
    use64bitint=undef, use64bitall=undef, uselongdouble=define
    usemymalloc=n, bincompat5005=undef
  Compiler:
    cc='cc', ccflags ='-D_REENTRANT -D_GNU_SOURCE -fno-strict-aliasing -pipe -fstack-protector -I/usr/local/include -D_LARGEFILE_SOURCE -D_FILE_OFFSET_BITS=64',
    optimize='-O2',
    cppflags='-D_REENTRANT -D_GNU_SOURCE -fno-strict-aliasing -pipe -fstack-protector -I/usr/local/include'
    ccversion='', gccversion='4.5.2', gccosandvers=''
    intsize=4, longsize=4, ptrsize=4, doublesize=8, byteorder=1234
    d_longlong=define, longlongsize=8, d_longdbl=define, longdblsize=12
    ivtype='long', ivsize=4, nvtype='long double', nvsize=12, Off_t='off_t', lseeksize=8
    alignbytes=4, prototype=define
  Linker and Libraries:
    ld='cc', ldflags =' -fstack-protector -L/usr/local/lib'
    libpth=/usr/local/lib /lib /usr/lib
    libs=-lnsl -lgdbm -ldb -ldl -lm -lcrypt -lutil -lpthread -lc -lgdbm_compat
    perllibs=-lnsl -ldl -lm -lcrypt -lutil -lpthread -lc
    libc=/lib/libc-2.12.2.so, so=so, useshrplib=true, libperl=libperl.so
    gnulibc_version='2.12.2'
  Dynamic Linking:
    dlsrc=dl_dlopen.xs, dlext=so, d_dlsymun=undef, ccdlflags='-Wl,-E -Wl,-rpath,/home/graham/perltest/perl5123ldth/perl/lib/5.12.3/i686-linux-thread-multi-ld/CORE'
    cccdlflags='-fPIC', lddlflags='-shared -O2 -L/usr/local/lib -fstack-protector'


Characteristics of this binary (from libperl): 
  Compile-time options: MULTIPLICITY PERL_DONT_CREATE_GVSV
                        PERL_IMPLICIT_CONTEXT PERL_MALLOC_WRAP USE_ITHREADS
                        USE_LARGE_FILES USE_LONG_DOUBLE USE_PERLIO
                        USE_PERL_ATOF USE_REENTRANT_API
  Built under linux
  Compiled at Mar 14 2011 10:16:25
  %ENV:
    PERL5LIB=""
    PERL5OPT=""
    PERL5_CPANPLUS_IS_RUNNING="15617"
    PERL5_CPAN_IS_RUNNING="15617"
    PERL5_CPAN_IS_RUNNING_IN_RECURSION="3715,15617"
    PERL_CR_SMOKER_CURRENT="Froody-42.005"
    PERL_EXTUTILS_AUTOINSTALL="--defaultdeps"
    PERL_MM_USE_DEFAULT="1"
  @INC:
    /home/graham/perltest/perl5123ldth/perl/lib/site_perl/5.12.3/i686-linux-thread-multi-ld
    /home/graham/perltest/perl5123ldth/perl/lib/site_perl/5.12.3
    /home/graham/perltest/perl5123ldth/perl/lib/5.12.3/i686-linux-thread-multi-ld
    /home/graham/perltest/perl5123ldth/perl/lib/5.12.3
    .