Report for HTML-Tested-0.58

Back
From: metabase:user:322078bc-2aae-11df-837a-5e0a49663a4f
Subject: FAIL HTML-Tested-0.58 v5.8.9 FreeBSD
Date: 2012-04-18T10:03:34Z

This distribution has been tested as part of the CPAN Testers
project, supporting the Perl programming language.  See
http://wiki.cpantesters.org/ for more information or email
questions to cpan-testers-discuss@perl.org


--

Dear BOSU,

This is a computer-generated error report created automatically by
CPANPLUS, version 0.9124. Testers personal comments may appear
at the end of this report.


Thank you for uploading your work to CPAN.  However, it appears that
there were some problems testing your distribution.

TEST RESULTS:

Below is the error stack from stage 'make test':

PERL_DL_NONLAZY=1 /usr/home/cpan/pit/thr/perl-5.8.9/bin/perl "-MExtUtils::Command::MM" "-e" "test_harness(0, 'blib/lib', 'blib/arch')" t/*.t
Variable "$name" is not imported at /usr/home/cpan/pit/thr/conf/perl-5.8.9/.cpanplus/5.8.9/build/HTML-Tested-0.58/blib/lib/HTML/Tested/Value.pm line 119.
	(Did you mean &name instead?)
Variable "$name" is not imported at /usr/home/cpan/pit/thr/conf/perl-5.8.9/.cpanplus/5.8.9/build/HTML-Tested-0.58/blib/lib/HTML/Tested/Value.pm line 119.
	(Did you mean &name instead?)

#   Failed test 'use HTML::Tested::Test;'
#   at t/001_load.t line 9.
#     Tried to use 'HTML::Tested::Test'.
#     Error:  Unable to use HTML::Tested::Value::Upload or use HTML::Tested::Test::Upload at /usr/home/cpan/pit/thr/conf/perl-5.8.9/.cpanplus/5.8.9/build/HTML-Tested-0.58/blib/lib/HTML/Tested/Test.pm line 171.
# Compilation failed in require at (eval 7) line 2.
# BEGIN failed--compilation aborted at (eval 7) line 2.
Can't locate object method "__ht_tester" via package "W1" at /usr/home/cpan/pit/thr/conf/perl-5.8.9/.cpanplus/5.8.9/build/HTML-Tested-0.58/blib/lib/HTML/Tested/Test.pm line 105.
 at t/001_load.t line 11
	main::__ANON__('Can\'t locate object method "__ht_tester" via package "W1" at...') called at /usr/home/cpan/pit/thr/conf/perl-5.8.9/.cpanplus/5.8.9/build/HTML-Tested-0.58/blib/lib/HTML/Tested/Test.pm line 105
	HTML::Tested::Test::bless_from_tree_for_test('HTML::Tested::Test', 'T', 'HASH(0x801bf0570)', 'ARRAY(0x80189e300)') called at /usr/home/cpan/pit/thr/conf/perl-5.8.9/.cpanplus/5.8.9/build/HTML-Tested-0.58/blib/lib/HTML/Tested/Test.pm line 121
	HTML::Tested::Test::do_comparison('HTML::Tested::Test', 'compare_stashes', 'T', 'HASH(0x801bf03c0)', 'HASH(0x801bf0570)') called at /usr/home/cpan/pit/thr/conf/perl-5.8.9/.cpanplus/5.8.9/build/HTML-Tested-0.58/blib/lib/HTML/Tested/Test.pm line 129
	HTML::Tested::Test::check_stash('HTML::Tested::Test', 'T', 'HASH(0x801bf03c0)', 'HASH(0x801bf0570)') called at t/001_load.t line 61
# Looks like you planned 27 tests but ran 14.
# Looks like you failed 1 test of 14 run.
# Looks like your test exited with 2 just after 14.
t/001_load.t .......... 
Dubious, test returned 2 (wstat 512, 0x200)
Failed 14/27 subtests 
Variable "$name" is not imported at /usr/home/cpan/pit/thr/conf/perl-5.8.9/.cpanplus/5.8.9/build/HTML-Tested-0.58/blib/lib/HTML/Tested/Value.pm line 119.
	(Did you mean &name instead?)
Variable "$name" is not imported at /usr/home/cpan/pit/thr/conf/perl-5.8.9/.cpanplus/5.8.9/build/HTML-Tested-0.58/blib/lib/HTML/Tested/Value.pm line 119.
	(Did you mean &name instead?)

#   Failed test 'use HTML::Tested::Test;'
#   at t/010_value.t line 9.
#     Tried to use 'HTML::Tested::Test'.
#     Error:  Unable to use HTML::Tested::Value::Upload or use HTML::Tested::Test::Upload at /usr/home/cpan/pit/thr/conf/perl-5.8.9/.cpanplus/5.8.9/build/HTML-Tested-0.58/blib/lib/HTML/Tested/Test.pm line 171.
# Compilation failed in require at (eval 10) line 2.
# BEGIN failed--compilation aborted at (eval 10) line 2.
Global symbol "$e_root" requires explicit package name at /usr/home/cpan/pit/thr/conf/perl-5.8.9/.cpanplus/5.8.9/build/HTML-Tested-0.58/blib/lib/HTML/Tested/Test/Value.pm line 10.
Global symbol "$name" requires explicit package name at /usr/home/cpan/pit/thr/conf/perl-5.8.9/.cpanplus/5.8.9/build/HTML-Tested-0.58/blib/lib/HTML/Tested/Test/Value.pm line 10.
Global symbol "$name" requires explicit package name at /usr/home/cpan/pit/thr/conf/perl-5.8.9/.cpanplus/5.8.9/build/HTML-Tested-0.58/blib/lib/HTML/Tested/Test/Value.pm line 10.
Global symbol "$e_root" requires explicit package name at /usr/home/cpan/pit/thr/conf/perl-5.8.9/.cpanplus/5.8.9/build/HTML-Tested-0.58/blib/lib/HTML/Tested/Test/Value.pm line 10.
Global symbol "$name" requires explicit package name at /usr/home/cpan/pit/thr/conf/perl-5.8.9/.cpanplus/5.8.9/build/HTML-Tested-0.58/blib/lib/HTML/Tested/Test/Value.pm line 10.
Global symbol "$e_root" requires explicit package name at /usr/home/cpan/pit/thr/conf/perl-5.8.9/.cpanplus/5.8.9/build/HTML-Tested-0.58/blib/lib/HTML/Tested/Test/Value.pm line 10.
Global symbol "$name" requires explicit package name at /usr/home/cpan/pit/thr/conf/perl-5.8.9/.cpanplus/5.8.9/build/HTML-Tested-0.58/blib/lib/HTML/Tested/Test/Value.pm line 10.
Global symbol "$e_root" requires explicit package name at /usr/home/cpan/pit/thr/conf/perl-5.8.9/.cpanplus/5.8.9/build/HTML-Tested-0.58/blib/lib/HTML/Tested/Test/Value.pm line 10.
Global symbol "$name" requires explicit package name at /usr/home/cpan/pit/thr/conf/perl-5.8.9/.cpanplus/5.8.9/build/HTML-Tested-0.58/blib/lib/HTML/Tested/Test/Value.pm line 10.
Global symbol "$e_val" requires explicit package name at /usr/home/cpan/pit/thr/conf/perl-5.8.9/.cpanplus/5.8.9/build/HTML-Tested-0.58/blib/lib/HTML/Tested/Test/Value.pm line 10.
Global symbol "$r_val" requires explicit package name at /usr/home/cpan/pit/thr/conf/perl-5.8.9/.cpanplus/5.8.9/build/HTML-Tested-0.58/blib/lib/HTML/Tested/Test/Value.pm line 10.
Global symbol "$err" requires explicit package name at /usr/home/cpan/pit/thr/conf/perl-5.8.9/.cpanplus/5.8.9/build/HTML-Tested-0.58/blib/lib/HTML/Tested/Test/Value.pm line 10.
Global symbol "$e_root" requires explicit package name at /usr/home/cpan/pit/thr/conf/perl-5.8.9/.cpanplus/5.8.9/build/HTML-Tested-0.58/blib/lib/HTML/Tested/Test/Value.pm line 10.
Global symbol "$name" requires explicit package name at /usr/home/cpan/pit/thr/conf/perl-5.8.9/.cpanplus/5.8.9/build/HTML-Tested-0.58/blib/lib/HTML/Tested/Test/Value.pm line 10.
Global symbol "$e_val" requires explicit package name at /usr/home/cpan/pit/thr/conf/perl-5.8.9/.cpanplus/5.8.9/build/HTML-Tested-0.58/blib/lib/HTML/Tested/Test/Value.pm line 10.
Global symbol "$r_val" requires explicit package name at /usr/home/cpan/pit/thr/conf/perl-5.8.9/.cpanplus/5.8.9/build/HTML-Tested-0.58/blib/lib/HTML/Tested/Test/Value.pm line 10.
Global symbol "$err" requires explicit package name at /usr/home/cpan/pit/thr/conf/perl-5.8.9/.cpanplus/5.8.9/build/HTML-Tested-0.58/blib/lib/HTML/Tested/Test/Value.pm line 10.
Global symbol "$e_root" requires explicit package name at /usr/home/cpan/pit/thr/conf/perl-5.8.9/.cpanplus/5.8.9/build/HTML-Tested-0.58/blib/lib/HTML/Tested/Test/Value.pm line 10.
Global symbol "$name" requires explicit package name at /usr/home/cpan/pit/thr/conf/perl-5.8.9/.cpanplus/5.8.9/build/HTML-Tested-0.58/blib/lib/HTML/Tested/Test/Value.pm line 10.
Global symbol "$orig_r_val" requires explicit package name at /usr/home/cpan/pit/thr/conf/perl-5.8.9/.cpanplus/5.8.9/build/HTML-Tested-0.58/blib/lib/HTML/Tested/Test/Value.pm line 10.
Global symbol "$r_val" requires explicit package name at /usr/home/cpan/pit/thr/conf/perl-5.8.9/.cpanplus/5.8.9/build/HTML-Tested-0.58/blib/lib/HTML/Tested/Test/Value.pm line 10.
Global symbol "$e_val" requires explicit package name at /usr/home/cpan/pit/thr/conf/perl-5.8.9/.cpanplus/5.8.9/build/HTML-Tested-0.58/blib/lib/HTML/Tested/Test/Value.pm line 10.
Global symbol "$e_val" requires explicit package name at /usr/home/cpan/pit/thr/conf/perl-5.8.9/.cpanplus/5.8.9/build/HTML-Tested-0.58/blib/lib/HTML/Tested/Test/Value.pm line 10.
Global symbol "$r_val" requires explicit package name at /usr/home/cpan/pit/thr/conf/perl-5.8.9/.cpanplus/5.8.9/build/HTML-Tested-0.58/blib/lib/HTML/Tested/Test/Value.pm line 10.
Global symbol "$r_val" requires explicit package name at /usr/home/cpan/pit/thr/conf/perl-5.8.9/.cpanplus/5.8.9/build/HTML-Tested-0.58/blib/lib/HTML/Tested/Test/Value.pm line 10.
Global symbol "$err" requires explicit package name at /usr/home/cpan/pit/thr/conf/perl-5.8.9/.cpanplus/5.8.9/build/HTML-Tested-0.58/blib/lib/HTML/Tested/Test/Value.pm line 10.
Global symbol "$name" requires explicit package name at /usr/home/cpan/pit/thr/conf/perl-5.8.9/.cpanplus/5.8.9/build/HTML-Tested-0.58/blib/lib/HTML/Tested/Test/Value.pm line 10.
Global symbol "$r_val" requires explicit package name at /usr/home/cpan/pit/thr/conf/perl-5.8.9/.cpanplus/5.8.9/build/HTML-Tested-0.58/blib/lib/HTML/Tested/Test/Value.pm line 10.
Global symbol "$orig_r_val" requires explicit package name at /usr/home/cpan/pit/thr/conf/perl-5.8.9/.cpanplus/5.8.9/build/HTML-Tested-0.58/blib/lib/HTML/Tested/Test/Value.pm line 10.
Global symbol "$r_val" requires explicit package name at /usr/home/cpan/pit/thr/conf/perl-5.8.9/.cpanplus/5.8.9/build/HTML-Tested-0.58/blib/lib/HTML/Tested/Test/Value.pm line 10.
Global symbol "$e_root" requires explicit package name at /usr/home/cpan/pit/thr/conf/perl-5.8.9/.cpanplus/5.8.9/build/HTML-Tested-0.58/blib/lib/HTML/Tested/Test/Value.pm line 10.
Global symbol "$name" requires explicit package name at /usr/home/cpan/pit/thr/conf/perl-5.8.9/.cpanplus/5.8.9/build/HTML-Tested-0.58/blib/lib/HTML/Tested/Test/Value.pm line 10.
Global symbol "$e_root" requires explicit package name at /usr/home/cpan/pit/thr/conf/perl-5.8.9/.cpanplus/5.8.9/build/HTML-Tested-0.58/blib/lib/HTML/Tested/Test/Value.pm line 10.
Global symbol "$name" requires explicit package name at /usr/home/cpan/pit/thr/conf/perl-5.8.9/.cpanplus/5.8.9/build/HTML-Tested-0.58/blib/lib/HTML/Tested/Test/Value.pm line 10.
Global symbol "$err" requires explicit package name at /usr/home/cpan/pit/thr/conf/perl-5.8.9/.cpanplus/5.8.9/build/HTML-Tested-0.58/blib/lib/HTML/Tested/Test/Value.pm line 10.
Global symbol "$name" requires explicit package name at /usr/home/cpan/pit/thr/conf/perl-5.8.9/.cpanplus/5.8.9/build/HTML-Tested-0.58/blib/lib/HTML/Tested/Test/Value.pm line 10.
Global symbol "$e_val" requires explicit package name at /usr/home/cpan/pit/thr/conf/perl-5.8.9/.cpanplus/5.8.9/build/HTML-Tested-0.58/blib/lib/HTML/Tested/Test/Value.pm line 10.
Global symbol "$r_val" requires explicit package name at /usr/home/cpan/pit/thr/conf/perl-5.8.9/.cpanplus/5.8.9/build/HTML-Tested-0.58/blib/lib/HTML/Tested/Test/Value.pm line 10.
Global symbol "$e_val" requires explicit package name at /usr/home/cpan/pit/thr/conf/perl-5.8.9/.cpanplus/5.8.9/build/HTML-Tested-0.58/blib/lib/HTML/Tested/Test/Value.pm line 10.
Global symbol "$cb" requires explicit package name at /usr/home/cpan/pit/thr/conf/perl-5.8.9/.cpanplus/5.8.9/build/HTML-Tested-0.58/blib/lib/HTML/Tested/Test/Value.pm line 10.
Global symbol "$cb" requires explicit package name at /usr/home/cpan/pit/thr/conf/perl-5.8.9/.cpanplus/5.8.9/build/HTML-Tested-0.58/blib/lib/HTML/Tested/Test/Value.pm line 10.
Global symbol "$e_val" requires explicit package name at /usr/home/cpan/pit/thr/conf/perl-5.8.9/.cpanplus/5.8.9/build/HTML-Tested-0.58/blib/lib/HTML/Tested/Test/Value.pm line 10.
Global symbol "$e_val" requires explicit package name at /usr/home/cpan/pit/thr/conf/perl-5.8.9/.cpanplus/5.8.9/build/HTML-Tested-0.58/blib/lib/HTML/Tested/Test/Value.pm line 10.
syntax error at /usr/home/cpan/pit/thr/conf/perl-5.8.9/.cpanplus/5.8.9/build/HTML-Tested-0.58/blib/lib/HTML/Tested/Test/Value.pm line 47, near "return undef unless ($e_val =~ /("
/usr/home/cpan/pit/thr/conf/perl-5.8.9/.cpanplus/5.8.9/build/HTML-Tested-0.58/blib/lib/HTML/Tested/Test/Value.pm has too many errors.
Compilation failed in require at (eval 17) line 3.
	...propagated at /usr/home/cpan/pit/thr/perl-5.8.9/lib/5.8.9/base.pm line 93.
BEGIN failed--compilation aborted at t/010_value.t line 171.
# Looks like you planned 47 tests but ran 4.
# Looks like you failed 1 test of 4 run.
# Looks like your test exited with 255 just after 4.
t/010_value.t ......... 
Dubious, test returned 255 (wstat 65280, 0xff00)
Failed 44/47 subtests 
Variable "$name" is not imported at /usr/home/cpan/pit/thr/conf/perl-5.8.9/.cpanplus/5.8.9/build/HTML-Tested-0.58/blib/lib/HTML/Tested/Value.pm line 119.
	(Did you mean &name instead?)
Variable "$name" is not imported at /usr/home/cpan/pit/thr/conf/perl-5.8.9/.cpanplus/5.8.9/build/HTML-Tested-0.58/blib/lib/HTML/Tested/Value.pm line 119.
	(Did you mean &name instead?)

#   Failed test 'use HTML::Tested::Test;'
#   at t/020_list.t line 13.
#     Tried to use 'HTML::Tested::Test'.
#     Error:  Unable to use HTML::Tested::Value::Upload or use HTML::Tested::Test::Upload at /usr/home/cpan/pit/thr/conf/perl-5.8.9/.cpanplus/5.8.9/build/HTML-Tested-0.58/blib/lib/HTML/Tested/Test.pm line 171.
# Compilation failed in require at (eval 11) line 2.
# BEGIN failed--compilation aborted at (eval 11) line 2.
# Can't locate object method "render" via package "HTML::Tested::Value::Marked" at /usr/home/cpan/pit/thr/conf/perl-5.8.9/.cpanplus/5.8.9/build/HTML-Tested-0.58/blib/lib/HTML/Tested.pm line 118.
 at t/020_list.t line 9
	main::__ANON__('Can\'t locate object method "render" via package "HTML::Teste...') called at /usr/home/cpan/pit/thr/conf/perl-5.8.9/.cpanplus/5.8.9/build/HTML-Tested-0.58/blib/lib/HTML/Tested.pm line 118
	HTML::Tested::_ht_render_i('LR=HASH(0x801ab12a0)', 'HASH(0x801ab1400)', 'l1__1') called at /usr/home/cpan/pit/thr/conf/perl-5.8.9/.cpanplus/5.8.9/build/HTML-Tested-0.58/blib/lib/HTML/Tested/List/Renderer.pm line 16
	HTML::Tested::List::Renderer::render('HTML::Tested::List::Renderer', 'HTML::Tested::List=HASH(0x801a06260)', 'L=HASH(0x801ab1240)', 'HASH(0x801ab1280)', 'l1') called at /usr/home/cpan/pit/thr/conf/perl-5.8.9/.cpanplus/5.8.9/build/HTML-Tested-0.58/blib/lib/HTML/Tested/List.pm line 46
	HTML::Tested::List::render('HTML::Tested::List=HASH(0x801a06260)', 'L=HASH(0x801ab1240)', 'HASH(0x801ab1280)', 'l1', 'l1') called at /usr/home/cpan/pit/thr/conf/perl-5.8.9/.cpanplus/5.8.9/build/HTML-Tested-0.58/blib/lib/HTML/Tested.pm line 118
	HTML::Tested::_ht_render_i('L=HASH(0x801ab1240)', 'HASH(0x801ab1280)') called at /usr/home/cpan/pit/thr/conf/perl-5.8.9/.cpanplus/5.8.9/build/HTML-Tested-0.58/blib/lib/HTML/Tested.pm line 128
	HTML::Tested::ht_render('L=HASH(0x801ab1240)', 'HASH(0x801ab1280)') called at t/020_list.t line 38
# Looks like you planned 40 tests but ran 6.
# Looks like you failed 1 test of 6 run.
# Looks like your test exited with 255 just after 6.
t/020_list.t .......... 
Dubious, test returned 255 (wstat 65280, 0xff00)
Failed 35/40 subtests 
Variable "$name" is not imported at /usr/home/cpan/pit/thr/conf/perl-5.8.9/.cpanplus/5.8.9/build/HTML-Tested-0.58/blib/lib/HTML/Tested/Value.pm line 119.
	(Did you mean &name instead?)
Variable "$name" is not imported at /usr/home/cpan/pit/thr/conf/perl-5.8.9/.cpanplus/5.8.9/build/HTML-Tested-0.58/blib/lib/HTML/Tested/Value.pm line 119.
	(Did you mean &name instead?)

#   Failed test 'use HTML::Tested::Test;'
#   at t/030_edit_box.t line 8.
#     Tried to use 'HTML::Tested::Test'.
#     Error:  Unable to use HTML::Tested::Value::Upload or use HTML::Tested::Test::Upload at /usr/home/cpan/pit/thr/conf/perl-5.8.9/.cpanplus/5.8.9/build/HTML-Tested-0.58/blib/lib/HTML/Tested/Test.pm line 171.
# Compilation failed in require at (eval 7) line 2.
# BEGIN failed--compilation aborted at (eval 7) line 2.
Can't locate object method "render" via package "HTML::Tested::Value::EditBox" at /usr/home/cpan/pit/thr/conf/perl-5.8.9/.cpanplus/5.8.9/build/HTML-Tested-0.58/blib/lib/HTML/Tested.pm line 118.
# Looks like you planned 6 tests but ran 4.
# Looks like you failed 1 test of 4 run.
# Looks like your test exited with 255 just after 4.
t/030_edit_box.t ...... 
Dubious, test returned 255 (wstat 65280, 0xff00)
Failed 3/6 subtests 
Variable "$name" is not imported at /usr/home/cpan/pit/thr/conf/perl-5.8.9/.cpanplus/5.8.9/build/HTML-Tested-0.58/blib/lib/HTML/Tested/Value.pm line 119.
	(Did you mean &name instead?)
Variable "$name" is not imported at /usr/home/cpan/pit/thr/conf/perl-5.8.9/.cpanplus/5.8.9/build/HTML-Tested-0.58/blib/lib/HTML/Tested/Value.pm line 119.
	(Did you mean &name instead?)

#   Failed test 'use HTML::Tested::Test;'
#   at t/040_textarea.t line 8.
#     Tried to use 'HTML::Tested::Test'.
#     Error:  Unable to use HTML::Tested::Value::Upload or use HTML::Tested::Test::Upload at /usr/home/cpan/pit/thr/conf/perl-5.8.9/.cpanplus/5.8.9/build/HTML-Tested-0.58/blib/lib/HTML/Tested/Test.pm line 171.
# Compilation failed in require at (eval 7) line 2.
# BEGIN failed--compilation aborted at (eval 7) line 2.
Can't locate object method "render" via package "HTML::Tested::Value::TextArea" at /usr/home/cpan/pit/thr/conf/perl-5.8.9/.cpanplus/5.8.9/build/HTML-Tested-0.58/blib/lib/HTML/Tested.pm line 118.
# Looks like you planned 5 tests but ran 4.
# Looks like you failed 1 test of 4 run.
# Looks like your test exited with 255 just after 4.
t/040_textarea.t ...... 
Dubious, test returned 255 (wstat 65280, 0xff00)
Failed 2/5 subtests 
Variable "$name" is not imported at /usr/home/cpan/pit/thr/conf/perl-5.8.9/.cpanplus/5.8.9/build/HTML-Tested-0.58/blib/lib/HTML/Tested/Value.pm line 119.
	(Did you mean &name instead?)
Variable "$name" is not imported at /usr/home/cpan/pit/thr/conf/perl-5.8.9/.cpanplus/5.8.9/build/HTML-Tested-0.58/blib/lib/HTML/Tested/Value.pm line 119.
	(Did you mean &name instead?)

#   Failed test 'use HTML::Tested::Value::Tree;'
#   at t/050_tree.t line 10.
#     Tried to use 'HTML::Tested::Value::Tree'.
#     Error:  Global symbol "$widget" requires explicit package name at /usr/home/cpan/pit/thr/conf/perl-5.8.9/.cpanplus/5.8.9/build/HTML-Tested-0.58/blib/lib/HTML/Tested/Value.pm line 119.
# Global symbol "$value" requires explicit package name at /usr/home/cpan/pit/thr/conf/perl-5.8.9/.cpanplus/5.8.9/build/HTML-Tested-0.58/blib/lib/HTML/Tested/Value.pm line 119.
# Global symbol "$widget" requires explicit package name at /usr/home/cpan/pit/thr/conf/perl-5.8.9/.cpanplus/5.8.9/build/HTML-Tested-0.58/blib/lib/HTML/Tested/Value.pm line 119.
# Global symbol "$val" requires explicit package name at /usr/home/cpan/pit/thr/conf/perl-5.8.9/.cpanplus/5.8.9/build/HTML-Tested-0.58/blib/lib/HTML/Tested/Value.pm line 119.
# Global symbol "$val" requires explicit package name at /usr/home/cpan/pit/thr/conf/perl-5.8.9/.cpanplus/5.8.9/build/HTML-Tested-0.58/blib/lib/HTML/Tested/Value.pm line 119.
# Global symbol "$val" requires explicit package name at /usr/home/cpan/pit/thr/conf/perl-5.8.9/.cpanplus/5.8.9/build/HTML-Tested-0.58/blib/lib/HTML/Tested/Value.pm line 119.
# Global symbol "$func" requires explicit package name at /usr/home/cpan/pit/thr/conf/perl-5.8.9/.cpanplus/5.8.9/build/HTML-Tested-0.58/blib/lib/HTML/Tested/Value.pm line 119.
# Global symbol "$func" requires explicit package name at /usr/home/cpan/pit/thr/conf/perl-5.8.9/.cpanplus/5.8.9/build/HTML-Tested-0.58/blib/lib/HTML/Tested/Value.pm line 119.
# Global symbol "$val" requires explicit package name at /usr/home/cpan/pit/thr/conf/perl-5.8.9/.cpanplus/5.8.9/build/HTML-Tested-0.58/blib/lib/HTML/Tested/Value.pm line 119.
# Global symbol "$val" requires explicit package name at /usr/home/cpan/pit/thr/conf/perl-5.8.9/.cpanplus/5.8.9/build/HTML-Tested-0.58/blib/lib/HTML/Tested/Value.pm line 119.
# Global symbol "$val" requires explicit package name at /usr/home/cpan/pit/thr/conf/perl-5.8.9/.cpanplus/5.8.9/build/HTML-Tested-0.58/blib/lib/HTML/Tested/Value.pm line 119.
# Global symbol "$val" requires explicit package name at /usr/home/cpan/pit/thr/conf/perl-5.8.9/.cpanplus/5.8.9/build/HTML-Tested-0.58/blib/lib/HTML/Tested/Value.pm line 119.
# Global symbol "$stash" requires explicit package name at /usr/home/cpan/pit/thr/conf/perl-5.8.9/.cpanplus/5.8.9/build/HTML-Tested-0.58/blib/lib/HTML/Tested/Value.pm line 119.
# Global symbol "$val" requires explicit package name at /usr/home/cpan/pit/thr/conf/perl-5.8.9/.cpanplus/5.8.9/build/HTML-Tested-0.58/blib/lib/HTML/Tested/Value.pm line 119.
# Global symbol "$val" requires explicit package name at /usr/home/cpan/pit/thr/conf/perl-5.8.9/.cpanplus/5.8.9/build/HTML-Tested-0.58/blib/lib/HTML/Tested/Value.pm line 119.
# Global symbol "$val" requires explicit package name at /usr/home/cpan/pit/thr/conf/perl-5.8.9/.cpanplus/5.8.9/build/HTML-Tested-0.58/blib/lib/HTML/Tested/Value.pm line 119.
# Global symbol "$stash" requires explicit package name at /usr/home/cpan/pit/thr/conf/perl-5.8.9/.cpanplus/5.8.9/build/HTML-Tested-0.58/blib/lib/HTML/Tested/Value.pm line 119.
# Global symbol "$widget" requires explicit package name at /usr/home/cpan/pit/thr/conf/perl-5.8.9/.cpanplus/5.8.9/build/HTML-Tested-0.58/blib/lib/HTML/Tested/Value.pm line 119.
# Global symbol "$stash" requires explicit package name at /usr/home/cpan/pit/thr/conf/perl-5.8.9/.cpanplus/5.8.9/build/HTML-Tested-0.58/blib/lib/HTML/Tested/Value.pm line 119.
# Global symbol "$name" requires explicit package name at /usr/home/cpan/pit/thr/conf/perl-5.8.9/.cpanplus/5.8.9/build/HTML-Tested-0.58/blib/lib/HTML/Tested/Value.pm line 119.
# Global symbol "$stash" requires explicit package name at /usr/home/cpan/pit/thr/conf/perl-5.8.9/.cpanplus/5.8.9/build/HTML-Tested-0.58/blib/lib/HTML/Tested/Value.pm line 119.
# Global symbol "$stash" requires explicit package name at /usr/home/cpan/pit/thr/conf/perl-5.8.9/.cpanplus/5.8.9/build/HTML-Tested-0.58/blib/lib/HTML/Tested/Value.pm line 119.
# Global symbol "$name" requires explicit package name at /usr/home/cpan/pit/thr/conf/perl-5.8.9/.cpanplus/5.8.9/build/HTML-Tested-0.58/blib/lib/HTML/Tested/Value.pm line 119.
# Global symbol "$widget" requires explicit package name at /usr/home/cpan/pit/thr/conf/perl-5.8.9/.cpanplus/5.8.9/build/HTML-Tested-0.58/blib/lib/HTML/Tested/Value.pm line 119.
# Global symbol "$stash" requires explicit package name at /usr/home/cpan/pit/thr/conf/perl-5.8.9/.cpanplus/5.8.9/build/HTML-Tested-0.58/blib/lib/HTML/Tested/Value.pm line 119.
# Global symbol "$func" requires explicit package name at /usr/home/cpan/pit/thr/conf/perl-5.8.9/.cpanplus/5.8.9/build/HTML-Tested-0.58/blib/lib/HTML/Tested/Value.pm line 119.
# Global symbol "$res" requires explicit package name at /usr/home/cpan/pit/thr/conf/perl-5.8.9/.cpanplus/5.8.9/build/HTML-Tested-0.58/blib/lib/HTML/Tested/Value.pm line 119.
# Global symbol "$func" requires explicit package name at /usr/home/cpan/pit/thr/conf/perl-5.8.9/.cpanplus/5.8.9/build/HTML-Tested-0.58/blib/lib/HTML/Tested/Value.pm line 119.
# Global symbol "$stash" requires explicit package name at /usr/home/cpan/pit/thr/conf/perl-5.8.9/.cpanplus/5.8.9/build/HTML-Tested-0.58/blib/lib/HTML/Tested/Value.pm line 119.
# Global symbol "$stash" requires explicit package name at /usr/home/cpan/pit/thr/conf/perl-5.8.9/.cpanplus/5.8.9/build/HTML-Tested-0.58/blib/lib/HTML/Tested/Value.pm line 119.
# Global symbol "$res" requires explicit package name at /usr/home/cpan/pit/thr/conf/perl-5.8.9/.cpanplus/5.8.9/build/HTML-Tested-0.58/blib/lib/HTML/Tested/Value.pm line 119.
# Global symbol "$res" requires explicit package name at /usr/home/cpan/pit/thr/conf/perl-5.8.9/.cpanplus/5.8.9/build/HTML-Tested-0.58/blib/lib/HTML/Tested/Value.pm line 119.
# Global symbol "$widget" requires explicit package name at /usr/home/cpan/pit/thr/conf/perl-5.8.9/.cpanplus/5.8.9/build/HTML-Tested-0.58/blib/lib/HTML/Tt/050_tree.t .......... 
Dubious, test returned 255 (wstat 65280, 0xff00)
Failed 12/13 subtests 
ested/Value.pm line 119.
# Global symbol "$constraint" requires explicit package name at /usr/home/cpan/pit/thr/conf/perl-5.8.9/.cpanplus/5.8.9/build/HTML-Tested-0.58/blib/lib/HTML/Tested/Value.pm line 119.
# Global symbol "$constraint" requires explicit package name at /usr/home/cpan/pit/thr/conf/perl-5.8.9/.cpanplus/5.8.9/build/HTML-Tested-0.58/blib/lib/HTML/Tested/Value.pm line 119.
# syntax error at /usr/home/cpan/pit/thr/conf/perl-5.8.9/.cpanplus/5.8.9/build/HTML-Tested-0.58/blib/lib/HTML/Tested/Value.pm line 188, near "/>"
# /usr/home/cpan/pit/thr/conf/perl-5.8.9/.cpanplus/5.8.9/build/HTML-Tested-0.58/blib/lib/HTML/Tested/Value.pm has too many errors.
# Compilation failed in require at (eval 5) line 3.
# 	...propagated at /usr/home/cpan/pit/thr/perl-5.8.9/lib/5.8.9/base.pm line 93.
# BEGIN failed--compilation aborted at /usr/home/cpan/pit/thr/conf/perl-5.8.9/.cpanplus/5.8.9/build/HTML-Tested-0.58/blib/lib/HTML/Tested/Value/Tree.pm line 5.
# Compilation failed in require at (eval 4) line 2.
# BEGIN failed--compilation aborted at (eval 4) line 2.

#   Failed test 'use HTML::Tested::Test;'
#   at t/050_tree.t line 12.
#     Tried to use 'HTML::Tested::Test'.
#     Error:  Unable to use HTML::Tested::Value::Upload or use HTML::Tested::Test::Upload at /usr/home/cpan/pit/thr/conf/perl-5.8.9/.cpanplus/5.8.9/build/HTML-Tested-0.58/blib/lib/HTML/Tested/Test.pm line 171.
# Compilation failed in require at (eval 12) line 2.
# BEGIN failed--compilation aborted at (eval 12) line 2.
# Can't locate object method "value_to_string" via package "HTML::Tested::Value::Tree" at t/050_tree.t line 32.
 at t/050_tree.t line 8
	main::__ANON__('Can\'t locate object method "value_to_string" via package "HT...') called at t/050_tree.t line 32
# Looks like you planned 13 tests but ran 3.
# Looks like you failed 2 tests of 3 run.
# Looks like your test exited with 255 just after 3.
Variable "$name" is not imported at /usr/home/cpan/pit/thr/conf/perl-5.8.9/.cpanplus/5.8.9/build/HTML-Tested-0.58/blib/lib/HTML/Tested/Value.pm line 119.
	(Did you mean &name instead?)
Variable "$name" is not imported at /usr/home/cpan/pit/thr/conf/perl-5.8.9/.cpanplus/5.8.9/build/HTML-Tested-0.58/blib/lib/HTML/Tested/Value.pm line 119.
	(Did you mean &name instead?)

#   Failed test 'use HTML::Tested::List::Pager;'
#   at t/060_pager.t line 7.
#     Tried to use 'HTML::Tested::List::Pager'.
#     Error:  Global symbol "$widget" requires explicit package name at /usr/home/cpan/pit/thr/conf/perl-5.8.9/.cpanplus/5.8.9/build/HTML-Tested-0.58/blib/lib/HTML/Tested/Value.pm line 119.
# Global symbol "$value" requires explicit package name at /usr/home/cpan/pit/thr/conf/perl-5.8.9/.cpanplus/5.8.9/build/HTML-Tested-0.58/blib/lib/HTML/Tested/Value.pm line 119.
# Global symbol "$widget" requires explicit package name at /usr/home/cpan/pit/thr/conf/perl-5.8.9/.cpanplus/5.8.9/build/HTML-Tested-0.58/blib/lib/HTML/Tested/Value.pm line 119.
# Global symbol "$val" requires explicit package name at /usr/home/cpan/pit/thr/conf/perl-5.8.9/.cpanplus/5.8.9/build/HTML-Tested-0.58/blib/lib/HTML/Tested/Value.pm line 119.
# Global symbol "$val" requires explicit package name at /usr/home/cpan/pit/thr/conf/perl-5.8.9/.cpanplus/5.8.9/build/HTML-Tested-0.58/blib/lib/HTML/Tested/Value.pm line 119.
# Global symbol "$val" requires explicit package name at /usr/home/cpan/pit/thr/conf/perl-5.8.9/.cpanplus/5.8.9/build/HTML-Tested-0.58/blib/lib/HTML/Tested/Value.pm line 119.
# Global symbol "$func" requires explicit package name at /usr/home/cpan/pit/thr/conf/perl-5.8.9/.cpanplus/5.8.9/build/HTML-Tested-0.58/blib/lib/HTML/Tested/Value.pm line 119.
# Global symbol "$func" requires explicit package name at /usr/home/cpan/pit/thr/conf/perl-5.8.9/.cpanplus/5.8.9/build/HTML-Tested-0.58/blib/lib/HTML/Tested/Value.pm line 119.
# Global symbol "$val" requires explicit package name at /usr/home/cpan/pit/thr/conf/perl-5.8.9/.cpanplus/5.8.9/build/HTML-Tested-0.58/blib/lib/HTML/Tested/Value.pm line 119.
# Global symbol "$val" requires explicit package name at /usr/home/cpan/pit/thr/conf/perl-5.8.9/.cpanplus/5.8.9/build/HTML-Tested-0.58/blib/lib/HTML/Tested/Value.pm line 119.
# Global symbol "$val" requires explicit package name at /usr/home/cpan/pit/thr/conf/perl-5.8.9/.cpanplus/5.8.9/build/HTML-Tested-0.58/blib/lib/HTML/Tested/Value.pm line 119.
# Global symbol "$val" requires explicit package name at /usr/home/cpan/pit/thr/conf/perl-5.8.9/.cpanplus/5.8.9/build/HTML-Tested-0.58/blib/lib/HTML/Tested/Value.pm line 119.
# Global symbol "$stash" requires explicit package name at /usr/home/cpan/pit/thr/conf/perl-5.8.9/.cpanplus/5.8.9/build/HTML-Tested-0.58/blib/lib/HTML/Tested/Value.pm line 119.
# Global symbol "$val" requires explicit package name at /usr/home/cpan/pit/thr/conf/perl-5.8.9/.cpanplus/5.8.9/build/HTML-Tested-0.58/blib/lib/HTML/Tested/Value.pm line 119.
# Global symbol "$val" requires explicit package name at /usr/home/cpan/pit/thr/conf/perl-5.8.9/.cpanplus/5.8.9/build/HTML-Tested-0.58/blib/lib/HTML/Tested/Value.pm line 119.
# Global symbol "$val" requires explicit package name at /usr/home/cpan/pit/thr/conf/perl-5.8.9/.cpanplus/5.8.9/build/HTML-Tested-0.58/blib/lib/HTML/Tested/Value.pm line 119.
# Global symbol "$stash" requires explicit package name at /usr/home/cpan/pit/thr/conf/perl-5.8.9/.cpanplus/5.8.9/build/HTML-Tested-0.58/blib/lib/HTML/Tested/Value.pm line 119.
# Global symbol "$widget" requires explicit package name at /usr/home/cpan/pit/thr/conf/perl-5.8.9/.cpanplus/5.8.9/build/HTML-Tested-0.58/blib/lib/HTML/Tested/Value.pm line 119.
# Global symbol "$stash" requires explicit package name at /usr/home/cpan/pit/thr/conf/perl-5.8.9/.cpanplus/5.8.9/build/HTML-Tested-0.58/blib/lib/HTML/Tested/Value.pm line 119.
# Global symbol "$name" requires explicit package name at /usr/home/cpan/pit/thr/conf/perl-5.8.9/.cpanplus/5.8.9/build/HTML-Tested-0.58/blib/lib/HTML/Tested/Value.pm line 119.
# Global symbol "$stash" requires explicit package name at /usr/home/cpan/pit/thr/conf/perl-5.8.9/.cpanplus/5.8.9/build/HTML-Tested-0.58/blib/lib/HTML/Tested/Value.pm line 119.
# Global symbol "$stash" requires explicit package name at /usr/home/cpan/pit/thr/conf/perl-5.8.9/.cpanplus/5.8.9/build/HTML-Tested-0.58/blib/lib/HTML/Tested/Value.pm line 119.
# Global symbol "$name" requires explicit package name at /usr/home/cpan/pit/thr/conf/perl-5.8.9/.cpanplus/5.8.9/build/HTML-Tested-0.58/blib/lib/HTML/Tested/Value.pm line 119.
# Global symbol "$widget" requires explicit package name at /usr/home/cpan/pit/thr/conf/perl-5.8.9/.cpanplus/5.8.9/build/HTML-Tested-0.58/blib/lib/HTML/Tested/Value.pm line 119.
# Global symbol "$stash" requires explicit package name at /usr/home/cpan/pit/thr/conf/perl-5.8.9/.cpanplus/5.8.9/build/HTML-Tested-0.58/blib/lib/HTML/Tested/Value.pm line 119.
# Global symbol "$func" requires explicit package name at /usr/home/cpan/pit/thr/conf/perl-5.8.9/.cpanplus/5.8.9/build/HTML-Tested-0.58/blib/lib/HTML/Tested/Value.pm line 119.
# Global symbol "$res" requires explicit package name at /usr/home/cpan/pit/thr/conf/perl-5.8.9/.cpanplus/5.8.9/build/HTML-Tested-0.58/blib/lib/HTML/Tested/Value.pm line 119.
# Global symbol "$func" requires explicit package name at /usr/home/cpan/pit/thr/conf/perl-5.8.9/.cpanplus/5.8.9/build/HTML-Tested-0.58/blib/lib/HTML/Tested/Value.pm line 119.
# Global symbol "$stash" requires explicit package name at /usr/home/cpan/pit/thr/conf/perl-5.8.9/.cpanplus/5.8.9/build/HTML-Tested-0.58/blib/lib/HTML/Tested/Value.pm line 119.
# Global symbol "$stash" requires explicit package name at /usr/home/cpan/pit/thr/conf/perl-5.8.9/.cpanplus/5.8.9/build/HTML-Tested-0.58/blib/lib/HTML/Tested/Value.pm line 119.
# Global symbol "$res" requires explicit package name at /usr/home/cpan/pit/thr/conf/perl-5.8.9/.cpanplus/5.8.9/build/HTML-Tested-0.58/blib/lib/HTML/Tested/Value.pm line 119.
# Global symbol "$res" requires explicit package name at /usr/home/cpan/pit/thr/conf/perl-5.8.9/.cpanplus/5.8.9/build/HTML-Tested-0.58/blib/lib/HTML/Tested/Value.pm line 119.
# Global symbol "$widget" requires explicit package name at /usr/home/cpan/pit/thr/conf/perl-5.8.9/.cpanplus/5.8.9/build/HTML-Tested-0.58/blib/lib/HTML/Tested/Value.pm line 119.
# Global symbol "$constraint" requires explicit package name at /usr/home/cpan/pit/thr/conf/perl-5.8.9/.cpanplus/5.8.9/build/HTML-Tested-0.58/blib/lib/HTML/Tested/Value.pm line 119.
# Global symbol "$constraint" requires explicit package name at /usr/home/cpan/pit/thr/conf/perl-5.8.9/.cpanplus/5.8.9/build/HTML-Tested-0.58/blib/lib/HTML/Tested/Value.pm line 119.
# syntax error at /usr/home/cpan/pit/thr/conf/perl-5.8.9/.cpanplus/5.8.9/build/HTML-Tested-0.58/blib/lib/HTML/Tested/Value.pm line 188, near "/>"
# /usr/home/cpan/pit/thr/conf/perl-5.8.9/.cpanplus/5.8.9/build/HTML-Tested-0.58/blib/lib/HTML/Tested/Value.pm has too many errors.
# Compilation failed in require at /usr/home/cpan/pit/thr/conf/perl-5.8.9/.cpanplus/5.8.9/build/HTML-Tested-0.58/blib/lib/HTML/Tested/List/Pager.pm line 5.
# BEGIN failed--compilation aborted at /usr/home/cpan/pit/thr/conf/perl-5.8.9/.cpanplus/5.8.9/build/HTML-Tested-0.58/blib/lib/HTML/Tested/List/Pager.pm line 5.
# Compilation failed in require at (eval 4) line 2.
# BEGIN failed--compilation aborted at (eval 4) line 2.
Can't locate object method "new" via package "HTML::Tested::List::Pager" at t/060_pager.t line 17.
# Looks like you planned 6 tests but ran 4.
# Looks like you failed 1 test of 4 run.
# Looks like your test exited with 255 just after 4.
t/060_pager.t ......... 
Dubious, test returned 255 (wstat 65280, 0xff00)
Failed 3/6 subtests 
Variable "$name" is not imported at /usr/home/cpan/pit/thr/conf/perl-5.8.9/.cpanplus/5.8.9/build/HTML-Tested-0.58/blib/lib/HTML/Tested/Value.pm line 119.
	(Did you mean &name instead?)
Variable "$name" is not imported at /usr/home/cpan/pit/thr/conf/perl-5.8.9/.cpanplus/5.8.9/build/HTML-Tested-0.58/blib/lib/HTML/Tested/Value.pm line 119.
	(Did you mean &name instead?)

#   Failed test 'use HTML::Tested::Test;'
#   at t/070_password_box.t line 8.
#     Tried to use 'HTML::Tested::Test'.
#     Error:  Unable to use HTML::Tested::Value::Upload or use HTML::Tested::Test::Upload at /usr/home/cpan/pit/thr/conf/perl-5.8.9/.cpanplus/5.8.9/build/HTML-Tested-0.58/blib/lib/HTML/Tested/Test.pm line 171.
# Compilation failed in require at (eval 7) line 2.
# BEGIN failed--compilation aborted at (eval 7) line 2.
Can't locate object method "render" via package "HTML::Tested::Value::PasswordBox" at /usr/home/cpan/pit/thr/conf/perl-5.8.9/.cpanplus/5.8.9/build/HTML-Tested-0.58/blib/lib/HTML/Tested.pm line 118.
# Looks like you planned 14 tests but ran 4.
# Looks like you failed 1 test of 4 run.
# Looks like your test exited with 255 just after 4.
t/070_password_box.t .. 
Dubious, test returned 255 (wstat 65280, 0xff00)
Failed 11/14 subtests 
Variable "$name" is not imported at /usr/home/cpan/pit/thr/conf/perl-5.8.9/.cpanplus/5.8.9/build/HTML-Tested-0.58/blib/lib/HTML/Tested/Value.pm line 119.
	(Did you mean &name instead?)
Variable "$name" is not imported at /usr/home/cpan/pit/thr/conf/perl-5.8.9/.cpanplus/5.8.9/build/HTML-Tested-0.58/blib/lib/HTML/Tested/Value.pm line 119.
	(Did you mean &name instead?)

#   Failed test 'use HTML::Tested::Test;'
#   at t/080_dropdown.t line 8.
#     Tried to use 'HTML::Tested::Test'.
#     Error:  Unable to use HTML::Tested::Value::Upload or use HTML::Tested::Test::Upload at /usr/home/cpan/pit/thr/conf/perl-5.8.9/.cpanplus/5.8.9/build/HTML-Tested-0.58/blib/lib/HTML/Tested/Test.pm line 171.
# Compilation failed in require at (eval 7) line 2.
# BEGIN failed--compilation aborted at (eval 7) line 2.
Can't locate object method "render" via package "HTML::Tested::Value::DropDown" at /usr/home/cpan/pit/thr/conf/perl-5.8.9/.cpanplus/5.8.9/build/HTML-Tested-0.58/blib/lib/HTML/Tested.pm line 118.
# Looks like you planned 15 tests but ran 4.
# Looks like you failed 1 test of 4 run.
# Looks like your test exited with 255 just after 4.
t/080_dropdown.t ...... 
Dubious, test returned 255 (wstat 65280, 0xff00)
Failed 12/15 subtests 
Variable "$name" is not imported at /usr/home/cpan/pit/thr/conf/perl-5.8.9/.cpanplus/5.8.9/build/HTML-Tested-0.58/blib/lib/HTML/Tested/Value.pm line 119.
	(Did you mean &name instead?)
Variable "$name" is not imported at /usr/home/cpan/pit/thr/conf/perl-5.8.9/.cpanplus/5.8.9/build/HTML-Tested-0.58/blib/lib/HTML/Tested/Value.pm line 119.
	(Did you mean &name instead?)
Unable to use HTML::Tested::Value::Upload or use HTML::Tested::Test::Upload at /usr/home/cpan/pit/thr/conf/perl-5.8.9/.cpanplus/5.8.9/build/HTML-Tested-0.58/blib/lib/HTML/Tested/Test.pm line 171.
Compilation failed in require at t/090_checkbox.t line 6.
BEGIN failed--compilation aborted at t/090_checkbox.t line 6.
# Looks like your test exited with 2 before it could output anything.
t/090_checkbox.t ...... 
Dubious, test returned 2 (wstat 512, 0x200)
Failed 17/17 subtests 
Variable "$name" is not imported at /usr/home/cpan/pit/thr/conf/perl-5.8.9/.cpanplus/5.8.9/build/HTML-Tested-0.58/blib/lib/HTML/Tested/Value.pm line 119.
	(Did you mean &name instead?)
Variable "$name" is not imported at /usr/home/cpan/pit/thr/conf/perl-5.8.9/.cpanplus/5.8.9/build/HTML-Tested-0.58/blib/lib/HTML/Tested/Value.pm line 119.
	(Did you mean &name instead?)
Unable to use HTML::Tested::Value::Upload or use HTML::Tested::Test::Upload at /usr/home/cpan/pit/thr/conf/perl-5.8.9/.cpanplus/5.8.9/build/HTML-Tested-0.58/blib/lib/HTML/Tested/Test.pm line 171.
Compilation failed in require at t/100_link.t line 6.
BEGIN failed--compilation aborted at t/100_link.t line 6.
# Looks like your test exited with 2 before it could output anything.
t/100_link.t .......... 
Dubious, test returned 2 (wstat 512, 0x200)
Failed 17/17 subtests 
Subroutine File::Slurp::O_CREAT redefined at /usr/home/cpan/pit/thr/conf/perl-5.8.9/.cpanplus/5.8.9/build/File-Slurp-9999.19/blib/lib/File/Slurp.pm line 89.
Subroutine File::Slurp::O_EXCL redefined at /usr/home/cpan/pit/thr/conf/perl-5.8.9/.cpanplus/5.8.9/build/File-Slurp-9999.19/blib/lib/File/Slurp.pm line 90.
Variable "$name" is not imported at /usr/home/cpan/pit/thr/conf/perl-5.8.9/.cpanplus/5.8.9/build/HTML-Tested-0.58/blib/lib/HTML/Tested/Value.pm line 119.
	(Did you mean &name instead?)
Variable "$name" is not imported at /usr/home/cpan/pit/thr/conf/perl-5.8.9/.cpanplus/5.8.9/build/HTML-Tested-0.58/blib/lib/HTML/Tested/Value.pm line 119.
	(Did you mean &name instead?)

#   Failed test 'use HTML::Tested::Test;'
#   at t/110_upload.t line 13.
#     Tried to use 'HTML::Tested::Test'.
#     Error:  Unable to use HTML::Tested::Value::Upload or use HTML::Tested::Test::Upload at /usr/home/cpan/pit/thr/conf/perl-5.8.9/.cpanplus/5.8.9/build/HTML-Tested-0.58/blib/lib/HTML/Tested/Test.pm line 171.
# Compilation failed in require at (eval 19) line 2.
# BEGIN failed--compilation aborted at (eval 19) line 2.
Can't locate object method "new" via package "HTML::Tested::Value::Upload" at /usr/home/cpan/pit/thr/conf/perl-5.8.9/.cpanplus/5.8.9/build/HTML-Tested-0.58/blib/lib/HTML/Tested.pm line 99.
# Looks like you planned 32 tests but ran 5.
# Looks like you failed 1 test of 5 run.
# Looks like your test exited with 255 just after 5.
t/110_upload.t ........ 
Dubious, test returned 255 (wstat 65280, 0xff00)
Failed 28/32 subtests 
Variable "$name" is not imported at /usr/home/cpan/pit/thr/conf/perl-5.8.9/.cpanplus/5.8.9/build/HTML-Tested-0.58/blib/lib/HTML/Tested/Value.pm line 119.
	(Did you mean &name instead?)
Variable "$name" is not imported at /usr/home/cpan/pit/thr/conf/perl-5.8.9/.cpanplus/5.8.9/build/HTML-Tested-0.58/blib/lib/HTML/Tested/Value.pm line 119.
	(Did you mean &name instead?)

#   Failed test 'use HTML::Tested::Value::Form;'
#   at t/120_form.t line 9.
#     Tried to use 'HTML::Tested::Value::Form'.
#     Error:  Global symbol "$widget" requires explicit package name at /usr/home/cpan/pit/thr/conf/perl-5.8.9/.cpanplus/5.8.9/build/HTML-Tested-0.58/blib/lib/HTML/Tested/Value.pm line 119.
# Global symbol "$value" requires explicit package name at /usr/home/cpan/pit/thr/conf/perl-5.8.9/.cpanplus/5.8.9/build/HTML-Tested-0.58/blib/lib/HTML/Tested/Value.pm line 119.
# Global symbol "$widget" requires explicit package name at /usr/home/cpan/pit/thr/conf/perl-5.8.9/.cpanplus/5.8.9/build/HTML-Tested-0.58/blib/lib/HTML/Tested/Value.pm line 119.
# Global symbol "$val" requires explicit package name at /usr/home/cpan/pit/thr/conf/perl-5.8.9/.cpanplus/5.8.9/build/HTML-Tested-0.58/blib/lib/HTML/Tested/Value.pm line 119.
# Global symbol "$val" requires explicit package name at /usr/home/cpan/pit/thr/conf/perl-5.8.9/.cpanplus/5.8.9/build/HTML-Tested-0.58/blib/lib/HTML/Tested/Value.pm line 119.
# Global symbol "$val" requires explicit package name at /usr/home/cpan/pit/thr/conf/perl-5.8.9/.cpanplus/5.8.9/build/HTML-Tested-0.58/blib/lib/HTML/Tested/Value.pm line 119.
# Global symbol "$func" requires explicit package name at /usr/home/cpan/pit/thr/conf/perl-5.8.9/.cpanplus/5.8.9/build/HTML-Tested-0.58/blib/lib/HTML/Tested/Value.pm line 119.
# Global symbol "$func" requires explicit package name at /usr/home/cpan/pit/thr/conf/perl-5.8.9/.cpanplus/5.8.9/build/HTML-Tested-0.58/blib/lib/HTML/Tested/Value.pm line 119.
# Global symbol "$val" requires explicit package name at /usr/home/cpan/pit/thr/conf/perl-5.8.9/.cpanplus/5.8.9/build/HTML-Tested-0.58/blib/lib/HTML/Tested/Value.pm line 119.
# Global symbol "$val" requires explicit package name at /usr/home/cpan/pit/thr/conf/perl-5.8.9/.cpanplus/5.8.9/build/HTML-Tested-0.58/blib/lib/HTML/Tested/Value.pm line 119.
# Global symbol "$val" requires explicit package name at /usr/home/cpan/pit/thr/conf/perl-5.8.9/.cpanplus/5.8.9/build/HTML-Tested-0.58/blib/lib/HTML/Tested/Value.pm line 119.
# Global symbol "$val" requires explicit package name at /usr/home/cpan/pit/thr/conf/perl-5.8.9/.cpanplus/5.8.9/build/HTML-Tested-0.58/blib/lib/HTML/Tested/Value.pm line 119.
# Global symbol "$stash" requires explicit package name at /usr/home/cpan/pit/thr/conf/perl-5.8.9/.cpanplus/5.8.9/build/HTML-Tested-0.58/blib/lib/HTML/Tested/Value.pm line 119.
# Global symbol "$val" requires explicit package name at /usr/home/cpan/pit/thr/conf/perl-5.8.9/.cpanplus/5.8.9/build/HTML-Tested-0.58/blib/lib/HTML/Tested/Value.pm line 119.
# Global symbol "$val" requires explicit package name at /usr/home/cpan/pit/thr/conf/perl-5.8.9/.cpanplus/5.8.9/build/HTML-Tested-0.58/blib/lib/HTML/Tested/Value.pm line 119.
# Global symbol "$val" requires explicit package name at /usr/home/cpan/pit/thr/conf/perl-5.8.9/.cpanplus/5.8.9/build/HTML-Tested-0.58/blib/lib/HTML/Tested/Value.pm line 119.
# Global symbol "$stash" requires explicit package name at /usr/home/cpan/pit/thr/conf/perl-5.8.9/.cpanplus/5.8.9/build/HTML-Tested-0.58/blib/lib/HTML/Tested/Value.pm line 119.
# Global symbol "$widget" requires explicit package name at /usr/home/cpan/pit/thr/conf/perl-5.8.9/.cpanplus/5.8.9/build/HTML-Tested-0.58/blib/lib/HTML/Tested/Value.pm line 119.
# Global symbol "$stash" requires explicit package name at /usr/home/cpan/pit/thr/conf/perl-5.8.9/.cpanplus/5.8.9/build/HTML-Tested-0.58/blib/lib/HTML/Tested/Value.pm line 119.
# Global symbol "$name" requires explicit package name at /usr/home/cpan/pit/thr/conf/perl-5.8.9/.cpanplus/5.8.9/build/HTML-Tested-0.58/blib/lib/HTML/Tested/Value.pm line 119.
# Global symbol "$stash" requires explicit package name at /usr/home/cpan/pit/thr/conf/perl-5.8.9/.cpanplus/5.8.9/build/HTML-Tested-0.58/blib/lib/HTML/Tested/Value.pm line 119.
# Global symbol "$stash" requires explicit package name at /usr/home/cpan/pit/thr/conf/perl-5.8.9/.cpanplus/5.8.9/build/HTML-Tested-0.58/blib/lib/HTML/Tested/Value.pm line 119.
# Global symbol "$name" requires explicit package name at /usr/home/cpan/pit/thr/conf/perl-5.8.9/.cpanplus/5.8.9/build/HTML-Tested-0.58/blib/lib/HTML/Tested/Value.pm line 119.
# Global symbol "$widget" requires explicit package name at /usr/home/cpan/pit/thr/conf/perl-5.8.9/.cpanplus/5.8.9/build/HTML-Tested-0.58/blib/lib/HTML/Tested/Value.pm line 119.
# Global symbol "$stash" requires explicit package name at /usr/home/cpan/pit/thr/conf/perl-5.8.9/.cpanplus/5.8.9/build/HTML-Tested-0.58/blib/lib/HTML/Tested/Value.pm line 119.
# Global symbol "$func" requires explicit package name at /usr/home/cpan/pit/thr/conf/perl-5.8.9/.cpanplus/5.8.9/build/HTML-Tested-0.58/blib/lib/HTML/Tested/Value.pm line 119.
# Global symbol "$res" requires explicit package name at /usr/home/cpan/pit/thr/conf/perl-5.8.9/.cpanplus/5.8.9/build/HTML-Tested-0.58/blib/lib/HTML/Tested/Value.pm line 119.
# Global symbol "$func" requires explicit package name at /usr/home/cpan/pit/thr/conf/perl-5.8.9/.cpanplus/5.8.9/build/HTML-Tested-0.58/blib/lib/HTML/Tested/Value.pm line 119.
# Global symbol "$stash" requires explicit package name at /usr/home/cpan/pit/thr/conf/perl-5.8.9/.cpanplus/5.8.9/build/HTML-Tested-0.58/blib/lib/HTML/Tested/Value.pm line 119.
# Global symbol "$stash" requires explicit package name at /usr/home/cpan/pit/thr/conf/perl-5.8.9/.cpanplus/5.8.9/build/HTML-Tested-0.58/blib/lib/HTML/Tested/Value.pm line 119.
# Global symbol "$res" requires explicit package name at /usr/home/cpan/pit/thr/conf/perl-5.8.9/.cpanplus/5.8.9/build/HTML-Tested-0.58/blib/lib/HTML/Tested/Value.pm line 119.
# Global symbol "$res" requires explicit package name at /usr/home/cpan/pit/thr/conf/perl-5.8.9/.cpanplus/5.8.9/build/HTML-Tested-0.58/blib/lib/HTML/Tested/Value.pm line 119.
# Global symbol "$widget" requires explicit package name at /usr/home/cpan/pit/thr/conf/perl-5.8.9/.cpanplus/5.8.9/build/HTML-Tested-0.58/blib/lib/HTML/Tested/Value.pm line 119.
# Global symbol "$constraint" requires explicit package name at /usr/home/cpan/pit/thr/conf/perl-5.8.9/.cpanplus/5.8.9/build/HTML-Tested-0.58/blib/lib/HTML/Tested/Value.pm line 119.
# Global symbol "$constraint" requires explicit package name at /usr/home/cpan/pit/thr/conf/perl-5.8.9/.cpanplus/5.8.9/build/HTML-Tested-0.58/blib/lib/HTML/Tested/Value.pm line 119.
# syntax error at /usr/home/cpan/pit/thr/conf/perl-5.8.9/.cpanplus/5.8.9/build/HTML-Tested-0.58/blib/lib/HTML/Tested/Value.pm line 188, near "/>"
# /usr/home/cpan/pit/thr/conf/perl-5.8.9/.cpanplus/5.8.9/build/HTML-Tested-0.58/blib/lib/HTML/Tested/Value.pm has too many errors.
# Compilation failed in require at (eval 8) line 3.
# 	...propagated at /usr/home/cpan/pit/thr/perl-5.8.9/lib/5.8.9/base.pm line 93.
# BEGIN failed--compilation aborted at /usr/home/cpan/pit/thr/conf/perl-5.8.9/.cpanplus/5.8.9/build/HTML-Tested-0.58/blib/lib/HTML/Tested/Value/Form.pm line 5.
# Compilation failed in require at (eval 7) line 2.
# BEGIN failed--compilation aborted at (eval 7) line 2.
Can't locate object method "new" via package "HTML::Tested::Value::Form" at /usr/home/cpan/pit/thr/conf/perl-5.8.9/.cpanplus/5.8.9/build/HTML-Tested-0.58/blib/lib/HTML/Tested.pm line 99.
 at t/120_form.t line 12
	main::__ANON__('Can\'t locate object method "new" via package "HTML::Tested::...') called at /usr/home/cpan/pit/thr/conf/perl-5.8.9/.cpanplus/5.8.9/build/HTML-Tested-0.58/blib/lib/HTML/Tested.pm line 99
	HTML::Tested::ht_add_widget('T', 'HTML::Tested::Value::Form', 'v') called at t/120_form.t line 17
# Looks like you planned 38 tests but ran 4.
# Looks like you failed 1 test of 4 run.
# Looks like your test exited with 255 just after 4.
t/120_form.t .......... 
Dubious, test returned 255 (wstat 65280, 0xff00)
Failed 35/38 subtests 
Variable "$name" is not imported at /usr/home/cpan/pit/thr/conf/perl-5.8.9/.cpanplus/5.8.9/build/HTML-Tested-0.58/blib/lib/HTML/Tested/Value.pm line 119.
	(Did you mean &name instead?)
Variable "$name" is not imported at /usr/home/cpan/pit/thr/conf/perl-5.8.9/.cpanplus/5.8.9/build/HTML-Tested-0.58/blib/lib/HTML/Tested/Value.pm line 119.
	(Did you mean &name instead?)

#   Failed test 'use HTML::Tested::Test;'
#   at t/130_submit.t line 8.
#     Tried to use 'HTML::Tested::Test'.
#     Error:  Unable to use HTML::Tested::Value::Upload or use HTML::Tested::Test::Upload at /usr/home/cpan/pit/thr/conf/perl-5.8.9/.cpanplus/5.8.9/build/HTML-Tested-0.58/blib/lib/HTML/Tested/Test.pm line 171.
# Compilation failed in require at (eval 7) line 2.
# BEGIN failed--compilation aborted at (eval 7) line 2.
Can't locate object method "render" via package "HTML::Tested::Value::Submit" at /usr/home/cpan/pit/thr/conf/perl-5.8.9/.cpanplus/5.8.9/build/HTML-Tested-0.58/blib/lib/HTML/Tested.pm line 118.
# Looks like you planned 16 tests but ran 4.
# Looks like you failed 1 test of 4 run.
# Looks like your test exited with 255 just after 4.
t/130_submit.t ........ 
Dubious, test returned 255 (wstat 65280, 0xff00)
Failed 13/16 subtests 
Variable "$name" is not imported at /usr/home/cpan/pit/thr/conf/perl-5.8.9/.cpanplus/5.8.9/build/HTML-Tested-0.58/blib/lib/HTML/Tested/Value.pm line 119.
	(Did you mean &name instead?)
Variable "$name" is not imported at /usr/home/cpan/pit/thr/conf/perl-5.8.9/.cpanplus/5.8.9/build/HTML-Tested-0.58/blib/lib/HTML/Tested/Value.pm line 119.
	(Did you mean &name instead?)

#   Failed test 'use HTML::Tested::Test;'
#   at t/140_hidden.t line 8.
#     Tried to use 'HTML::Tested::Test'.
#     Error:  Unable to use HTML::Tested::Value::Upload or use HTML::Tested::Test::Upload at /usr/home/cpan/pit/thr/conf/perl-5.8.9/.cpanplus/5.8.9/build/HTML-Tested-0.58/blib/lib/HTML/Tested/Test.pm line 171.
# Compilation failed in require at (eval 7) line 2.
# BEGIN failed--compilation aborted at (eval 7) line 2.
Can't locate object method "render" via package "HTML::Tested::Value::Hidden" at /usr/home/cpan/pit/thr/conf/perl-5.8.9/.cpanplus/5.8.9/build/HTML-Tested-0.58/blib/lib/HTML/Tested.pm line 118.
# Looks like you planned 6 tests but ran 4.
# Looks like you failed 1 test of 4 run.
# Looks like your test exited with 255 just after 4.
t/140_hidden.t ........ 
Dubious, test returned 255 (wstat 65280, 0xff00)
Failed 3/6 subtests 
Variable "$name" is not imported at /usr/home/cpan/pit/thr/conf/perl-5.8.9/.cpanplus/5.8.9/build/HTML-Tested-0.58/blib/lib/HTML/Tested/Value.pm line 119.
	(Did you mean &name instead?)
Variable "$name" is not imported at /usr/home/cpan/pit/thr/conf/perl-5.8.9/.cpanplus/5.8.9/build/HTML-Tested-0.58/blib/lib/HTML/Tested/Value.pm line 119.
	(Did you mean &name instead?)

#   Failed test 'use HTML::Tested::Test;'
#   at t/150_radio.t line 9.
#     Tried to use 'HTML::Tested::Test'.
#     Error:  Unable to use HTML::Tested::Value::Upload or use HTML::Tested::Test::Upload at /usr/home/cpan/pit/thr/conf/perl-5.8.9/.cpanplus/5.8.9/build/HTML-Tested-0.58/blib/lib/HTML/Tested/Test.pm line 171.
# Compilation failed in require at (eval 7) line 2.
# BEGIN failed--compilation aborted at (eval 7) line 2.
Can't locate object method "get_value" via package "HTML::Tested::Value::Radio" at /usr/home/cpan/pit/thr/conf/perl-5.8.9/.cpanplus/5.8.9/build/HTML-Tested-0.58/blib/lib/HTML/Tested/Value/Radio.pm line 10.
# Looks like you planned 22 tests but ran 5.
# Looks like you failed 1 test of 5 run.
# Looks like your test exited with 255 just after 5.
t/150_radio.t ......... 
Dubious, test returned 255 (wstat 65280, 0xff00)
Failed 18/22 subtests 
Variable "$name" is not imported at /usr/home/cpan/pit/thr/conf/perl-5.8.9/.cpanplus/5.8.9/build/HTML-Tested-0.58/blib/lib/HTML/Tested/Value.pm line 119.
	(Did you mean &name instead?)
Variable "$name" is not imported at /usr/home/cpan/pit/thr/conf/perl-5.8.9/.cpanplus/5.8.9/build/HTML-Tested-0.58/blib/lib/HTML/Tested/Value.pm line 119.
	(Did you mean &name instead?)

#   Failed test 'use HTML::Tested::Test;'
#   at t/160_seal.t line 9.
#     Tried to use 'HTML::Tested::Test'.
#     Error:  Unable to use HTML::Tested::Value::Upload or use HTML::Tested::Test::Upload at /usr/home/cpan/pit/thr/conf/perl-5.8.9/.cpanplus/5.8.9/build/HTML-Tested-0.58/blib/lib/HTML/Tested/Test.pm line 171.
# Compilation failed in require at (eval 11) line 2.
# BEGIN failed--compilation aborted at (eval 11) line 2.
Can't locate object method "compile" via package "HTML::Tested::Value" at /usr/home/cpan/pit/thr/conf/perl-5.8.9/.cpanplus/5.8.9/build/HTML-Tested-0.58/blib/lib/HTML/Tested.pm line 206.
# Looks like you planned 70 tests but ran 22.
# Looks like you failed 1 test of 22 run.
# Looks like your test exited with 2 just after 22.
t/160_seal.t .......... 
Dubious, test returned 2 (wstat 512, 0x200)
Failed 49/70 subtests 
Variable "$name" is not imported at /usr/home/cpan/pit/thr/conf/perl-5.8.9/.cpanplus/5.8.9/build/HTML-Tested-0.58/blib/lib/HTML/Tested/Value.pm line 119.
	(Did you mean &name instead?)
Variable "$name" is not imported at /usr/home/cpan/pit/thr/conf/perl-5.8.9/.cpanplus/5.8.9/build/HTML-Tested-0.58/blib/lib/HTML/Tested/Value.pm line 119.
	(Did you mean &name instead?)

#   Failed test 'use HTML::Tested::Value;'
#   at t/170_list_table.t line 8.
#     Tried to use 'HTML::Tested::Value'.
#     Error:  Global symbol "$widget" requires explicit package name at /usr/home/cpan/pit/thr/conf/perl-5.8.9/.cpanplus/5.8.9/build/HTML-Tested-0.58/blib/lib/HTML/Tested/Value.pm line 119.
# Global symbol "$value" requires explicit package name at /usr/home/cpan/pit/thr/conf/perl-5.8.9/.cpanplus/5.8.9/build/HTML-Tested-0.58/blib/lib/HTML/Tested/Value.pm line 119.
# Global symbol "$widget" requires explicit package name at /usr/home/cpan/pit/thr/conf/perl-5.8.9/.cpanplus/5.8.9/build/HTML-Tested-0.58/blib/lib/HTML/Tested/Value.pm line 119.
# Global symbol "$val" requires explicit package name at /usr/home/cpan/pit/thr/conf/perl-5.8.9/.cpanplus/5.8.9/build/HTML-Tested-0.58/blib/lib/HTML/Tested/Value.pm line 119.
# Global symbol "$val" requires explicit package name at /usr/home/cpan/pit/thr/conf/perl-5.8.9/.cpanplus/5.8.9/build/HTML-Tested-0.58/blib/lib/HTML/Tested/Value.pm line 119.
# Global symbol "$val" requires explicit package name at /usr/home/cpan/pit/thr/conf/perl-5.8.9/.cpanplus/5.8.9/build/HTML-Tested-0.58/blib/lib/HTML/Tested/Value.pm line 119.
# Global symbol "$func" requires explicit package name at /usr/home/cpan/pit/thr/conf/perl-5.8.9/.cpanplus/5.8.9/build/HTML-Tested-0.58/blib/lib/HTML/Tested/Value.pm line 119.
# Global symbol "$func" requires explicit package name at /usr/home/cpan/pit/thr/conf/perl-5.8.9/.cpanplus/5.8.9/build/HTML-Tested-0.58/blib/lib/HTML/Tested/Value.pm line 119.
# Global symbol "$val" requires explicit package name at /usr/home/cpan/pit/thr/conf/perl-5.8.9/.cpanplus/5.8.9/build/HTML-Tested-0.58/blib/lib/HTML/Tested/Value.pm line 119.
# Global symbol "$val" requires explicit package name at /usr/home/cpan/pit/thr/conf/perl-5.8.9/.cpanplus/5.8.9/build/HTML-Tested-0.58/blib/lib/HTML/Tested/Value.pm line 119.
# Global symbol "$val" requires explicit package name at /usr/home/cpan/pit/thr/conf/perl-5.8.9/.cpanplus/5.8.9/build/HTML-Tested-0.58/blib/lib/HTML/Tested/Value.pm line 119.
# Global symbol "$val" requires explicit package name at /usr/home/cpan/pit/thr/conf/perl-5.8.9/.cpanplus/5.8.9/build/HTML-Tested-0.58/blib/lib/HTML/Tested/Value.pm line 119.
# Global symbol "$stash" requires explicit package name at /usr/home/cpan/pit/thr/conf/perl-5.8.9/.cpanplus/5.8.9/build/HTML-Tested-0.58/blib/lib/HTML/Tested/Value.pm line 119.
# Global symbol "$val" requires explicit package name at /usr/home/cpan/pit/thr/conf/perl-5.8.9/.cpanplus/5.8.9/build/HTML-Tested-0.58/blib/lib/HTML/Tested/Value.pm line 119.
# Global symbol "$val" requires explicit package name at /usr/home/cpan/pit/thr/conf/perl-5.8.9/.cpanplus/5.8.9/build/HTML-Tested-0.58/blib/lib/HTML/Tested/Value.pm line 119.
# Global symbol "$val" requires explicit package name at /usr/home/cpan/pit/thr/conf/perl-5.8.9/.cpanplus/5.8.9/build/HTML-Tested-0.58/blib/lib/HTML/Tested/Value.pm line 119.
# Global symbol "$stash" requires explicit package name at /usr/home/cpan/pit/thr/conf/perl-5.8.9/.cpanplus/5.8.9/build/HTML-Tested-0.58/blib/lib/HTML/Tested/Value.pm line 119.
# Global symbol "$widget" requires explicit package name at /usr/home/cpan/pit/thr/conf/perl-5.8.9/.cpanplus/5.8.9/build/HTML-Tested-0.58/blib/lib/HTML/Tested/Value.pm line 119.
# Global symbol "$stash" requires explicit package name at /usr/home/cpan/pit/thr/conf/perl-5.8.9/.cpanplus/5.8.9/build/HTML-Tested-0.58/blib/lib/HTML/Tested/Value.pm line 119.
# Global symbol "$name" requires explicit package name at /usr/home/cpan/pit/thr/conf/perl-5.8.9/.cpanplus/5.8.9/build/HTML-Tested-0.58/blib/lib/HTML/Tested/Value.pm line 119.
# Global symbol "$stash" requires explicit package name at /usr/home/cpan/pit/thr/conf/perl-5.8.9/.cpanplus/5.8.9/build/HTML-Tested-0.58/blib/lib/HTML/Tested/Value.pm line 119.
# Global symbol "$stash" requires explicit package name at /usr/home/cpan/pit/thr/conf/perl-5.8.9/.cpanplus/5.8.9/build/HTML-Tested-0.58/blib/lib/HTML/Tested/Value.pm line 119.
# Global symbol "$name" requires explicit package name at /usr/home/cpan/pit/thr/conf/perl-5.8.9/.cpanplus/5.8.9/build/HTML-Tested-0.58/blib/lib/HTML/Tested/Value.pm line 119.
# Global symbol "$widget" requires explicit package name at /usr/home/cpan/pit/thr/conf/perl-5.8.9/.cpanplus/5.8.9/build/HTML-Tested-0.58/blib/lib/HTML/Tested/Value.pm line 119.
# Global symbol "$stash" requires explicit package name at /usr/home/cpan/pit/thr/conf/perl-5.8.9/.cpanplus/5.8.9/build/HTML-Tested-0.58/blib/lib/HTML/Tested/Value.pm line 119.
# Global symbol "$func" requires explicit package name at /usr/home/cpan/pit/thr/conf/perl-5.8.9/.cpanplus/5.8.9/build/HTML-Tested-0.58/blib/lib/HTML/Tested/Value.pm line 119.
# Global symbol "$res" requires explicit package name at /usr/home/cpan/pit/thr/conf/perl-5.8.9/.cpanplus/5.8.9/build/HTML-Tested-0.58/blib/lib/HTML/Tested/Value.pm line 119.
# Global symbol "$func" requires explicit package name at /usr/home/cpan/pit/thr/conf/perl-5.8.9/.cpanplus/5.8.9/build/HTML-Tested-0.58/blib/lib/HTML/Tested/Value.pm line 119.
# Global symbol "$stash" requires explicit package name at /usr/home/cpan/pit/thr/conf/perl-5.8.9/.cpanplus/5.8.9/build/HTML-Tested-0.58/blib/lib/HTML/Tested/Value.pm line 119.
# Global symbol "$stash" requires explicit package name at /usr/home/cpan/pit/thr/conf/perl-5.8.9/.cpanplus/5.8.9/build/HTML-Tested-0.58/blib/lib/HTML/Tested/Value.pm line 119.
# Global symbol "$res" requires explicit package name at /usr/home/cpan/pit/thr/conf/perl-5.8.9/.cpanplus/5.8.9/build/HTML-Tested-0.58/blib/lib/HTML/Tested/Value.pm line 119.
# Global symbol "$res" requires explicit package name at /usr/home/cpan/pit/thr/conf/perl-5.8.9/.cpanplus/5.8.9/build/HTML-Tested-0.58/blib/lib/HTML/Tested/Value.pm line 119.
# Global symbol "$widget" requires explicit package name at /usr/home/cpan/pit/thr/conf/perl-5.8.9/.cpanplus/5.8.9/build/HTML-Tested-0.58/blib/lib/HTML/Tested/Value.pm line 119.
# Global symbol "$constraint" requires explicit package name at /usr/home/cpan/pit/thr/conf/perl-5.8.9/.cpanplus/5.8.9/build/HTML-Tested-0.58/blib/lib/HTML/Tested/Value.pm line 119.
# Global symbol "$constraint" requires explicit package name at /usr/home/cpan/pit/thr/conf/perl-5.8.9/.cpanplus/5.8.9/build/HTML-Tested-0.58/blib/lib/HTML/Tested/Value.pm line 119.
# syntax error at /usr/home/cpan/pit/thr/conf/perl-5.8.9/.cpanplus/5.8.9/build/HTML-Tested-0.58/blib/lib/HTML/Tested/Value.pm line 188, near "/>"
# /usr/home/cpan/pit/thr/conf/perl-5.8.9/.cpanplus/5.8.9/build/HTML-Tested-0.58/blib/lib/HTML/Tested/Value.pm has too many errors.
# Compilation failed in require at (eval 5) line 2.
# BEGIN failed--compilation aborted at (eval 5) line 2.

#   Failed test 'use HTML::Tested::Test;'
#   at t/170_list_table.t line 9.
#     Tried to use 'HTML::Tested::Test'.
#     Error:  Unable to use HTML::Tested::Value::Upload or use HTML::Tested::Test::Upload at /usr/home/cpan/pit/thr/conf/perl-5.8.9/.cpanplus/5.8.9/build/HTML-Tested-0.58/blib/lib/HTML/Tested/Test.pm line 171.
# Compilation failed in require at (eval 9) line 2.
# BEGIN failed--compilation aborted at (eval 9) line 2.
Can't locate object method "render" via package "HTML::Tested::Value" at /usr/home/cpan/pit/thr/conf/perl-5.8.9/.cpanplus/5.8.9/build/HTML-Tested-0.58/blib/lib/HTML/Tested.pm line 118.
# Looks like you planned 12 tests but ran 6.
# Looks like you failed 2 tests of 6 run.
# Looks like your test exited with 255 just after 6.
t/170_list_table.t .... 
Dubious, test returned 255 (wstat 65280, 0xff00)
Failed 8/12 subtests 
Variable "$name" is not imported at /usr/home/cpan/pit/thr/conf/perl-5.8.9/.cpanplus/5.8.9/build/HTML-Tested-0.58/blib/lib/HTML/Tested/Value.pm line 119.
	(Did you mean &name instead?)
Variable "$name" is not imported at /usr/home/cpan/pit/thr/conf/perl-5.8.9/.cpanplus/5.8.9/build/HTML-Tested-0.58/blib/lib/HTML/Tested/Value.pm line 119.
	(Did you mean &name instead?)

#   Failed test 'use HTML::Tested::Value::Marked;'
#   at t/180_unicode.t line 9.
#     Tried to use 'HTML::Tested::Value::Marked'.
#     Error:  Global symbol "$widget" requires explicit package name at /usr/home/cpan/pit/thr/conf/perl-5.8.9/.cpanplus/5.8.9/build/HTML-Tested-0.58/blib/lib/HTML/Tested/Value.pm line 119.
# Global symbol "$value" requires explicit package name at /usr/home/cpan/pit/thr/conf/perl-5.8.9/.cpanplus/5.8.9/build/HTML-Tested-0.58/blib/lib/HTML/Tested/Value.pm line 119.
# Global symbol "$widget" requires explicit package name at /usr/home/cpan/pit/thr/conf/perl-5.8.9/.cpanplus/5.8.9/build/HTML-Tested-0.58/blib/lib/HTML/Tested/Value.pm line 119.
# Global symbol "$val" requires explicit package name at /usr/home/cpan/pit/thr/conf/perl-5.8.9/.cpanplus/5.8.9/build/HTML-Tested-0.58/blib/lib/HTML/Tested/Value.pm line 119.
# Global symbol "$val" requires explicit package name at /usr/home/cpan/pit/thr/conf/perl-5.8.9/.cpanplus/5.8.9/build/HTML-Tested-0.58/blib/lib/HTML/Tested/Value.pm line 119.
# Global symbol "$val" requires explicit package name at /usr/home/cpan/pit/thr/conf/perl-5.8.9/.cpanplus/5.8.9/build/HTML-Tested-0.58/blib/lib/HTML/Tested/Value.pm line 119.
# Global symbol "$func" requires explicit package name at /usr/home/cpan/pit/thr/conf/perl-5.8.9/.cpanplus/5.8.9/build/HTML-Tested-0.58/blib/lib/HTML/Tested/Value.pm line 119.
# Global symbol "$func" requires explicit package name at /usr/home/cpan/pit/thr/conf/perl-5.8.9/.cpanplus/5.8.9/build/HTML-Tested-0.58/blib/lib/HTML/Tested/Value.pm line 119.
# Global symbol "$val" requires explicit package name at /usr/home/cpan/pit/thr/conf/perl-5.8.9/.cpanplus/5.8.9/build/HTML-Tested-0.58/blib/lib/HTML/Tested/Value.pm line 119.
# Global symbol "$val" requires explicit package name at /usr/home/cpan/pit/thr/conf/perl-5.8.9/.cpanplus/5.8.9/build/HTML-Tested-0.58/blib/lib/HTML/Tested/Value.pm line 119.
# Global symbol "$val" requires explicit package name at /usr/home/cpan/pit/thr/conf/perl-5.8.9/.cpanplus/5.8.9/build/HTML-Tested-0.58/blib/lib/HTML/Tested/Value.pm line 119.
# Global symbol "$val" requires explicit package name at /usr/home/cpan/pit/thr/conf/perl-5.8.9/.cpanplus/5.8.9/build/HTML-Tested-0.58/blib/lib/HTML/Tested/Value.pm line 119.
# Global symbol "$stash" requires explicit package name at /usr/home/cpan/pit/thr/conf/perl-5.8.9/.cpanplus/5.8.9/build/HTML-Tested-0.58/blib/lib/HTML/Tested/Value.pm line 119.
# Global symbol "$val" requires explicit package name at /usr/home/cpan/pit/thr/conf/perl-5.8.9/.cpanplus/5.8.9/build/HTML-Tested-0.58/blib/lib/HTML/Tested/Value.pm line 119.
# Global symbol "$val" requires explicit package name at /usr/home/cpan/pit/thr/conf/perl-5.8.9/.cpanplus/5.8.9/build/HTML-Tested-0.58/blib/lib/HTML/Tested/Value.pm line 119.
# Global symbol "$val" requires explicit package name at /usr/home/cpan/pit/thr/conf/perl-5.8.9/.cpanplus/5.8.9/build/HTML-Tested-0.58/blib/lib/HTML/Tested/Value.pm line 119.
# Global symbol "$stash" requires explicit package name at /usr/home/cpan/pit/thr/conf/perl-5.8.9/.cpanplus/5.8.9/build/HTML-Tested-0.58/blib/lib/HTML/Tested/Value.pm line 119.
# Global symbol "$widget" requires explicit package name at /usr/home/cpan/pit/thr/conf/perl-5.8.9/.cpanplus/5.8.9/build/HTML-Tested-0.58/blib/lib/HTML/Tested/Value.pm line 119.
# Global symbol "$stash" requires explicit package name at /usr/home/cpan/pit/thr/conf/perl-5.8.9/.cpanplus/5.8.9/build/HTML-Tested-0.58/blib/lib/HTML/Tested/Value.pm line 119.
# Global symbol "$name" requires explicit package name at /usr/home/cpan/pit/thr/conf/perl-5.8.9/.cpanplus/5.8.9/build/HTML-Tested-0.58/blib/lib/HTML/Tested/Value.pm line 119.
# Global symbol "$stash" requires explicit package name at /usr/home/cpan/pit/thr/conf/perl-5.8.9/.cpanplus/5.8.9/build/HTML-Tested-0.58/blib/lib/HTML/Tested/Value.pm line 119.
# Global symbol "$stash" requires explicit package name at /usr/home/cpan/pit/thr/conf/perl-5.8.9/.cpanplus/5.8.9/build/HTML-Tested-0.58/blib/lib/HTML/Tested/Value.pm line 119.
# Global symbol "$name" requires explicit package name at /usr/home/cpan/pit/thr/conf/perl-5.8.9/.cpanplus/5.8.9/build/HTML-Tested-0.58/blib/lib/HTML/Tested/Value.pm line 119.
# Global symbol "$widget" requires explicit package name at /usr/home/cpan/pit/thr/conf/perl-5.8.9/.cpanplus/5.8.9/build/HTML-Tested-0.58/blib/lib/HTML/Tested/Value.pm line 119.
# Global symbol "$stash" requires explicit package name at /usr/home/cpan/pit/thr/conf/perl-5.8.9/.cpanplus/5.8.9/build/HTML-Tested-0.58/blib/lib/HTML/Tested/Value.pm line 119.
# Global symbol "$func" requires explicit package name at /usr/home/cpan/pit/thr/conf/perl-5.8.9/.cpanplus/5.8.9/build/HTML-Tested-0.58/blib/lib/HTML/Tested/Value.pm line 119.
# Global symbol "$res" requires explicit package name at /usr/home/cpan/pit/thr/conf/perl-5.8.9/.cpanplus/5.8.9/build/HTML-Tested-0.58/blib/lib/HTML/Tested/Value.pm line 119.
# Global symbol "$func" requires explicit package name at /usr/home/cpan/pit/thr/conf/perl-5.8.9/.cpanplus/5.8.9/build/HTML-Tested-0.58/blib/lib/HTML/Tested/Value.pm line 119.
# Global symbol "$stash" requires explicit package name at /usr/home/cpan/pit/thr/conf/perl-5.8.9/.cpanplus/5.8.9/build/HTML-Tested-0.58/blib/lib/HTML/Tested/Value.pm line 119.
# Global symbol "$stash" requires explicit package name at /usr/home/cpan/pit/thr/conf/perl-5.8.9/.cpanplus/5.8.9/build/HTML-Tested-0.58/blib/lib/HTML/Tested/Value.pm line 119.
# Global symbol "$res" requires explicit package name at /usr/home/cpan/pit/thr/conf/perl-5.8.9/.cpanplus/5.8.9/build/HTML-Tested-0.58/blib/lib/HTML/Tested/Value.pm line 119.
# Global symbol "$res" requires explicit package name at /usr/home/cpan/pit/thr/conf/perl-5.8.9/.cpanplus/5.8.9/build/HTML-Tested-0.58/blib/lib/HTML/Tested/Value.pm line 119.
# Global symbol "$widget" requires explicit package name at /usr/home/cpan/pit/thr/conf/perl-5.8.9/.cpanplus/5.8.9/build/HTML-Tested-0.58/blib/lib/HTML/Tested/Value.pm line 119.
# Global symbol "$constraint" requires explicit package name at /usr/home/cpan/pit/thr/conf/perl-5.8.9/.cpanplus/5.8.9/build/HTML-Tested-0.58/blib/lib/HTML/Tested/Value.pm line 119.
# Global symbol "$constraint" requires explicit package name at /usr/home/cpan/pit/thr/conf/perl-5.8.9/.cpanplus/5.8.9/build/HTML-Tested-0.58/blib/lib/HTML/Tested/Value.pm line 119.
# syntax error at /usr/home/cpan/pit/thr/conf/perl-5.8.9/.cpanplus/5.8.9/build/HTML-Tested-0.58/blib/lib/HTML/Tested/Value.pm line 188, near "/>"
# /usr/home/cpan/pit/thr/conf/perl-5.8.9/.cpanplus/5.8.9/build/HTML-Tested-0.58/blib/lib/HTML/Tested/Value.pm has too many errors.
# Compilation failed in require at (eval 8) line 3.
# 	...propagated at /usr/home/cpan/pit/thr/perl-5.8.9/lib/5.8.9/base.pm line 93.
# BEGIN failed--compilation aborted at /usr/home/cpan/pit/thr/conf/perl-5.8.9/.cpanplus/5.8.9/build/HTML-Tested-0.58/blib/lib/HTML/Tested/Value/Marked.pm line 5.
# Compilation failed in require at (eval 7) line 2.
# BEGIN failed--compilation aborted at (eval 7) line 2.
Can't locate object method "new" via package "HTML::Tested::Value::Marked" at /usr/home/cpan/pit/thr/conf/perl-5.8.9/.cpanplus/5.8.9/build/HTML-Tested-0.58/blib/lib/HTML/Tested.pm line 99.
# Looks like you planned 10 tests but ran 2.
# Looks like you failed 1 test of 2 run.
# Looks like your test exited with 255 just after 2.
t/180_unicode.t ....... 
Dubious, test returned 255 (wstat 65280, 0xff00)
Failed 9/10 subtests 
Variable "$name" is not imported at /usr/home/cpan/pit/thr/conf/perl-5.8.9/.cpanplus/5.8.9/build/HTML-Tested-0.58/blib/lib/HTML/Tested/Value.pm line 119.
	(Did you mean &name instead?)
Variable "$name" is not imported at /usr/home/cpan/pit/thr/conf/perl-5.8.9/.cpanplus/5.8.9/build/HTML-Tested-0.58/blib/lib/HTML/Tested/Value.pm line 119.
	(Did you mean &name instead?)

#   Failed test 'use HTML::Tested::Value;'
#   at t/190_datetime.t line 12.
#     Tried to use 'HTML::Tested::Value'.
#     Error:  Global symbol "$widget" requires explicit package name at /usr/home/cpan/pit/thr/conf/perl-5.8.9/.cpanplus/5.8.9/build/HTML-Tested-0.58/blib/lib/HTML/Tested/Value.pm line 119.
# Global symbol "$value" requires explicit package name at /usr/home/cpan/pit/thr/conf/perl-5.8.9/.cpanplus/5.8.9/build/HTML-Tested-0.58/blib/lib/HTML/Tested/Value.pm line 119.
# Global symbol "$widget" requires explicit package name at /usr/home/cpan/pit/thr/conf/perl-5.8.9/.cpanplus/5.8.9/build/HTML-Tested-0.58/blib/lib/HTML/Tested/Value.pm line 119.
# Global symbol "$val" requires explicit package name at /usr/home/cpan/pit/thr/conf/perl-5.8.9/.cpanplus/5.8.9/build/HTML-Tested-0.58/blib/lib/HTML/Tested/Value.pm line 119.
# Global symbol "$val" requires explicit package name at /usr/home/cpan/pit/thr/conf/perl-5.8.9/.cpanplus/5.8.9/build/HTML-Tested-0.58/blib/lib/HTML/Tested/Value.pm line 119.
# Global symbol "$val" requires explicit package name at /usr/home/cpan/pit/thr/conf/perl-5.8.9/.cpanplus/5.8.9/build/HTML-Tested-0.58/blib/lib/HTML/Tested/Value.pm line 119.
# Global symbol "$func" requires explicit package name at /usr/home/cpan/pit/thr/conf/perl-5.8.9/.cpanplus/5.8.9/build/HTML-Tested-0.58/blib/lib/HTML/Tested/Value.pm line 119.
# Global symbol "$func" requires explicit package name at /usr/home/cpan/pit/thr/conf/perl-5.8.9/.cpanplus/5.8.9/build/HTML-Tested-0.58/blib/lib/HTML/Tested/Value.pm line 119.
# Global symbol "$val" requires explicit package name at /usr/home/cpan/pit/thr/conf/perl-5.8.9/.cpanplus/5.8.9/build/HTML-Tested-0.58/blib/lib/HTML/Tested/Value.pm line 119.
# Global symbol "$val" requires explicit package name at /usr/home/cpan/pit/thr/conf/perl-5.8.9/.cpanplus/5.8.9/build/HTML-Tested-0.58/blib/lib/HTML/Tested/Value.pm line 119.
# Global symbol "$val" requires explicit package name at /usr/home/cpan/pit/thr/conf/perl-5.8.9/.cpanplus/5.8.9/build/HTML-Tested-0.58/blib/lib/HTML/Tested/Value.pm line 119.
# Global symbol "$val" requires explicit package name at /usr/home/cpan/pit/thr/conf/perl-5.8.9/.cpanplus/5.8.9/build/HTML-Tested-0.58/blib/lib/HTML/Tested/Value.pm line 119.
# Global symbol "$stash" requires explicit package name at /usr/home/cpan/pit/thr/conf/perl-5.8.9/.cpanplus/5.8.9/build/HTML-Tested-0.58/blib/lib/HTML/Tested/Value.pm line 119.
# Global symbol "$val" requires explicit package name at /usr/home/cpan/pit/thr/conf/perl-5.8.9/.cpanplus/5.8.9/build/HTML-Tested-0.58/blib/lib/HTML/Tested/Value.pm line 119.
# Global symbol "$val" requires explicit package name at /usr/home/cpan/pit/thr/conf/perl-5.8.9/.cpanplus/5.8.9/build/HTML-Tested-0.58/blib/lib/HTML/Tested/Value.pm line 119.
# Global symbol "$val" requires explicit package name at /usr/home/cpan/pit/thr/conf/perl-5.8.9/.cpanplus/5.8.9/build/HTML-Tested-0.58/blib/lib/HTML/Tested/Value.pm line 119.
# Global symbol "$stash" requires explicit package name at /usr/home/cpan/pit/thr/conf/perl-5.8.9/.cpanplus/5.8.9/build/HTML-Tested-0.58/blib/lib/HTML/Tested/Value.pm line 119.
# Global symbol "$widget" requires explicit package name at /usr/home/cpan/pit/thr/conf/perl-5.8.9/.cpanplus/5.8.9/build/HTML-Tested-0.58/blib/lib/HTML/Tested/Value.pm line 119.
# Global symbol "$stash" requires explicit package name at /usr/home/cpan/pit/thr/conf/perl-5.8.9/.cpanplus/5.8.9/build/HTML-Tested-0.58/blib/lib/HTML/Tested/Value.pm line 119.
# Global symbol "$name" requires explicit package name at /usr/home/cpan/pit/thr/conf/perl-5.8.9/.cpanplus/5.8.9/build/HTML-Tested-0.58/blib/lib/HTML/Tested/Value.pm line 119.
# Global symbol "$stash" requires explicit package name at /usr/home/cpan/pit/thr/conf/perl-5.8.9/.cpanplus/5.8.9/build/HTML-Tested-0.58/blib/lib/HTML/Tested/Value.pm line 119.
# Global symbol "$stash" requires explicit package name at /usr/home/cpan/pit/thr/conf/perl-5.8.9/.cpanplus/5.8.9/build/HTML-Tested-0.58/blib/lib/HTML/Tested/Value.pm line 119.
# Global symbol "$name" requires explicit package name at /usr/home/cpan/pit/thr/conf/perl-5.8.9/.cpanplus/5.8.9/build/HTML-Tested-0.58/blib/lib/HTML/Tested/Value.pm line 119.
# Global symbol "$widget" requires explicit package name at /usr/home/cpan/pit/thr/conf/perl-5.8.9/.cpanplus/5.8.9/build/HTML-Tested-0.58/blib/lib/HTML/Tested/Value.pm line 119.
# Global symbol "$stash" requires explicit package name at /usr/home/cpan/pit/thr/conf/perl-5.8.9/.cpanplus/5.8.9/build/HTML-Tested-0.58/blib/lib/HTML/Tested/Value.pm line 119.
# Global symbol "$func" requires explicit package name at /usr/home/cpan/pit/thr/conf/perl-5.8.9/.cpanplus/5.8.9/build/HTML-Tested-0.58/blib/lib/HTML/Tested/Value.pm line 119.
# Global symbol "$res" requires explicit package name at /usr/home/cpan/pit/thr/conf/perl-5.8.9/.cpanplus/5.8.9/build/HTML-Tested-0.58/blib/lib/HTML/Tested/Value.pm line 119.
# Global symbol "$func" requires explicit package name at /usr/home/cpan/pit/thr/conf/perl-5.8.9/.cpanplus/5.8.9/build/HTML-Tested-0.58/blib/lib/HTML/Tested/Value.pm line 119.
# Global symbol "$stash" requires explicit package name at /usr/home/cpan/pit/thr/conf/perl-5.8.9/.cpanplus/5.8.9/build/HTML-Tested-0.58/blib/lib/HTML/Tested/Value.pm line 119.
# Global symbol "$stash" requires explicit package name at /usr/home/cpan/pit/thr/conf/perl-5.8.9/.cpanplus/5.8.9/build/HTML-Tested-0.58/blib/lib/HTML/Tested/Value.pm line 119.
# Global symbol "$res" requires explicit package name at /usr/home/cpan/pit/thr/conf/perl-5.8.9/.cpanplus/5.8.9/build/HTML-Tested-0.58/blib/lib/HTML/Tested/Value.pm line 119.
# Global symbol "$res" requires explicit package name at /usr/home/cpan/pit/thr/conf/perl-5.8.9/.cpanplus/5.8.9/build/HTML-Tested-0.58/blib/lib/HTML/Tested/Value.pm line 119.
# Global symbol "$widget" requires explicit package name at /usr/home/cpan/pit/thr/conf/perl-5.8.9/.cpanplus/5.8.9/build/HTML-Tested-0.58/blib/lib/HTML/Tested/Value.pm line 119.
# Global symbol "$constraint" requires explicit package name at /usr/home/cpan/pit/thr/conf/perl-5.8.9/.cpanplus/5.8.9/build/HTML-Tested-0.58/blib/lib/HTML/Tested/Value.pm line 119.
# Global symbol "$constraint" requires explicit package name at /usr/home/cpan/pit/thr/conf/perl-5.8.9/.cpanplus/5.8.9/build/HTML-Tested-0.58/blib/lib/HTML/Tested/Value.pm line 119.
# syntax error at /usr/home/cpan/pit/thr/conf/perl-5.8.9/.cpanplus/5.8.9/build/HTML-Tested-0.58/blib/lib/HTML/Tested/Value.pm line 188, near "/>"
# /usr/home/cpan/pit/thr/conf/perl-5.8.9/.cpanplus/5.8.9/build/HTML-Tested-0.58/blib/lib/HTML/Tested/Value.pm has too many errors.
# Compilation failed in require at (eval 925) line 2.
# BEGIN failed--compilation aborted at (eval 925) line 2.

#   Failed test 'use HTML::Tested::Test::Value;'
#   at t/190_datetime.t line 13.
#     Tried to use 'HTML::Tested::Test::Value'.
#     Error:  Global symbol "$e_root" requires explicit package name at /usr/home/cpan/pit/thr/conf/perl-5.8.9/.cpanplus/5.8.9/build/HTML-Tested-0.58/blib/lib/HTML/Tested/Test/Value.pm line 10.
# Global symbol "$name" requires explicit package name at /usr/home/cpan/pit/thr/conf/perl-5.8.9/.cpanplus/5.8.9/build/HTML-Tested-0.58/blib/lib/HTML/Tested/Test/Value.pm line 10.
# Global symbol "$name" requires explicit package name at /usr/home/cpan/pit/thr/conf/perl-5.8.9/.cpanplus/5.8.9/build/HTML-Tested-0.58/blib/lib/HTML/Tested/Test/Value.pm line 10.
# Global symbol "$e_root" requires explicit package name at /usr/home/cpan/pit/thr/conf/perl-5.8.9/.cpanplus/5.8.9/build/HTML-Tested-0.58/blib/lib/HTML/Tested/Test/Value.pm line 10.
# Global symbol "$name" requires explicit package name at /usr/home/cpan/pit/thr/conf/perl-5.8.9/.cpanplus/5.8.9/build/HTML-Tested-0.58/blib/lib/HTML/Tested/Test/Value.pm line 10.
# Global symbol "$e_root" requires explicit package name at /usr/home/cpan/pit/thr/conf/perl-5.8.9/.cpanplus/5.8.9/build/HTML-Tested-0.58/blib/lib/HTML/Tested/Test/Value.pm line 10.
# Global symbol "$name" requires explicit package name at /usr/home/cpan/pit/thr/conf/perl-5.8.9/.cpanplus/5.8.9/build/HTML-Tested-0.58/blib/lib/HTML/Tested/Test/Value.pm line 10.
# Global symbol "$e_root" requires explicit package name at /usr/home/cpan/pit/thr/conf/perl-5.8.9/.cpanplus/5.8.9/build/HTML-Tested-0.58/blib/lib/HTML/Tested/Test/Value.pm line 10.
# Global symbol "$name" requires explicit package name at /usr/home/cpan/pit/thr/conf/perl-5.8.9/.cpanplus/5.8.9/build/HTML-Tested-0.58/blib/lib/HTML/Tested/Test/Value.pm line 10.
# Global symbol "$e_val" requires explicit package name at /usr/home/cpan/pit/thr/conf/perl-5.8.9/.cpanplus/5.8.9/build/HTML-Tested-0.58/blib/lib/HTML/Tested/Test/Value.pm line 10.
# Global symbol "$r_val" requires explicit package name at /usr/home/cpan/pit/thr/conf/perl-5.8.9/.cpanplus/5.8.9/build/HTML-Tested-0.58/blib/lib/HTML/Tested/Test/Value.pm line 10.
# Global symbol "$err" requires explicit package name at /usr/home/cpan/pit/thr/conf/perl-5.8.9/.cpanplus/5.8.9/build/HTML-Tested-0.58/blib/lib/HTML/Tested/Test/Value.pm line 10.
# Global symbol "$e_root" requires explicit package name at /usr/home/cpan/pit/thr/conf/perl-5.8.9/.cpanplus/5.8.9/build/HTML-Tested-0.58/blib/lib/HTML/Tested/Test/Value.pm line 10.
# Global symbol "$name" requires explicit package name at /usr/home/cpan/pit/thr/conf/perl-5.8.9/.cpanplus/5.8.9/build/HTML-Tested-0.58/blib/lib/HTML/Tested/Test/Value.pm line 10.
# Global symbol "$e_val" requires explicit package name at /usr/home/cpan/pit/thr/conf/perl-5.8.9/.cpanplus/5.8.9/build/HTML-Tested-0.58/blib/lib/HTML/Tested/Test/Value.pm line 10.
# Global symbol "$r_val" requires explicit package name at /usr/home/cpan/pit/thr/conf/perl-5.8.9/.cpanplus/5.8.9/build/HTML-Tested-0.58/blib/lib/HTML/Tested/Test/Value.pm line 10.
# Global symbol "$err" requires explicit package name at /usr/home/cpan/pit/thr/conf/perl-5.8.9/.cpanplus/5.8.9/build/HTML-Tested-0.58/blib/lib/HTML/Tested/Test/Value.pm line 10.
# Global symbol "$e_root" requires explicit package name at /usr/home/cpan/pit/thr/conf/perl-5.8.9/.cpanplus/5.8.9/build/HTML-Tested-0.58/blib/lib/HTML/Tested/Test/Value.pm line 10.
# Global symbol "$name" requires explicit package name at /usr/home/cpan/pit/thr/conf/perl-5.8.9/.cpanplus/5.8.9/build/HTML-Tested-0.58/blib/lib/HTML/Tested/Test/Value.pm line 10.
# Global symbol "$orig_r_val" requires explicit package name at /usr/home/cpan/pit/thr/conf/perl-5.8.9/.cpanplus/5.8.9/build/HTML-Tested-0.58/blib/lib/HTML/Tested/Test/Value.pm line 10.
# Global symbol "$r_val" requires explicit package name at /usr/home/cpan/pit/thr/conf/perl-5.8.9/.cpanplus/5.8.9/build/HTML-Tested-0.58/blib/lib/HTML/Tested/Test/Value.pm line 10.
# Global symbol "$e_val" requires explicit package name at /usr/home/cpan/pit/thr/conf/perl-5.8.9/.cpanplus/5.8.9/build/HTML-Tested-0.58/blib/lib/HTML/Tested/Test/Value.pm line 10.
# Global symbol "$e_val" requires explicit package name at /usr/home/cpan/pit/thr/conf/perl-5.8.9/.cpanplus/5.8.9/build/HTML-Tested-0.58/blib/lib/HTML/Tested/Test/Value.pm line 10.
# Global symbol "$r_val" requires explicit package name at /usr/home/cpan/pit/thr/conf/perl-5.8.9/.cpanplus/5.8.9/build/HTML-Tested-0.58/blib/lib/HTML/Tested/Test/Value.pm line 10.
# Global symbol "$r_val" requires explicit package name at /usr/home/cpan/pit/thr/conf/perl-5.8.9/.cpanplus/5.8.9/build/HTML-Tested-0.58/blib/lib/HTML/Tested/Test/Value.pm line 10.
# Global symbol "$err" requires explicit package name at /usr/home/cpan/pit/thr/conf/perl-5.8.9/.cpanplus/5.8.9/build/HTML-Tested-0.58/blib/lib/HTML/Tested/Test/Value.pm line 10.
# Global symbol "$name" requires explicit package name at /usr/home/cpan/pit/thr/conf/perl-5.8.9/.cpanplus/5.8.9/build/HTML-Tested-0.58/blib/lib/HTML/Tested/Test/Value.pm line 10.
# Global symbol "$r_val" requires explicit package name at /usr/home/cpan/pit/thr/conf/perl-5.8.9/.cpanplus/5.8.9/build/HTML-Tested-0.58/blib/lib/HTML/Tested/Test/Value.pm line 10.
# Global symbol "$orig_r_val" requires explicit package name at /usr/home/cpan/pit/thr/conf/perl-5.8.9/.cpanplus/5.8.9/build/HTML-Tested-0.58/blib/lib/HTML/Tested/Test/Value.pm line 10.
# Global symbol "$r_val" requires explicit package name at /usr/home/cpan/pit/thr/conf/perl-5.8.9/.cpanplus/5.8.9/build/HTML-Tested-0.58/blib/lib/HTML/Tested/Test/Value.pm line 10.
# Global symbol "$e_root" requires explicit package name at /usr/home/cpan/pit/thr/conf/perl-5.8.9/.cpanplus/5.8.9/build/HTML-Tested-0.58/blib/lib/HTML/Tested/Test/Value.pm line 10.
# Global symbol "$name" requires explicit package name at /usr/home/cpan/pit/thr/conf/perl-5.8.9/.cpanplus/5.8.9/build/HTML-Tested-0.58/blib/lib/HTML/Tested/Test/Value.pm line 10.
# Global symbol "$e_root" requires explicit package name at /usr/home/cpan/pit/thr/conf/perl-5.8.9/.cpanplus/5.8.9/build/HTML-Tested-0.58/blib/lib/HTML/Tested/Test/Value.pm line 10.
# Global symbol "$name" requires explicit package name at /usr/home/cpan/pit/thr/conf/perl-5.8.9/.cpanplus/5.8.9/build/HTML-Tested-0.58/blib/lib/HTML/Tested/Test/Value.pm line 10.
# Global symbol "$err" requires explicit package name at /usr/home/cpan/pit/thr/conf/perl-5.8.9/.cpanplus/5.8.9/build/HTML-Tested-0.58/blib/lib/HTML/Tested/Test/Value.pm line 10.
# Global symbol "$name" requires explicit package name at /usr/home/cpan/pit/thr/conf/perl-5.8.9/.cpanplus/5.8.9/build/HTML-Tested-0.58/blib/lib/HTML/Tested/Test/Value.pm line 10.
# Global symbol "$e_val" requires explicit package name at /usr/home/cpan/pit/thr/conf/perl-5.8.9/.cpanplus/5.8.9/build/HTML-Tested-0.58/blib/lib/HTML/Tested/Test/Value.pm line 10.
# Global symbol "$r_val" requires explicit package name at /usr/home/cpan/pit/thr/conf/perl-5.8.9/.cpanplus/5.8.9/build/HTML-Tested-0.58/blib/lib/HTML/Tested/Test/Value.pm line 10.
# Global symbol "$e_val" requires explicit package name at /usr/home/cpan/pit/thr/conf/perl-5.8.9/.cpanplus/5.8.9/build/HTML-Tested-0.58/blib/lib/HTML/Tested/Test/Value.pm line 10.
# Global symbol "$cb" requires explicit package name at /usr/home/cpan/pit/thr/conf/perl-5.8.9/.cpanplus/5.8.9/build/HTML-Tested-0.58/blib/lib/HTML/Tested/Test/Value.pm line 10.
# Global symbol "$cb" requires explicit package name at /usr/home/cpan/pit/thr/conf/perl-5.8.9/.cpanplus/5.8.9/build/HTML-Tested-0.58/blib/lib/HTML/Tested/Test/Value.pm line 10.
# Global symbol "$e_val" requires explicit package name at /usr/home/cpan/pit/thr/conf/perl-5.8.9/.cpanplus/5.8.9/build/HTML-Tested-0.58/blib/lib/HTML/Tested/Test/Value.pm line 10.
# Global symbol "$e_val" requires explicit package name at /usr/home/cpan/pit/thr/conf/perl-5.8.9/.cpanplus/5.8.9/build/HTML-Tested-0.58/blib/lib/HTML/Tested/Test/Value.pm line 10.
# syntax error at /usr/home/cpan/pit/thr/conf/perl-5.8.9/.cpanplus/5.8.9/build/HTML-Tested-0.58/blib/lib/HTML/Tested/Test/Value.pm line 47, near "return undef unless ($e_val =~ /("
# /usr/home/cpan/pit/thr/conf/perl-5.8.9/.cpanplus/5.8.9/build/HTML-Tested-0.58/blib/lib/HTML/Tested/Test/Value.pm has too many errors.
# Compilation failed in require at (eval 926) line 2.
# BEGIN failed--compilation aborted at (eval 926) line 2.
Can't locate object method "compile" via package "HTML::Tested::Value" at /usr/home/cpan/pit/thr/conf/perl-5.8.9/.cpanplus/5.8.9/build/HTML-Tested-0.58/blib/lib/HTML/Tested/Value.pm line 30.
 at t/190_datetime.t line 20
	main::__ANON__('Can\'t locate object method "compile" via package "HTML::Test...') called at /usr/home/cpan/pit/thr/conf/perl-5.8.9/.cpanplus/5.8.9/build/HTML-Tested-0.58/blib/lib/HTML/Tested/Value.pm line 30
	HTML::Tested::Value::setup_datetime_option('HTML::Tested::Value=HASH(0x801586bd0)', '%b %d, %Y') called at /usr/home/cpan/pit/thr/conf/perl-5.8.9/.cpanplus/5.8.9/build/HTML-Tested-0.58/blib/lib/HTML/Tested/Value.pm line 50
	HTML::Tested::Value::new('HTML::Tested::Value', 'T', 'd', 'is_datetime', '%b %d, %Y') called at /usr/home/cpan/pit/thr/conf/perl-5.8.9/.cpanplus/5.8.9/build/HTML-Tested-0.58/blib/lib/HTML/Tested.pm line 99
	HTML::Tested::ht_add_widget('T', 'HTML::Tested::Value', 'd', 'is_datetime', '%b %d, %Y') called at t/190_datetime.t line 26
# Looks like you planned 37 tests but ran 7.
# Looks like you failed 2 tests of 7 run.
# Looks like your test exited with 255 just after 7.
t/190_datetime.t ...... 
Dubious, test returned 255 (wstat 65280, 0xff00)
Failed 32/37 subtests 
Variable "$name" is not imported at /usr/home/cpan/pit/thr/conf/perl-5.8.9/.cpanplus/5.8.9/build/HTML-Tested-0.58/blib/lib/HTML/Tested/Value.pm line 119.
	(Did you mean &name instead?)
Variable "$name" is not imported at /usr/home/cpan/pit/thr/conf/perl-5.8.9/.cpanplus/5.8.9/build/HTML-Tested-0.58/blib/lib/HTML/Tested/Value.pm line 119.
	(Did you mean &name instead?)
Unable to use HTML::Tested::Value::Upload or use HTML::Tested::Test::Upload at /usr/home/cpan/pit/thr/conf/perl-5.8.9/.cpanplus/5.8.9/build/HTML-Tested-0.58/blib/lib/HTML/Tested/Test.pm line 171.
Compilation failed in require at t/200_snippet.t line 5.
BEGIN failed--compilation aborted at t/200_snippet.t line 5.
# Looks like your test exited with 2 before it could output anything.
t/200_snippet.t ....... 
Dubious, test returned 2 (wstat 512, 0x200)
Failed 26/26 subtests 

Test Summary Report
-------------------
t/001_load.t        (Wstat: 512 Tests: 14 Failed: 1)
  Failed test:  2
  Non-zero exit status: 2
  Parse errors: Bad plan.  You planned 27 tests but ran 14.
t/010_value.t       (Wstat: 65280 Tests: 4 Failed: 1)
  Failed test:  2
  Non-zero exit status: 255
  Parse errors: Bad plan.  You planned 47 tests but ran 4.
t/020_list.t        (Wstat: 65280 Tests: 6 Failed: 1)
  Failed test:  3
  Non-zero exit status: 255
  Parse errors: Bad plan.  You planned 40 tests but ran 6.
t/030_edit_box.t    (Wstat: 65280 Tests: 4 Failed: 1)
  Failed test:  2
  Non-zero exit status: 255
  Parse errors: Bad plan.  You planned 6 tests but ran 4.
t/040_textarea.t    (Wstat: 65280 Tests: 4 Failed: 1)
  Failed test:  2
  Non-zero exit status: 255
  Parse errors: Bad plan.  You planned 5 tests but ran 4.
t/050_tree.t        (Wstat: 65280 Tests: 3 Failed: 2)
  Failed tests:  1, 3
  Non-zero exit status: 255
  Parse errors: Bad plan.  You planned 13 tests but ran 3.
t/060_pager.t       (Wstat: 65280 Tests: 4 Failed: 1)
  Failed test:  1
  Non-zero exit status: 255
  Parse errors: Bad plan.  You planned 6 tests but ran 4.
t/070_password_box.t (Wstat: 65280 Tests: 4 Failed: 1)
  Failed test:  2
  Non-zero exit status: 255
  Parse errors: Bad plan.  You planned 14 tests but ran 4.
t/080_dropdown.t    (Wstat: 65280 Tests: 4 Failed: 1)
  Failed test:  2
  Non-zero exit status: 255
  Parse errors: Bad plan.  You planned 15 tests but ran 4.
t/090_checkbox.t    (Wstat: 512 Tests: 0 Failed: 0)
  Non-zero exit status: 2
  Parse errors: Bad plan.  You planned 17 tests but ran 0.
t/100_link.t        (Wstat: 512 Tests: 0 Failed: 0)
  Non-zero exit status: 2
  Parse errors: Bad plan.  You planned 17 tests but ran 0.
t/110_upload.t      (Wstat: 65280 Tests: 5 Failed: 1)
  Failed test:  4
  Non-zero exit status: 255
  Parse errors: Bad plan.  You planned 32 tests but ran 5.
t/120_form.t        (Wstat: 65280 Tests: 4 Failed: 1)
  Failed test:  2
  Non-zero exit status: 255
  Parse errors: Bad plan.  You planned 38 tests but ran 4.
t/130_submit.t      (Wstat: 65280 Tests: 4 Failed: 1)
  Failed test:  2
  Non-zero exit status: 255
  Parse errors: Bad plan.  You planned 16 tests but ran 4.
t/140_hidden.t      (Wstat: 65280 Tests: 4 Failed: 1)
  Failed test:  2
  Non-zero exit status: 255
  Parse errors: Bad plan.  You planned 6 tests but ran 4.
t/150_radio.t       (Wstat: 65280 Tests: 5 Failed: 1)
  Failed test:  2
  Non-zero exit status: 255
  Parse errors: Bad plan.  You planned 22 tests but ran 5.
t/160_seal.t        (Wstat: 512 Tests: 22 Failed: 1)
  Failed test:  3
  Non-zero exit status: 2
  Parse errors: Bad plan.  You planned 70 tests but ran 22.
t/170_list_table.t  (Wstat: 65280 Tests: 6 Failed: 2)
  Failed tests:  2-3
  Non-zero exit status: 255
  Parse errors: Bad plan.  You planned 12 tests but ran 6.
t/180_unicode.t     (Wstat: 65280 Tests: 2 Failed: 1)
  Failed test:  2
  Non-zero exit status: 255
  Parse errors: Bad plan.  You planned 10 tests but ran 2.
t/190_datetime.t    (Wstat: 65280 Tests: 7 Failed: 2)
  Failed tests:  2-3
  Non-zero exit status: 255
  Parse errors: Bad plan.  You planned 37 tests but ran 7.
t/200_snippet.t     (Wstat: 512 Tests: 0 Failed: 0)
  Non-zero exit status: 2
  Parse errors: Bad plan.  You planned 26 tests but ran 0.
Files=21, Tests=106,  4 wallclock secs ( 0.11 usr  0.08 sys +  1.38 cusr  1.98 csys =  3.55 CPU)
Result: FAIL
Failed 21/21 test programs. 21/106 subtests failed.
*** Error code 2

Stop in /usr/home/cpan/pit/thr/conf/perl-5.8.9/.cpanplus/5.8.9/build/HTML-Tested-0.58.


PREREQUISITES:

Here is a list of prerequisites you specified and versions we
managed to load:

	  Module Name                        Have     Want
	  Class::Accessor                    0.34        0
	  Class::Data::Inheritable           0.08        0
	  Class::Singleton                    1.4        0
	  Crypt::Blowfish                    2.12        0
	  Crypt::CBC                         2.30     2.22
	  Data::Dumper                   2.121_17        0
	  DateTime                           0.74        0
	  DateTime::Format::Strptime       1.5000        0
	  Digest::CRC                        0.18        0
	  ExtUtils::MakeMaker                6.62        0
	  File::Slurp                     9999.19        0
	  HTML::Entities                     3.69        0
	  Math::Combinatorics                0.09        0
	  Template                           2.24        0
	  Test::Simple                       0.98     0.44
	  Text::Diff                         1.41        0

Perl module toolchain versions installed:
	Module Name                        Have
	CPANPLUS                         0.9124
	CPANPLUS::Dist::Build              0.62
	Cwd                                3.33
	ExtUtils::CBuilder             0.280205
	ExtUtils::Command                  1.16
	ExtUtils::Install                  1.54
	ExtUtils::MakeMaker                6.62
	ExtUtils::Manifest                 1.60
	ExtUtils::ParseXS                  3.15
	File::Spec                         3.33
	Module::Build                      0.40
	Test::Harness                      3.23
	Test::More                         0.98
	version                            0.97

******************************** NOTE ********************************
The comments above are created mechanically, possibly without manual
checking by the sender.  As there are many people performing automatic
tests on each upload to CPAN, it is likely that you will receive
identical messages about the same problem.

If you believe that the message is mistaken, please reply to the first
one with correction and/or additional informations, and do not take
it personally.  We appreciate your patience. :)
**********************************************************************

Additional comments:


This report was machine-generated by CPANPLUS::Dist::YACSmoke 0.76.
Powered by minismokebox version 0.54

------------------------------
ENVIRONMENT AND OTHER CONTEXT
------------------------------

Environment variables:

    AUTOMATED_TESTING = 1
    PATH = /usr/home/cpan/pit/thr/conf/perl-5.8.9/.cpanplus/5.8.9/build/Template-Toolkit-2.24/blib/script:/usr/home/cpan/pit/thr/conf/perl-5.8.9/.cpanplus/5.8.9/build/Package-Stash-0.33/blib/script:/sbin:/bin:/usr/sbin:/usr/bin:/usr/games:/usr/local/sbin:/usr/local/bin:/home/cpan/bin
    PERL5LIB = :/usr/home/cpan/pit/thr/conf/perl-5.8.9/.cpanplus/5.8.9/build/Class-Accessor-0.34/blib/lib:/usr/home/cpan/pit/thr/conf/perl-5.8.9/.cpanplus/5.8.9/build/Class-Accessor-0.34/blib/arch:/usr/home/cpan/pit/thr/conf/perl-5.8.9/.cpanplus/5.8.9/build/Class-Data-Inheritable-0.08/blib/lib:/usr/home/cpan/pit/thr/conf/perl-5.8.9/.cpanplus/5.8.9/build/Class-Data-Inheritable-0.08/blib/arch:/usr/home/cpan/pit/thr/conf/perl-5.8.9/.cpanplus/5.8.9/build/Class-Singleton-1.4/blib/lib:/usr/home/cpan/pit/thr/conf/perl-5.8.9/.cpanplus/5.8.9/build/Class-Singleton-1.4/blib/arch:/usr/home/cpan/pit/thr/conf/perl-5.8.9/.cpanplus/5.8.9/build/Crypt-Blowfish-2.12/blib/lib:/usr/home/cpan/pit/thr/conf/perl-5.8.9/.cpanplus/5.8.9/build/Crypt-Blowfish-2.12/blib/arch:/usr/home/cpan/pit/thr/conf/perl-5.8.9/.cpanplus/5.8.9/build/Crypt-CBC-2.30/blib/lib:/usr/home/cpan/pit/thr/conf/perl-5.8.9/.cpanplus/5.8.9/build/Crypt-CBC-2.30/blib/arch:/usr/home/cpan/pit/thr/conf/perl-5.8.9/.cpanplus/5.8.9/build/List-MoreUtils-0.33/blib/lib:/usr/home/cpan/pit/thr/conf/perl-5.8.9/.cpanplus/5.8.9/build/List-MoreUtils-0.33/blib/arch:/usr/home/cpan/pit/thr/conf/perl-5.8.9/.cpanplus/5.8.9/build/Attribute-Handlers-0.93/blib/lib:/usr/home/cpan/pit/thr/conf/perl-5.8.9/.cpanplus/5.8.9/build/Attribute-Handlers-0.93/blib/arch:/usr/home/cpan/pit/thr/conf/perl-5.8.9/.cpanplus/5.8.9/build/Module-Runtime-0.013/blib/lib:/usr/home/cpan/pit/thr/conf/perl-5.8.9/.cpanplus/5.8.9/build/Module-Runtime-0.013/blib/arch:/usr/home/cpan/pit/thr/conf/perl-5.8.9/.cpanplus/5.8.9/build/Try-Tiny-0.11/blib/lib:/usr/home/cpan/pit/thr/conf/perl-5.8.9/.cpanplus/5.8.9/build/Try-Tiny-0.11/blib/arch:/usr/home/cpan/pit/thr/conf/perl-5.8.9/.cpanplus/5.8.9/build/Test-Fatal-0.010/blib/lib:/usr/home/cpan/pit/thr/conf/perl-5.8.9/.cpanplus/5.8.9/build/Test-Fatal-0.010/blib/arch:/usr/home/cpan/pit/thr/conf/perl-5.8.9/.cpanplus/5.8.9/build/Test-Requires-0.06/blib/lib:/usr/home/cpan/pit/thr/conf/perl-5.8.9/.cpanplus/5.8.9/build/Test-Requires-0.06/blib/arch:/usr/home/cpan/pit/thr/conf/perl-5.8.9/.cpanplus/5.8.9/build/Module-Implementation-0.06/blib/lib:/usr/home/cpan/pit/thr/conf/perl-5.8.9/.cpanplus/5.8.9/build/Module-Implementation-0.06/blib/arch:/usr/home/cpan/pit/thr/conf/perl-5.8.9/.cpanplus/5.8.9/build/Params-Validate-1.06/blib/lib:/usr/home/cpan/pit/thr/conf/perl-5.8.9/.cpanplus/5.8.9/build/Params-Validate-1.06/blib/arch:/usr/home/cpan/pit/thr/conf/perl-5.8.9/.cpanplus/5.8.9/build/DateTime-Locale-0.45/blib/lib:/usr/home/cpan/pit/thr/conf/perl-5.8.9/.cpanplus/5.8.9/build/DateTime-Locale-0.45/blib/arch:/usr/home/cpan/pit/thr/conf/perl-5.8.9/.cpanplus/5.8.9/build/Params-Util-1.07/blib/lib:/usr/home/cpan/pit/thr/conf/perl-5.8.9/.cpanplus/5.8.9/build/Params-Util-1.07/blib/arch:/usr/home/cpan/pit/thr/conf/perl-5.8.9/.cpanplus/5.8.9/build/Sub-Install-0.926/blib/lib:/usr/home/cpan/pit/thr/conf/perl-5.8.9/.cpanplus/5.8.9/build/Sub-Install-0.926/blib/arch:/usr/home/cpan/pit/thr/conf/perl-5.8.9/.cpanplus/5.8.9/build/Data-OptList-0.107/blib/lib:/usr/home/cpan/pit/thr/conf/perl-5.8.9/.cpanplus/5.8.9/build/Data-OptList-0.107/blib/arch:/usr/home/cpan/pit/thr/conf/perl-5.8.9/.cpanplus/5.8.9/build/Sub-Exporter-0.982/blib/lib:/usr/home/cpan/pit/thr/conf/perl-5.8.9/.cpanplus/5.8.9/build/Sub-Exporter-0.982/blib/arch:/usr/home/cpan/pit/thr/conf/perl-5.8.9/.cpanplus/5.8.9/build/Dist-CheckConflicts-0.02/blib/lib:/usr/home/cpan/pit/thr/conf/perl-5.8.9/.cpanplus/5.8.9/build/Dist-CheckConflicts-0.02/blib/arch:/usr/home/cpan/pit/thr/conf/perl-5.8.9/.cpanplus/5.8.9/build/Package-DeprecationManager-0.13/blib/lib:/usr/home/cpan/pit/thr/conf/perl-5.8.9/.cpanplus/5.8.9/build/Package-DeprecationManager-0.13/blib/arch:/usr/home/cpan/pit/thr/conf/perl-5.8.9/.cpanplus/5.8.9/build/Package-Stash-XS-0.25/blib/lib:/usr/home/cpan/pit/thr/conf/perl-5.8.9/.cpanplus/5.8.9/build/Package-Stash-XS-0.25/blib/arch:/usr/home/cpan/pit/thr/conf/perl-5.8.9/.cpanplus/5.8.9/build/Package-Stash-0.33/blib/lib:/usr/home/cpan/pit/thr/conf/perl-5.8.9/.cpanplus/5.8.9/build/Package-Stash-0.33/blib/arch:/usr/home/cpan/pit/thr/conf/perl-5.8.9/.cpanplus/5.8.9/build/Class-Load-0.19/blib/lib:/usr/home/cpan/pit/thr/conf/perl-5.8.9/.cpanplus/5.8.9/build/Class-Load-0.19/blib/arch:/usr/home/cpan/pit/thr/conf/perl-5.8.9/.cpanplus/5.8.9/build/Test-Tester-0.108/blib/lib:/usr/home/cpan/pit/thr/conf/perl-5.8.9/.cpanplus/5.8.9/build/Test-Tester-0.108/blib/arch:/usr/home/cpan/pit/thr/conf/perl-5.8.9/.cpanplus/5.8.9/build/Test-Output-1.01/blib/lib:/usr/home/cpan/pit/thr/conf/perl-5.8.9/.cpanplus/5.8.9/build/Test-Output-1.01/blib/arch:/usr/home/cpan/pit/thr/conf/perl-5.8.9/.cpanplus/5.8.9/build/parent-0.225/blib/lib:/usr/home/cpan/pit/thr/conf/perl-5.8.9/.cpanplus/5.8.9/build/parent-0.225/blib/arch:/usr/home/cpan/pit/thr/conf/perl-5.8.9/.cpanplus/5.8.9/build/DateTime-TimeZone-1.46/blib/lib:/usr/home/cpan/pit/thr/conf/perl-5.8.9/.cpanplus/5.8.9/build/DateTime-TimeZone-1.46/blib/arch:/usr/home/cpan/pit/thr/conf/perl-5.8.9/.cpanplus/5.8.9/build/Math-Round-0.06/blib/lib:/usr/home/cpan/pit/thr/conf/perl-5.8.9/.cpanplus/5.8.9/build/Math-Round-0.06/blib/arch:/usr/home/cpan/pit/thr/conf/perl-5.8.9/.cpanplus/5.8.9/build/DateTime-0.74/blib/lib:/usr/home/cpan/pit/thr/conf/perl-5.8.9/.cpanplus/5.8.9/build/DateTime-0.74/blib/arch:/usr/home/cpan/pit/thr/conf/perl-5.8.9/.cpanplus/5.8.9/build/DateTime-Format-Strptime-1.5000/blib/lib:/usr/home/cpan/pit/thr/conf/perl-5.8.9/.cpanplus/5.8.9/build/DateTime-Format-Strptime-1.5000/blib/arch:/usr/home/cpan/pit/thr/conf/perl-5.8.9/.cpanplus/5.8.9/build/Digest-CRC-0.18/blib/lib:/usr/home/cpan/pit/thr/conf/perl-5.8.9/.cpanplus/5.8.9/build/Digest-CRC-0.18/blib/arch:/usr/home/cpan/pit/thr/conf/perl-5.8.9/.cpanplus/5.8.9/build/File-Slurp-9999.19/blib/lib:/usr/home/cpan/pit/thr/conf/perl-5.8.9/.cpanplus/5.8.9/build/File-Slurp-9999.19/blib/arch:/usr/home/cpan/pit/thr/conf/perl-5.8.9/.cpanplus/5.8.9/build/HTML-Tagset-3.20/blib/lib:/usr/home/cpan/pit/thr/conf/perl-5.8.9/.cpanplus/5.8.9/build/HTML-Tagset-3.20/blib/arch:/usr/home/cpan/pit/thr/conf/perl-5.8.9/.cpanplus/5.8.9/build/HTML-Parser-3.69/blib/lib:/usr/home/cpan/pit/thr/conf/perl-5.8.9/.cpanplus/5.8.9/build/HTML-Parser-3.69/blib/arch:/usr/home/cpan/pit/thr/conf/perl-5.8.9/.cpanplus/5.8.9/build/Math-Combinatorics-0.09/blib/lib:/usr/home/cpan/pit/thr/conf/perl-5.8.9/.cpanplus/5.8.9/build/Math-Combinatorics-0.09/blib/arch:/usr/home/cpan/pit/thr/conf/perl-5.8.9/.cpanplus/5.8.9/build/AppConfig-1.66/blib/lib:/usr/home/cpan/pit/thr/conf/perl-5.8.9/.cpanplus/5.8.9/build/AppConfig-1.66/blib/arch:/usr/home/cpan/pit/thr/conf/perl-5.8.9/.cpanplus/5.8.9/build/Template-Toolkit-2.24/blib/lib:/usr/home/cpan/pit/thr/conf/perl-5.8.9/.cpanplus/5.8.9/build/Template-Toolkit-2.24/blib/arch:/usr/home/cpan/pit/thr/conf/perl-5.8.9/.cpanplus/5.8.9/build/Algorithm-Diff-1.1902/blib/lib:/usr/home/cpan/pit/thr/conf/perl-5.8.9/.cpanplus/5.8.9/build/Algorithm-Diff-1.1902/blib/arch:/usr/home/cpan/pit/thr/conf/perl-5.8.9/.cpanplus/5.8.9/build/Text-Diff-1.41/blib/lib:/usr/home/cpan/pit/thr/conf/perl-5.8.9/.cpanplus/5.8.9/build/Text-Diff-1.41/blib/arch:/usr/home/cpan/pit/thr/conf/perl-5.8.9/.cpanplus/5.8.9/build/HTML-Tested-0.58/blib/lib:/usr/home/cpan/pit/thr/conf/perl-5.8.9/.cpanplus/5.8.9/build/HTML-Tested-0.58/blib/arch
    PERL5_CPANPLUS_IS_RUNNING = 46139
    PERL5_CPANPLUS_IS_VERSION = 0.9124
    PERL5_MINISMOKEBOX = 0.54
    PERL5_YACSMOKE_BASE = /usr/home/cpan/pit/thr/conf/perl-5.8.9
    PERL_EXTUTILS_AUTOINSTALL = --defaultdeps
    PERL_MM_USE_DEFAULT = 1
    SHELL = /usr/local/bin/bash
    TERM = screen

Perl special variables (and OS-specific diagnostics, for MSWin32):

    Perl: $^X = /usr/home/cpan/pit/thr/perl-5.8.9/bin/perl
    UID:  $<  = 1002
    EUID: $>  = 1002
    GID:  $(  = 1002 1002
    EGID: $)  = 1002 1002


-------------------------------


--

Summary of my perl5 (revision 5 version 8 subversion 9) configuration:
  Platform:
    osname=freebsd, osvers=9.0-release, archname=amd64-freebsd-thread-multi
    uname='freebsd fremen 9.0-release freebsd 9.0-release #0: tue jan 3 07:46:30 utc 2012 root@farrell.cse.buffalo.edu:usrobjusrsrcsysgeneric amd64 '
    config_args='-des -Dprefix=/usr/home/cpan/pit/thr/perl-5.8.9 -Dusethreads'
    hint=recommended, useposix=true, d_sigaction=define
    usethreads=define use5005threads=undef useithreads=define usemultiplicity=define
    useperlio=define d_sfio=undef uselargefiles=define usesocks=undef
    use64bitint=define use64bitall=define uselongdouble=undef
    usemymalloc=n, bincompat5005=undef
  Compiler:
    cc='cc', ccflags ='-DHAS_FPSETMASK -DHAS_FLOATINGPOINT_H -fno-strict-aliasing -pipe -I/usr/local/include',
    optimize='-O',
    cppflags='-DHAS_FPSETMASK -DHAS_FLOATINGPOINT_H -fno-strict-aliasing -pipe -I/usr/local/include'
    ccversion='', gccversion='4.2.1 20070831 patched [FreeBSD]', gccosandvers=''
    intsize=4, longsize=8, ptrsize=8, doublesize=8, byteorder=12345678
    d_longlong=define, longlongsize=8, d_longdbl=define, longdblsize=16
    ivtype='long', ivsize=8, nvtype='double', nvsize=8, Off_t='off_t', lseeksize=8
    alignbytes=8, prototype=define
  Linker and Libraries:
    ld='cc', ldflags ='-pthread -Wl,-E  -L/usr/local/lib'
    libpth=/usr/lib /usr/local/lib
    libs=-lgdbm -lm -lcrypt
    perllibs=-lm -lcrypt
    libc=, so=so, useshrplib=false, libperl=libperl.a
    gnulibc_version=''
  Dynamic Linking:
    dlsrc=dl_dlopen.xs, dlext=so, d_dlsymun=undef, ccdlflags=' '
    cccdlflags='-DPIC -fPIC', lddlflags='-shared  -L/usr/local/lib'


Characteristics of this binary (from libperl): 
  Compile-time options: MULTIPLICITY PERL_IMPLICIT_CONTEXT PERL_MALLOC_WRAP
                        USE_64_BIT_ALL USE_64_BIT_INT USE_FAST_STDIO
                        USE_ITHREADS USE_LARGE_FILES USE_PERLIO
                        USE_REENTRANT_API
  Built under freebsd
  Compiled at Jan 11 2012 23:21:32
  %ENV:
    PERL5LIB=":/usr/home/cpan/pit/thr/conf/perl-5.8.9/.cpanplus/5.8.9/build/Class-Accessor-0.34/blib/lib:/usr/home/cpan/pit/thr/conf/perl-5.8.9/.cpanplus/5.8.9/build/Class-Accessor-0.34/blib/arch:/usr/home/cpan/pit/thr/conf/perl-5.8.9/.cpanplus/5.8.9/build/Class-Data-Inheritable-0.08/blib/lib:/usr/home/cpan/pit/thr/conf/perl-5.8.9/.cpanplus/5.8.9/build/Class-Data-Inheritable-0.08/blib/arch:/usr/home/cpan/pit/thr/conf/perl-5.8.9/.cpanplus/5.8.9/build/Class-Singleton-1.4/blib/lib:/usr/home/cpan/pit/thr/conf/perl-5.8.9/.cpanplus/5.8.9/build/Class-Singleton-1.4/blib/arch:/usr/home/cpan/pit/thr/conf/perl-5.8.9/.cpanplus/5.8.9/build/Crypt-Blowfish-2.12/blib/lib:/usr/home/cpan/pit/thr/conf/perl-5.8.9/.cpanplus/5.8.9/build/Crypt-Blowfish-2.12/blib/arch:/usr/home/cpan/pit/thr/conf/perl-5.8.9/.cpanplus/5.8.9/build/Crypt-CBC-2.30/blib/lib:/usr/home/cpan/pit/thr/conf/perl-5.8.9/.cpanplus/5.8.9/build/Crypt-CBC-2.30/blib/arch:/usr/home/cpan/pit/thr/conf/perl-5.8.9/.cpanplus/5.8.9/build/List-MoreUtils-0.33/blib/lib:/usr/home/cpan/pit/thr/conf/perl-5.8.9/.cpanplus/5.8.9/build/List-MoreUtils-0.33/blib/arch:/usr/home/cpan/pit/thr/conf/perl-5.8.9/.cpanplus/5.8.9/build/Attribute-Handlers-0.93/blib/lib:/usr/home/cpan/pit/thr/conf/perl-5.8.9/.cpanplus/5.8.9/build/Attribute-Handlers-0.93/blib/arch:/usr/home/cpan/pit/thr/conf/perl-5.8.9/.cpanplus/5.8.9/build/Module-Runtime-0.013/blib/lib:/usr/home/cpan/pit/thr/conf/perl-5.8.9/.cpanplus/5.8.9/build/Module-Runtime-0.013/blib/arch:/usr/home/cpan/pit/thr/conf/perl-5.8.9/.cpanplus/5.8.9/build/Try-Tiny-0.11/blib/lib:/usr/home/cpan/pit/thr/conf/perl-5.8.9/.cpanplus/5.8.9/build/Try-Tiny-0.11/blib/arch:/usr/home/cpan/pit/thr/conf/perl-5.8.9/.cpanplus/5.8.9/build/Test-Fatal-0.010/blib/lib:/usr/home/cpan/pit/thr/conf/perl-5.8.9/.cpanplus/5.8.9/build/Test-Fatal-0.010/blib/arch:/usr/home/cpan/pit/thr/conf/perl-5.8.9/.cpanplus/5.8.9/build/Test-Requires-0.06/blib/lib:/usr/home/cpan/pit/thr/conf/perl-5.8.9/.cpanplus/5.8.9/build/Test-Requires-0.06/blib/arch:/usr/home/cpan/pit/thr/conf/perl-5.8.9/.cpanplus/5.8.9/build/Module-Implementation-0.06/blib/lib:/usr/home/cpan/pit/thr/conf/perl-5.8.9/.cpanplus/5.8.9/build/Module-Implementation-0.06/blib/arch:/usr/home/cpan/pit/thr/conf/perl-5.8.9/.cpanplus/5.8.9/build/Params-Validate-1.06/blib/lib:/usr/home/cpan/pit/thr/conf/perl-5.8.9/.cpanplus/5.8.9/build/Params-Validate-1.06/blib/arch:/usr/home/cpan/pit/thr/conf/perl-5.8.9/.cpanplus/5.8.9/build/DateTime-Locale-0.45/blib/lib:/usr/home/cpan/pit/thr/conf/perl-5.8.9/.cpanplus/5.8.9/build/DateTime-Locale-0.45/blib/arch:/usr/home/cpan/pit/thr/conf/perl-5.8.9/.cpanplus/5.8.9/build/Params-Util-1.07/blib/lib:/usr/home/cpan/pit/thr/conf/perl-5.8.9/.cpanplus/5.8.9/build/Params-Util-1.07/blib/arch:/usr/home/cpan/pit/thr/conf/perl-5.8.9/.cpanplus/5.8.9/build/Sub-Install-0.926/blib/lib:/usr/home/cpan/pit/thr/conf/perl-5.8.9/.cpanplus/5.8.9/build/Sub-Install-0.926/blib/arch:/usr/home/cpan/pit/thr/conf/perl-5.8.9/.cpanplus/5.8.9/build/Data-OptList-0.107/blib/lib:/usr/home/cpan/pit/thr/conf/perl-5.8.9/.cpanplus/5.8.9/build/Data-OptList-0.107/blib/arch:/usr/home/cpan/pit/thr/conf/perl-5.8.9/.cpanplus/5.8.9/build/Sub-Exporter-0.982/blib/lib:/usr/home/cpan/pit/thr/conf/perl-5.8.9/.cpanplus/5.8.9/build/Sub-Exporter-0.982/blib/arch:/usr/home/cpan/pit/thr/conf/perl-5.8.9/.cpanplus/5.8.9/build/Dist-CheckConflicts-0.02/blib/lib:/usr/home/cpan/pit/thr/conf/perl-5.8.9/.cpanplus/5.8.9/build/Dist-CheckConflicts-0.02/blib/arch:/usr/home/cpan/pit/thr/conf/perl-5.8.9/.cpanplus/5.8.9/build/Package-DeprecationManager-0.13/blib/lib:/usr/home/cpan/pit/thr/conf/perl-5.8.9/.cpanplus/5.8.9/build/Package-DeprecationManager-0.13/blib/arch:/usr/home/cpan/pit/thr/conf/perl-5.8.9/.cpanplus/5.8.9/build/Package-Stash-XS-0.25/blib/lib:/usr/home/cpan/pit/thr/conf/perl-5.8.9/.cpanplus/5.8.9/build/Package-Stash-XS-0.25/blib/arch:/usr/home/cpan/pit/thr/conf/perl-5.8.9/.cpanplus/5.8.9/build/Package-Stash-0.33/blib/lib:/usr/home/cpan/pit/thr/conf/perl-5.8.9/.cpanplus/5.8.9/build/Package-Stash-0.33/blib/arch:/usr/home/cpan/pit/thr/conf/perl-5.8.9/.cpanplus/5.8.9/build/Class-Load-0.19/blib/lib:/usr/home/cpan/pit/thr/conf/perl-5.8.9/.cpanplus/5.8.9/build/Class-Load-0.19/blib/arch:/usr/home/cpan/pit/thr/conf/perl-5.8.9/.cpanplus/5.8.9/build/Test-Tester-0.108/blib/lib:/usr/home/cpan/pit/thr/conf/perl-5.8.9/.cpanplus/5.8.9/build/Test-Tester-0.108/blib/arch:/usr/home/cpan/pit/thr/conf/perl-5.8.9/.cpanplus/5.8.9/build/Test-Output-1.01/blib/lib:/usr/home/cpan/pit/thr/conf/perl-5.8.9/.cpanplus/5.8.9/build/Test-Output-1.01/blib/arch:/usr/home/cpan/pit/thr/conf/perl-5.8.9/.cpanplus/5.8.9/build/parent-0.225/blib/lib:/usr/home/cpan/pit/thr/conf/perl-5.8.9/.cpanplus/5.8.9/build/parent-0.225/blib/arch:/usr/home/cpan/pit/thr/conf/perl-5.8.9/.cpanplus/5.8.9/build/DateTime-TimeZone-1.46/blib/lib:/usr/home/cpan/pit/thr/conf/perl-5.8.9/.cpanplus/5.8.9/build/DateTime-TimeZone-1.46/blib/arch:/usr/home/cpan/pit/thr/conf/perl-5.8.9/.cpanplus/5.8.9/build/Math-Round-0.06/blib/lib:/usr/home/cpan/pit/thr/conf/perl-5.8.9/.cpanplus/5.8.9/build/Math-Round-0.06/blib/arch:/usr/home/cpan/pit/thr/conf/perl-5.8.9/.cpanplus/5.8.9/build/DateTime-0.74/blib/lib:/usr/home/cpan/pit/thr/conf/perl-5.8.9/.cpanplus/5.8.9/build/DateTime-0.74/blib/arch:/usr/home/cpan/pit/thr/conf/perl-5.8.9/.cpanplus/5.8.9/build/DateTime-Format-Strptime-1.5000/blib/lib:/usr/home/cpan/pit/thr/conf/perl-5.8.9/.cpanplus/5.8.9/build/DateTime-Format-Strptime-1.5000/blib/arch:/usr/home/cpan/pit/thr/conf/perl-5.8.9/.cpanplus/5.8.9/build/Digest-CRC-0.18/blib/lib:/usr/home/cpan/pit/thr/conf/perl-5.8.9/.cpanplus/5.8.9/build/Digest-CRC-0.18/blib/arch:/usr/home/cpan/pit/thr/conf/perl-5.8.9/.cpanplus/5.8.9/build/File-Slurp-9999.19/blib/lib:/usr/home/cpan/pit/thr/conf/perl-5.8.9/.cpanplus/5.8.9/build/File-Slurp-9999.19/blib/arch:/usr/home/cpan/pit/thr/conf/perl-5.8.9/.cpanplus/5.8.9/build/HTML-Tagset-3.20/blib/lib:/usr/home/cpan/pit/thr/conf/perl-5.8.9/.cpanplus/5.8.9/build/HTML-Tagset-3.20/blib/arch:/usr/home/cpan/pit/thr/conf/perl-5.8.9/.cpanplus/5.8.9/build/HTML-Parser-3.69/blib/lib:/usr/home/cpan/pit/thr/conf/perl-5.8.9/.cpanplus/5.8.9/build/HTML-Parser-3.69/blib/arch:/usr/home/cpan/pit/thr/conf/perl-5.8.9/.cpanplus/5.8.9/build/Math-Combinatorics-0.09/blib/lib:/usr/home/cpan/pit/thr/conf/perl-5.8.9/.cpanplus/5.8.9/build/Math-Combinatorics-0.09/blib/arch:/usr/home/cpan/pit/thr/conf/perl-5.8.9/.cpanplus/5.8.9/build/AppConfig-1.66/blib/lib:/usr/home/cpan/pit/thr/conf/perl-5.8.9/.cpanplus/5.8.9/build/AppConfig-1.66/blib/arch:/usr/home/cpan/pit/thr/conf/perl-5.8.9/.cpanplus/5.8.9/build/Template-Toolkit-2.24/blib/lib:/usr/home/cpan/pit/thr/conf/perl-5.8.9/.cpanplus/5.8.9/build/Template-Toolkit-2.24/blib/arch:/usr/home/cpan/pit/thr/conf/perl-5.8.9/.cpanplus/5.8.9/build/Algorithm-Diff-1.1902/blib/lib:/usr/home/cpan/pit/thr/conf/perl-5.8.9/.cpanplus/5.8.9/build/Algorithm-Diff-1.1902/blib/arch:/usr/home/cpan/pit/thr/conf/perl-5.8.9/.cpanplus/5.8.9/build/Text-Diff-1.41/blib/lib:/usr/home/cpan/pit/thr/conf/perl-5.8.9/.cpanplus/5.8.9/build/Text-Diff-1.41/blib/arch:/usr/home/cpan/pit/thr/conf/perl-5.8.9/.cpanplus/5.8.9/build/HTML-Tested-0.58/blib/lib:/usr/home/cpan/pit/thr/conf/perl-5.8.9/.cpanplus/5.8.9/build/HTML-Tested-0.58/blib/arch"
    PERL5_CPANPLUS_IS_RUNNING="46139"
    PERL5_CPANPLUS_IS_VERSION="0.9124"
    PERL5_MINISMOKEBOX="0.54"
    PERL5_YACSMOKE_BASE="/usr/home/cpan/pit/thr/conf/perl-5.8.9"
    PERL_EXTUTILS_AUTOINSTALL="--defaultdeps"
    PERL_MM_USE_DEFAULT="1"
  @INC:
    /usr/home/cpan/pit/thr/conf/perl-5.8.9/.cpanplus/5.8.9/build/Class-Accessor-0.34/blib/lib
    /usr/home/cpan/pit/thr/conf/perl-5.8.9/.cpanplus/5.8.9/build/Class-Accessor-0.34/blib/arch
    /usr/home/cpan/pit/thr/conf/perl-5.8.9/.cpanplus/5.8.9/build/Class-Data-Inheritable-0.08/blib/lib
    /usr/home/cpan/pit/thr/conf/perl-5.8.9/.cpanplus/5.8.9/build/Class-Data-Inheritable-0.08/blib/arch
    /usr/home/cpan/pit/thr/conf/perl-5.8.9/.cpanplus/5.8.9/build/Class-Singleton-1.4/blib/lib
    /usr/home/cpan/pit/thr/conf/perl-5.8.9/.cpanplus/5.8.9/build/Class-Singleton-1.4/blib/arch
    /usr/home/cpan/pit/thr/conf/perl-5.8.9/.cpanplus/5.8.9/build/Crypt-Blowfish-2.12/blib/lib
    /usr/home/cpan/pit/thr/conf/perl-5.8.9/.cpanplus/5.8.9/build/Crypt-Blowfish-2.12/blib/arch
    /usr/home/cpan/pit/thr/conf/perl-5.8.9/.cpanplus/5.8.9/build/Crypt-CBC-2.30/blib/lib
    /usr/home/cpan/pit/thr/conf/perl-5.8.9/.cpanplus/5.8.9/build/Crypt-CBC-2.30/blib/arch
    /usr/home/cpan/pit/thr/conf/perl-5.8.9/.cpanplus/5.8.9/build/List-MoreUtils-0.33/blib/lib
    /usr/home/cpan/pit/thr/conf/perl-5.8.9/.cpanplus/5.8.9/build/List-MoreUtils-0.33/blib/arch
    /usr/home/cpan/pit/thr/conf/perl-5.8.9/.cpanplus/5.8.9/build/Attribute-Handlers-0.93/blib/lib
    /usr/home/cpan/pit/thr/conf/perl-5.8.9/.cpanplus/5.8.9/build/Attribute-Handlers-0.93/blib/arch
    /usr/home/cpan/pit/thr/conf/perl-5.8.9/.cpanplus/5.8.9/build/Module-Runtime-0.013/blib/lib
    /usr/home/cpan/pit/thr/conf/perl-5.8.9/.cpanplus/5.8.9/build/Module-Runtime-0.013/blib/arch
    /usr/home/cpan/pit/thr/conf/perl-5.8.9/.cpanplus/5.8.9/build/Try-Tiny-0.11/blib/lib
    /usr/home/cpan/pit/thr/conf/perl-5.8.9/.cpanplus/5.8.9/build/Try-Tiny-0.11/blib/arch
    /usr/home/cpan/pit/thr/conf/perl-5.8.9/.cpanplus/5.8.9/build/Test-Fatal-0.010/blib/lib
    /usr/home/cpan/pit/thr/conf/perl-5.8.9/.cpanplus/5.8.9/build/Test-Fatal-0.010/blib/arch
    /usr/home/cpan/pit/thr/conf/perl-5.8.9/.cpanplus/5.8.9/build/Test-Requires-0.06/blib/lib
    /usr/home/cpan/pit/thr/conf/perl-5.8.9/.cpanplus/5.8.9/build/Test-Requires-0.06/blib/arch
    /usr/home/cpan/pit/thr/conf/perl-5.8.9/.cpanplus/5.8.9/build/Module-Implementation-0.06/blib/lib
    /usr/home/cpan/pit/thr/conf/perl-5.8.9/.cpanplus/5.8.9/build/Module-Implementation-0.06/blib/arch
    /usr/home/cpan/pit/thr/conf/perl-5.8.9/.cpanplus/5.8.9/build/Params-Validate-1.06/blib/lib
    /usr/home/cpan/pit/thr/conf/perl-5.8.9/.cpanplus/5.8.9/build/Params-Validate-1.06/blib/arch
    /usr/home/cpan/pit/thr/conf/perl-5.8.9/.cpanplus/5.8.9/build/DateTime-Locale-0.45/blib/lib
    /usr/home/cpan/pit/thr/conf/perl-5.8.9/.cpanplus/5.8.9/build/DateTime-Locale-0.45/blib/arch
    /usr/home/cpan/pit/thr/conf/perl-5.8.9/.cpanplus/5.8.9/build/Params-Util-1.07/blib/lib
    /usr/home/cpan/pit/thr/conf/perl-5.8.9/.cpanplus/5.8.9/build/Params-Util-1.07/blib/arch
    /usr/home/cpan/pit/thr/conf/perl-5.8.9/.cpanplus/5.8.9/build/Sub-Install-0.926/blib/lib
    /usr/home/cpan/pit/thr/conf/perl-5.8.9/.cpanplus/5.8.9/build/Sub-Install-0.926/blib/arch
    /usr/home/cpan/pit/thr/conf/perl-5.8.9/.cpanplus/5.8.9/build/Data-OptList-0.107/blib/lib
    /usr/home/cpan/pit/thr/conf/perl-5.8.9/.cpanplus/5.8.9/build/Data-OptList-0.107/blib/arch
    /usr/home/cpan/pit/thr/conf/perl-5.8.9/.cpanplus/5.8.9/build/Sub-Exporter-0.982/blib/lib
    /usr/home/cpan/pit/thr/conf/perl-5.8.9/.cpanplus/5.8.9/build/Sub-Exporter-0.982/blib/arch
    /usr/home/cpan/pit/thr/conf/perl-5.8.9/.cpanplus/5.8.9/build/Dist-CheckConflicts-0.02/blib/lib
    /usr/home/cpan/pit/thr/conf/perl-5.8.9/.cpanplus/5.8.9/build/Dist-CheckConflicts-0.02/blib/arch
    /usr/home/cpan/pit/thr/conf/perl-5.8.9/.cpanplus/5.8.9/build/Package-DeprecationManager-0.13/blib/lib
    /usr/home/cpan/pit/thr/conf/perl-5.8.9/.cpanplus/5.8.9/build/Package-DeprecationManager-0.13/blib/arch
    /usr/home/cpan/pit/thr/conf/perl-5.8.9/.cpanplus/5.8.9/build/Package-Stash-XS-0.25/blib/lib
    /usr/home/cpan/pit/thr/conf/perl-5.8.9/.cpanplus/5.8.9/build/Package-Stash-XS-0.25/blib/arch
    /usr/home/cpan/pit/thr/conf/perl-5.8.9/.cpanplus/5.8.9/build/Package-Stash-0.33/blib/lib
    /usr/home/cpan/pit/thr/conf/perl-5.8.9/.cpanplus/5.8.9/build/Package-Stash-0.33/blib/arch
    /usr/home/cpan/pit/thr/conf/perl-5.8.9/.cpanplus/5.8.9/build/Class-Load-0.19/blib/lib
    /usr/home/cpan/pit/thr/conf/perl-5.8.9/.cpanplus/5.8.9/build/Class-Load-0.19/blib/arch
    /usr/home/cpan/pit/thr/conf/perl-5.8.9/.cpanplus/5.8.9/build/Test-Tester-0.108/blib/lib
    /usr/home/cpan/pit/thr/conf/perl-5.8.9/.cpanplus/5.8.9/build/Test-Tester-0.108/blib/arch
    /usr/home/cpan/pit/thr/conf/perl-5.8.9/.cpanplus/5.8.9/build/Test-Output-1.01/blib/lib
    /usr/home/cpan/pit/thr/conf/perl-5.8.9/.cpanplus/5.8.9/build/Test-Output-1.01/blib/arch
    /usr/home/cpan/pit/thr/conf/perl-5.8.9/.cpanplus/5.8.9/build/parent-0.225/blib/lib
    /usr/home/cpan/pit/thr/conf/perl-5.8.9/.cpanplus/5.8.9/build/parent-0.225/blib/arch
    /usr/home/cpan/pit/thr/conf/perl-5.8.9/.cpanplus/5.8.9/build/DateTime-TimeZone-1.46/blib/lib
    /usr/home/cpan/pit/thr/conf/perl-5.8.9/.cpanplus/5.8.9/build/DateTime-TimeZone-1.46/blib/arch
    /usr/home/cpan/pit/thr/conf/perl-5.8.9/.cpanplus/5.8.9/build/Math-Round-0.06/blib/lib
    /usr/home/cpan/pit/thr/conf/perl-5.8.9/.cpanplus/5.8.9/build/Math-Round-0.06/blib/arch
    /usr/home/cpan/pit/thr/conf/perl-5.8.9/.cpanplus/5.8.9/build/DateTime-0.74/blib/lib
    /usr/home/cpan/pit/thr/conf/perl-5.8.9/.cpanplus/5.8.9/build/DateTime-0.74/blib/arch
    /usr/home/cpan/pit/thr/conf/perl-5.8.9/.cpanplus/5.8.9/build/DateTime-Format-Strptime-1.5000/blib/lib
    /usr/home/cpan/pit/thr/conf/perl-5.8.9/.cpanplus/5.8.9/build/DateTime-Format-Strptime-1.5000/blib/arch
    /usr/home/cpan/pit/thr/conf/perl-5.8.9/.cpanplus/5.8.9/build/Digest-CRC-0.18/blib/lib
    /usr/home/cpan/pit/thr/conf/perl-5.8.9/.cpanplus/5.8.9/build/Digest-CRC-0.18/blib/arch
    /usr/home/cpan/pit/thr/conf/perl-5.8.9/.cpanplus/5.8.9/build/File-Slurp-9999.19/blib/lib
    /usr/home/cpan/pit/thr/conf/perl-5.8.9/.cpanplus/5.8.9/build/File-Slurp-9999.19/blib/arch
    /usr/home/cpan/pit/thr/conf/perl-5.8.9/.cpanplus/5.8.9/build/HTML-Tagset-3.20/blib/lib
    /usr/home/cpan/pit/thr/conf/perl-5.8.9/.cpanplus/5.8.9/build/HTML-Tagset-3.20/blib/arch
    /usr/home/cpan/pit/thr/conf/perl-5.8.9/.cpanplus/5.8.9/build/HTML-Parser-3.69/blib/lib
    /usr/home/cpan/pit/thr/conf/perl-5.8.9/.cpanplus/5.8.9/build/HTML-Parser-3.69/blib/arch
    /usr/home/cpan/pit/thr/conf/perl-5.8.9/.cpanplus/5.8.9/build/Math-Combinatorics-0.09/blib/lib
    /usr/home/cpan/pit/thr/conf/perl-5.8.9/.cpanplus/5.8.9/build/Math-Combinatorics-0.09/blib/arch
    /usr/home/cpan/pit/thr/conf/perl-5.8.9/.cpanplus/5.8.9/build/AppConfig-1.66/blib/lib
    /usr/home/cpan/pit/thr/conf/perl-5.8.9/.cpanplus/5.8.9/build/AppConfig-1.66/blib/arch
    /usr/home/cpan/pit/thr/conf/perl-5.8.9/.cpanplus/5.8.9/build/Template-Toolkit-2.24/blib/lib
    /usr/home/cpan/pit/thr/conf/perl-5.8.9/.cpanplus/5.8.9/build/Template-Toolkit-2.24/blib/arch
    /usr/home/cpan/pit/thr/conf/perl-5.8.9/.cpanplus/5.8.9/build/Algorithm-Diff-1.1902/blib/lib
    /usr/home/cpan/pit/thr/conf/perl-5.8.9/.cpanplus/5.8.9/build/Algorithm-Diff-1.1902/blib/arch
    /usr/home/cpan/pit/thr/conf/perl-5.8.9/.cpanplus/5.8.9/build/Text-Diff-1.41/blib/lib
    /usr/home/cpan/pit/thr/conf/perl-5.8.9/.cpanplus/5.8.9/build/Text-Diff-1.41/blib/arch
    /usr/home/cpan/pit/thr/conf/perl-5.8.9/.cpanplus/5.8.9/build/HTML-Tested-0.58/blib/lib
    /usr/home/cpan/pit/thr/conf/perl-5.8.9/.cpanplus/5.8.9/build/HTML-Tested-0.58/blib/arch
    /usr/home/cpan/pit/thr/perl-5.8.9/lib/5.8.9/amd64-freebsd-thread-multi
    /usr/home/cpan/pit/thr/perl-5.8.9/lib/5.8.9
    /usr/home/cpan/pit/thr/perl-5.8.9/lib/site_perl/5.8.9/amd64-freebsd-thread-multi
    /usr/home/cpan/pit/thr/perl-5.8.9/lib/site_perl/5.8.9
    .