Back
From: metabase:user:314402c4-2aae-11df-837a-5e0a49663a4f
Subject: FAIL MarpaX-Languages-ECMAScript-AST-0.018 v5.20.0 GNU/Linux
Date: 2014-09-20T15:35:32Z
This distribution has been tested as part of the CPAN Testers
project, supporting the Perl programming language. See
http://wiki.cpantesters.org/ for more information or email
questions to cpan-testers-discuss@perl.org
--
Dear Jean-Damien Durand,
This is a computer-generated report for MarpaX-Languages-ECMAScript-AST-0.018
on perl 5.20.0, created by CPAN-Reporter-1.2011.
Thank you for uploading your work to CPAN. However, there was a problem
testing your distribution.
If you think this report is invalid, please consult the CPAN Testers Wiki
for suggestions on how to avoid getting FAIL reports for missing library
or binary dependencies, unsupported operating systems, and so on:
http://wiki.cpantesters.org/wiki/CPANAuthorNotes
Sections of this report:
* Tester comments
* Program output
* Prerequisites
* Environment and other context
------------------------------
TESTER COMMENTS
------------------------------
Additional comments from tester:
none provided
------------------------------
PROGRAM OUTPUT
------------------------------
Output from '/usr/bin/make test':
PERL_DL_NONLAZY=1 /bbbike/perl-5.20.0/bin/perl "-MExtUtils::Command::MM" "-MTest::Harness" "-e" "undef *Test::Harness::Switches; test_harness(0, 'blib/lib', 'blib/arch')" t/*.t
t/00-compile.t .................... ok
#
# Versions for all modules listed in MYMETA.json (including optional ones):
# Version Module
# ---------- -------------------------
# 0.58 CHI
# 2.142060 CPAN::Meta
# 2.128 CPAN::Meta::Requirements
# 1.3301 Carp
# 1.4 Class::Singleton
# 1.24 Data::Compare
# 2.154 Data::Dumper
# 0.012 Data::Float
# 1.9 Digest::MD4
# 2.62 Encode
# 1.38 Exception::Class
# 5.70 Exporter
# 6.98 ExtUtils::MakeMaker
# 2.85 File::Basename
# 1.00 File::HomeDir
# 3.47 File::Spec
# 3.47 File::Spec::Functions
# 0.2304 File::Temp
# 1.35 IO::Handle
# 1.16 IPC::Open3
# 1.002004 Import::Into
# 0.38 List::Compare::Functional
# 1.41 List::Util
# 0.15 Log::Any
# 2.094000 Marpa::R2
# 1.9991 Math::BigFloat
# 1.09 Module::Util
# 1.20120705 SUPER
# 1.41 Scalar::Util
# 0.22 Scalar::Util::Numeric
# 3.001 Sereal
# 0.62 Test::Differences
# 1.001006 Test::More
# 1.17 Unicode::Normalize
# 2.22 base
# 1.31 constant
# 1.34 diagnostics
# 0.228 parent
# 1.08 strict
# 0.9909 version
# 1.23 warnings
t/00-report-prereqs.t ............. ok
# Failed test '<undef>'
# at t/asi.t line 35.
# Looks like you failed 1 test of 8.
t/asi.t ...........................
Dubious, test returned 1 (wstat 256, 0x100)
Failed 1/8 subtests
t/backbone-1.1.0.min.t ............ ok
t/backbone-1.1.0.t ................ ok
t/github_issue_0001.t ............. ok
t/github_issue_0003.t ............. ok
t/github_issue_0004.t ............. ok
t/jquery-1.10.2.min.t ............. ok
t/jquery-1.10.2.t ................. ok
t/jquery-2.0.3.min.t .............. ok
t/jquery-2.0.3.t .................. ok
t/JSON.t .......................... ok
============================================================
* THE MARPA SEMANTICS PRODUCED A FATAL ERROR
* THIS IS WHAT MARPA WAS DOING WHEN THE PROBLEM OCCURRED:
Computing value for rule: 7: Term -> Atom Quantifier
* THIS WAS THE FATAL ERROR MESSAGE:
Exception thrown as object inside Marpa closure
This is not allowed
Exception as string is "Bad quantifier {6,4} in regular expression"
Marpa::R2 exception at /tmpfs/.cpan-build/MarpaX-Languages-ECMAScript-AST-0.018-jGHzwH/blib/lib/MarpaX/Languages/ECMAScript/AST/Impl.pm line 76.
t/pattern.t ....................... ok
t/stringNumericLiteralBigFloat.t .. ok
t/stringNumericLiteralNative.t .... ok
t/underscore-1.5.2.min.t .......... ok
t/underscore-1.5.2.t .............. ok
t/URI.t ........................... ok
Test Summary Report
-------------------
t/asi.t (Wstat: 256 Tests: 8 Failed: 1)
Failed test: 7
Non-zero exit status: 1
Files=19, Tests=162, 66 wallclock secs ( 0.09 usr 0.10 sys + 58.87 cusr 4.98 csys = 64.04 CPU)
Result: FAIL
Failed 1/19 test programs. 1/162 subtests failed.
make: *** [test_dynamic] Error 255
------------------------------
PREREQUISITES
------------------------------
Prerequisite modules loaded:
requires:
Module Need Have
------------------------- -------- ----------
base 0 2.22
Carp 0 1.3301
CHI 0 0.58
Class::Singleton 0 1.4
constant 0 1.31
Data::Compare 0 1.24
Data::Dumper 0 2.154
Data::Float 0 0.012
diagnostics 0 1.34
Digest::MD4 0 1.9
Encode 0 2.62
Exception::Class 0 1.38
Exporter 0 5.70
File::Basename 0 2.85
File::HomeDir 0.93 1.00
File::Spec 0 3.47
Import::Into 0 1.002004
List::Compare::Functional 0.21 0.38
Log::Any 0 0.15
Marpa::R2 2.080000 2.094000
Math::BigFloat 0 1.9991
Module::Util 0 1.09
parent 0 0.228
Scalar::Util 0 1.41
Scalar::Util::Numeric 0 0.22
Sereal 0 3.001
strict 0 1.08
SUPER 0 1.20120705
Unicode::Normalize 0 1.17
version 0.77 0.9909
warnings 0 1.23
build_requires:
Module Need Have
------------------------- -------- ----------
ExtUtils::MakeMaker 0 6.98
File::Spec 0 3.47
File::Spec::Functions 0 3.47
File::Temp 0 0.2304
IO::Handle 0 1.35
IPC::Open3 0 1.16
List::Util 0 1.41
Test::Differences 0 0.62
Test::More 0 1.001006
configure_requires:
Module Need Have
------------------------- -------- ----------
ExtUtils::MakeMaker 6.30 6.98
------------------------------
ENVIRONMENT AND OTHER CONTEXT
------------------------------
Environment variables:
DBIC_NO_WARN_BAD_PERL = 1
LANG = C
PATH = /usr/local/bin:/usr/bin:/bin:/usr/local/sbin:/usr/sbin:/sbin:/home/eserte/bin/linux-gnu:/home/eserte/bin/sh:/home/eserte/bin:/usr/games:/home/eserte/devel:/home/eserte/src/srezic-misc/scripts
PERL5LIB =
PERL5OPT =
PERL5_CPANPLUS_IS_RUNNING = 25239
PERL5_CPAN_IS_RUNNING = 25239
PERL5_CPAN_IS_RUNNING_IN_RECURSION = 19060,25239
PERLDOC = -MPod::Perldoc::ToTextOverstrike
PERL_BATCH = yes
PERL_CPAN_REPORTER_CONFIG = /var/tmp/cpansmoker-1001/AoYAkvRtTa_config.ini
PERL_EXTUTILS_AUTOINSTALL = --defaultdeps
PERL_HTML_DISPLAY_CLASS = HTML::Display::Mozilla
SHELL = /bin/zsh
TERM = screen
TMPDIR = /var/tmp/cpansmoker-1001
Perl special variables (and OS-specific diagnostics, for MSWin32):
$^X = /bbbike/perl-5.20.0/bin/perl
$UID/$EUID = 1001 / 1001
$GID = 1001 109 1001
$EGID = 1001 109 1001
Perl module toolchain versions installed:
Module Have
------------------- --------
CPAN 2.05
CPAN::Meta 2.142060
Cwd 3.47
ExtUtils::CBuilder 0.280217
ExtUtils::Command 1.18
ExtUtils::Install 2.04
ExtUtils::MakeMaker 6.98
ExtUtils::Manifest 1.68
ExtUtils::ParseXS 3.24
File::Spec 3.47
JSON 2.90
JSON::PP 2.27203
Module::Build 0.4210
Module::Signature 0.73
Parse::CPAN::Meta 1.4414
Test::Harness 3.33
Test::More 1.001006
YAML 1.11
YAML::Syck 1.27
version 0.9909
--
Summary of my perl5 (revision 5 version 20 subversion 0) configuration:
Platform:
osname=linux, osvers=3.2.0-4-amd64, archname=x86_64-linux
uname='linux eserte 3.2.0-4-amd64 #1 smp debian 3.2.57-3+deb7u1 x86_64 gnulinux '
config_args='-ds -e -Dprefix=/opt/perl-5.20.0'
hint=recommended, useposix=true, d_sigaction=define
useithreads=undef, usemultiplicity=undef
use64bitint=define, use64bitall=define, uselongdouble=undef
usemymalloc=n, bincompat5005=undef
Compiler:
cc='cc', ccflags ='-fwrapv -fno-strict-aliasing -pipe -fstack-protector -I/usr/local/include -D_LARGEFILE_SOURCE -D_FILE_OFFSET_BITS=64',
optimize='-O2',
cppflags='-fwrapv -fno-strict-aliasing -pipe -fstack-protector -I/usr/local/include'
ccversion='', gccversion='4.7.2', gccosandvers=''
intsize=4, longsize=8, ptrsize=8, doublesize=8, byteorder=12345678
d_longlong=define, longlongsize=8, d_longdbl=define, longdblsize=16
ivtype='long', ivsize=8, nvtype='double', nvsize=8, Off_t='off_t', lseeksize=8
alignbytes=8, prototype=define
Linker and Libraries:
ld='cc', ldflags =' -fstack-protector -L/usr/local/lib'
libpth=/usr/local/lib /usr/lib/gcc/x86_64-linux-gnu/4.7/include-fixed /usr/include/x86_64-linux-gnu /usr/lib /lib/x86_64-linux-gnu /lib/../lib /usr/lib/x86_64-linux-gnu /usr/lib/../lib /lib
libs=-lnsl -ldb -ldl -lm -lcrypt -lutil -lc
perllibs=-lnsl -ldl -lm -lcrypt -lutil -lc
libc=libc-2.13.so, so=so, useshrplib=false, libperl=libperl.a
gnulibc_version='2.13'
Dynamic Linking:
dlsrc=dl_dlopen.xs, dlext=so, d_dlsymun=undef, ccdlflags='-Wl,-E'
cccdlflags='-fPIC', lddlflags='-shared -O2 -L/usr/local/lib -fstack-protector'
Characteristics of this binary (from libperl):
Compile-time options: HAS_TIMES PERLIO_LAYERS PERL_DONT_CREATE_GVSV
PERL_HASH_FUNC_ONE_AT_A_TIME_HARD PERL_MALLOC_WRAP
PERL_NEW_COPY_ON_WRITE PERL_PRESERVE_IVUV
USE_64_BIT_ALL USE_64_BIT_INT USE_LARGE_FILES
USE_LOCALE USE_LOCALE_COLLATE USE_LOCALE_CTYPE
USE_LOCALE_NUMERIC USE_PERLIO USE_PERL_ATOF
Built under linux
Compiled at May 28 2014 04:18:43
%ENV:
PERL5LIB=""
PERL5OPT=""
PERL5_CPANPLUS_IS_RUNNING="25239"
PERL5_CPAN_IS_RUNNING="25239"
PERL5_CPAN_IS_RUNNING_IN_RECURSION="19060,25239"
PERLDOC="-MPod::Perldoc::ToTextOverstrike"
PERL_BATCH="yes"
PERL_CPAN_REPORTER_CONFIG="/var/tmp/cpansmoker-1001/AoYAkvRtTa_config.ini"
PERL_EXTUTILS_AUTOINSTALL="--defaultdeps"
PERL_HTML_DISPLAY_CLASS="HTML::Display::Mozilla"
@INC:
/opt/perl-5.20.0/lib/site_perl/5.20.0/x86_64-linux
/opt/perl-5.20.0/lib/site_perl/5.20.0
/opt/perl-5.20.0/lib/5.20.0/x86_64-linux
/opt/perl-5.20.0/lib/5.20.0
.