Report for DBIx-QueryByName-0.18

Back
From: metabase:user:320bfe00-2aae-11df-837a-5e0a49663a4f
Subject: FAIL DBIx-QueryByName-0.18 v5.13.10 GNU/Linux
Date: 2011-02-22T21:07:28Z

This distribution has been tested as part of the CPAN Testers
project, supporting the Perl programming language.  See
http://wiki.cpantesters.org/ for more information or email
questions to cpan-testers-discuss@perl.org


--
Dear Erwan Lemonnier,

This is a computer-generated report for DBIx-QueryByName-0.18
on perl 5.13.10, created by CPAN-Reporter-1.1902.

Thank you for uploading your work to CPAN.  However, there was a problem
testing your distribution.

If you think this report is invalid, please consult the CPAN Testers Wiki
for suggestions on how to avoid getting FAIL reports for missing library
or binary dependencies, unsupported operating systems, and so on:

http://wiki.cpantesters.org/wiki/CPANAuthorNotes

Sections of this report:

    * Tester comments
    * Program output
    * Prerequisites
    * Environment and other context

------------------------------
TESTER COMMENTS
------------------------------

Additional comments from tester:

none provided

------------------------------
PROGRAM OUTPUT
------------------------------

Output from '/usr/bin/make test':

make[1]: Entering directory `/home/sand/.cpan/build/DBIx-QueryByName-0.18-Pbny9C'
PERL_DL_NONLAZY=1 /home/src/perl/repoperls/installed-perls/perl/v5.13.10-37-ge638587/bin/perl "-MExtUtils::Command::MM" "-e" "test_harness(0, 'blib/lib', 'blib/arch')" t/*.t
Can't locate object method "DESTROY" via package "DBD::SQLite" at t/iterator.t line 214.
# Looks like your test exited with 2 just after 50.
t/iterator.t ....... 
Dubious, test returned 2 (wstat 512, 0x200)
All 50 subtests passed 
t/load_from_xml.t .. ok
t/pod-coverage.t ... ok
t/pod.t ............ ok
Can't locate object method "DESTROY" via package "DBD::SQLite" at t/query.t line 235.
# Looks like your test exited with 2 just after 67.
t/query.t .......... 
Dubious, test returned 2 (wstat 512, 0x200)
All 67 subtests passed 
t/stress.t ......... skipped: test require a postgres database

Test Summary Report
-------------------
t/iterator.t     (Wstat: 512 Tests: 50 Failed: 0)
  Non-zero exit status: 2
t/query.t        (Wstat: 512 Tests: 67 Failed: 0)
  Non-zero exit status: 2
Files=6, Tests=204,  2 wallclock secs ( 0.09 usr  0.03 sys +  1.50 cusr  0.14 csys =  1.76 CPU)
Result: FAIL
Failed 2/6 test programs. 0/204 subtests failed.
make[1]: *** [test_dynamic] Error 255
make[1]: Leaving directory `/home/sand/.cpan/build/DBIx-QueryByName-0.18-Pbny9C'

------------------------------
PREREQUISITES
------------------------------

Prerequisite modules loaded:

requires:

    Module              Need Have   
    ------------------- ---- -------
    accessors::chained  1.01 1.01   
    XML::Parser         2.34 2.40   
    XML::SimpleObject   0.53 0.53   

build_requires:

    Module              Need Have   
    ------------------- ---- -------
    ExtUtils::MakeMaker 0    6.57_05


------------------------------
ENVIRONMENT AND OTHER CONTEXT
------------------------------

Environment variables:

    LANG = en_US.UTF-8
    LC_TIME = de_DE.utf8
    PATH = /home/sand/bin:/usr/local/bin:/usr/bin:/bin:/usr/bin/X11:/usr/games:/usr/local/perl/bin:/usr/X11/bin:/sbin:/usr/sbin
    PERL5LIB = 
    PERL5OPT = 
    PERL5_CPANPLUS_IS_RUNNING = 15155
    PERL5_CPAN_IS_RUNNING = 15155
    SHELL = /usr/bin/zsh
    TERM = screen

Perl special variables (and OS-specific diagnostics, for MSWin32):

    $^X = /home/src/perl/repoperls/installed-perls/perl/v5.13.10-37-ge638587/bin/perl
    $UID/$EUID = 1001 / 1001
    $GID = 1001 1001
    $EGID = 1001 1001

Perl module toolchain versions installed:

    Module              Have    
    ------------------- --------
    CPAN                1.94_65 
    Cwd                 3.37    
    ExtUtils::CBuilder  0.280202
    ExtUtils::Command   1.16    
    ExtUtils::Install   1.56    
    ExtUtils::MakeMaker 6.57_05 
    ExtUtils::Manifest  1.58    
    ExtUtils::ParseXS   2.2209  
    File::Spec          3.33    
    Module::Build       0.37_05 
    Module::Signature   0.66    
    Test::Harness       3.23    
    Test::More          0.97_01 
    YAML                0.72    
    YAML::Syck          1.17    
    version             0.88    


--

Summary of my perl5 (revision 5 version 13 subversion 10) configuration:
  Commit id: e638587ce5c7e6f5bb569dca7be9a47a83a97b9d
  Platform:
    osname=linux, osvers=2.6.32-5-xen-amd64, archname=x86_64-linux
    uname='linux k81 2.6.32-5-xen-amd64 #1 smp wed jan 12 05:46:49 utc 2011 x86_64 gnulinux '
    config_args='-Dprefix=/home/src/perl/repoperls/installed-perls/perl/v5.13.10-37-ge638587 -Dinstallusrbinperl=n -Uversiononly -Dusedevel -des -Ui_db -Uuseithreads -Uuselongdouble'
    hint=recommended, useposix=true, d_sigaction=define
    useithreads=undef, usemultiplicity=undef
    useperlio=define, d_sfio=undef, uselargefiles=define, usesocks=undef
    use64bitint=define, use64bitall=define, uselongdouble=undef
    usemymalloc=n, bincompat5005=undef
  Compiler:
    cc='cc', ccflags ='-fno-strict-aliasing -pipe -fstack-protector -I/usr/local/include -D_LARGEFILE_SOURCE -D_FILE_OFFSET_BITS=64',
    optimize='-O2',
    cppflags='-fno-strict-aliasing -pipe -fstack-protector -I/usr/local/include'
    ccversion='', gccversion='4.4.5', gccosandvers=''
    intsize=4, longsize=8, ptrsize=8, doublesize=8, byteorder=12345678
    d_longlong=define, longlongsize=8, d_longdbl=define, longdblsize=16
    ivtype='long', ivsize=8, nvtype='double', nvsize=8, Off_t='off_t', lseeksize=8
    alignbytes=8, prototype=define
  Linker and Libraries:
    ld='cc', ldflags =' -fstack-protector -L/usr/local/lib'
    libpth=/usr/local/lib /lib /usr/lib /lib64 /usr/lib64
    libs=-lnsl -lgdbm -ldb -ldl -lm -lcrypt -lutil -lc -lgdbm_compat
    perllibs=-lnsl -ldl -lm -lcrypt -lutil -lc
    libc=/lib/libc-2.11.2.so, so=so, useshrplib=false, libperl=libperl.a
    gnulibc_version='2.11.2'
  Dynamic Linking:
    dlsrc=dl_dlopen.xs, dlext=so, d_dlsymun=undef, ccdlflags='-Wl,-E'
    cccdlflags='-fPIC', lddlflags='-shared -O2 -L/usr/local/lib -fstack-protector'


Characteristics of this binary (from libperl): 
  Compile-time options: PERL_DONT_CREATE_GVSV PERL_MALLOC_WRAP PERL_USE_DEVEL
                        USE_64_BIT_ALL USE_64_BIT_INT USE_LARGE_FILES
                        USE_PERLIO USE_PERL_ATOF
  Built under linux
  Compiled at Feb 22 2011 08:54:19
  %ENV:
    PERL5LIB=""
    PERL5OPT=""
    PERL5_CPANPLUS_IS_RUNNING="15155"
    PERL5_CPAN_IS_RUNNING="15155"
  @INC:
    /home/src/perl/repoperls/installed-perls/perl/v5.13.10-37-ge638587/lib/site_perl/5.13.10/x86_64-linux
    /home/src/perl/repoperls/installed-perls/perl/v5.13.10-37-ge638587/lib/site_perl/5.13.10
    /home/src/perl/repoperls/installed-perls/perl/v5.13.10-37-ge638587/lib/5.13.10/x86_64-linux
    /home/src/perl/repoperls/installed-perls/perl/v5.13.10-37-ge638587/lib/5.13.10
    .