Class-PObject v2.17 Perl 5 v5.28.0 MSWin32-x64-multi-thread

Status
Fail
From
gregor herrmann
Dist
Class-PObject v2.17
Platform
Perl 5 v5.28.0 MSWin32-x64-multi-thread
Date
2018-07-11 20:49:36
ID
c166cb01-6e7f-1014-a866-41b9124fc2dc
This distribution has been tested as part of the CPAN Testers
project, supporting the Perl programming language.  See
http://wiki.cpantesters.org/ for more information or email
questions to cpan-testers-discuss@perl.org


--
Dear Sherzod Ruzmetov,

This is a computer-generated report for Class-PObject-2.17
on perl 5.28.0, created by CPAN-Reporter-1.2018.

Thank you for uploading your work to CPAN.  However, there was a problem
testing your distribution.

If you think this report is invalid, please consult the CPAN Testers Wiki
for suggestions on how to avoid getting FAIL reports for missing library
or binary dependencies, unsupported operating systems, and so on:

http://wiki.cpantesters.org/wiki/CPANAuthorNotes

Sections of this report:

    * Tester comments
    * Program output
    * Prerequisites
    * Environment and other context

------------------------------
TESTER COMMENTS
------------------------------

Additional comments from tester:

none provided

------------------------------
PROGRAM OUTPUT
------------------------------

Output from 'C:\strawberry\c\bin\gmake.EXE test':

"C:\Strawberry\perl\bin\perl.exe" "-MExtUtils::Command::MM" "-MTest::Harness" "-e" "undef *Test::Harness::Switches; test_harness(0, 'blib\lib', 'blib\arch')" t/*.t
t/01basic_file.t ..... ok
DBD::CSV::db do failed: 
Execution ERROR: Cannot create table po_author: Already exists at C:/Strawberry/perl/vendor/lib/DBI/DBD/SqlEngine.pm line 1624.
 called from C:\cpan\build\Class-PObject-2.17-2\blib\lib/Class/PObject/Driver/csv.pm at 124.

 at C:/Strawberry/perl/vendor/lib/DBI/DBD/SqlEngine.pm line 1271.
 [for Statement "
CREATE TABLE po_author (
	id INTEGER PRIMARY KEY ,
	name VARCHAR(40) ,
	url VARCHAR(255) ,
	email VARCHAR(255) 
)"] at C:\cpan\build\Class-PObject-2.17-2\blib\lib/Class/PObject/Driver/csv.pm line 124.
DBD::CSV::db do failed: 
Execution ERROR: Cannot create table po_author: Already exists at C:/Strawberry/perl/vendor/lib/DBI/DBD/SqlEngine.pm line 1624.
 called from C:\cpan\build\Class-PObject-2.17-2\blib\lib/Class/PObject/Driver/csv.pm at 124.

 at C:/Strawberry/perl/vendor/lib/DBI/DBD/SqlEngine.pm line 1271.
 [for Statement "
CREATE TABLE po_author (
	id INTEGER PRIMARY KEY ,
	name VARCHAR(40) ,
	url VARCHAR(255) ,
	email VARCHAR(255) 
)"] at C:\cpan\build\Class-PObject-2.17-2\blib\lib/Class/PObject/Driver/csv.pm line 124.
# Looks like your test exited with 2 just after 43.
t/06basic_csv.t ...... 
Dubious, test returned 2 (wstat 512, 0x200)
Failed 161/204 subtests 
t/11basic_mysql.t .... skipped: Read INSTALL for details on running mysql-related tests
t/16basic_db_file.t .. ok

#   Failed test at C:\cpan\build\Class-PObject-2.17-2\blib\lib/Class/PObject/Test/Basic.pm line 195.

#   Failed test at C:\cpan\build\Class-PObject-2.17-2\blib\lib/Class/PObject/Test/Basic.pm line 198.

#   Failed test at C:\cpan\build\Class-PObject-2.17-2\blib\lib/Class/PObject/Test/Basic.pm line 231.
Can't call method "title" on an undefined value at C:\cpan\build\Class-PObject-2.17-2\blib\lib/Class/PObject/Test/Basic.pm line 233.
# Looks like your test exited with 255 just after 51.
t/21basic_sqlite.t ... 
Dubious, test returned 255 (wstat 65280, 0xff00)
Failed 156/204 subtests 
t/61types_file.t ..... ok
DBD::CSV::db do failed: 
Execution ERROR: Cannot create table user: Already exists at C:/Strawberry/perl/vendor/lib/DBI/DBD/SqlEngine.pm line 1624.
 called from C:\cpan\build\Class-PObject-2.17-2\blib\lib/Class/PObject/Driver/csv.pm at 124.

 at C:/Strawberry/perl/vendor/lib/DBI/DBD/SqlEngine.pm line 1271.
 [for Statement "
CREATE TABLE user (
	id INTEGER PRIMARY KEY ,
	name VARCHAR(40) ,
	login CHAR(18) ,
	psswd CHAR(18) ,
	activation_key CHAR(32) 
)"] at C:\cpan\build\Class-PObject-2.17-2\blib\lib/Class/PObject/Driver/csv.pm line 124.
DBD::CSV::db do failed: 
Execution ERROR: Cannot create table user: Already exists at C:/Strawberry/perl/vendor/lib/DBI/DBD/SqlEngine.pm line 1624.
 called from C:\cpan\build\Class-PObject-2.17-2\blib\lib/Class/PObject/Driver/csv.pm at 124.

 at C:/Strawberry/perl/vendor/lib/DBI/DBD/SqlEngine.pm line 1271.
 [for Statement "
CREATE TABLE user (
	id INTEGER PRIMARY KEY ,
	name VARCHAR(40) ,
	login CHAR(18) ,
	psswd CHAR(18) ,
	activation_key CHAR(32) 
)"] at C:\cpan\build\Class-PObject-2.17-2\blib\lib/Class/PObject/Driver/csv.pm line 124.
# Looks like your test exited with 2 just after 19.
t/62types_csv.t ...... 
Dubious, test returned 2 (wstat 512, 0x200)
Failed 27/46 subtests 
t/63types_db_file.t .. ok
t/64types_mysql.t .... skipped: Read INSTALL for details on running mysql-related tests

#   Failed test at C:\cpan\build\Class-PObject-2.17-2\blib\lib/Class/PObject/Test/Types.pm line 105.
Can't call method "name" on an undefined value at C:\cpan\build\Class-PObject-2.17-2\blib\lib/Class/PObject/Test/Types.pm line 113.
# Looks like your test exited with 2 just after 21.
t/65types_sqlite.t ... 
Dubious, test returned 2 (wstat 512, 0x200)
Failed 26/46 subtests 
t/70hasa_file.t ...... ok
DBD::CSV::db do failed: 
Execution ERROR: Cannot create table po_author: Already exists at C:/Strawberry/perl/vendor/lib/DBI/DBD/SqlEngine.pm line 1624.
 called from C:\cpan\build\Class-PObject-2.17-2\blib\lib/Class/PObject/Driver/csv.pm at 124.

 at C:/Strawberry/perl/vendor/lib/DBI/DBD/SqlEngine.pm line 1271.
 [for Statement "
CREATE TABLE po_author (
	id INTEGER PRIMARY KEY ,
	name VARCHAR(255) 
)"] at C:\cpan\build\Class-PObject-2.17-2\blib\lib/Class/PObject/Driver/csv.pm line 124.
DBD::CSV::db do failed: 
Execution ERROR: Cannot create table po_author: Already exists at C:/Strawberry/perl/vendor/lib/DBI/DBD/SqlEngine.pm line 1624.
 called from C:\cpan\build\Class-PObject-2.17-2\blib\lib/Class/PObject/Driver/csv.pm at 124.

 at C:/Strawberry/perl/vendor/lib/DBI/DBD/SqlEngine.pm line 1271.
 [for Statement "
CREATE TABLE po_author (
	id INTEGER PRIMARY KEY ,
	name VARCHAR(255) 
)"] at C:\cpan\build\Class-PObject-2.17-2\blib\lib/Class/PObject/Driver/csv.pm line 124.
# Looks like your test exited with 2 just after 7.
t/71hasa_csv.t ....... 
Dubious, test returned 2 (wstat 512, 0x200)
Failed 30/37 subtests 
t/72hasa_mysql.t ..... skipped: Read INSTALL for details on running mysql-related tests
t/73hasa_db_file.t ... ok

#   Failed test at C:\cpan\build\Class-PObject-2.17-2\blib\lib/Class/PObject/Test/HAS_A.pm line 99.

#   Failed test at C:\cpan\build\Class-PObject-2.17-2\blib\lib/Class/PObject/Test/HAS_A.pm line 108.
Can't call method "author" on an undefined value at C:\cpan\build\Class-PObject-2.17-2\blib\lib/Class/PObject/Test/HAS_A.pm line 112.
# Looks like your test exited with 2 just after 15.
t/74hasa_sqlite.t .... 
Dubious, test returned 2 (wstat 512, 0x200)
Failed 24/37 subtests 

Test Summary Report
-------------------
t/06basic_csv.t    (Wstat: 512 Tests: 43 Failed: 0)
  Non-zero exit status: 2
  Parse errors: Bad plan.  You planned 204 tests but ran 43.
t/21basic_sqlite.t (Wstat: 65280 Tests: 51 Failed: 3)
  Failed tests:  45-46, 51
  Non-zero exit status: 255
  Parse errors: Bad plan.  You planned 204 tests but ran 51.
t/62types_csv.t    (Wstat: 512 Tests: 19 Failed: 0)
  Non-zero exit status: 2
  Parse errors: Bad plan.  You planned 46 tests but ran 19.
t/65types_sqlite.t (Wstat: 512 Tests: 21 Failed: 1)
  Failed test:  21
  Non-zero exit status: 2
  Parse errors: Bad plan.  You planned 46 tests but ran 21.
t/71hasa_csv.t     (Wstat: 512 Tests: 7 Failed: 0)
  Non-zero exit status: 2
  Parse errors: Bad plan.  You planned 37 tests but ran 7.
t/74hasa_sqlite.t  (Wstat: 512 Tests: 15 Failed: 2)
  Failed tests:  12, 15
  Non-zero exit status: 2
  Parse errors: Bad plan.  You planned 37 tests but ran 15.
Files=15, Tests=730,  7 wallclock secs ( 0.12 usr +  0.06 sys =  0.19 CPU)
Result: FAIL
Failed 6/15 test programs. 6/730 subtests failed.
gmake.EXE: *** [Makefile:876: test_dynamic] Error 2

------------------------------
PREREQUISITES
------------------------------

Prerequisite modules loaded:

requires:

    Module              Need Have    
    ------------------- ---- --------
    File::Basename      0    2.85    
    File::Path          0    2.15    
    File::Spec          0    3.74    
    IO::Dir             0    1.39    
    Log::Agent          0    1.003   
    Storable            0    3.11    
    Test::More          0    1.302136

build_requires:

    Module              Need Have    
    ------------------- ---- --------
    ExtUtils::MakeMaker 0    7.34    


------------------------------
ENVIRONMENT AND OTHER CONTEXT
------------------------------

Environment variables:

    COMSPEC = C:\WINDOWS\system32\cmd.exe
    NUMBER_OF_PROCESSORS = 4
    PATH = C:\Program Files (x86)\Common Files\Oracle\Java\javapath;C:\ProgramData\Oracle\Java\javapath;C:\Program Files (x86)\ActiveState Komodo Edit\;C:\Windows\System32;C:\Windows;C:\Windows\System32\wbem;C:\Windows\System32\WindowsPowerShell\v1.0\;C:\Program Files (x86)\Common Files\GTK\2.0\bin;C:\Program Files (x86)\GNU\GnuPG;C:\Program Files\TortoiseSVN\bin;C:\Program Files (x86)\ATI Technologies\ATI.ACE\Core-Static;C:\Program Files\Calibre2\;C:\Program Files (x86)\Skype\Phone\;C:\Program Files\Git\cmd;C:\Program Files\TortoiseGit\bin;C:\WINDOWS\system32;C:\WINDOWS;C:\WINDOWS\System32\Wbem;C:\WINDOWS\System32\WindowsPowerShell\v1.0\;C:\WINDOWS\System32\OpenSSH\;C:\Program Files (x86)\Gpg4win\..\GnuPG\bin;C:\Strawberry\c\bin;C:\Strawberry\perl\site\bin;C:\Strawberry\perl\bin;C:\Users\gregor\AppData\Local\Microsoft\WindowsApps;
    PERL5LIB = 
    PERL5OPT = 
    PERL5_CPANPLUS_IS_RUNNING = 3976
    PERL5_CPAN_IS_RUNNING = 3976
    PERL_USE_UNSAFE_INC = 1
    PROCESSOR_IDENTIFIER = AMD64 Family 18 Model 1 Stepping 0, AuthenticAMD
    TEMP = C:\Users\gregor\AppData\Local\Temp

Perl special variables (and OS-specific diagnostics, for MSWin32):

    $^X = C:\Strawberry\perl\bin\perl.exe
    $UID/$EUID = 0 / 0
    $GID = 0
    $EGID = 0
    Win32::GetOSName = Win10
    Win32::GetOSVersion = , 10, 0, 17134, 2, 0, 0, 256, 1
    Win32::FsType = NTFS
    Win32::IsAdminUser = 0

Perl module toolchain versions installed:

    Module              Have    
    ------------------- --------
    CPAN                2.20    
    CPAN::Meta          2.150010
    Cwd                 3.74    
    ExtUtils::CBuilder  0.280230
    ExtUtils::Command   7.34    
    ExtUtils::Install   2.14    
    ExtUtils::MakeMaker 7.34    
    ExtUtils::Manifest  1.71    
    ExtUtils::ParseXS   3.39    
    File::Spec          3.74    
    JSON                2.97001 
    JSON::PP            2.97001 
    Module::Build       0.4224  
    Module::Signature   0.81    
    Parse::CPAN::Meta   2.150010
    Test::Harness       3.42    
    Test::More          1.302136
    YAML                1.26    
    YAML::Syck          n/a     
    version             0.9924  


--

Summary of my perl5 (revision 5 version 28 subversion 0) configuration:
   
  Platform:
    osname=MSWin32
    osvers=10.0.17134.112
    archname=MSWin32-x64-multi-thread
    uname='Win32 strawberry-perl 5.28.0.1 #1 Sat Jun 23 13:55:45 2018 x64'
    config_args='undef'
    hint=recommended
    useposix=true
    d_sigaction=undef
    useithreads=define
    usemultiplicity=define
    use64bitint=define
    use64bitall=undef
    uselongdouble=undef
    usemymalloc=n
    default_inc_excludes_dot=define
    bincompat5005=undef
  Compiler:
    cc='gcc'
    ccflags =' -s -O2 -DWIN32 -DWIN64 -DCONSERVATIVE -D__USE_MINGW_ANSI_STDIO -DPERL_TEXTMODE_SCRIPTS -DPERL_IMPLICIT_CONTEXT -DPERL_IMPLICIT_SYS -DUSE_PERLIO -fwrapv -fno-strict-aliasing -mms-bitfields'
    optimize='-s -O2'
    cppflags='-DWIN32'
    ccversion=''
    gccversion='7.1.0'
    gccosandvers=''
    intsize=4
    longsize=4
    ptrsize=8
    doublesize=8
    byteorder=12345678
    doublekind=3
    d_longlong=define
    longlongsize=8
    d_longdbl=define
    longdblsize=16
    longdblkind=3
    ivtype='long long'
    ivsize=8
    nvtype='double'
    nvsize=8
    Off_t='long long'
    lseeksize=8
    alignbytes=8
    prototype=define
  Linker and Libraries:
    ld='g++'
    ldflags ='-s -L"C:\STRAWB~1\perl\lib\CORE" -L"C:\STRAWB~1\c\lib"'
    libpth=C:\STRAWB~1\c\lib C:\STRAWB~1\c\x86_64-w64-mingw32\lib C:\STRAWB~1\c\lib\gcc\x86_64-w64-mingw32\7.1.0
    libs= -lmoldname -lkernel32 -luser32 -lgdi32 -lwinspool -lcomdlg32 -ladvapi32 -lshell32 -lole32 -loleaut32 -lnetapi32 -luuid -lws2_32 -lmpr -lwinmm -lversion -lodbc32 -lodbccp32 -lcomctl32
    perllibs= -lmoldname -lkernel32 -luser32 -lgdi32 -lwinspool -lcomdlg32 -ladvapi32 -lshell32 -lole32 -loleaut32 -lnetapi32 -luuid -lws2_32 -lmpr -lwinmm -lversion -lodbc32 -lodbccp32 -lcomctl32
    libc=
    so=dll
    useshrplib=true
    libperl=libperl528.a
    gnulibc_version=''
  Dynamic Linking:
    dlsrc=dl_win32.xs
    dlext=xs.dll
    d_dlsymun=undef
    ccdlflags=' '
    cccdlflags=' '
    lddlflags='-mdll -s -L"C:\STRAWB~1\perl\lib\CORE" -L"C:\STRAWB~1\c\lib"'


Characteristics of this binary (from libperl): 
  Compile-time options:
    HAS_TIMES
    HAVE_INTERP_INTERN
    MULTIPLICITY
    PERLIO_LAYERS
    PERL_COPY_ON_WRITE
    PERL_DONT_CREATE_GVSV
    PERL_IMPLICIT_CONTEXT
    PERL_IMPLICIT_SYS
    PERL_MALLOC_WRAP
    PERL_OP_PARENT
    PERL_PRESERVE_IVUV
    USE_64_BIT_INT
    USE_ITHREADS
    USE_LARGE_FILES
    USE_LOCALE
    USE_LOCALE_COLLATE
    USE_LOCALE_CTYPE
    USE_LOCALE_NUMERIC
    USE_LOCALE_TIME
    USE_PERLIO
    USE_PERL_ATOF
  Built under MSWin32
  Compiled at Jun 23 2018 14:00:04
  %ENV:
    PERL5_CPANPLUS_IS_RUNNING="3976"
    PERL5_CPAN_IS_RUNNING="3976"
    PERL_USE_UNSAFE_INC="1"
  @INC:
    C:/Strawberry/perl/site/lib
    C:/Strawberry/perl/vendor/lib
    C:/Strawberry/perl/lib
    .