App-Git-Perl v0.1.9 Perl 5 v5.36.0 x86_64-linux-ld
- Status
- Fail
- From
- Andreas J. König (ANDK)
- Dist
-
App-Git-Perl v0.1.9
- Platform
- Perl 5 v5.36.0 x86_64-linux-ld
- Date
- 2022-07-03 04:08:11
- ID
- c11c80ba-fa85-11ec-9f81-71f5da4643c4
This distribution has been tested as part of the CPAN Testers
project, supporting the Perl programming language. See
http://wiki.cpantesters.org/ for more information or email
questions to cpan-testers-discuss@perl.org
--
Dear Nedzad Hrnjica,
This is a computer-generated report for App-Git-Perl-0.1.9
on perl 5.36.0, created by CPAN-Reporter-1.2018.
Thank you for uploading your work to CPAN. However, there was a problem
testing your distribution.
If you think this report is invalid, please consult the CPAN Testers Wiki
for suggestions on how to avoid getting FAIL reports for missing library
or binary dependencies, unsupported operating systems, and so on:
http://wiki.cpantesters.org/wiki/CPANAuthorNotes
Sections of this report:
* Tester comments
* Program output
* Prerequisites
* Environment and other context
------------------------------
TESTER COMMENTS
------------------------------
Additional comments from tester:
this report is from an automated smoke testing program
and was not reviewed by a human for accuracy
------------------------------
PROGRAM OUTPUT
------------------------------
Output from '/usr/bin/make test':
PERL_DL_NONLAZY=1 "/home/sand/src/perl/repoperls/installed-perls/host/k93stretch/v5.36.0/e80a/bin/perl" "-MExtUtils::Command::MM" "-MTest::Harness" "-e" "undef *Test::Harness::Switches; test_harness(0, 'blib/lib', 'blib/arch')" t/*.t
t/0-start.t .............. ok
# Failed test 'which curl'
# at t/1-external-programs.t line 4.
# got: '256'
# expected: '0'
# Looks like you failed 1 test of 19.
t/1-external-programs.t ..
Dubious, test returned 1 (wstat 256, 0x100)
Failed 1/19 subtests
sh: 1: curl: not found
# Failed test 'Able to get data from remote site / git perl recent.'
# at t/2-script.t line 19.
sh: 1: curl: not found
sh: 1: curl: not found
sh: 1: curl: not found
sh: 1: curl: not found
# Failed test 'git log does not work. I cannot see changes from git log'
# at t/2-script.t line 35.
# Failed test 'Local repository created.'
# at t/2-script.t line 45.
sh: 1: curl: not found
sh: 1: curl: not found
# Failed test 'Able to remove local repository.'
# at t/2-script.t line 48.
sh: 1: curl: not found
# Failed test 'git log does not work. I cannot see changes from git log'
# at t/2-script.t line 61.
# Failed test 'Able to get remote repository.'
# at t/2-script.t line 68.
# Failed test 'Local repository created.'
# at t/2-script.t line 71.
sh: 1: curl: not found
# Failed test 'Able to remove local repository.'
# at t/2-script.t line 74.
sh: 1: curl: not found
sh: 1: curl: not found
# Failed test 'Local repository created.'
# at t/2-script.t line 90.
sh: 1: curl: not found
sh: 1: curl: not found
# Failed test 'Able to remove local repository.'
# at t/2-script.t line 93.
sh: 1: curl: not found
# Failed test 'Able to get remote repository.'
# at t/2-script.t line 106.
# Failed test 'Local repository created.'
# at t/2-script.t line 109.
sh: 1: curl: not found
sh: 1: curl: not found
# Failed test 'Able to remove local repository.'
# at t/2-script.t line 112.
sh: 1: curl: not found
# Failed test 'Able to get remote repository.'
# at t/2-script.t line 126.
# Failed test 'Local repository created.'
# at t/2-script.t line 129.
# Failed test 'Able to read list of local repositories.'
# at t/2-script.t line 134.
sh: 1: curl: not found
sh: 1: curl: not found
sh: 1: curl: not found
sh: 1: curl: not found
# Failed test 'Able to list repository.'
# at t/2-script.t line 140.
sh: 1: curl: not found
sh: 1: curl: not found
sh: 1: curl: not found
sh: 1: curl: not found
# Failed test 'git log does not work. I cannot see changes from git log'
# at t/2-script.t line 146.
sh: 1: curl: not found
sh: 1: curl: not found
# Failed test 'Able to remove local repository.'
# at t/2-script.t line 150.
sh: 1: curl: not found
# Failed test 'Able to get remote repository.'
# at t/2-script.t line 161.
# Failed test 'Local repository created.'
# at t/2-script.t line 164.
sh: 1: curl: not found
# Failed test 'Able to remove local repository.'
# at t/2-script.t line 167.
# Looks like you failed 22 tests of 38.
t/2-script.t .............
Dubious, test returned 22 (wstat 5632, 0x1600)
Failed 22/38 subtests
Test Summary Report
-------------------
t/1-external-programs.t (Wstat: 256 (exited 1) Tests: 19 Failed: 1)
Failed test: 2
Non-zero exit status: 1
t/2-script.t (Wstat: 5632 (exited 22) Tests: 38 Failed: 22)
Failed tests: 2, 4, 6-7, 9-12, 15-16, 18-20, 22-24, 26-28
30-32
Non-zero exit status: 22
Files=3, Tests=58, 1 wallclock secs ( 0.04 usr 0.00 sys + 0.22 cusr 0.04 csys = 0.30 CPU)
Result: FAIL
Failed 2/3 test programs. 23/58 subtests failed.
Makefile:877: recipe for target 'test_dynamic' failed
make: *** [test_dynamic] Error 22
------------------------------
PREREQUISITES
------------------------------
Prerequisite modules loaded:
requires:
Module Need Have
------------------- ----- --------
perl 5.006 5.036000
build_requires:
Module Need Have
------------------- ----- --------
ExtUtils::MakeMaker 0 7.64
configure_requires:
Module Need Have
------------------- ----- --------
ExtUtils::MakeMaker 0 7.64
------------------------------
ENVIRONMENT AND OTHER CONTEXT
------------------------------
Environment variables:
AUTOMATED_TESTING = 1
LANG = en_US.UTF-8
LANGUAGE = en_US:en
PATH = /home/sand/bin:/usr/local/bin:/usr/bin:/bin:/usr/games:/usr/local/perl/bin:/usr/X11/bin:/sbin:/usr/sbin
PERL5LIB =
PERL5OPT =
PERL5_CPANPLUS_IS_RUNNING = 32529
PERL5_CPAN_IS_RUNNING = 32529
PERL_CANARY_STABILITY_NOPROMPT = 1
PERL_MM_USE_DEFAULT = 1
PERL_USE_UNSAFE_INC = 1
SHELL = /usr/bin/zsh
TERM = screen
Perl special variables (and OS-specific diagnostics, for MSWin32):
$^X = /home/sand/src/perl/repoperls/installed-perls/host/k93stretch/v5.36.0/e80a/bin/perl
$UID/$EUID = 1005 / 1005
$GID = 1005 1005
$EGID = 1005 1005
Perl module toolchain versions installed:
Module Have
------------------- --------
CPAN 2.34
CPAN::Meta 2.150010
Cwd 3.84
ExtUtils::CBuilder 0.280236
ExtUtils::Command 7.64
ExtUtils::Install 2.20
ExtUtils::MakeMaker 7.64
ExtUtils::Manifest 1.73
ExtUtils::ParseXS 3.45
File::Spec 3.84
JSON 4.06
JSON::PP 4.09
Module::Build 0.4231
Module::Signature 0.88
Parse::CPAN::Meta 2.150010
Test::Harness 3.44
Test::More 1.302190
YAML 1.30
YAML::Syck 1.34
version 0.9929
--
Summary of my perl5 (revision 5 version 36 subversion 0) configuration:
Commit id: b3c502b607191da0e743a4fa34501a05442305b3
Platform:
osname=linux
osvers=4.9.0-18-amd64
archname=x86_64-linux-ld
uname='linux k93stretch 4.9.0-18-amd64 #1 smp debian 4.9.303-1 (2022-03-07) x86_64 gnulinux '
config_args='-Dprefix=/home/sand/src/perl/repoperls/installed-perls/host/k93stretch/v5.36.0/e80a -Dmyhostname=k93stretch -Dinstallusrbinperl=n -Uversiononly -Dusedevel -des -Ui_db -Dlibswanted=cl pthread socket inet nsl gdbm dbm malloc dl ld sun m crypt sec util c cposix posix ucb BSD gdbm_compat -Uuseithreads -Duselongdouble -DEBUGGING=both'
hint=recommended
useposix=true
d_sigaction=define
useithreads=undef
usemultiplicity=undef
use64bitint=define
use64bitall=define
uselongdouble=define
usemymalloc=n
default_inc_excludes_dot=define
Compiler:
cc='cc'
ccflags ='-fwrapv -DDEBUGGING -fno-strict-aliasing -pipe -fstack-protector-strong -I/usr/local/include -D_LARGEFILE_SOURCE -D_FILE_OFFSET_BITS=64 -D_FORTIFY_SOURCE=2'
optimize='-O2 -g'
cppflags='-fwrapv -DDEBUGGING -fno-strict-aliasing -pipe -fstack-protector-strong -I/usr/local/include'
ccversion=''
gccversion='6.3.0 20170516'
gccosandvers=''
intsize=4
longsize=8
ptrsize=8
doublesize=8
byteorder=12345678
doublekind=3
d_longlong=define
longlongsize=8
d_longdbl=define
longdblsize=16
longdblkind=3
ivtype='long'
ivsize=8
nvtype='long double'
nvsize=16
Off_t='off_t'
lseeksize=8
alignbytes=16
prototype=define
Linker and Libraries:
ld='cc'
ldflags =' -fstack-protector-strong -L/usr/local/lib'
libpth=/usr/local/lib /usr/lib/x86_64-linux-gnu /usr/lib /lib/x86_64-linux-gnu /lib
libs=-lpthread -lnsl -ldl -lm -lcrypt -lutil -lc
perllibs=-lpthread -lnsl -ldl -lm -lcrypt -lutil -lc
libc=libc-2.24.so
so=so
useshrplib=false
libperl=libperl.a
gnulibc_version='2.24'
Dynamic Linking:
dlsrc=dl_dlopen.xs
dlext=so
d_dlsymun=undef
ccdlflags='-Wl,-E'
cccdlflags='-fPIC'
lddlflags='-shared -O2 -g -L/usr/local/lib -fstack-protector-strong'
Characteristics of this binary (from libperl):
Compile-time options:
DEBUGGING
HAS_TIMES
PERLIO_LAYERS
PERL_COPY_ON_WRITE
PERL_DONT_CREATE_GVSV
PERL_MALLOC_WRAP
PERL_OP_PARENT
PERL_PRESERVE_IVUV
PERL_USE_DEVEL
USE_64_BIT_ALL
USE_64_BIT_INT
USE_LARGE_FILES
USE_LOCALE
USE_LOCALE_COLLATE
USE_LOCALE_CTYPE
USE_LOCALE_NUMERIC
USE_LOCALE_TIME
USE_LONG_DOUBLE
USE_PERLIO
USE_PERL_ATOF
Built under linux
Compiled at May 30 2022 11:11:56
%ENV:
PERL5LIB=""
PERL5OPT=""
PERL5_CPANPLUS_IS_RUNNING="32529"
PERL5_CPAN_IS_RUNNING="32529"
PERL_CANARY_STABILITY_NOPROMPT="1"
PERL_MM_USE_DEFAULT="1"
PERL_USE_UNSAFE_INC="1"
@INC:
/home/sand/src/perl/repoperls/installed-perls/host/k93stretch/v5.36.0/e80a/lib/site_perl/5.36.0/x86_64-linux-ld
/home/sand/src/perl/repoperls/installed-perls/host/k93stretch/v5.36.0/e80a/lib/site_perl/5.36.0
/home/sand/src/perl/repoperls/installed-perls/host/k93stretch/v5.36.0/e80a/lib/5.36.0/x86_64-linux-ld
/home/sand/src/perl/repoperls/installed-perls/host/k93stretch/v5.36.0/e80a/lib/5.36.0
.