Report for Data-MessagePack-Stream-0.07

Back
From: metabase:user:320bfe00-2aae-11df-837a-5e0a49663a4f
Subject: FAIL Data-MessagePack-Stream-0.07 v5.10.1 GNU/Linux
Date: 2016-08-13T21:34:45Z

This distribution has been tested as part of the CPAN Testers
project, supporting the Perl programming language.  See
http://wiki.cpantesters.org/ for more information or email
questions to cpan-testers-discuss@perl.org


--
Dear Daisuke Murase,

This is a computer-generated report for Data-MessagePack-Stream-0.07
on perl 5.10.1, created by CPAN-Reporter-1.2018.

Thank you for uploading your work to CPAN.  However, there was a problem
testing your distribution.

If you think this report is invalid, please consult the CPAN Testers Wiki
for suggestions on how to avoid getting FAIL reports for missing library
or binary dependencies, unsupported operating systems, and so on:

http://wiki.cpantesters.org/wiki/CPANAuthorNotes

Sections of this report:

    * Tester comments
    * Program output
    * Prerequisites
    * Environment and other context

------------------------------
TESTER COMMENTS
------------------------------

Additional comments from tester:

this report is from an automated smoke testing program
and was not reviewed by a human for accuracy

------------------------------
PROGRAM OUTPUT
------------------------------

Output from '/usr/bin/make test':

"/tmp/basesmoker-reloperl-Agh3/bin/perl" "-Iinc" -MExtUtils::Command::MM -e 'cp_nonempty' -- Stream.bs blib/arch/auto/Data/MessagePack/Stream/Stream.bs 644
PERL_DL_NONLAZY=1 "/tmp/basesmoker-reloperl-Agh3/bin/perl" "-MExtUtils::Command::MM" "-MTest::Harness" "-e" "undef *Test::Harness::Switches; test_harness(0, 'inc', 'blib/lib', 'blib/arch')" t/*.t

#   Failed test 'next ok'
#   at t/basic.t line 24.

#   Failed test at t/basic.t line 25.
#          got: undef
#     expected: 'foo'

#   Failed test 'next ok'
#   at t/basic.t line 26.

#   Failed test at t/basic.t line 27.
#          got: undef
#     expected: 'bar'

#   Failed test 'next ok'
#   at t/basic.t line 28.

#   Failed test at t/basic.t line 29.
#          got: undef
#     expected: '1'

#   Failed test 'next ok'
#   at t/basic.t line 30.

#   Failed test at t/basic.t line 31.
#          got: undef
#     expected: '2'

#   Failed test 'next ok'
#   at t/basic.t line 32.

#   Failed test at t/basic.t line 33.
#          got: undef
#     expected: '3'

#   Failed test 'next ok'
#   at t/basic.t line 34.

#   Failed test at t/basic.t line 35.
#     Structures begin differing at:
#          $got = undef
#     $expected = ARRAY(0x15cdd18)

#   Failed test 'next ok'
#   at t/basic.t line 36.

#   Failed test at t/basic.t line 37.
#     Structures begin differing at:
#          $got = undef
#     $expected = HASH(0x15e9870)

#   Failed test 'decoded count ok'
#   at t/basic.t line 58.
#          got: '0'
#     expected: '100'
# Looks like you failed 15 tests of 18.
t/basic.t ....... 
Dubious, test returned 15 (wstat 3840, 0xf00)
Failed 15/18 subtests 
# No tests run!
t/bug-issue3.t .. 
Dubious, test returned 255 (wstat 65280, 0xff00)
Failed 1/1 subtests 

#   Failed test '7: complete message'
#   at t/RT74518.t line 32.

#   Failed test 'same message'
#   at t/RT74518.t line 33.
#     Structures begin differing at:
#          $got = undef
#     $expected = ARRAY(0x22b3720)

#   Failed test '14: complete message'
#   at t/RT74518.t line 32.

#   Failed test 'same message'
#   at t/RT74518.t line 33.
#     Structures begin differing at:
#          $got = undef
#     $expected = ARRAY(0x22b37e0)

#   Failed test '8: complete message'
#   at t/RT74518.t line 32.

#   Failed test 'same message'
#   at t/RT74518.t line 33.
#     Structures begin differing at:
#          $got = undef
#     $expected = ARRAY(0x22b3720)

#   Failed test '14: complete message'
#   at t/RT74518.t line 32.

#   Failed test 'same message'
#   at t/RT74518.t line 33.
#     Structures begin differing at:
#          $got = undef
#     $expected = ARRAY(0x22b37e0)

#   Failed test '9: complete message'
#   at t/RT74518.t line 32.

#   Failed test 'same message'
#   at t/RT74518.t line 33.
#     Structures begin differing at:
#          $got = undef
#     $expected = ARRAY(0x22b3720)

#   Failed test '14: complete message'
#   at t/RT74518.t line 32.

#   Failed test 'same message'
#   at t/RT74518.t line 33.
#     Structures begin differing at:
#          $got = undef
#     $expected = ARRAY(0x22b37e0)

#   Failed test '8: complete message'
#   at t/RT74518.t line 32.

#   Failed test 'same message'
#   at t/RT74518.t line 33.
#     Structures begin differing at:
#          $got = undef
#     $expected = ARRAY(0x22b3720)

#   Failed test '14: complete message'
#   at t/RT74518.t line 32.

#   Failed test 'same message'
#   at t/RT74518.t line 33.
#     Structures begin differing at:
#          $got = undef
#     $expected = ARRAY(0x22b37e0)

#   Failed test '10: complete message'
#   at t/RT74518.t line 32.

#   Failed test 'same message'
#   at t/RT74518.t line 33.
#     Structures begin differing at:
#          $got = undef
#     $expected = ARRAY(0x22b3720)

#   Failed test '14: complete message'
#   at t/RT74518.t line 32.

#   Failed test 'same message'
#   at t/RT74518.t line 33.
#     Structures begin differing at:
#          $got = undef
#     $expected = ARRAY(0x22b37e0)

#   Failed test '12: complete message'
#   at t/RT74518.t line 32.

#   Failed test 'same message'
#   at t/RT74518.t line 33.
#     Structures begin differing at:
#          $got = undef
#     $expected = ARRAY(0x22b3720)

#   Failed test '14: complete message'
#   at t/RT74518.t line 32.

#   Failed test 'same message'
#   at t/RT74518.t line 33.
#     Structures begin differing at:
#          $got = undef
#     $expected = ARRAY(0x22b37e0)

#   Failed test '7: complete message'
#   at t/RT74518.t line 32.

#   Failed test 'same message'
#   at t/RT74518.t line 33.
#     Structures begin differing at:
#          $got = undef
#     $expected = ARRAY(0x22b3720)

#   Failed test '14: complete message'
#   at t/RT74518.t line 32.

#   Failed test 'same message'
#   at t/RT74518.t line 33.
#     Structures begin differing at:
#          $got = undef
#     $expected = ARRAY(0x22b37e0)

#   Failed test '8: complete message'
#   at t/RT74518.t line 32.

#   Failed test 'same message'
#   at t/RT74518.t line 33.
#     Structures begin differing at:
#          $got = undef
#     $expected = ARRAY(0x22b3720)

#   Failed test '14: complete message'
#   at t/RT74518.t line 32.

#   Failed test 'same message'
#   at t/RT74518.t line 33.
#     Structures begin differing at:
#          $got = undef
#     $expected = ARRAY(0x22b37e0)

#   Failed test '9: complete message'
#   at t/RT74518.t line 32.

#   Failed test 'same message'
#   at t/RT74518.t line 33.
#     Structures begin differing at:
#          $got = undef
#     $expected = ARRAY(0x22b3720)

#   Failed test '14: complete message'
#   at t/RT74518.t line 32.

#   Failed test 'same message'
#   at t/RT74518.t line 33.
#     Structures begin differing at:
#          $got = undef
#     $expected = ARRAY(0x22b37e0)

#   Failed test '10: complete message'
#   at t/RT74518.t line 32.

#   Failed test 'same message'
#   at t/RT74518.t line 33.
#     Structures begin differing at:
#          $got = undef
#     $expected = ARRAY(0x22b3720)

#   Failed test '14: complete message'
#   at t/RT74518.t line 32.

#   Failed test 'same message'
#   at t/RT74518.t line 33.
#     Structures begin differing at:
#          $got = undef
#     $expected = ARRAY(0x22b37e0)

#   Failed test '11: complete message'
#   at t/RT74518.t line 32.

#   Failed test 'same message'
#   at t/RT74518.t line 33.
#     Structures begin differing at:
#          $got = undef
#     $expected = ARRAY(0x22b3720)

#   Failed test '14: complete message'
#   at t/RT74518.t line 32.

#   Failed test 'same message'
#   at t/RT74518.t line 33.
#     Structures begin differing at:
#          $got = undef
#     $expected = ARRAY(0x22b37e0)

#   Failed test '12: complete message'
#   at t/RT74518.t line 32.

#   Failed test 'same message'
#   at t/RT74518.t line 33.
#     Structures begin differing at:
#          $got = undef
#     $expected = ARRAY(0x22b3720)

#   Failed test '14: complete message'
#   at t/RT74518.t line 32.

#   Failed test 'same message'
#   at t/RT74518.t line 33.
#     Structures begin differing at:
#          $got = undef
#     $expected = ARRAY(0x22b37e0)

#   Failed test '13: complete message'
#   at t/RT74518.t line 32.

#   Failed test 'same message'
#   at t/RT74518.t line 33.
#     Structures begin differing at:
#          $got = undef
#     $expected = ARRAY(0x22b3720)

#   Failed test '14: complete message'
#   at t/RT74518.t line 32.

#   Failed test 'same message'
#   at t/RT74518.t line 33.
#     Structures begin differing at:
#          $got = undef
#     $expected = ARRAY(0x22b37e0)

#   Failed test '14: complete message'
#   at t/RT74518.t line 32.

#   Failed test 'same message'
#   at t/RT74518.t line 33.
#     Structures begin differing at:
#          $got = undef
#     $expected = ARRAY(0x22b3720)

#   Failed test '14: complete message'
#   at t/RT74518.t line 32.

#   Failed test 'same message'
#   at t/RT74518.t line 33.
#     Structures begin differing at:
#          $got = undef
#     $expected = ARRAY(0x22b37e0)

#   Failed test '14: complete message'
#   at t/RT74518.t line 32.

#   Failed test 'same message'
#   at t/RT74518.t line 33.
#     Structures begin differing at:
#          $got = undef
#     $expected = ARRAY(0x22b3720)

#   Failed test '14: complete message'
#   at t/RT74518.t line 32.

#   Failed test 'same message'
#   at t/RT74518.t line 33.
#     Structures begin differing at:
#          $got = undef
#     $expected = ARRAY(0x22b37e0)
# Looks like you failed 60 tests of 97.
t/RT74518.t ..... 
Dubious, test returned 60 (wstat 15360, 0x3c00)
Failed 60/97 subtests 

Test Summary Report
-------------------
t/basic.t     (Wstat: 3840 Tests: 18 Failed: 15)
  Failed tests:  3-16, 18
  Non-zero exit status: 15
t/bug-issue3.t (Wstat: 65280 Tests: 0 Failed: 0)
  Non-zero exit status: 255
  Parse errors: Bad plan.  You planned 1 tests but ran 0.
t/RT74518.t   (Wstat: 15360 Tests: 97 Failed: 60)
  Failed tests:  7-8, 16-17, 21-22, 26-27, 30-31, 34-35
                37-38, 41-42, 44-45, 47-48, 50-51, 53-56
                58-61, 63-66, 68-71, 73-76, 78-81, 83-86
                88-97
  Non-zero exit status: 60
Files=3, Tests=115,  0 wallclock secs ( 0.02 usr  0.02 sys +  0.09 cusr  0.00 csys =  0.13 CPU)
Result: FAIL
Failed 3/3 test programs. 75/115 subtests failed.
Makefile:951: recipe for target 'test_dynamic' failed
make: *** [test_dynamic] Error 60

------------------------------
PREREQUISITES
------------------------------

Prerequisite modules loaded:

requires:

    Module              Need Have
    ------------------- ---- ----
    XSLoader            0.02 0.22

build_requires:

    Module              Need Have
    ------------------- ---- ----
    Data::MessagePack   0    0.50
    Devel::PPPort       3.19 3.35
    ExtUtils::MakeMaker 6.36 7.22
    ExtUtils::ParseXS   2.21 3.30

configure_requires:

    Module              Need Have
    ------------------- ---- ----
    Devel::PPPort       3.19 3.35
    ExtUtils::MakeMaker 6.36 7.22
    ExtUtils::ParseXS   2.21 3.30


------------------------------
ENVIRONMENT AND OTHER CONTEXT
------------------------------

Environment variables:

    AUTOMATED_TESTING = 1
    LANG = C
    PATH = /home/sand/bin:/usr/local/bin:/usr/bin:/bin:/usr/games:/usr/local/perl/bin:/usr/X11/bin:/sbin:/usr/sbin
    PERL = /tmp/basesmoker-reloperl-Agh3/bin/perl
    PERL5LIB = 
    PERL5OPT = 
    PERL5_CPANPLUS_IS_RUNNING = 1593
    PERL5_CPAN_IS_RUNNING = 1593
    PERL_CANARY_STABILITY_NOPROMPT = 1
    PERL_MM_USE_DEFAULT = 1
    SHELL = /usr/bin/zsh
    TERM = screen

Perl special variables (and OS-specific diagnostics, for MSWin32):

    $^X = /tmp/basesmoker-reloperl-Agh3/bin/perl
    $UID/$EUID = 1005 / 1005
    $GID = 1005 1005
    $EGID = 1005 1005

Perl module toolchain versions installed:

    Module              Have    
    ------------------- --------
    CPAN                2.15    
    CPAN::Meta          2.150005
    Cwd                 3.62    
    ExtUtils::CBuilder  0.280224
    ExtUtils::Command   7.22    
    ExtUtils::Install   1.54    
    ExtUtils::MakeMaker 7.22    
    ExtUtils::Manifest  1.70    
    ExtUtils::ParseXS   3.30    
    File::Spec          3.62    
    JSON                2.90    
    JSON::PP            2.27400 
    Module::Build       0.4218  
    Module::Signature   0.80    
    Parse::CPAN::Meta   1.4422  
    Test::Harness       3.36    
    Test::More          1.302049
    YAML                1.18    
    YAML::Syck          1.29    
    version             0.9917  


--

Summary of my perl5 (revision 5 version 10 subversion 1) configuration:
  Commit id: 5348debf9fd57fc15c26529386769684fab96e57
  Platform:
    osname=linux, osvers=4.6.0-1-amd64, archname=x86_64-linux-ld
    uname='linux k93x64sid 4.6.0-1-amd64 #1 smp debian 4.6.2-2 (2016-06-25) x86_64 gnulinux '
    config_args='-Dprefix=/home/sand/src/perl/repoperls/installed-perls/host/k93x64sid/perl-5.10.1/3bd2 -Dmyhostname=k93x64sid -Dinstallusrbinperl=n -Uversiononly -Dusedevel -des -Ui_db -Dlibswanted=cl pthread socket inet nsl gdbm dbm malloc dl ld sun m crypt sec util c cposix posix ucb BSD gdbm_compat -Uuseithreads -Duselongdouble -DDEBUGGING=-g'
    hint=recommended, useposix=true, d_sigaction=define
    useithreads=undef, usemultiplicity=undef
    useperlio=define, d_sfio=undef, uselargefiles=define, usesocks=undef
    use64bitint=define, use64bitall=define, uselongdouble=define
    usemymalloc=n, bincompat5005=undef
  Compiler:
    cc='cc', ccflags ='-fno-strict-aliasing -pipe -fstack-protector -I/usr/local/include -D_LARGEFILE_SOURCE -D_FILE_OFFSET_BITS=64',
    optimize='-O2 -g',
    cppflags='-fno-strict-aliasing -pipe -fstack-protector -I/usr/local/include'
    ccversion='', gccversion='6.1.1 20160802', gccosandvers=''
    intsize=4, longsize=8, ptrsize=8, doublesize=8, byteorder=12345678
    d_longlong=define, longlongsize=8, d_longdbl=define, longdblsize=16
    ivtype='long', ivsize=8, nvtype='long double', nvsize=16, Off_t='off_t', lseeksize=8
    alignbytes=16, prototype=define
  Linker and Libraries:
    ld='cc', ldflags =' -fstack-protector -L/usr/local/lib'
    libpth=/usr/local/lib /lib/x86_64-linux-gnu /lib/../lib /usr/lib/x86_64-linux-gnu /usr/lib/../lib /lib /usr/lib
    libs=-lpthread -lnsl -ldl -lm -lcrypt -lutil -lc
    perllibs=-lpthread -lnsl -ldl -lm -lcrypt -lutil -lc
    libc=libc-2.23.so, so=so, useshrplib=false, libperl=libperl.a
    gnulibc_version='2.23'
  Dynamic Linking:
    dlsrc=dl_dlopen.xs, dlext=so, d_dlsymun=undef, ccdlflags='-Wl,-E'
    cccdlflags='-fPIC', lddlflags='-shared -O2 -g -L/usr/local/lib -fstack-protector'


Characteristics of this binary (from libperl): 
  Compile-time options: PERL_DONT_CREATE_GVSV PERL_MALLOC_WRAP PERL_USE_DEVEL
                        USE_64_BIT_ALL USE_64_BIT_INT USE_LARGE_FILES
                        USE_LONG_DOUBLE USE_PERLIO
  Built under linux
  Compiled at Aug 13 2016 09:58:37
  %ENV:
    PERL="/tmp/basesmoker-reloperl-Agh3/bin/perl"
    PERL5LIB=""
    PERL5OPT=""
    PERL5_CPANPLUS_IS_RUNNING="1593"
    PERL5_CPAN_IS_RUNNING="1593"
    PERL_CANARY_STABILITY_NOPROMPT="1"
    PERL_MM_USE_DEFAULT="1"
  @INC:
    /home/sand/src/perl/repoperls/installed-perls/host/k93x64sid/perl-5.10.1/3bd2/lib/5.10.1/x86_64-linux-ld
    /home/sand/src/perl/repoperls/installed-perls/host/k93x64sid/perl-5.10.1/3bd2/lib/5.10.1
    /home/sand/src/perl/repoperls/installed-perls/host/k93x64sid/perl-5.10.1/3bd2/lib/site_perl/5.10.1/x86_64-linux-ld
    /home/sand/src/perl/repoperls/installed-perls/host/k93x64sid/perl-5.10.1/3bd2/lib/site_perl/5.10.1
    .