Report for Convert-BulkDecoder-1.03

Back
From: metabase:user:9820532a-708b-1014-9a05-b18a96298da1
Subject: FAIL Convert-BulkDecoder-1.03 v5.15.2 GNU/Linux
Date: 2011-09-17T18:42:10Z

This distribution has been tested as part of the CPAN Testers
project, supporting the Perl programming language.  See
http://wiki.cpantesters.org/ for more information or email
questions to cpan-testers-discuss@perl.org


--
Dear Johan Vromans,

This is a computer-generated report for Convert-BulkDecoder-1.03
on perl 5.15.2, created by CPAN-Reporter-1.2002.

Thank you for uploading your work to CPAN.  However, there was a problem
testing your distribution.

If you think this report is invalid, please consult the CPAN Testers Wiki
for suggestions on how to avoid getting FAIL reports for missing library
or binary dependencies, unsupported operating systems, and so on:

http://wiki.cpantesters.org/wiki/CPANAuthorNotes

Sections of this report:

    * Tester comments
    * Program output
    * Prerequisites
    * Environment and other context

------------------------------
TESTER COMMENTS
------------------------------

Additional comments from tester:

this report is from an automated smoke testing program
and was not reviewed by a human for accuracy

------------------------------
PROGRAM OUTPUT
------------------------------

Output from '/usr/bin/make test':

PERL_DL_NONLAZY=1 /home/bri/perl5/perlbrew/perls/perl-5.15.2/bin/perl5.15.2 "-MExtUtils::Command::MM" "-e" "test_harness(0, 'blib/lib', 'blib/arch')" t/*.t

#   Failed test 'FAIL'
#   at t/decode.pl line 53.
./Mtst: No such file or directory

#   Failed test 'PASS'
#   at t/decode.pl line 54.
Use of uninitialized value in numeric eq (==) at t/decode.pl line 55.
Use of uninitialized value in concatenation (.) or string at t/decode.pl line 55.

#   Failed test 'size is '
#   at t/decode.pl line 55.

#   Failed test 'FAIL[1]'
#   at t/decode.pl line 62.
./Mtst1: No such file or directory

#   Failed test 'PASS[1]'
#   at t/decode.pl line 63.
Use of uninitialized value in numeric eq (==) at t/decode.pl line 64.
Use of uninitialized value in concatenation (.) or string at t/decode.pl line 64.

#   Failed test 'size[1] is '
#   at t/decode.pl line 64.

#   Failed test 'FAIL'
#   at t/decode.pl line 79.
Mtst: No such file or directory

#   Failed test 'PASS'
#   at t/decode.pl line 80.
Use of uninitialized value in numeric eq (==) at t/decode.pl line 81.
Use of uninitialized value in concatenation (.) or string at t/decode.pl line 81.

#   Failed test 'size is '
#   at t/decode.pl line 81.

#   Failed test 'FAIL'
#   at t/decode.pl line 89.
Mtst: No such file or directory

#   Failed test 'PASS'
#   at t/decode.pl line 90.
Use of uninitialized value in numeric eq (==) at t/decode.pl line 91.
Use of uninitialized value in concatenation (.) or string at t/decode.pl line 91.

#   Failed test 'size is '
#   at t/decode.pl line 91.

#   Failed test 'FAIL'
#   at t/decode.pl line 97.
Mtst: No such file or directory

#   Failed test 'PASS'
#   at t/decode.pl line 98.

#   Failed test 'MD5: 1'
#   at t/decode.pl line 99.
Use of uninitialized value in numeric eq (==) at t/decode.pl line 100.
Use of uninitialized value in concatenation (.) or string at t/decode.pl line 100.

#   Failed test 'size is '
#   at t/decode.pl line 100.
Decoding(MIME) to ./mtst
Decoding(MIME) to ./mtst1

#   Failed test 'FAIL'
#   at t/decode.pl line 112.
./mtst: No such file or directory

#   Failed test 'PASS'
#   at t/decode.pl line 115.

#   Failed test 'MD5'
#   at t/decode.pl line 116.
Use of uninitialized value in numeric eq (==) at t/decode.pl line 117.
Use of uninitialized value in concatenation (.) or string at t/decode.pl line 117.

#   Failed test 'size is '
#   at t/decode.pl line 117.
# Looks like you failed 20 tests of 33.
t/msdecode.t .. 
Dubious, test returned 20 (wstat 5120, 0x1400)
Failed 20/33 subtests 
Decoding(UU) to ./utst
t/umdecode.t .. ok
Decoding(UU) to ./utst
t/usdecode.t .. ok
Decoding(yEnc) to ./ytst
Part 1, checksum OK
Part 2, checksum OK
Part 3, checksum OK
t/ymdecode.t .. ok
Decoding(yEnc) to ./ytst
Checksum OK
t/ysdecode.t .. ok

Test Summary Report
-------------------
t/msdecode.t (Wstat: 5120 Tests: 33 Failed: 20)
  Failed tests:  6-8, 12-17, 21-28, 31-33
  Non-zero exit status: 20
Files=5, Tests=165,  0 wallclock secs ( 0.04 usr  0.02 sys +  0.32 cusr  0.02 csys =  0.40 CPU)
Result: FAIL
Failed 1/5 test programs. 20/165 subtests failed.
make: *** [test_dynamic] Error 255

------------------------------
PREREQUISITES
------------------------------

Prerequisite modules loaded:

requires:

    Module              Need Have 
    ------------------- ---- -----
    Digest::MD5         0    2.51 
    MIME::Parser        0    5.502
    Test::More          0    0.98 

build_requires:

    Module              Need Have 
    ------------------- ---- -----
    ExtUtils::MakeMaker 0    6.59 


------------------------------
ENVIRONMENT AND OTHER CONTEXT
------------------------------

Environment variables:

    AUTOMATED_TESTING = 1
    LANG = C
    LANGUAGE = en_GB:en
    LC_ALL = C
    PATH = /home/bri/bin:/home/bri/perl5/perlbrew/bin:/home/bri/perl5/perlbrew/perls/perl-5.15.2/bin:~/bin:/usr/local/sbin:/usr/local/bin:/usr/sbin:/usr/bin:/sbin:/bin:/usr/games
    PATH_WITHOUT_PERLBREW = ~/bin:/usr/local/sbin:/usr/local/bin:/usr/sbin:/usr/bin:/sbin:/bin:/usr/games
    PERL5LIB = 
    PERL5OPT = 
    PERL5_CPANPLUS_IS_RUNNING = 5668
    PERL5_CPAN_IS_RUNNING = 5668
    PERL5_CPAN_IS_RUNNING_IN_RECURSION = 410,5668
    PERLBREW_HOME = /home/bri/.perlbrew
    PERLBREW_PATH = /home/bri/perl5/perlbrew/bin:/home/bri/perl5/perlbrew/perls/perl-5.15.2/bin
    PERLBREW_PERL = perl-5.15.2
    PERLBREW_ROOT = /home/bri/perl5/perlbrew
    PERLBREW_VERSION = 0.28
    PERL_CPANM_OPT = --prompt --mirror http://172.16.1.3/cpan/
    PERL_CR_SMOKER_CURRENT = Convert-BulkDecoder-1.03
    PERL_EXTUTILS_AUTOINSTALL = --defaultdeps
    PERL_MM_USE_DEFAULT = 1
    SHELL = /bin/bash
    TERM = linux

Perl special variables (and OS-specific diagnostics, for MSWin32):

    $^X = /home/bri/perl5/perlbrew/perls/perl-5.15.2/bin/perl5.15.2
    $UID/$EUID = 1000 / 1000
    $GID = 1000 4 20 24 46 112 120 122 1000
    $EGID = 1000 4 20 24 46 112 120 122 1000

Perl module toolchain versions installed:

    Module              Have    
    ------------------- --------
    CPAN                1.9800  
    CPAN::Meta          2.112580
    Cwd                 3.37    
    ExtUtils::CBuilder  0.280204
    ExtUtils::Command   1.17    
    ExtUtils::Install   1.57    
    ExtUtils::MakeMaker 6.59    
    ExtUtils::Manifest  1.60    
    ExtUtils::ParseXS   3.04    
    File::Spec          3.34    
    JSON                2.53    
    JSON::PP            2.27200 
    Module::Build       0.39_01 
    Module::Signature   n/a     
    Parse::CPAN::Meta   1.4401  
    Test::Harness       3.23    
    Test::More          0.98    
    YAML                0.73    
    YAML::Syck          n/a     
    version             0.94    


--

Summary of my perl5 (revision 5 version 15 subversion 2) configuration:
   
  Platform:
    osname=linux, osvers=2.6.38-11-generic, archname=i686-linux-ld
    uname='linux lappy 2.6.38-11-generic #48-ubuntu smp fri jul 29 19:05:14 utc 2011 i686 i686 i386 gnulinux '
    config_args='-de -Dprefix=/home/bri/perl5/perlbrew/perls/perl-5.15.2 -Duselongdouble -Dusedevel'
    hint=recommended, useposix=true, d_sigaction=define
    useithreads=undef, usemultiplicity=undef
    useperlio=define, d_sfio=undef, uselargefiles=define, usesocks=undef
    use64bitint=undef, use64bitall=undef, uselongdouble=define
    usemymalloc=n, bincompat5005=undef
  Compiler:
    cc='cc', ccflags ='-fno-strict-aliasing -pipe -fstack-protector -I/usr/local/include -D_LARGEFILE_SOURCE -D_FILE_OFFSET_BITS=64',
    optimize='-O2',
    cppflags='-fno-strict-aliasing -pipe -fstack-protector -I/usr/local/include'
    ccversion='', gccversion='4.5.2', gccosandvers=''
    intsize=4, longsize=4, ptrsize=4, doublesize=8, byteorder=1234
    d_longlong=define, longlongsize=8, d_longdbl=define, longdblsize=12
    ivtype='long', ivsize=4, nvtype='long double', nvsize=12, Off_t='off_t', lseeksize=8
    alignbytes=4, prototype=define
  Linker and Libraries:
    ld='cc', ldflags =' -fstack-protector -L/usr/local/lib'
    libpth=/usr/local/lib /lib /usr/lib /usr/lib/i386-linux-gnu /usr/lib64
    libs=-lnsl -ldl -lm -lcrypt -lutil -lc
    perllibs=-lnsl -ldl -lm -lcrypt -lutil -lc
    libc=, so=so, useshrplib=false, libperl=libperl.a
    gnulibc_version='2.13'
  Dynamic Linking:
    dlsrc=dl_dlopen.xs, dlext=so, d_dlsymun=undef, ccdlflags='-Wl,-E'
    cccdlflags='-fPIC', lddlflags='-shared -O2 -L/usr/local/lib -fstack-protector'


Characteristics of this binary (from libperl): 
  Compile-time options: HAS_TIMES PERLIO_LAYERS PERL_DONT_CREATE_GVSV
                        PERL_MALLOC_WRAP PERL_PRESERVE_IVUV PERL_USE_DEVEL
                        USE_LARGE_FILES USE_LOCALE USE_LOCALE_COLLATE
                        USE_LOCALE_CTYPE USE_LOCALE_NUMERIC USE_LONG_DOUBLE
                        USE_PERLIO USE_PERL_ATOF
  Built under linux
  Compiled at Sep 11 2011 17:13:20
  %ENV:
    PERL5LIB=""
    PERL5OPT=""
    PERL5_CPANPLUS_IS_RUNNING="5668"
    PERL5_CPAN_IS_RUNNING="5668"
    PERL5_CPAN_IS_RUNNING_IN_RECURSION="410,5668"
    PERLBREW_HOME="/home/bri/.perlbrew"
    PERLBREW_PATH="/home/bri/perl5/perlbrew/bin:/home/bri/perl5/perlbrew/perls/perl-5.15.2/bin"
    PERLBREW_PERL="perl-5.15.2"
    PERLBREW_ROOT="/home/bri/perl5/perlbrew"
    PERLBREW_VERSION="0.28"
    PERL_CPANM_OPT="--prompt --mirror http://172.16.1.3/cpan/"
    PERL_CR_SMOKER_CURRENT="Convert-BulkDecoder-1.03"
    PERL_EXTUTILS_AUTOINSTALL="--defaultdeps"
    PERL_MM_USE_DEFAULT="1"
  @INC:
    /home/bri/perl5/perlbrew/perls/perl-5.15.2/lib/site_perl/5.15.2/i686-linux-ld
    /home/bri/perl5/perlbrew/perls/perl-5.15.2/lib/site_perl/5.15.2
    /home/bri/perl5/perlbrew/perls/perl-5.15.2/lib/5.15.2/i686-linux-ld
    /home/bri/perl5/perlbrew/perls/perl-5.15.2/lib/5.15.2
    .