Back
From: metabase:user:314402c4-2aae-11df-837a-5e0a49663a4f
Subject: FAIL Text-Xslate-Syntax-HTMLTemplate-0.1001 v5.14.0 FreeBSD
Date: 2011-07-01T06:10:00Z
This distribution has been tested as part of the CPAN Testers
project, supporting the Perl programming language. See
http://wiki.cpantesters.org/ for more information or email
questions to cpan-testers-discuss@perl.org
--
Dear Shigeki Morimoto,
This is a computer-generated report for Text-Xslate-Syntax-HTMLTemplate-0.1001
on perl 5.14.0, created by CPAN-Reporter-1.1902.
Thank you for uploading your work to CPAN. However, there was a problem
testing your distribution.
If you think this report is invalid, please consult the CPAN Testers Wiki
for suggestions on how to avoid getting FAIL reports for missing library
or binary dependencies, unsupported operating systems, and so on:
http://wiki.cpantesters.org/wiki/CPANAuthorNotes
Sections of this report:
* Tester comments
* Program output
* Prerequisites
* Environment and other context
------------------------------
TESTER COMMENTS
------------------------------
Additional comments from tester:
none provided
------------------------------
PROGRAM OUTPUT
------------------------------
Output from '/usr/bin/make test':
PERL_DL_NONLAZY=1 /usr/home/cpansand/var/ctps/5140_1/install/perl-5.14.0/bin/perl "-MExtUtils::Command::MM" "-e" "test_harness(0, 'inc', 'blib/lib', 'blib/arch')" t/*.t t/010_ast/*.t t/020_render/*.t t/900_bug/*.t
t/000_load.t .......................... ok
t/010_ast/001_plain_text.t ............ ok
t/010_ast/002_variable.t .............. ok
t/010_ast/003_expr.t .................. ok
t/010_ast/004_if.t .................... ok
t/010_ast/005_for.t ................... ok
t/010_ast/006_include.t ............... ok
t/020_render/001_plain_text.t ......... ok
t/020_render/002_variable.t ........... ok
t/020_render/003_expr.t ............... ok
t/020_render/004_if.t ................. ok
t/020_render/005_for.t ................ ok
t/020_render/006_include.t ............ ok
t/020_render/007_esape.t .............. ok
t/020_render/008_global_vars.t ........ ok
t/020_render/009_has_value.t .......... ok
t/020_render/010_loop_context_vars.t .. ok
Text::Xslate: Undefined symbol 'foo' at t/900_bug/001_loop_and_include.t line 31.
(<string>:1) at t/900_bug/001_loop_and_include.t line 31
----------------------------------------------------------------------------
<TMPL_INCLUDE NAME='foo.tx'>
<TMPL_LOOP NAME=list1>
----------------------------------------------------------------------------
t/900_bug/001_loop_and_include.t ......
Dubious, test returned 255 (wstat 65280, 0xff00)
No subtests run
Test Summary Report
-------------------
t/900_bug/001_loop_and_include.t (Wstat: 65280 Tests: 0 Failed: 0)
Non-zero exit status: 255
Parse errors: No plan found in TAP output
Files=18, Tests=188, 9 wallclock secs ( 0.11 usr 0.03 sys + 6.25 cusr 0.63 csys = 7.02 CPU)
Result: FAIL
Failed 1/18 test programs. 0/188 subtests failed.
*** Error code 255
Stop in /var/tmp/CPAN-build/Text-Xslate-Syntax-HTMLTemplate-0.1001-Gmu6hZ.
------------------------------
PREREQUISITES
------------------------------
Prerequisite modules loaded:
requires:
Module Need Have
---------------------- -------- --------
HTML::Template::Parser 0 0.1004
HTML::Template::Pro 0 0.9504
perl 5.008001 5.014000
Text::Xslate 0 1.2002
YAML 0 0.73
build_requires:
Module Need Have
---------------------- -------- --------
ExtUtils::MakeMaker 6.42 6.57_05
configure_requires:
Module Need Have
---------------------- -------- --------
ExtUtils::MakeMaker 6.42 6.57_05
------------------------------
ENVIRONMENT AND OTHER CONTEXT
------------------------------
Environment variables:
DBIC_NO_WARN_BAD_PERL = 1
PATH = /usr/local/bin:/usr/X11R6/bin:/usr/X11/bin:/usr/perl5.8.0/bin:/usr/bin:/bin:/usr/local/sbin:/usr/sbin:/sbin:/usr/local/pilot/bin:/home/cpansand/bin/freebsd8.0:/home/cpansand/bin/sh:/home/cpansand/bin:/usr/X386/bin:/usr/games:/home/cpansand/devel:/usr/home/e/eserte/work/srezic-misc/scripts
PERL5LIB =
PERL5OPT =
PERL5_CPANPLUS_IS_RUNNING = 54295
PERL5_CPAN_IS_RUNNING = 54295
PERL5_CPAN_IS_RUNNING_IN_RECURSION = 54276,54295
PERL_BATCH = yes
PERL_CPAN_REPORTER_CONFIG = /var/tmp/cpansmoker-1023/Mk6vhe6Jg4_config.ini
PERL_CPAN_REPORTER_DIR = /home/cpansand/var/ctps/5140_1/config/perl-5.14.0/cpanreporter
PERL_EXTUTILS_AUTOINSTALL = --defaultdeps
PERL_HTML_DISPLAY_CLASS = HTML::Display::Mozilla
SHELL = /usr/local/bin/zsh
TERM = screen
TMPDIR = /var/tmp/cpansmoker-1023
Perl special variables (and OS-specific diagnostics, for MSWin32):
$^X = /usr/home/cpansand/var/ctps/5140_1/install/perl-5.14.0/bin/perl
$UID/$EUID = 1023 / 1023
$GID = 1023 1023
$EGID = 1023 1023
Perl module toolchain versions installed:
Module Have
------------------- --------
CPAN 1.9600
Cwd 3.36
ExtUtils::CBuilder 0.280203
ExtUtils::Command 1.17
ExtUtils::Install 1.56
ExtUtils::MakeMaker 6.57_05
ExtUtils::Manifest 1.58
ExtUtils::ParseXS 2.2210
File::Spec 3.33
Module::Build 0.3800
Module::Signature 0.68
Test::Harness 3.23
Test::More 0.98
YAML 0.73
YAML::Syck 1.17
version 0.88
--
Summary of my perl5 (revision 5 version 14 subversion 0) configuration:
Platform:
osname=freebsd, osvers=8.0-release, archname=i386-freebsd
uname='freebsd biokovo.herceg.de 8.0-release freebsd 8.0-release #0: sat nov 21 15:48:17 utc 2009 root@almeida.cse.buffalo.edu:usrobjusrsrcsysgeneric i386 '
config_args='-ds -e -Uversiononly -Dinstallusrbinperl=n -Dusedevel -Dprefix=/home/cpansand/var/ctps/5140_1/install/perl-5.14.0'
hint=recommended, useposix=true, d_sigaction=define
useithreads=undef, usemultiplicity=undef
useperlio=define, d_sfio=undef, uselargefiles=define, usesocks=undef
use64bitint=undef, use64bitall=undef, uselongdouble=undef
usemymalloc=n, bincompat5005=undef
Compiler:
cc='cc', ccflags ='-DHAS_FPSETMASK -DHAS_FLOATINGPOINT_H -fno-strict-aliasing -pipe -fstack-protector -I/usr/local/include',
optimize='-O',
cppflags='-DHAS_FPSETMASK -DHAS_FLOATINGPOINT_H -fno-strict-aliasing -pipe -fstack-protector -I/usr/local/include'
ccversion='', gccversion='4.2.1 20070719 [FreeBSD]', gccosandvers=''
intsize=4, longsize=4, ptrsize=4, doublesize=8, byteorder=1234
d_longlong=define, longlongsize=8, d_longdbl=define, longdblsize=12
ivtype='long', ivsize=4, nvtype='double', nvsize=8, Off_t='off_t', lseeksize=8
alignbytes=4, prototype=define
Linker and Libraries:
ld='cc', ldflags ='-Wl,-E -fstack-protector -L/usr/local/lib'
libpth=/usr/lib /usr/local/lib
libs=-lgdbm -lm -lcrypt -lutil -lc
perllibs=-lm -lcrypt -lutil -lc
libc=, so=so, useshrplib=false, libperl=libperl.a
gnulibc_version=''
Dynamic Linking:
dlsrc=dl_dlopen.xs, dlext=so, d_dlsymun=undef, ccdlflags=' '
cccdlflags='-DPIC -fPIC', lddlflags='-shared -L/usr/local/lib -fstack-protector'
Characteristics of this binary (from libperl):
Compile-time options: PERL_DONT_CREATE_GVSV PERL_MALLOC_WRAP
PERL_PRESERVE_IVUV PERL_USE_DEVEL USE_LARGE_FILES
USE_PERLIO USE_PERL_ATOF
Built under freebsd
Compiled at May 16 2011 22:19:43
%ENV:
PERL5LIB=""
PERL5OPT=""
PERL5_CPANPLUS_IS_RUNNING="54295"
PERL5_CPAN_IS_RUNNING="54295"
PERL5_CPAN_IS_RUNNING_IN_RECURSION="54276,54295"
PERL_BATCH="yes"
PERL_CPAN_REPORTER_CONFIG="/var/tmp/cpansmoker-1023/Mk6vhe6Jg4_config.ini"
PERL_CPAN_REPORTER_DIR="/home/cpansand/var/ctps/5140_1/config/perl-5.14.0/cpanreporter"
PERL_EXTUTILS_AUTOINSTALL="--defaultdeps"
PERL_HTML_DISPLAY_CLASS="HTML::Display::Mozilla"
@INC:
/home/cpansand/var/ctps/5140_1/install/perl-5.14.0/lib/site_perl/5.14.0/i386-freebsd
/home/cpansand/var/ctps/5140_1/install/perl-5.14.0/lib/site_perl/5.14.0
/home/cpansand/var/ctps/5140_1/install/perl-5.14.0/lib/5.14.0/i386-freebsd
/home/cpansand/var/ctps/5140_1/install/perl-5.14.0/lib/5.14.0
.