Report for Net-Statsd-Server-0.20

Back
From: metabase:user:320bfe00-2aae-11df-837a-5e0a49663a4f
Subject: FAIL Net-Statsd-Server-0.20 v5.22.2 GNU/Linux
Date: 2016-06-01T15:01:43Z

This distribution has been tested as part of the CPAN Testers
project, supporting the Perl programming language.  See
http://wiki.cpantesters.org/ for more information or email
questions to cpan-testers-discuss@perl.org


--
Dear Cosimo Streppone,

This is a computer-generated report for Net-Statsd-Server-0.20
on perl 5.22.2, created by CPAN-Reporter-1.2017.

Thank you for uploading your work to CPAN.  However, there was a problem
testing your distribution.

If you think this report is invalid, please consult the CPAN Testers Wiki
for suggestions on how to avoid getting FAIL reports for missing library
or binary dependencies, unsupported operating systems, and so on:

http://wiki.cpantesters.org/wiki/CPANAuthorNotes

Sections of this report:

    * Tester comments
    * Program output
    * Prerequisites
    * Environment and other context

------------------------------
TESTER COMMENTS
------------------------------

Additional comments from tester:

this report is from an automated smoke testing program
and was not reviewed by a human for accuracy

------------------------------
PROGRAM OUTPUT
------------------------------

Output from '/usr/bin/make test':

PERL_DL_NONLAZY=1 "/home/sand/src/perl/repoperls/installed-perls/perl/v5.22.2/8942/bin/perl" "-MExtUtils::Command::MM" "-MTest::Harness" "-e" "undef *Test::Harness::Switches; test_harness(0, 'blib/lib', 'blib/arch')" t/*.t t/integration-tests/*.t
t/000-sanity.t ............................. ok
t/config.t ................................. ok
t/graphite.t ............................... ok
2016-06-01 17:01:29.000000 +0200 note  Net::Statsd::Server: Initializing Net::Statsd::Server::Backend::Console backend
2016-06-01 17:01:29.000000 +0200 note  Net::Statsd::Server: Initializing Net::Statsd::Server::Backend::Graphite backend
2016-06-01 17:01:29.000000 +0200 info  AnyEvent: Autoloaded model 'AnyEvent::Impl::EV', using it.
bind: Address already in use at /tmp/loop_over_bdir-7475-56CZnK/Net-Statsd-Server-0.20-0/bin/../lib/Net/Statsd/Server.pm line 734.
Failed to stop statsd (pid: 8034). Please do something manually (No such process) at /tmp/loop_over_bdir-7475-56CZnK/Net-Statsd-Server-0.20-0/blib/lib/Test/Statsd.pm line 119.
t/integration-tests/bad-message.t .......... 
Dubious, test returned 3 (wstat 768, 0x300)
No subtests run 
2016-06-01 17:01:29.000000 +0200 note  Net::Statsd::Server: Initializing Net::Statsd::Server::Backend::Console backend
2016-06-01 17:01:29.000000 +0200 note  Net::Statsd::Server: Initializing Net::Statsd::Server::Backend::Graphite backend
2016-06-01 17:01:29.000000 +0200 info  AnyEvent: Autoloaded model 'AnyEvent::Impl::EV', using it.
bind: Address already in use at /tmp/loop_over_bdir-7475-56CZnK/Net-Statsd-Server-0.20-0/bin/../lib/Net/Statsd/Server.pm line 734.
# stats.counters.a_test_value,category=web,severity=high.rate 0.000000 1464793290
# stats.counters.a_test_value,category=web,severity=high.count 0 1464793290
# stats.counters.statsd.bad_lines_seen.rate 0.000000 1464793290
# stats.counters.statsd.bad_lines_seen.count 0 1464793290
# stats.counters.statsd.packets_received.rate 1.000000 1464793290
# stats.counters.statsd.packets_received.count 1 1464793290
# stats.counters.a_test_value.rate 100.000000 1464793290
# stats.counters.a_test_value.count 100 1464793290
# stats.timers.read_latency.count 0.000000 1464793290
# stats.timers.read_latency.count_ps 0.000000 1464793290
# stats.timers.a_test_value.count 0.000000 1464793290
# stats.timers.a_test_value.count_ps 0.000000 1464793290
# stats.gauges.a_test_gauge 100.000000 1464793290
# stats.statsd.numStats 7 1464793290
# stats.statsd.graphiteStats.calculationtime 0.079000 1464793290
# stats.statsd.processing_time 0.026 1464793290
# stats.statsd.graphiteStats.last_exception 19890264 1464793290
# stats.statsd.graphiteStats.last_flush 19907592 1464793290
Failed to stop statsd (pid: 8072). Please do something manually (No such process) at /tmp/loop_over_bdir-7475-56CZnK/Net-Statsd-Server-0.20-0/blib/lib/Test/Statsd.pm line 119.
# Looks like your test exited with 3 just after 1.
t/integration-tests/counts-are-valid.t ..... 
Dubious, test returned 3 (wstat 768, 0x300)
Failed 3/4 subtests 
2016-06-01 17:01:30.000000 +0200 note  Net::Statsd::Server: Initializing Net::Statsd::Server::Backend::Graphite backend
2016-06-01 17:01:30.000000 +0200 info  AnyEvent: Autoloaded model 'AnyEvent::Impl::EV', using it.
bind: Address already in use at /tmp/loop_over_bdir-7475-56CZnK/Net-Statsd-Server-0.20-0/bin/../lib/Net/Statsd/Server.pm line 734.
# First flush. Test gauge should be there.
# Second flush. deleteGauges=false should keep the test gauge.
Failed to stop statsd (pid: 8103). Please do something manually (No such process) at /tmp/loop_over_bdir-7475-56CZnK/Net-Statsd-Server-0.20-0/blib/lib/Test/Statsd.pm line 119.
# Looks like your test exited with 3 just after 4.
t/integration-tests/delete-gauges-false.t .. 
Dubious, test returned 3 (wstat 768, 0x300)
All 4 subtests passed 
2016-06-01 17:01:32.000000 +0200 note  Net::Statsd::Server: Initializing Net::Statsd::Server::Backend::Graphite backend
2016-06-01 17:01:32.000000 +0200 info  AnyEvent: Autoloaded model 'AnyEvent::Impl::EV', using it.
bind: Address already in use at /tmp/loop_over_bdir-7475-56CZnK/Net-Statsd-Server-0.20-0/bin/../lib/Net/Statsd/Server.pm line 734.
bind: Address already in use at /tmp/loop_over_bdir-7475-56CZnK/Net-Statsd-Server-0.20-0/blib/lib/Test/Statsd.pm line 69.
# Looks like your test exited with 98 before it could output anything.
t/integration-tests/delete-idle-stats.t .... 
Dubious, test returned 98 (wstat 25088, 0x6200)
Failed 4/4 subtests 
2016-06-01 17:01:33.000000 +0200 note  Net::Statsd::Server: Initializing Net::Statsd::Server::Backend::Console backend
2016-06-01 17:01:33.000000 +0200 note  Net::Statsd::Server: Initializing Net::Statsd::Server::Backend::Graphite backend
2016-06-01 17:01:33.000000 +0200 info  AnyEvent: Autoloaded model 'AnyEvent::Impl::EV', using it.
bind: Address already in use at /tmp/loop_over_bdir-7475-56CZnK/Net-Statsd-Server-0.20-0/bin/../lib/Net/Statsd/Server.pm line 734.
bind: Address already in use at /tmp/loop_over_bdir-7475-56CZnK/Net-Statsd-Server-0.20-0/blib/lib/Test/Statsd.pm line 69.
# Looks like your test exited with 98 before it could output anything.
t/integration-tests/keys-with-tags.t ....... 
Dubious, test returned 98 (wstat 25088, 0x6200)
Failed 2/2 subtests 
2016-06-01 17:01:33.000000 +0200 note  Net::Statsd::Server: Initializing Net::Statsd::Server::Backend::Graphite backend
2016-06-01 17:01:33.000000 +0200 info  AnyEvent: Autoloaded model 'AnyEvent::Impl::EV', using it.
bind: Address already in use at /tmp/loop_over_bdir-7475-56CZnK/Net-Statsd-Server-0.20-0/bin/../lib/Net/Statsd/Server.pm line 734.
# Expected mean value is 1970.78
# stats.counters.a_test_value,category=web,severity=high.rate 0.000000 1464793294
# stats.counters.a_test_value,category=web,severity=high.count 0 1464793294
# stats.counters.statsd.bad_lines_seen.rate 0.000000 1464793294
# stats.counters.statsd.bad_lines_seen.count 0 1464793294
# stats.counters.statsd.packets_received.rate 201.000000 1464793294
# stats.counters.statsd.packets_received.count 201 1464793294
# stats.counters.a_test_value.rate 0.000000 1464793294
# stats.counters.a_test_value.count 0 1464793294
# stats.timers.read_latency.sum_squares 855354948.000000 1464793294
# stats.timers.read_latency.mean_90 1882.388889 1464793294
# stats.timers.read_latency.sum 396592.000000 1464793294
# stats.timers.read_latency.median 2007.500000 1464793294
# stats.timers.read_latency.std 587.064203 1464793294
# stats.timers.read_latency.upper 2991.000000 1464793294
# stats.timers.read_latency.lower 1012.000000 1464793294
# stats.timers.read_latency.sum_squares_90 688477970.000000 1464793294
# stats.timers.read_latency.count 200.000000 1464793294
# stats.timers.read_latency.upper_90 2803.000000 1464793294
# stats.timers.read_latency.count_90 180.000000 1464793294
# stats.timers.read_latency.mean 1982.960000 1464793294
# stats.timers.read_latency.count_ps 200.000000 1464793294
# stats.timers.read_latency.sum_90 338830.000000 1464793294
# stats.timers.a_test_value.sum_squares 10000.000000 1464793294
# stats.timers.a_test_value.mean_90 100.000000 1464793294
# stats.timers.a_test_value.sum 100.000000 1464793294
# stats.timers.a_test_value.median 100.000000 1464793294
# stats.timers.a_test_value.std 0.000000 1464793294
# stats.timers.a_test_value.upper 100.000000 1464793294
# stats.timers.a_test_value.lower 100.000000 1464793294
# stats.timers.a_test_value.upper_90 100.000000 1464793294
# stats.timers.a_test_value.count 1.000000 1464793294
# stats.timers.a_test_value.sum_squares_90 10000.000000 1464793294
# stats.timers.a_test_value.count_90 1.000000 1464793294
# stats.timers.a_test_value.mean 100.000000 1464793294
# stats.timers.a_test_value.count_ps 1.000000 1464793294
# stats.timers.a_test_value.s
Failed to stop statsd (pid: 8151). Please do something manually (No such process) at /tmp/loop_over_bdir-7475-56CZnK/Net-Statsd-Server-0.20-0/blib/lib/Test/Statsd.pm line 119.
# Looks like your test exited with 3 just after 1.
t/integration-tests/percent-threshold.t .... 
Dubious, test returned 3 (wstat 768, 0x300)
Failed 7/8 subtests 
2016-06-01 17:01:34.000000 +0200 note  Net::Statsd::Server: Initializing Net::Statsd::Server::Backend::Console backend
2016-06-01 17:01:34.000000 +0200 note  Net::Statsd::Server: Initializing Net::Statsd::Server::Backend::Graphite backend
2016-06-01 17:01:34.000000 +0200 info  AnyEvent: Autoloaded model 'AnyEvent::Impl::EV', using it.
bind: Address already in use at /tmp/loop_over_bdir-7475-56CZnK/Net-Statsd-Server-0.20-0/bin/../lib/Net/Statsd/Server.pm line 734.
# stats.counters.a_test_value,category=web,severity=high.rate 0.000000 1464793295
# stats.counters.a_test_value,category=web,severity=high.count 0 1464793295
# stats.counters.statsd.bad_lines_seen.rate 0.000000 1464793295
# stats.counters.statsd.bad_lines_seen.count 0 1464793295
# stats.counters.statsd.packets_received.rate 1.000000 1464793295
# stats.counters.statsd.packets_received.count 1 1464793295
# stats.counters.a_test_value.rate 0.000000 1464793295
# stats.counters.a_test_value.count 0 1464793295
# stats.timers.read_latency.count 0.000000 1464793295
# stats.timers.read_latency.count_ps 0.000000 1464793295
# stats.timers.a_test_value.sum 100.000000 1464793295
# stats.timers.a_test_value.mean_90 100.000000 1464793295
# stats.timers.a_test_value.sum_squares 10000.000000 1464793295
# stats.timers.a_test_value.upper 100.000000 1464793295
# stats.timers.a_test_value.std 0.000000 1464793295
# stats.timers.a_test_value.median 100.000000 1464793295
# stats.timers.a_test_value.count 1.000000 1464793295
# stats.timers.a_test_value.upper_90 100.000000 1464793295
# stats.timers.a_test_value.sum_squares_90 10000.000000 1464793295
# stats.timers.a_test_value.count_90 1.000000 1464793295
# stats.timers.a_test_value.lower 100.000000 1464793295
# stats.timers.a_test_value.sum_90 100.000000 1464793295
# stats.timers.a_test_value.count_ps 1.000000 1464793295
# stats.timers.a_test_value.mean 100.000000 1464793295
# stats.gauges.a_test_gauge 100.000000 1464793295
# stats.statsd.numStats 7 1464793295
# stats.statsd.graphiteStats.calculationtime 0.119000 1464793295
# stats.statsd.processing_time 0.061 1464793295
# stats.statsd.graphiteStats.last_exception 19890264 1464793295
# stats.statsd.graphiteStats.last_flush 28540312 1464793295
Failed to stop statsd (pid: 8162). Please do something manually (No such process) at /tmp/loop_over_bdir-7475-56CZnK/Net-Statsd-Server-0.20-0/blib/lib/Test/Statsd.pm line 119.
# Looks like your test exited with 3 just after 1.
t/integration-tests/timers-are-valid.t ..... 
Dubious, test returned 3 (wstat 768, 0x300)
Failed 4/5 subtests 
t/process-metrics.t ........................ ok
t/trim.t ................................... ok

Test Summary Report
-------------------
t/integration-tests/bad-message.t        (Wstat: 768 Tests: 0 Failed: 0)
  Non-zero exit status: 3
  Parse errors: No plan found in TAP output
t/integration-tests/counts-are-valid.t   (Wstat: 768 Tests: 1 Failed: 0)
  Non-zero exit status: 3
  Parse errors: Bad plan.  You planned 4 tests but ran 1.
t/integration-tests/delete-gauges-false.t (Wstat: 768 Tests: 4 Failed: 0)
  Non-zero exit status: 3
t/integration-tests/delete-idle-stats.t  (Wstat: 25088 Tests: 0 Failed: 0)
  Non-zero exit status: 98
  Parse errors: Bad plan.  You planned 4 tests but ran 0.
t/integration-tests/keys-with-tags.t     (Wstat: 25088 Tests: 0 Failed: 0)
  Non-zero exit status: 98
  Parse errors: Bad plan.  You planned 2 tests but ran 0.
t/integration-tests/percent-threshold.t  (Wstat: 768 Tests: 1 Failed: 0)
  Non-zero exit status: 3
  Parse errors: Bad plan.  You planned 8 tests but ran 1.
t/integration-tests/timers-are-valid.t   (Wstat: 768 Tests: 1 Failed: 0)
  Non-zero exit status: 3
  Parse errors: Bad plan.  You planned 5 tests but ran 1.
Files=12, Tests=68,  8 wallclock secs ( 0.04 usr  0.08 sys +  2.04 cusr  0.51 csys =  2.67 CPU)
Result: FAIL
Failed 7/12 test programs. 0/68 subtests failed.
Makefile:913: recipe for target 'test_dynamic' failed
make: *** [test_dynamic] Error 255

------------------------------
PREREQUISITES
------------------------------

Prerequisite modules loaded:

requires:

    Module                Need Have    
    --------------------- ---- --------
    AnyEvent::Handle::UDP 0    0.043   
    IO::Socket::INET      0    1.35    
    JSON::XS              0    3.02    

build_requires:

    Module                Need Have    
    --------------------- ---- --------
    ExtUtils::MakeMaker   0    7.18    
    Test::More            0    1.302022

configure_requires:

    Module                Need Have    
    --------------------- ---- --------
    ExtUtils::MakeMaker   0    7.18    


------------------------------
ENVIRONMENT AND OTHER CONTEXT
------------------------------

Environment variables:

    AUTOMATED_TESTING = 1
    LANG = en_US.UTF-8
    LANGUAGE = en_US:en
    PATH = /usr/lib/ccache:/home/sand/bin:/usr/local/bin:/usr/bin:/bin:/usr/games:/usr/local/perl/bin:/usr/X11/bin:/sbin:/usr/sbin
    PERL5LIB = 
    PERL5OPT = 
    PERL5_CPANPLUS_IS_RUNNING = 7476
    PERL5_CPAN_IS_RUNNING = 7476
    PERL_CANARY_STABILITY_NOPROMPT = 1
    PERL_MM_USE_DEFAULT = 1
    SHELL = /usr/bin/zsh
    TERM = screen

Perl special variables (and OS-specific diagnostics, for MSWin32):

    $^X = /home/sand/src/perl/repoperls/installed-perls/perl/v5.22.2/8942/bin/perl
    $UID/$EUID = 1005 / 1005
    $GID = 1005 1005
    $EGID = 1005 1005

Perl module toolchain versions installed:

    Module              Have    
    ------------------- --------
    CPAN                2.13    
    CPAN::Meta          2.150001
    Cwd                 3.62    
    ExtUtils::CBuilder  0.280221
    ExtUtils::Command   7.18    
    ExtUtils::Install   2.04    
    ExtUtils::MakeMaker 7.18    
    ExtUtils::Manifest  1.70    
    ExtUtils::ParseXS   3.28    
    File::Spec          3.62    
    JSON                2.90    
    JSON::PP            2.27300 
    Module::Build       0.4218  
    Module::Signature   0.79    
    Parse::CPAN::Meta   1.4414  
    Test::Harness       3.35    
    Test::More          1.302022
    YAML                1.15    
    YAML::Syck          1.29    
    version             0.9917  


--

Summary of my perl5 (revision 5 version 22 subversion 2) configuration:
  Commit id: 9cbffb38735712e3a34e6f537892b6ef06fb815f
  Platform:
    osname=linux, osvers=4.3.0-1-amd64, archname=x86_64-linux-ld
    uname='linux k83 4.3.0-1-amd64 #1 smp debian 4.3.3-7 (2016-01-19) x86_64 gnulinux '
    config_args='-Dprefix=/home/sand/src/perl/repoperls/installed-perls/perl/v5.22.2/8942 -Dmyhostname=k83 -Dinstallusrbinperl=n -Uversiononly -Dusedevel -des -Ui_db -Dlibswanted=cl pthread socket inet nsl gdbm dbm malloc dl ld sun m crypt sec util c cposix posix ucb BSD gdbm_compat -Uuseithreads -Duselongdouble -DDEBUGGING=-g'
    hint=recommended, useposix=true, d_sigaction=define
    useithreads=undef, usemultiplicity=undef
    use64bitint=define, use64bitall=define, uselongdouble=define
    usemymalloc=n, bincompat5005=undef
  Compiler:
    cc='cc', ccflags ='-fwrapv -fno-strict-aliasing -pipe -fstack-protector-strong -I/usr/local/include -D_LARGEFILE_SOURCE -D_FILE_OFFSET_BITS=64 -D_FORTIFY_SOURCE=2',
    optimize='-O2 -g',
    cppflags='-fwrapv -fno-strict-aliasing -pipe -fstack-protector-strong -I/usr/local/include'
    ccversion='', gccversion='5.3.1 20160121', gccosandvers=''
    intsize=4, longsize=8, ptrsize=8, doublesize=8, byteorder=12345678, doublekind=3
    d_longlong=define, longlongsize=8, d_longdbl=define, longdblsize=16, longdblkind=3
    ivtype='long', ivsize=8, nvtype='long double', nvsize=16, Off_t='off_t', lseeksize=8
    alignbytes=16, prototype=define
  Linker and Libraries:
    ld='cc', ldflags =' -fstack-protector-strong -L/usr/local/lib'
    libpth=/usr/local/lib /usr/lib/gcc/x86_64-linux-gnu/5/include-fixed /usr/include/x86_64-linux-gnu /usr/lib /lib/x86_64-linux-gnu /lib/../lib /usr/lib/x86_64-linux-gnu /usr/lib/../lib /lib
    libs=-lpthread -lnsl -lgdbm -ldl -lm -lcrypt -lutil -lc -lgdbm_compat
    perllibs=-lpthread -lnsl -ldl -lm -lcrypt -lutil -lc
    libc=libc-2.21.so, so=so, useshrplib=false, libperl=libperl.a
    gnulibc_version='2.21'
  Dynamic Linking:
    dlsrc=dl_dlopen.xs, dlext=so, d_dlsymun=undef, ccdlflags='-Wl,-E'
    cccdlflags='-fPIC', lddlflags='-shared -O2 -g -L/usr/local/lib -fstack-protector-strong'


Characteristics of this binary (from libperl): 
  Compile-time options: HAS_TIMES PERLIO_LAYERS PERL_DONT_CREATE_GVSV
                        PERL_HASH_FUNC_ONE_AT_A_TIME_HARD PERL_MALLOC_WRAP
                        PERL_NEW_COPY_ON_WRITE PERL_PRESERVE_IVUV
                        PERL_USE_DEVEL USE_64_BIT_ALL USE_64_BIT_INT
                        USE_LARGE_FILES USE_LOCALE USE_LOCALE_COLLATE
                        USE_LOCALE_CTYPE USE_LOCALE_NUMERIC USE_LOCALE_TIME
                        USE_LONG_DOUBLE USE_PERLIO USE_PERL_ATOF
  Built under linux
  Compiled at Apr 30 2016 20:54:24
  %ENV:
    PERL5LIB=""
    PERL5OPT=""
    PERL5_CPANPLUS_IS_RUNNING="7476"
    PERL5_CPAN_IS_RUNNING="7476"
    PERL_CANARY_STABILITY_NOPROMPT="1"
    PERL_MM_USE_DEFAULT="1"
  @INC:
    /home/sand/src/perl/repoperls/installed-perls/perl/v5.22.2/8942/lib/site_perl/5.22.2/x86_64-linux-ld
    /home/sand/src/perl/repoperls/installed-perls/perl/v5.22.2/8942/lib/site_perl/5.22.2
    /home/sand/src/perl/repoperls/installed-perls/perl/v5.22.2/8942/lib/5.22.2/x86_64-linux-ld
    /home/sand/src/perl/repoperls/installed-perls/perl/v5.22.2/8942/lib/5.22.2
    .