Report for HPC-Runner-Command-Plugin-Logger-Sqlite-0.0.4

Back
From: metabase:user:320bfe00-2aae-11df-837a-5e0a49663a4f
Subject: FAIL HPC-Runner-Command-Plugin-Logger-Sqlite-0.0.4 v5.26.0 GNU/Linux
Date: 2017-06-14T00:45:24Z

This distribution has been tested as part of the CPAN Testers
project, supporting the Perl programming language.  See
http://wiki.cpantesters.org/ for more information or email
questions to cpan-testers-discuss@perl.org


--
Dear Jillian Rowe,

This is a computer-generated report for HPC-Runner-Command-Plugin-Logger-Sqlite-0.0.4
on perl 5.26.0, created by CPAN-Reporter-1.2018.

Thank you for uploading your work to CPAN.  However, there was a problem
testing your distribution.

If you think this report is invalid, please consult the CPAN Testers Wiki
for suggestions on how to avoid getting FAIL reports for missing library
or binary dependencies, unsupported operating systems, and so on:

http://wiki.cpantesters.org/wiki/CPANAuthorNotes

Sections of this report:

    * Tester comments
    * Program output
    * Prerequisites
    * Environment and other context

------------------------------
TESTER COMMENTS
------------------------------

Additional comments from tester:

this report is from an automated smoke testing program
and was not reviewed by a human for accuracy

------------------------------
PROGRAM OUTPUT
------------------------------

Output from './Build test':

t/author-pod-syntax.t .. skipped: these tests are for testing by the author
t/basic.t .............. ok
[2017/06/14 00:44:37] Loaded plugin Dummy 
[2017/06/14 00:44:37] Loaded plugin Logger::Sqlite 
[2017/06/14 00:44:38] Saving to sqlite db as submission id : 1 
[2017/06/14 00:44:38] Here is your tabular dependency list in submission order 
[2017/06/14 00:44:38] 

.----------------------------------------------------------.
| JobName    | Deps | Task Count | Mem  | Cpu | Num Arrays |
+------------+------+------------+------+-----+------------+
| hpcjob_001 |      |          4 | 10GB |   4 |          1 |
'------------+------+------------+------+-----+------------'
 
[2017/06/14 00:44:38] Beginning to submit jobs to the scheduler 
[2017/06/14 00:44:38] Schedule is hpcjob_001
 
[2017/06/14 00:44:38] Submitting all hpcjob_001 job types 
[2017/06/14 00:44:38] SUBMITTING DUMMY JOB /tmp/hpcrunner/nZ0d7Tdn/hpc-runner/0.01/scratch/001_hpcjob_001.sh
	With dummy jobid 1234 
[2017/06/14 00:44:38] There are 4 tasks for job type hpcjob_001 
[2017/06/14 00:44:38] Submitted in 1 job arrays.
 
[2017/06/14 00:44:38] Updating task dependencies... 
[2017/06/14 00:44:38] Job Summary 
[2017/06/14 00:44:38] 
.--------------------------------------------------------.
| Job Name   | Scheduler ID | Task Indices | Total Tasks |
+------------+--------------+--------------+-------------+
| hpcjob_001 |         1234 | 1-4          |           4 |
'------------+--------------+--------------+-------------'
 
[2017/06/14 00:44:41] Loaded plugin Logger::Sqlite 
A context appears to have been destroyed without first calling release().
Based on $@ it does not look like an exception was thrown (this is not always
a reliable test)

This is a problem because the global error variables ($!, $@, and $?) will
not be restored. In addition some release callbacks will not work properly from
inside a DESTROY method.

Here are the context creation details, just in case a tool forgot to call
release():
  File: /home/sand/src/perl/repoperls/installed-perls/host/k93msid/v5.26.0/276a/lib/site_perl/5.26.0/Test/Class/Moose/Role/Executor.pm
  Line: 467
  Tool: Test2::Tools::AsyncSubtest::async_subtest

Cleaning up the CONTEXT stack...
A context appears to have been destroyed without first calling release().
Based on $@ it does not look like an exception was thrown (this is not always
a reliable test)

This is a problem because the global error variables ($!, $@, and $?) will
not be restored. In addition some release callbacks will not work properly from
inside a DESTROY method.

Here are the context creation details, just in case a tool forgot to call
release():
  File: /home/sand/src/perl/repoperls/installed-perls/host/k93msid/v5.26.0/276a/lib/site_perl/5.26.0/Test/Class/Moose/Role/Executor.pm
  Line: 488
  Tool: Test::Class::Moose::Util::context_do

Cleaning up the CONTEXT stack...
A context appears to have been destroyed without first calling release().
Based on $@ it does not look like an exception was thrown (this is not always
a reliable test)

This is a problem because the global error variables ($!, $@, and $?) will
not be restored. In addition some release callbacks will not work properly from
inside a DESTROY method.

Here are the context creation details, just in case a tool forgot to call
release():
  File: /home/sand/src/perl/repoperls/installed-perls/host/k93msid/v5.26.0/276a/lib/site_perl/5.26.0/Test/Class/Moose/Role/Executor.pm
  Line: 274
  Tool: Test::Class::Moose::Util::context_do

Cleaning up the CONTEXT stack...
A context appears to have been destroyed without first calling release().
Based on $@ it does not look like an exception was thrown (this is not always
a reliable test)

This is a problem because the global error variables ($!, $@, and $?) will
not be restored. In addition some release callbacks will not work properly from
inside a DESTROY method.

Here are the context creation details, just in case a tool forgot to call
release():
  File: /home/sand/src/perl/repoperls/installed-perls/host/k93msid/v5.26.0/276a/lib/site_perl/5.26.0/Test/Class/Moose/Role/Executor.pm
  Line: 165
  Tool: Test::Class::Moose::Util::context_do

Cleaning up the CONTEXT stack...
A context appears to have been destroyed without first calling release().
Based on $@ it does not look like an exception was thrown (this is not always
a reliable test)

This is a problem because the global error variables ($!, $@, and $?) will
not be restored. In addition some release callbacks will not work properly from
inside a DESTROY method.

Here are the context creation details, just in case a tool forgot to call
release():
  File: /home/sand/src/perl/repoperls/installed-perls/host/k93msid/v5.26.0/276a/lib/site_perl/5.26.0/Test/Class/Moose/Role/Executor.pm
  Line: 89
  Tool: Test2::Tools::AsyncSubtest::async_subtest

Cleaning up the CONTEXT stack...
A context appears to have been destroyed without first calling release().
Based on $@ it does not look like an exception was thrown (this is not always
a reliable test)

This is a problem because the global error variables ($!, $@, and $?) will
not be restored. In addition some release callbacks will not work properly from
inside a DESTROY method.

Here are the context creation details, just in case a tool forgot to call
release():
  File: /home/sand/src/perl/repoperls/installed-perls/host/k93msid/v5.26.0/276a/lib/site_perl/5.26.0/Test/Class/Moose/Role/Executor.pm
  Line: 74
  Tool: Test::Class::Moose::Util::context_do

Cleaning up the CONTEXT stack...
# Test ended with extra hubs on the stack!
t/test_class_tests.t ... 
Dubious, test returned 255 (wstat 65280, 0xff00)
Failed 1/1 subtests 

Test Summary Report
-------------------
t/test_class_tests.t (Wstat: 65280 Tests: 0 Failed: 0)
  Non-zero exit status: 255
  Parse errors: Bad plan.  You planned 1 tests but ran 0.
Files=3, Tests=1, 46 wallclock secs ( 0.03 usr  0.03 sys +  3.48 cusr  2.68 csys =  6.22 CPU)
Result: FAIL

------------------------------
PREREQUISITES
------------------------------

Prerequisite modules loaded:

requires:

    Module                     Need  Have    
    -------------------------- ----- --------
    base                       0     2.25    
    Cwd                        0     3.67    
    Data::Dumper               0     2.167   
    DateTime                   0     1.43    
    DBIx::Class::Core          0     0       
    DBIx::Class::Schema        0     0       
    HPC::Runner::Command       0     3.2.3   
    JSON                       0     2.94    
    JSON::XS                   0     3.03    
    Log::Log4perl              0     1.49    
    Moose::Role                0     2.2005  
    MooseX::App::Command       0     0       
    strict                     0     1.11    
    Text::ASCIITable           0     0.22    
    utf8                       0     1.19    
    warnings                   0     1.37    

build_requires:

    Module                     Need  Have    
    -------------------------- ----- --------
    Capture::Tiny              0     0.46    
    File::Path                 0     2.14    
    File::Slurp                0     9999.19 
    File::Spec::Functions      0     3.67    
    FindBin                    0     1.51    
    IPC::Cmd                   0     0.98    
    Slurp                      0     0.4     
    Test::Class::Moose         0     0.84    
    Test::Class::Moose::Load   0     0.84    
    Test::Class::Moose::Runner 0     0.84    
    Test::More                 0     1.302085

configure_requires:

    Module                     Need  Have    
    -------------------------- ----- --------
    Module::Build::Tiny        0.034 0.039   


------------------------------
ENVIRONMENT AND OTHER CONTEXT
------------------------------

Environment variables:

    AUTOMATED_TESTING = 1
    LANG = en_US.UTF-8
    PATH = /home/sand/bin:/usr/local/bin:/usr/bin:/bin:/usr/games:/usr/local/perl/bin:/usr/X11/bin:/sbin:/usr/sbin
    PERL5LIB = 
    PERL5OPT = 
    PERL5_CPANPLUS_IS_RUNNING = 2554
    PERL5_CPAN_IS_RUNNING = 2554
    PERL_CANARY_STABILITY_NOPROMPT = 1
    PERL_MM_USE_DEFAULT = 1
    PERL_USE_UNSAFE_INC = 1
    SHELL = /usr/bin/zsh
    TERM = screen

Perl special variables (and OS-specific diagnostics, for MSWin32):

    $^X = /home/sand/src/perl/repoperls/installed-perls/host/k93msid/v5.26.0/276a/bin/perl
    $UID/$EUID = 1005 / 1005
    $GID = 1005 1005
    $EGID = 1005 1005

Perl module toolchain versions installed:

    Module              Have      
    ------------------- ----------
    CPAN                2.18      
    CPAN::Meta          2.150010  
    Cwd                 3.67      
    ExtUtils::CBuilder  0.280225  
    ExtUtils::Command   7.28      
    ExtUtils::Install   2.06      
    ExtUtils::MakeMaker 7.28      
    ExtUtils::Manifest  1.70      
    ExtUtils::ParseXS   3.34      
    File::Spec          3.67      
    JSON                2.94      
    JSON::PP            2.27400_02
    Module::Build       0.4224    
    Module::Signature   0.81      
    Parse::CPAN::Meta   2.150010  
    Test::Harness       3.39      
    Test::More          1.302085  
    YAML                1.23      
    YAML::Syck          1.30      
    version             0.9917    


--

Summary of my perl5 (revision 5 version 26 subversion 0) configuration:
  Commit id: 95388f2eb27e74cdbfb715c0097f16aeba4e6e4e
  Platform:
    osname=linux
    osvers=4.9.0-2-amd64
    archname=x86_64-linux-thread-multi
    uname='linux k93msid 4.9.0-2-amd64 #1 smp debian 4.9.18-1 (2017-03-30) x86_64 gnulinux '
    config_args='-Dprefix=/home/sand/src/perl/repoperls/installed-perls/host/k93msid/v5.26.0/276a -Dmyhostname=k93msid -Dinstallusrbinperl=n -Uversiononly -Dusedevel -des -Ui_db -Dlibswanted=cl pthread socket inet nsl gdbm dbm malloc dl ld sun m crypt sec util c cposix posix ucb BSD gdbm_compat -Duseithreads -Uuselongdouble -DDEBUGGING=both'
    hint=recommended
    useposix=true
    d_sigaction=define
    useithreads=define
    usemultiplicity=define
    use64bitint=define
    use64bitall=define
    uselongdouble=undef
    usemymalloc=n
    default_inc_excludes_dot=define
    bincompat5005=undef
  Compiler:
    cc='cc'
    ccflags ='-D_REENTRANT -D_GNU_SOURCE -fwrapv -DDEBUGGING -fno-strict-aliasing -pipe -fstack-protector-strong -I/usr/local/include -D_LARGEFILE_SOURCE -D_FILE_OFFSET_BITS=64'
    optimize='-O2 -g'
    cppflags='-D_REENTRANT -D_GNU_SOURCE -fwrapv -DDEBUGGING -fno-strict-aliasing -pipe -fstack-protector-strong -I/usr/local/include'
    ccversion=''
    gccversion='6.3.0 20170406'
    gccosandvers=''
    intsize=4
    longsize=8
    ptrsize=8
    doublesize=8
    byteorder=12345678
    doublekind=3
    d_longlong=define
    longlongsize=8
    d_longdbl=define
    longdblsize=16
    longdblkind=3
    ivtype='long'
    ivsize=8
    nvtype='double'
    nvsize=8
    Off_t='off_t'
    lseeksize=8
    alignbytes=8
    prototype=define
  Linker and Libraries:
    ld='cc'
    ldflags =' -fstack-protector-strong -L/usr/local/lib'
    libpth=/usr/local/lib /usr/lib/gcc/x86_64-linux-gnu/6/include-fixed /usr/include/x86_64-linux-gnu /usr/lib /lib/x86_64-linux-gnu /lib/../lib /usr/lib/x86_64-linux-gnu /usr/lib/../lib /lib
    libs=-lpthread -lnsl -ldl -lm -lcrypt -lutil -lc
    perllibs=-lpthread -lnsl -ldl -lm -lcrypt -lutil -lc
    libc=libc-2.24.so
    so=so
    useshrplib=false
    libperl=libperl.a
    gnulibc_version='2.24'
  Dynamic Linking:
    dlsrc=dl_dlopen.xs
    dlext=so
    d_dlsymun=undef
    ccdlflags='-Wl,-E'
    cccdlflags='-fPIC'
    lddlflags='-shared -O2 -g -L/usr/local/lib -fstack-protector-strong'


Characteristics of this binary (from libperl): 
  Compile-time options:
    DEBUGGING
    HAS_TIMES
    MULTIPLICITY
    PERLIO_LAYERS
    PERL_COPY_ON_WRITE
    PERL_DONT_CREATE_GVSV
    PERL_IMPLICIT_CONTEXT
    PERL_MALLOC_WRAP
    PERL_OP_PARENT
    PERL_PRESERVE_IVUV
    PERL_TRACK_MEMPOOL
    PERL_USE_DEVEL
    USE_64_BIT_ALL
    USE_64_BIT_INT
    USE_ITHREADS
    USE_LARGE_FILES
    USE_LOCALE
    USE_LOCALE_COLLATE
    USE_LOCALE_CTYPE
    USE_LOCALE_NUMERIC
    USE_LOCALE_TIME
    USE_PERLIO
    USE_PERL_ATOF
    USE_REENTRANT_API
  Built under linux
  Compiled at May 31 2017 06:57:06
  %ENV:
    PERL5LIB=""
    PERL5OPT=""
    PERL5_CPANPLUS_IS_RUNNING="2554"
    PERL5_CPAN_IS_RUNNING="2554"
    PERL_CANARY_STABILITY_NOPROMPT="1"
    PERL_MM_USE_DEFAULT="1"
    PERL_USE_UNSAFE_INC="1"
  @INC:
    /home/sand/src/perl/repoperls/installed-perls/host/k93msid/v5.26.0/276a/lib/site_perl/5.26.0/x86_64-linux-thread-multi
    /home/sand/src/perl/repoperls/installed-perls/host/k93msid/v5.26.0/276a/lib/site_perl/5.26.0
    /home/sand/src/perl/repoperls/installed-perls/host/k93msid/v5.26.0/276a/lib/5.26.0/x86_64-linux-thread-multi
    /home/sand/src/perl/repoperls/installed-perls/host/k93msid/v5.26.0/276a/lib/5.26.0
    .