XML-RSS-Tools v0.34 Perl 5 v5.29.10 amd64-freebsd

Status
Fail
From
Slaven Rezić (SREZIC)
Dist
XML-RSS-Tools v0.34
Platform
Perl 5 v5.29.10 amd64-freebsd
Date
2019-04-29 21:21:28
ID
c09bb51a-6ac4-11e9-8e80-47811f24ea8f
This distribution has been tested as part of the CPAN Testers
project, supporting the Perl programming language.  See
http://wiki.cpantesters.org/ for more information or email
questions to cpan-testers-discuss@perl.org


--
Dear Adam John Trickett,

This is a computer-generated report for XML-RSS-Tools-0.34
on perl 5.29.10, created by CPAN-Reporter-1.2018.

Thank you for uploading your work to CPAN.  However, there was a problem
testing your distribution.

If you think this report is invalid, please consult the CPAN Testers Wiki
for suggestions on how to avoid getting FAIL reports for missing library
or binary dependencies, unsupported operating systems, and so on:

http://wiki.cpantesters.org/wiki/CPANAuthorNotes

Sections of this report:

    * Tester comments
    * Program output
    * Prerequisites
    * Environment and other context

------------------------------
TESTER COMMENTS
------------------------------

Additional comments from tester:

none provided

------------------------------
PROGRAM OUTPUT
------------------------------

Output from './Build test':

Old SIGNATURE detected. Please inform the module author to regenerate SIGNATURE using Module::Signature version 0.82 or newer.
WARNING: This key is not certified with a trusted signature!
Primary key fingerprint: 9664 1770 E805 A152 8CDE  CFBD 9CDA 8911 AF0D B8C8
t/00-signature.t ......... ok
# 
# Package                        Version
#  Operating System               freebsd
#  perl                           5.29.10
#  XML::Parser                    2.44
#  XML::RSS                       1.59
#  XML::LibXML                    2.0200
#  XML::LibXSLT                   1.96
#  URI                            1.76
#  LWP                            6.38
#  HTTP::GHTTP                    Not Installed
#  HTTP::Lite                     2.44
#  WWW::Curl::Easy                4.17
#  Test::More                     1.302162
#  Test::Warn                     0.36
#  Test::NoWarnings               1.04
#  Test::Perl::Critic             1.04
#  Test::Pod                      1.52
#  Test::Pod::Coverage            1.10
#  Pod::Coverage                  0.23
#  IO::Capture                    0.05
t/01-config.t ............ ok

#   Failed test 'use XML::RSS::Tools;'
#   at t/02-use.t line 17.
#     Tried to use 'XML::RSS::Tools'.
#     Error:  Malformed UTF-8 character (fatal) at /usr/home/cpansand/.cpan/build/2019042920/XML-RSS-Tools-0.34-0/blib/lib/XML/RSS/Tools.pm line 657.
# Compilation failed in require at t/02-use.t line 17.
# BEGIN failed--compilation aborted at t/02-use.t line 17.

#   Failed test 'no warnings'
#   at t/02-use.t line 20.
# There were 1 warning(s)
# 	Previous test 0 ''
# 	Malformed UTF-8 character: \xc6\x7d (unexpected non-continuation byte 0x7d, immediately after start byte 0xc6; need 2 bytes, got 1) at /usr/home/cpansand/.cpan/build/2019042920/XML-RSS-Tools-0.34-0/blib/lib/XML/RSS/Tools.pm line 657.
#  at /usr/home/cpansand/.cpan/build/2019042920/XML-RSS-Tools-0.34-0/blib/lib/XML/RSS/Tools.pm line 657.
# 	require XML/RSS/Tools.pm called at t/02-use.t line 17
# 	main::BEGIN() called at /usr/home/cpansand/.cpan/build/2019042920/XML-RSS-Tools-0.34-0/blib/lib/XML/RSS/Tools.pm line 657
# 	eval {...} called at /usr/home/cpansand/.cpan/build/2019042920/XML-RSS-Tools-0.34-0/blib/lib/XML/RSS/Tools.pm line 657
# 	eval 'package main;
# BEGIN { ${^WARNING_BITS} = $args[-1] if defined $args[-1] }
# #line 17 t/02-use.t
# use XML::RSS::Tools @{$args[0]};
# 1;
# ' called at /usr/perl5.29.10p/lib/site_perl/5.29.10/Test/More.pm line 1034
# 	Test::More::_eval("package main;\x{a}BEGIN { \${^WARNING_BITS} = \$args[-1] if defined"..., ARRAY(0x4172c048), undef) called at /usr/perl5.29.10p/lib/site_perl/5.29.10/Test/More.pm line 1009
# 	Test::More::use_ok("XML::RSS::Tools") called at t/02-use.t line 17
# 	main::BEGIN() called at /usr/home/cpansand/.cpan/build/2019042920/XML-RSS-Tools-0.34-0/blib/lib/XML/RSS/Tools.pm line 657
# 	eval {...} called at /usr/home/cpansand/.cpan/build/2019042920/XML-RSS-Tools-0.34-0/blib/lib/XML/RSS/Tools.pm line 657
# 
# Looks like you failed 2 tests of 2.
t/02-use.t ............... 
Dubious, test returned 2 (wstat 512, 0x200)
Failed 2/2 subtests 
Malformed UTF-8 character: \xc6\x7d (unexpected non-continuation byte 0x7d, immediately after start byte 0xc6; need 2 bytes, got 1) at /usr/home/cpansand/.cpan/build/2019042920/XML-RSS-Tools-0.34-0/blib/lib/XML/RSS/Tools.pm line 657.
Malformed UTF-8 character (fatal) at /usr/home/cpansand/.cpan/build/2019042920/XML-RSS-Tools-0.34-0/blib/lib/XML/RSS/Tools.pm line 657.
Compilation failed in require at t/03-basic-tests.t line 6.
BEGIN failed--compilation aborted at t/03-basic-tests.t line 6.
t/03-basic-tests.t ....... 
Dubious, test returned 255 (wstat 65280, 0xff00)
No subtests run 

#   Failed test 'use XML::RSS::Tools;'
#   at t/04-standard-tests.t line 18.
#     Tried to use 'XML::RSS::Tools'.
#     Error:  Malformed UTF-8 character (fatal) at /usr/home/cpansand/.cpan/build/2019042920/XML-RSS-Tools-0.34-0/blib/lib/XML/RSS/Tools.pm line 657.
# Compilation failed in require at t/04-standard-tests.t line 18.
# BEGIN failed--compilation aborted at t/04-standard-tests.t line 18.
Can't locate object method "_raise_error" via package "XML::RSS::Tools" at /usr/home/cpansand/.cpan/build/2019042920/XML-RSS-Tools-0.34-0/blib/lib/XML/RSS/Tools.pm line 492.
# Looks like your test exited with 2 just after 4.
t/04-standard-tests.t .... 
Dubious, test returned 2 (wstat 512, 0x200)
Failed 24/27 subtests 

#   Failed test 'use XML::RSS::Tools;'
#   at t/05-version-tests.t line 19.
#     Tried to use 'XML::RSS::Tools'.
#     Error:  Malformed UTF-8 character (fatal) at /usr/home/cpansand/.cpan/build/2019042920/XML-RSS-Tools-0.34-0/blib/lib/XML/RSS/Tools.pm line 657.
# Compilation failed in require at t/05-version-tests.t line 19.
# BEGIN failed--compilation aborted at t/05-version-tests.t line 19.
Can't locate object method "_raise_error" via package "XML::RSS::Tools" at /usr/home/cpansand/.cpan/build/2019042920/XML-RSS-Tools-0.34-0/blib/lib/XML/RSS/Tools.pm line 214.
# Looks like your test exited with 255 just after 2.
t/05-version-tests.t ..... 
Dubious, test returned 255 (wstat 65280, 0xff00)
Failed 10/11 subtests 

#   Failed test 'use XML::RSS::Tools;'
#   at t/06-filehandle-tests.t line 18.
#     Tried to use 'XML::RSS::Tools'.
#     Error:  Malformed UTF-8 character (fatal) at /usr/home/cpansand/.cpan/build/2019042920/XML-RSS-Tools-0.34-0/blib/lib/XML/RSS/Tools.pm line 657.
# Compilation failed in require at t/06-filehandle-tests.t line 18.
# BEGIN failed--compilation aborted at t/06-filehandle-tests.t line 18.
Can't locate object method "_raise_error" via package "XML::RSS::Tools" at /usr/home/cpansand/.cpan/build/2019042920/XML-RSS-Tools-0.34-0/blib/lib/XML/RSS/Tools.pm line 307.
# Looks like your test exited with 2 just after 1.
t/06-filehandle-tests.t .. 
Dubious, test returned 2 (wstat 512, 0x200)
Failed 11/11 subtests 

#   Failed test 'use XML::RSS::Tools;'
#   at t/07-catalog-tests.t line 29.
#     Tried to use 'XML::RSS::Tools'.
#     Error:  Malformed UTF-8 character (fatal) at /usr/home/cpansand/.cpan/build/2019042920/XML-RSS-Tools-0.34-0/blib/lib/XML/RSS/Tools.pm line 657.
# Compilation failed in require at t/07-catalog-tests.t line 29.
# BEGIN failed--compilation aborted at t/07-catalog-tests.t line 29.
Can't locate object method "_raise_error" via package "XML::RSS::Tools" at /usr/home/cpansand/.cpan/build/2019042920/XML-RSS-Tools-0.34-0/blib/lib/XML/RSS/Tools.pm line 492.
# Looks like your test exited with 2 just after 2.
t/07-catalog-tests.t ..... 
Dubious, test returned 2 (wstat 512, 0x200)
Failed 12/13 subtests 
Malformed UTF-8 character: \xc6\x7d (unexpected non-continuation byte 0x7d, immediately after start byte 0xc6; need 2 bytes, got 1) at /usr/home/cpansand/.cpan/build/2019042920/XML-RSS-Tools-0.34-0/blib/lib/XML/RSS/Tools.pm line 657.
Malformed UTF-8 character (fatal) at /usr/home/cpansand/.cpan/build/2019042920/XML-RSS-Tools-0.34-0/blib/lib/XML/RSS/Tools.pm line 657.
Compilation failed in require at t/08-no-catalog.t line 5.
BEGIN failed--compilation aborted at t/08-no-catalog.t line 5.
t/08-no-catalog.t ........ 
Dubious, test returned 255 (wstat 65280, 0xff00)
No subtests run 

#   Failed test 'use XML::RSS::Tools;'
#   at t/50-error-tests.t line 25.
#     Tried to use 'XML::RSS::Tools'.
#     Error:  Malformed UTF-8 character (fatal) at /usr/home/cpansand/.cpan/build/2019042920/XML-RSS-Tools-0.34-0/blib/lib/XML/RSS/Tools.pm line 657.
# Compilation failed in require at t/50-error-tests.t line 25.
# BEGIN failed--compilation aborted at t/50-error-tests.t line 25.
Can't locate object method "_raise_error" via package "XML::RSS::Tools" at /usr/home/cpansand/.cpan/build/2019042920/XML-RSS-Tools-0.34-0/blib/lib/XML/RSS/Tools.pm line 492.
# Looks like your test exited with 2 just after 5.
t/50-error-tests.t ....... 
Dubious, test returned 2 (wstat 512, 0x200)
Failed 43/47 subtests 
Malformed UTF-8 character: \xc6\x7d (unexpected non-continuation byte 0x7d, immediately after start byte 0xc6; need 2 bytes, got 1) at /usr/home/cpansand/.cpan/build/2019042920/XML-RSS-Tools-0.34-0/blib/lib/XML/RSS/Tools.pm line 657.
Malformed UTF-8 character (fatal) at /usr/home/cpansand/.cpan/build/2019042920/XML-RSS-Tools-0.34-0/blib/lib/XML/RSS/Tools.pm line 657.
Compilation failed in require at t/51-debug-tests-1.t line 5.
BEGIN failed--compilation aborted at t/51-debug-tests-1.t line 5.
t/51-debug-tests-1.t ..... 
Dubious, test returned 255 (wstat 65280, 0xff00)
No subtests run 

#   Failed test 'use XML::RSS::Tools;'
#   at t/52-debug-tests-2.t line 28.
#     Tried to use 'XML::RSS::Tools'.
#     Error:  Malformed UTF-8 character (fatal) at /usr/home/cpansand/.cpan/build/2019042920/XML-RSS-Tools-0.34-0/blib/lib/XML/RSS/Tools.pm line 657.
# Compilation failed in require at t/52-debug-tests-2.t line 28.
# BEGIN failed--compilation aborted at t/52-debug-tests-2.t line 28.
Can't locate object method "_raise_error" via package "XML::RSS::Tools" at /usr/home/cpansand/.cpan/build/2019042920/XML-RSS-Tools-0.34-0/blib/lib/XML/RSS/Tools.pm line 492.
# Looks like your test exited with 2 just after 2.
t/52-debug-tests-2.t ..... 
Dubious, test returned 2 (wstat 512, 0x200)
Failed 60/61 subtests 
Malformed UTF-8 character: \xc6\x7d (unexpected non-continuation byte 0x7d, immediately after start byte 0xc6; need 2 bytes, got 1) at /usr/home/cpansand/.cpan/build/2019042920/XML-RSS-Tools-0.34-0/blib/lib/XML/RSS/Tools.pm line 657.
Malformed UTF-8 character (fatal) at /usr/home/cpansand/.cpan/build/2019042920/XML-RSS-Tools-0.34-0/blib/lib/XML/RSS/Tools.pm line 657.
Compilation failed in require at t/53-no-debug-tests-1.t line 28.
BEGIN failed--compilation aborted at t/53-no-debug-tests-1.t line 28.
# Looks like your test exited with 255 before it could output anything.
t/53-no-debug-tests-1.t .. 
Dubious, test returned 255 (wstat 65280, 0xff00)
Failed 44/44 subtests 

#   Failed test 'use XML::RSS::Tools;'
#   at t/54-no-debug-tests-2.t line 23.
#     Tried to use 'XML::RSS::Tools'.
#     Error:  Malformed UTF-8 character (fatal) at /usr/home/cpansand/.cpan/build/2019042920/XML-RSS-Tools-0.34-0/blib/lib/XML/RSS/Tools.pm line 657.
# Compilation failed in require at t/54-no-debug-tests-2.t line 23.
# BEGIN failed--compilation aborted at t/54-no-debug-tests-2.t line 23.
Can't locate object method "_raise_error" via package "XML::RSS::Tools" at /usr/home/cpansand/.cpan/build/2019042920/XML-RSS-Tools-0.34-0/blib/lib/XML/RSS/Tools.pm line 492.
# Looks like your test exited with 2 just after 2.
t/54-no-debug-tests-2.t .. 
Dubious, test returned 2 (wstat 512, 0x200)
Failed 23/24 subtests 

#   Failed test 'use XML::RSS::Tools;'
#   at t/60-http-tests.t line 21.
#     Tried to use 'XML::RSS::Tools'.
#     Error:  Malformed UTF-8 character (fatal) at /usr/home/cpansand/.cpan/build/2019042920/XML-RSS-Tools-0.34-0/blib/lib/XML/RSS/Tools.pm line 657.
# Compilation failed in require at t/60-http-tests.t line 21.
# BEGIN failed--compilation aborted at t/60-http-tests.t line 21.
Can't locate object method "_raise_error" via package "XML::RSS::Tools" at /usr/home/cpansand/.cpan/build/2019042920/XML-RSS-Tools-0.34-0/blib/lib/XML/RSS/Tools.pm line 561.
# Looks like your test exited with 255 just after 5.
t/60-http-tests.t ........ 
Dubious, test returned 255 (wstat 65280, 0xff00)
Failed 18/22 subtests 
	(less 2 skipped subtests: 2 okay)
t/70-pod-test.t .......... ok

#   Failed test at t/71-pod-cover-1.t line 29.

#   Failed test 'no warnings'
#   at t/71-pod-cover-1.t line 30.
# There were 1 warning(s)
# 	Previous test 0 ''
# 	Malformed UTF-8 character: \xc6\x7d (unexpected non-continuation byte 0x7d, immediately after start byte 0xc6; need 2 bytes, got 1) at /usr/home/cpansand/.cpan/build/2019042920/XML-RSS-Tools-0.34-0/blib/lib/XML/RSS/Tools.pm line 657.
#  at /usr/home/cpansand/.cpan/build/2019042920/XML-RSS-Tools-0.34-0/blib/lib/XML/RSS/Tools.pm line 657.
# 	require XML/RSS/Tools.pm called at (eval 70) line 1
# 	eval ' require XML::RSS::Tools ' called at /usr/perl5.29.10p/lib/site_perl/5.29.10/Pod/Coverage.pm line 308
# 	Pod::Coverage::_get_syms(Pod::Coverage=HASH(0x4100fe40), "XML::RSS::Tools") called at /usr/perl5.29.10p/lib/site_perl/5.29.10/Pod/Coverage.pm line 152
# 	Pod::Coverage::coverage(Pod::Coverage=HASH(0x4100fe40)) called at t/71-pod-cover-1.t line 29
# 
# Looks like you failed 2 tests of 2.
t/71-pod-cover-1.t ....... 
Dubious, test returned 2 (wstat 512, 0x200)
Failed 2/2 subtests 

#   Failed test 'Pod coverage on XML::RSS::Tools'
#   at t/72-pod-cover-2.t line 27.
# XML::RSS::Tools: requiring 'XML::RSS::Tools' failed

#   Failed test 'no warnings'
#   at t/72-pod-cover-2.t line 28.
# There were 1 warning(s)
# 	Previous test 0 ''
# 	Malformed UTF-8 character: \xc6\x7d (unexpected non-continuation byte 0x7d, immediately after start byte 0xc6; need 2 bytes, got 1) at /usr/home/cpansand/.cpan/build/2019042920/XML-RSS-Tools-0.34-0/blib/lib/XML/RSS/Tools.pm line 657.
#  at /usr/home/cpansand/.cpan/build/2019042920/XML-RSS-Tools-0.34-0/blib/lib/XML/RSS/Tools.pm line 657.
# 	require XML/RSS/Tools.pm called at (eval 71) line 1
# 	eval ' require XML::RSS::Tools ' called at /usr/perl5.29.10p/lib/site_perl/5.29.10/Pod/Coverage.pm line 308
# 	Pod::Coverage::_get_syms(Pod::Coverage=HASH(0x410ca750), "XML::RSS::Tools") called at /usr/perl5.29.10p/lib/site_perl/5.29.10/Pod/Coverage.pm line 152
# 	Pod::Coverage::coverage(Pod::Coverage=HASH(0x410ca750)) called at /usr/perl5.29.10p/lib/site_perl/5.29.10/Test/Pod/Coverage.pm line 169
# 	Test::Pod::Coverage::pod_coverage_ok("XML::RSS::Tools", HASH(0x410ca6d8)) called at t/72-pod-cover-2.t line 27
# 
# Looks like you failed 2 tests of 2.
t/72-pod-cover-2.t ....... 
Dubious, test returned 2 (wstat 512, 0x200)
Failed 2/2 subtests 
t/80-kwalitee.t .......... skipped: Author test. Set $ENV{TEST_AUTHOR} to a true value to run.
t/81-perl-critic.t ....... skipped: Author test. Set $ENV{TEST_AUTHOR} to a true value to run.
Malformed UTF-8 character: \xc6\x7d (unexpected non-continuation byte 0x7d, immediately after start byte 0xc6; need 2 bytes, got 1) at /usr/home/cpansand/.cpan/build/2019042920/XML-RSS-Tools-0.34-0/blib/lib/XML/RSS/Tools.pm line 657.

#   Failed test 'use XML::RSS::Tools;'
#   at /usr/perl5.29.10p/lib/site_perl/5.29.10/Test/Distribution.pm line 177.
#     Tried to use 'XML::RSS::Tools'.
#     Error:  Malformed UTF-8 character (fatal) at /usr/home/cpansand/.cpan/build/2019042920/XML-RSS-Tools-0.34-0/blib/lib/XML/RSS/Tools.pm line 657.
# Compilation failed in require at /usr/perl5.29.10p/lib/site_perl/5.29.10/Test/Distribution.pm line 177.
# BEGIN failed--compilation aborted at /usr/perl5.29.10p/lib/site_perl/5.29.10/Test/Distribution.pm line 177.

#   Failed test 'XML::RSS::Tools defines a version'
#   at /usr/perl5.29.10p/lib/site_perl/5.29.10/Test/Distribution.pm line 212.

#   Failed test 'Pod Coverage ok'
#   at /usr/perl5.29.10p/lib/site_perl/5.29.10/Test/Distribution.pm line 165.
# XML::RSS::Tools: requiring 'XML::RSS::Tools' failed
# Looks like you failed 3 tests of 10.
t/90-distribution.t ...... 
Dubious, test returned 3 (wstat 768, 0x300)
Failed 3/10 subtests 
	(less 1 skipped subtest: 6 okay)
t/91-meta-yaml.t ......... ok

Test Summary Report
-------------------
t/02-use.t             (Wstat: 512 Tests: 2 Failed: 2)
  Failed tests:  1-2
  Non-zero exit status: 2
t/03-basic-tests.t     (Wstat: 65280 Tests: 0 Failed: 0)
  Non-zero exit status: 255
  Parse errors: No plan found in TAP output
t/04-standard-tests.t  (Wstat: 512 Tests: 4 Failed: 1)
  Failed test:  1
  Non-zero exit status: 2
  Parse errors: Bad plan.  You planned 27 tests but ran 4.
t/05-version-tests.t   (Wstat: 65280 Tests: 2 Failed: 1)
  Failed test:  1
  Non-zero exit status: 255
  Parse errors: Bad plan.  You planned 11 tests but ran 2.
t/06-filehandle-tests.t (Wstat: 512 Tests: 1 Failed: 1)
  Failed test:  1
  Non-zero exit status: 2
  Parse errors: Bad plan.  You planned 11 tests but ran 1.
t/07-catalog-tests.t   (Wstat: 512 Tests: 2 Failed: 1)
  Failed test:  1
  Non-zero exit status: 2
  Parse errors: Bad plan.  You planned 13 tests but ran 2.
t/08-no-catalog.t      (Wstat: 65280 Tests: 0 Failed: 0)
  Non-zero exit status: 255
  Parse errors: No plan found in TAP output
t/50-error-tests.t     (Wstat: 512 Tests: 5 Failed: 1)
  Failed test:  1
  Non-zero exit status: 2
  Parse errors: Bad plan.  You planned 47 tests but ran 5.
t/51-debug-tests-1.t   (Wstat: 65280 Tests: 0 Failed: 0)
  Non-zero exit status: 255
  Parse errors: No plan found in TAP output
t/52-debug-tests-2.t   (Wstat: 512 Tests: 2 Failed: 1)
  Failed test:  1
  Non-zero exit status: 2
  Parse errors: Bad plan.  You planned 61 tests but ran 2.
t/53-no-debug-tests-1.t (Wstat: 65280 Tests: 0 Failed: 0)
  Non-zero exit status: 255
  Parse errors: Bad plan.  You planned 44 tests but ran 0.
t/54-no-debug-tests-2.t (Wstat: 512 Tests: 2 Failed: 1)
  Failed test:  1
  Non-zero exit status: 2
  Parse errors: Bad plan.  You planned 24 tests but ran 2.
t/60-http-tests.t      (Wstat: 65280 Tests: 5 Failed: 1)
  Failed test:  1
  Non-zero exit status: 255
  Parse errors: Bad plan.  You planned 22 tests but ran 5.
t/71-pod-cover-1.t     (Wstat: 512 Tests: 2 Failed: 2)
  Failed tests:  1-2
  Non-zero exit status: 2
t/72-pod-cover-2.t     (Wstat: 512 Tests: 2 Failed: 2)
  Failed tests:  1-2
  Non-zero exit status: 2
t/90-distribution.t    (Wstat: 768 Tests: 10 Failed: 3)
  Failed tests:  2-3, 10
  Non-zero exit status: 3
Files=22, Tests=57, 10 wallclock secs ( 0.08 usr  0.12 sys +  7.11 cusr  1.77 csys =  9.07 CPU)
Result: FAIL
Failed 16/22 test programs. 17/57 subtests failed.

------------------------------
PREREQUISITES
------------------------------

Prerequisite modules loaded:

requires:

    Module        Need    Have    
    ------------- ------- --------
    LWP           6.0     6.38    
    perl          v5.10.0 5.029010
    URI           1.58    1.76    
    XML::LibXML   1.70    2.0200  
    XML::LibXSLT  1.70    1.96    
    XML::RSS      1.46    1.60    

build_requires:

    Module        Need    Have    
    ------------- ------- --------
    IO::Capture   0.04    0.05    
    Module::Build 0.4     0.4229  
    Pod::Coverage 0.21    0.23    
    Test::Pod     1.0     1.52    
    Test::Warn    0.09    0.36    
    URI::file     4.19    4.21    
    YAML          0.60    1.27    

configure_requires:

    Module        Need    Have    
    ------------- ------- --------
    Module::Build 0.4     0.4229  


------------------------------
ENVIRONMENT AND OTHER CONTEXT
------------------------------

Environment variables:

    LC_ALL = de_DE.UTF-8
    PATH = /usr/local/bin:/usr/bin:/bin:/usr/local/sbin:/usr/sbin:/sbin:/home/cpansand/bin/freebsd12.0:/home/cpansand/bin/sh:/home/cpansand/bin:/usr/games:/home/cpansand/devel:/usr/home/eserte/src/srezic-misc/scripts
    PERL5LIB = 
    PERL5OPT = 
    PERL5_CPANPLUS_IS_RUNNING = 90018
    PERL5_CPAN_IS_RUNNING = 90018
    PERL5_CPAN_IS_RUNNING_IN_RECURSION = 24389,90018
    PERLDOC = -MPod::Perldoc::ToTextOverstrike
    PERL_BATCH = yes
    PERL_CANARY_STABILITY_NOPROMPT = 1
    PERL_CPAN_REPORTER_CONFIG = /var/tmp/cpansmoker-1023/2019042823/cpanreporter_000_config.ini
    PERL_EXTUTILS_AUTOINSTALL = --defaultdeps
    PERL_PARALLEL_SMOKER = yes
    PERL_USE_UNSAFE_INC = 1
    SHELL = /usr/local/bin/zsh
    TERM = screen
    TMPDIR = /var/tmp/cpansmoker-1023/2019042823

Perl special variables (and OS-specific diagnostics, for MSWin32):

    $^X = /usr/perl5.29.10p/bin/perl5.29.10
    $UID/$EUID = 1023 / 1023
    $GID = 1023 1023
    $EGID = 1023 1023

Perl module toolchain versions installed:

    Module              Have    
    ------------------- --------
    CPAN                2.26    
    CPAN::Meta          2.150010
    Cwd                 3.78    
    ExtUtils::CBuilder  0.280231
    ExtUtils::Command   7.34    
    ExtUtils::Install   2.14    
    ExtUtils::MakeMaker 7.34    
    ExtUtils::Manifest  1.72    
    ExtUtils::ParseXS   3.40    
    File::Spec          3.78    
    JSON                4.02    
    JSON::PP            4.02    
    Module::Build       0.4229  
    Module::Signature   0.83    
    Parse::CPAN::Meta   2.150010
    Test::Harness       3.42    
    Test::More          1.302162
    YAML                1.27    
    YAML::Syck          1.31    
    version             0.9924  


--

Summary of my perl5 (revision 5 version 29 subversion 10) configuration:
   
  Platform:
    osname=freebsd
    osvers=12.0-stable
    archname=amd64-freebsd
    uname='freebsd cloud1.bbbike.org 12.0-stable freebsd 12.0-stable 8077844c632(stable12) generic amd64 '
    config_args='-ds -e -Dprefix=/usr/perl5.29.10p -Dusedevel -Dusemallocwrap=no -Dcf_email=srezic@cpan.org -Doptimize=-O2 -pipe'
    hint=recommended
    useposix=true
    d_sigaction=define
    useithreads=undef
    usemultiplicity=undef
    use64bitint=define
    use64bitall=define
    uselongdouble=undef
    usemymalloc=n
    default_inc_excludes_dot=define
    bincompat5005=undef
  Compiler:
    cc='cc'
    ccflags ='-DHAS_FPSETMASK -DHAS_FLOATINGPOINT_H -fno-strict-aliasing -pipe -fstack-protector-strong -I/usr/local/include -D_FORTIFY_SOURCE=2'
    optimize='-O2 -pipe'
    cppflags='-DHAS_FPSETMASK -DHAS_FLOATINGPOINT_H -fno-strict-aliasing -pipe -fstack-protector-strong -I/usr/local/include'
    ccversion=''
    gccversion='4.2.1 Compatible FreeBSD Clang 8.0.0 (tags/RELEASE_800/final 356365)'
    gccosandvers=''
    intsize=4
    longsize=8
    ptrsize=8
    doublesize=8
    byteorder=12345678
    doublekind=3
    d_longlong=define
    longlongsize=8
    d_longdbl=define
    longdblsize=16
    longdblkind=3
    ivtype='long'
    ivsize=8
    nvtype='double'
    nvsize=8
    Off_t='off_t'
    lseeksize=8
    alignbytes=8
    prototype=define
  Linker and Libraries:
    ld='cc'
    ldflags ='-pthread -Wl,-E  -fstack-protector-strong -L/usr/local/lib'
    libpth=/usr/lib /usr/local/lib /usr/lib/clang/8.0.0/lib /usr/lib
    libs=-lpthread -lgdbm -ldl -lm -lcrypt -lutil -lc
    perllibs=-lpthread -ldl -lm -lcrypt -lutil -lc
    libc=
    so=so
    useshrplib=false
    libperl=libperl.a
    gnulibc_version=''
  Dynamic Linking:
    dlsrc=dl_dlopen.xs
    dlext=so
    d_dlsymun=undef
    ccdlflags=' '
    cccdlflags='-DPIC -fPIC'
    lddlflags='-shared  -L/usr/local/lib -fstack-protector-strong'


Characteristics of this binary (from libperl): 
  Compile-time options:
    HAS_TIMES
    PERLIO_LAYERS
    PERL_COPY_ON_WRITE
    PERL_DONT_CREATE_GVSV
    PERL_OP_PARENT
    PERL_PRESERVE_IVUV
    PERL_USE_DEVEL
    USE_64_BIT_ALL
    USE_64_BIT_INT
    USE_LARGE_FILES
    USE_LOCALE
    USE_LOCALE_COLLATE
    USE_LOCALE_CTYPE
    USE_LOCALE_NUMERIC
    USE_LOCALE_TIME
    USE_PERLIO
    USE_PERL_ATOF
  Built under freebsd
  Compiled at Apr 20 2019 22:03:13
  %ENV:
    PERL5LIB=""
    PERL5OPT=""
    PERL5_CPANPLUS_IS_RUNNING="90018"
    PERL5_CPAN_IS_RUNNING="90018"
    PERL5_CPAN_IS_RUNNING_IN_RECURSION="24389,90018"
    PERLDOC="-MPod::Perldoc::ToTextOverstrike"
    PERL_BATCH="yes"
    PERL_CANARY_STABILITY_NOPROMPT="1"
    PERL_CPAN_REPORTER_CONFIG="/var/tmp/cpansmoker-1023/2019042823/cpanreporter_000_config.ini"
    PERL_EXTUTILS_AUTOINSTALL="--defaultdeps"
    PERL_PARALLEL_SMOKER="yes"
    PERL_USE_UNSAFE_INC="1"
  @INC:
    /usr/perl5.29.10p/lib/site_perl/5.29.10/amd64-freebsd
    /usr/perl5.29.10p/lib/site_perl/5.29.10
    /usr/perl5.29.10p/lib/5.29.10/amd64-freebsd
    /usr/perl5.29.10p/lib/5.29.10
    .