AnyEvent v7.17 Perl 5 v5.19.1 MSWin32-x86-multi-thread-64int

Status
Fail
From
twata
Dist
AnyEvent v7.17
Platform
Perl 5 v5.19.1 MSWin32-x86-multi-thread-64int
Date
2025-06-29 13:49:10
ID
c06c551a-6bf5-1014-a9ff-9b39bcd771f8
This distribution has been tested as part of the CPAN Testers
project, supporting the Perl programming language.  See
http://wiki.cpantesters.org/ for more information or email
questions to cpan-testers-discuss@perl.org


--
Dear Marc A. Lehmann,

This is a computer-generated report for AnyEvent-7.17
on perl 5.19.1, created by CPAN-Reporter-1.2020.

Thank you for uploading your work to CPAN.  However, there was a problem
testing your distribution.

If you think this report is invalid, please consult the CPAN Testers Wiki
for suggestions on how to avoid getting FAIL reports for missing library
or binary dependencies, unsupported operating systems, and so on:

http://wiki.cpantesters.org/wiki/CPANAuthorNotes

Sections of this report:

    * Tester comments
    * Program output
    * Prerequisites
    * Environment and other context

------------------------------
TESTER COMMENTS
------------------------------

Additional comments from tester:

none provided

------------------------------
PROGRAM OUTPUT
------------------------------

Output from 'C:\PROGRA~1\MICROS~2.0\VC\BIN\nmake.EXE test':


Microsoft (R) Program Maintenance Utility Version 12.00.21005.1
Copyright (C) Microsoft Corporation.  All rights reserved.

Skip blib\lib/AnyEvent/IO/Perl.pm (unchanged)
Skip blib\lib/AnyEvent/Impl/Irssi.pm (unchanged)
Skip blib\lib/AnyEvent/IO.pm (unchanged)
Skip blib\lib/AnyEvent/IO/IOAIO.pm (unchanged)
Skip blib\lib/AnyEvent/FAQ.pod (unchanged)
Skip blib\lib/AnyEvent/Impl/EV.pm (unchanged)
Skip blib\lib/AnyEvent/Impl/Glib.pm (unchanged)
Skip blib\lib/AnyEvent/DNS.pm (unchanged)
Skip blib\lib/AnyEvent/Impl/Event.pm (unchanged)
Skip blib\lib/AnyEvent/Impl/IOAsync.pm (unchanged)
Skip blib\lib/AnyEvent/Impl/Cocoa.pm (unchanged)
Skip blib\lib/AnyEvent/Impl/FLTK.pm (unchanged)
Skip blib\lib/AnyEvent/Impl/POE.pm (unchanged)
Skip blib\lib/AE.pm (unchanged)
Skip blib\lib/AnyEvent/Debug.pm (unchanged)
Skip blib\lib/AnyEvent.pm (unchanged)
Skip blib\lib/AnyEvent/Handle.pm (unchanged)
Skip blib\lib/AnyEvent/Impl/EventLib.pm (unchanged)
Skip blib\lib/AnyEvent/Loop.pm (unchanged)
Skip blib\lib/AnyEvent/Util/idna.pl (unchanged)
Skip blib\lib/AnyEvent/Log.pm (unchanged)
Skip blib\lib/AnyEvent/Strict.pm (unchanged)
Skip blib\lib/AnyEvent/Impl/Perl.pm (unchanged)
Skip blib\lib/AnyEvent/Impl/Tk.pm (unchanged)
Skip blib\lib/AnyEvent/Impl/Qt.pm (unchanged)
Skip blib\lib/AnyEvent/Socket.pm (unchanged)
cp lib/AnyEvent/constants.pl blib\arch/AnyEvent/constants.pl
Skip blib\lib/AnyEvent/Impl/UV.pm (unchanged)
Skip blib\lib/AnyEvent/Util.pm (unchanged)
Skip blib\lib/AnyEvent/Intro.pod (unchanged)
Skip blib\lib/AnyEvent/Util/uts46data.pl (unchanged)
Skip blib\lib/AnyEvent/TLS.pm (unchanged)
	"C:\vsperl32\5.19.1\bin\perl.exe" "-Iblib\arch" "-Iblib\lib" constants.pl.PL constants.pl
	"C:\vsperl32\5.19.1\bin\perl.exe" "-MExtUtils::Command::MM" "-MTest::Harness" "-e" "undef *Test::Harness::Switches; test_harness(0, 'blib\lib', 'blib\arch')" t\*.t t\handle\*.t
t\00_load.t ................ ok
t\01_basic.t ............... ok
t\02_signals.t ............. skipped: Broken perl detected, skipping tests.
t\03_child.t ............... skipped: Your perl interpreter is badly BROKEN. Child watchers will not work, ever. Try upgrading to a newer perl or a working perl (cygwin's perl is known to work). If that is not an option, you should be able to use the remaining functionality of AnyEvent, but child watchers WILL NOT WORK.
t\04_condvar.t ............. ok
t\05_dns.t ................. ok
t\06_socket.t .............. ok
t\07_io.t .................. ok
t\08_idna.t ................ ok
t\09_multi.t ............... skipped: Your perl interpreter is badly BROKEN. Child watchers will not work, ever. Try upgrading to a newer perl or a working perl (cygwin's perl is known to work). If that is not an option, you should be able to use the remaining functionality of AnyEvent, but child watchers WILL NOT WORK.
t\10_loadall.t ............. ok
t\11_io_perl.t ............. ok
t\12_io_ioaio.t ............ skipped: AnyEvent::IO::IOAIO not loadable
t\13_weaken.t .............. ok
t\61_fltk_01_basic.t ....... skipped: PERL_ANYEVENT_LOOP_TESTS not true
t\61_fltk_02_signals.t ..... skipped: Broken perl detected, skipping tests.
t\61_fltk_03_child.t ....... skipped: Your perl interpreter is badly BROKEN. Child watchers will not work, ever. Try upgrading to a newer perl or a working perl (cygwin's perl is known to work). If that is not an option, you should be able to use the remaining functionality of AnyEvent, but child watchers WILL NOT WORK.
t\61_fltk_04_condvar.t ..... skipped: PERL_ANYEVENT_LOOP_TESTS not true
t\61_fltk_05_dns.t ......... skipped: PERL_ANYEVENT_LOOP_TESTS not true
t\61_fltk_07_io.t .......... skipped: PERL_ANYEVENT_LOOP_TESTS not true
t\61_fltk_09_multi.t ....... skipped: Your perl interpreter is badly BROKEN. Child watchers will not work, ever. Try upgrading to a newer perl or a working perl (cygwin's perl is known to work). If that is not an option, you should be able to use the remaining functionality of AnyEvent, but child watchers WILL NOT WORK.
t\62_cocoa_01_basic.t ...... skipped: PERL_ANYEVENT_LOOP_TESTS not true
t\62_cocoa_02_signals.t .... skipped: Broken perl detected, skipping tests.
t\62_cocoa_03_child.t ...... skipped: Your perl interpreter is badly BROKEN. Child watchers will not work, ever. Try upgrading to a newer perl or a working perl (cygwin's perl is known to work). If that is not an option, you should be able to use the remaining functionality of AnyEvent, but child watchers WILL NOT WORK.
t\62_cocoa_04_condvar.t .... skipped: PERL_ANYEVENT_LOOP_TESTS not true
t\62_cocoa_05_dns.t ........ skipped: PERL_ANYEVENT_LOOP_TESTS not true
t\62_cocoa_07_io.t ......... skipped: PERL_ANYEVENT_LOOP_TESTS not true
t\62_cocoa_09_multi.t ...... skipped: Your perl interpreter is badly BROKEN. Child watchers will not work, ever. Try upgrading to a newer perl or a working perl (cygwin's perl is known to work). If that is not an option, you should be able to use the remaining functionality of AnyEvent, but child watchers WILL NOT WORK.
t\64_glib_01_basic.t ....... skipped: PERL_ANYEVENT_LOOP_TESTS not true
t\64_glib_02_signals.t ..... skipped: Broken perl detected, skipping tests.
t\64_glib_03_child.t ....... skipped: Your perl interpreter is badly BROKEN. Child watchers will not work, ever. Try upgrading to a newer perl or a working perl (cygwin's perl is known to work). If that is not an option, you should be able to use the remaining functionality of AnyEvent, but child watchers WILL NOT WORK.
t\64_glib_04_condvar.t ..... skipped: PERL_ANYEVENT_LOOP_TESTS not true
t\64_glib_05_dns.t ......... skipped: PERL_ANYEVENT_LOOP_TESTS not true
t\64_glib_07_io.t .......... skipped: PERL_ANYEVENT_LOOP_TESTS not true
t\64_glib_09_multi.t ....... skipped: Your perl interpreter is badly BROKEN. Child watchers will not work, ever. Try upgrading to a newer perl or a working perl (cygwin's perl is known to work). If that is not an option, you should be able to use the remaining functionality of AnyEvent, but child watchers WILL NOT WORK.
t\65_event_01_basic.t ...... skipped: PERL_ANYEVENT_LOOP_TESTS not true
t\65_event_02_signals.t .... skipped: Broken perl detected, skipping tests.
t\65_event_03_child.t ...... skipped: Your perl interpreter is badly BROKEN. Child watchers will not work, ever. Try upgrading to a newer perl or a working perl (cygwin's perl is known to work). If that is not an option, you should be able to use the remaining functionality of AnyEvent, but child watchers WILL NOT WORK.
t\65_event_04_condvar.t .... skipped: PERL_ANYEVENT_LOOP_TESTS not true
t\65_event_05_dns.t ........ skipped: PERL_ANYEVENT_LOOP_TESTS not true
t\65_event_07_io.t ......... skipped: PERL_ANYEVENT_LOOP_TESTS not true
t\65_event_09_multi.t ...... skipped: Your perl interpreter is badly BROKEN. Child watchers will not work, ever. Try upgrading to a newer perl or a working perl (cygwin's perl is known to work). If that is not an option, you should be able to use the remaining functionality of AnyEvent, but child watchers WILL NOT WORK.
t\66_ioasync_01_basic.t .... skipped: PERL_ANYEVENT_LOOP_TESTS not true
t\66_ioasync_02_signals.t .. skipped: Broken perl detected, skipping tests.
t\66_ioasync_03_child.t .... skipped: Your perl interpreter is badly BROKEN. Child watchers will not work, ever. Try upgrading to a newer perl or a working perl (cygwin's perl is known to work). If that is not an option, you should be able to use the remaining functionality of AnyEvent, but child watchers WILL NOT WORK.
t\66_ioasync_04_condvar.t .. skipped: PERL_ANYEVENT_LOOP_TESTS not true
t\66_ioasync_05_dns.t ...... skipped: PERL_ANYEVENT_LOOP_TESTS not true
t\66_ioasync_07_io.t ....... skipped: PERL_ANYEVENT_LOOP_TESTS not true
t\66_ioasync_09_multi.t .... skipped: Your perl interpreter is badly BROKEN. Child watchers will not work, ever. Try upgrading to a newer perl or a working perl (cygwin's perl is known to work). If that is not an option, you should be able to use the remaining functionality of AnyEvent, but child watchers WILL NOT WORK.
t\67_tk_01_basic.t ......... skipped: PERL_ANYEVENT_LOOP_TESTS not true
t\67_tk_02_signals.t ....... skipped: Broken perl detected, skipping tests.
t\67_tk_03_child.t ......... skipped: Your perl interpreter is badly BROKEN. Child watchers will not work, ever. Try upgrading to a newer perl or a working perl (cygwin's perl is known to work). If that is not an option, you should be able to use the remaining functionality of AnyEvent, but child watchers WILL NOT WORK.
t\67_tk_04_condvar.t ....... skipped: PERL_ANYEVENT_LOOP_TESTS not true
t\67_tk_05_dns.t ........... skipped: PERL_ANYEVENT_LOOP_TESTS not true
t\67_tk_07_io.t ............ skipped: PERL_ANYEVENT_LOOP_TESTS not true
t\67_tk_09_multi.t ......... skipped: Your perl interpreter is badly BROKEN. Child watchers will not work, ever. Try upgrading to a newer perl or a working perl (cygwin's perl is known to work). If that is not an option, you should be able to use the remaining functionality of AnyEvent, but child watchers WILL NOT WORK.
t\68_poe_01_basic.t ........ skipped: PERL_ANYEVENT_LOOP_TESTS not true
t\68_poe_02_signals.t ...... skipped: Broken perl detected, skipping tests.
t\68_poe_03_child.t ........ skipped: Your perl interpreter is badly BROKEN. Child watchers will not work, ever. Try upgrading to a newer perl or a working perl (cygwin's perl is known to work). If that is not an option, you should be able to use the remaining functionality of AnyEvent, but child watchers WILL NOT WORK.
t\68_poe_04_condvar.t ...... skipped: PERL_ANYEVENT_LOOP_TESTS not true
t\68_poe_05_dns.t .......... skipped: PERL_ANYEVENT_LOOP_TESTS not true
t\68_poe_07_io.t ........... skipped: PERL_ANYEVENT_LOOP_TESTS not true
t\68_poe_09_multi.t ........ skipped: Your perl interpreter is badly BROKEN. Child watchers will not work, ever. Try upgrading to a newer perl or a working perl (cygwin's perl is known to work). If that is not an option, you should be able to use the remaining functionality of AnyEvent, but child watchers WILL NOT WORK.
t\69_ev_01_basic.t ......... skipped: PERL_ANYEVENT_LOOP_TESTS not true
t\69_ev_02_signals.t ....... skipped: Broken perl detected, skipping tests.
t\69_ev_03_child.t ......... skipped: Your perl interpreter is badly BROKEN. Child watchers will not work, ever. Try upgrading to a newer perl or a working perl (cygwin's perl is known to work). If that is not an option, you should be able to use the remaining functionality of AnyEvent, but child watchers WILL NOT WORK.
t\69_ev_04_condvar.t ....... skipped: PERL_ANYEVENT_LOOP_TESTS not true
t\69_ev_05_dns.t ........... skipped: PERL_ANYEVENT_LOOP_TESTS not true
t\69_ev_07_io.t ............ skipped: PERL_ANYEVENT_LOOP_TESTS not true
t\69_ev_09_multi.t ......... skipped: Your perl interpreter is badly BROKEN. Child watchers will not work, ever. Try upgrading to a newer perl or a working perl (cygwin's perl is known to work). If that is not an option, you should be able to use the remaining functionality of AnyEvent, but child watchers WILL NOT WORK.
t\70_uv_01_basic.t ......... skipped: PERL_ANYEVENT_LOOP_TESTS not true
t\70_uv_02_signals.t ....... skipped: Broken perl detected, skipping tests.
t\70_uv_03_child.t ......... skipped: Your perl interpreter is badly BROKEN. Child watchers will not work, ever. Try upgrading to a newer perl or a working perl (cygwin's perl is known to work). If that is not an option, you should be able to use the remaining functionality of AnyEvent, but child watchers WILL NOT WORK.
t\70_uv_04_condvar.t ....... skipped: PERL_ANYEVENT_LOOP_TESTS not true
t\70_uv_05_dns.t ........... skipped: PERL_ANYEVENT_LOOP_TESTS not true
t\70_uv_07_io.t ............ skipped: PERL_ANYEVENT_LOOP_TESTS not true
t\70_uv_09_multi.t ......... skipped: Your perl interpreter is badly BROKEN. Child watchers will not work, ever. Try upgrading to a newer perl or a working perl (cygwin's perl is known to work). If that is not an option, you should be able to use the remaining functionality of AnyEvent, but child watchers WILL NOT WORK.

#   Failed test 'server_error <Šm—§‚³‚ꂽÚ‘±‚ªƒzƒXƒg ƒRƒ“ƒsƒ…[ƒ^[‚̃\ƒEƒgƒEƒFƒA‚É‚æ‚Á‚Ä’†Ž~‚³‚ê‚Ü‚µ‚½B>'
#   at t\80_ssltest.t line 37.
# Looks like you failed 1 test of 415.
t\80_ssltest.t ............. 
Dubious, test returned 1 (wstat 256, 0x100)
Failed 1/415 subtests 
t\81_hosts.t ............... ok
t\handle\01_readline.t ..... ok
t\handle\02_write.t ........ ok
t\handle\03_http_req.t ..... skipped: PERL_ANYEVENT_NET_TESTS environment variable not set
t\handle\04_listen.t ....... ok

Test Summary Report
-------------------
t\80_ssltest.t           (Wstat: 256 (exited 1) Tests: 415 Failed: 1)
  Failed test:  6
  Non-zero exit status: 1
Files=83, Tests=602, 11 wallclock secs ( 0.55 usr +  0.20 sys =  0.75 CPU)
Result: FAIL
Failed 1/83 test programs. 1/602 subtests failed.
NMAKE : fatal error U1077: 'C:\vsperl32\5.19.1\bin\perl.exe' : return code '0xff'
Stop.

------------------------------
PREREQUISITES
------------------------------

Prerequisite modules loaded:

build_requires:

    Module              Need Have
    ------------------- ---- ----
    ExtUtils::MakeMaker 0    7.76

configure_requires:

    Module              Need Have
    ------------------- ---- ----
    Canary::Stability   0    2013
    ExtUtils::MakeMaker 6.52 7.76


------------------------------
ENVIRONMENT AND OTHER CONTEXT
------------------------------

Environment variables:

    COMSPEC = C:\windows\system32\cmd.exe
    INCLUDE = C:\Program Files\Microsoft Visual Studio 12.0\VC\INCLUDE;C:\Program Files\Microsoft Visual Studio 12.0\VC\ATLMFC\INCLUDE;C:\Program Files\Windows Kits\8.1\include\shared;C:\Program Files\Windows Kits\8.1\include\um;C:\Program Files\Windows Kits\8.1\include\winrt;;C:\ext\lib\zlib-1.3.1\include;C:\perl32\local\include
    LC_ALL = C
    LIB = C:\Program Files\Microsoft Visual Studio 12.0\VC\LIB;C:\Program Files\Microsoft Visual Studio 12.0\VC\ATLMFC\LIB;C:\Program Files\Windows Kits\8.1\lib\winv6.3\um\x86;;C:\ext\lib\zlib-1.3.1\lib
    NUMBER_OF_PROCESSORS = 4
    PATH = C:\home\mercury5191\perl5\bin;C:\vsperl32\5.19.1\bin;C:\build-openssl\bin;C:\ext\lib\zlib-1.3.1\bin;C:\Program Files\Microsoft Visual Studio 12.0\Common7\IDE\CommonExtensions\Microsoft\TestWindow;C:\Program Files\Microsoft SDKs\F#\3.1\Framework\v4.0\;C:\Program Files\MSBuild\12.0\bin;C:\Program Files\Microsoft Visual Studio 12.0\Common7\IDE\;C:\Program Files\Microsoft Visual Studio 12.0\VC\BIN;C:\Program Files\Microsoft Visual Studio 12.0\Common7\Tools;C:\windows\Microsoft.NET\Framework\v4.0.30319;C:\Program Files\Microsoft Visual Studio 12.0\VC\VCPackages;C:\Program Files\HTML Help Workshop;C:\Program Files\Microsoft Visual Studio 12.0\Team Tools\Performance Tools;C:\Program Files\Windows Kits\8.1\bin\x86;C:\Program Files\Microsoft SDKs\Windows\v8.1A\bin\NETFX 4.5.1 Tools\;C:\Windows\System32;C:\Windows;C:\Windows\System32\Wbem;C:\windows\System32\WindowsPowerShell\v1.0\
    PERL5LIB = C:\home\mercury5191\perl5\lib\perl5
    PERL5OPT = 
    PERL5_CPANPLUS_IS_RUNNING = 5336
    PERL5_CPAN_IS_RUNNING = 5336
    PERL_LOCAL_LIB_ROOT = C:\home\mercury5191\perl5
    PERL_MB_OPT = --install_base "C:\\home\\mercury5191\\perl5"
    PERL_MM_OPT = INSTALL_BASE=C:\\home\\mercury5191\\perl5
    PROCESSOR_IDENTIFIER = x86 Family 6 Model 37 Stepping 5, GenuineIntel
    TEMP = C:\Users\user\AppData\Local\Temp
    TERM = dumb

Perl special variables (and OS-specific diagnostics, for MSWin32):

    $^X = C:\vsperl32\5.19.1\bin\perl.exe
    $UID/$EUID = 0 / 0
    $GID = 0
    $EGID = 0
    Win32::GetOSName = Win7
    Win32::GetOSVersion = Service Pack 1, 6, 1, 7601, 2, 1, 0, 256, 1
    Win32::FsType = NTFS
    Win32::IsAdminUser = 0

Perl module toolchain versions installed:

    Module              Have    
    ------------------- --------
    CPAN                2.00    
    CPAN::Meta          2.143240
    Cwd                 3.41    
    ExtUtils::CBuilder  0.280210
    ExtUtils::Command   7.76    
    ExtUtils::Install   2.06    
    ExtUtils::MakeMaker 7.76    
    ExtUtils::Manifest  1.70    
    ExtUtils::ParseXS   3.19    
    File::Spec          3.41    
    JSON                n/a     
    JSON::PP            4.16    
    Module::Build       0.4005  
    Module::Signature   n/a     
    Parse::CPAN::Meta   1.4414  
    Test2               n/a     
    Test::Harness       3.52    
    Test::More          1.001014
    YAML                0.84    
    YAML::Syck          n/a     
    version             0.9902  


--

Summary of my perl5 (revision 5 version 19 subversion 1) configuration:
   
  Platform:
    osname=MSWin32, osvers=6.1, archname=MSWin32-x86-multi-thread-64int
    uname=''
    config_args='undef'
    hint=recommended, useposix=true, d_sigaction=undef
    useithreads=define, usemultiplicity=define
    useperlio=define, d_sfio=undef, uselargefiles=define, usesocks=undef
    use64bitint=define, use64bitall=undef, uselongdouble=undef
    usemymalloc=n, bincompat5005=undef
  Compiler:
    cc='cl', ccflags ='-nologo -GF -W3 -O1 -MD -Zi -DNDEBUG -DWIN32 -D_CONSOLE -DNO_STRICT -D_CRT_SECURE_NO_DEPRECATE -D_CRT_NONSTDC_NO_DEPRECATE  -DPERL_TEXTMODE_SCRIPTS -DPERL_IMPLICIT_CONTEXT -DPERL_IMPLICIT_SYS -DUSE_PERLIO',
    optimize='-O1 -MD -Zi -DNDEBUG',
    cppflags='-DWIN32'
    ccversion='18.00.40629', gccversion='', gccosandvers=''
    intsize=4, longsize=4, ptrsize=4, doublesize=8, byteorder=12345678
    d_longlong=undef, longlongsize=8, d_longdbl=define, longdblsize=8
    ivtype='__int64', ivsize=8, nvtype='double', nvsize=8, Off_t='__int64', lseeksize=8
    alignbytes=8, prototype=define
  Linker and Libraries:
    ld='link', ldflags ='-nologo -nodefaultlib -debug -opt:ref,icf  -libpath:"c:\vsperl32\5.19.1\lib\CORE"  -machine:x86 "/manifestdependency:type='Win32' name='Microsoft.Windows.Common-Controls' version='6.0.0.0' processorArchitecture='*' publicKeyToken='6595b64144ccf1df' language='*'"'
    libpth=\lib
    libs=oldnames.lib kernel32.lib user32.lib gdi32.lib winspool.lib  comdlg32.lib advapi32.lib shell32.lib ole32.lib oleaut32.lib  netapi32.lib uuid.lib ws2_32.lib mpr.lib winmm.lib  version.lib odbc32.lib odbccp32.lib comctl32.lib msvcrt.lib
    perllibs=oldnames.lib kernel32.lib user32.lib gdi32.lib winspool.lib  comdlg32.lib advapi32.lib shell32.lib ole32.lib oleaut32.lib  netapi32.lib uuid.lib ws2_32.lib mpr.lib winmm.lib  version.lib odbc32.lib odbccp32.lib comctl32.lib msvcrt.lib
    libc=msvcrt.lib, so=dll, useshrplib=true, libperl=perl519.lib
    gnulibc_version=''
  Dynamic Linking:
    dlsrc=dl_win32.xs, dlext=dll, d_dlsymun=undef, ccdlflags=' '
    cccdlflags=' ', lddlflags='-dll -nologo -nodefaultlib -debug -opt:ref,icf  -libpath:"c:\vsperl32\5.19.1\lib\CORE"  -machine:x86 "/manifestdependency:type='Win32' name='Microsoft.Windows.Common-Controls' version='6.0.0.0' processorArchitecture='*' publicKeyToken='6595b64144ccf1df' language='*'"'


Characteristics of this binary (from libperl): 
  Compile-time options: HAS_TIMES HAVE_INTERP_INTERN MULTIPLICITY
                        PERLIO_LAYERS PERL_DONT_CREATE_GVSV
                        PERL_HASH_FUNC_ONE_AT_A_TIME_HARD
                        PERL_IMPLICIT_CONTEXT PERL_IMPLICIT_SYS
                        PERL_MALLOC_WRAP PERL_NEW_COPY_ON_WRITE
                        PERL_PRESERVE_IVUV USE_64_BIT_INT USE_ITHREADS
                        USE_LARGE_FILES USE_LOCALE USE_LOCALE_COLLATE
                        USE_LOCALE_CTYPE USE_LOCALE_NUMERIC USE_PERLIO
                        USE_PERL_ATOF
  Built under MSWin32
  Compiled at May 31 2025 23:42:52
  %ENV:
    PERL5LIB="C:\home\mercury5191\perl5\lib\perl5"
    PERL5_CPANPLUS_IS_RUNNING="5336"
    PERL5_CPAN_IS_RUNNING="5336"
    PERL_LOCAL_LIB_ROOT="C:\home\mercury5191\perl5"
    PERL_MB_OPT="--install_base "C:\\home\\mercury5191\\perl5""
    PERL_MM_OPT="INSTALL_BASE=C:\\home\\mercury5191\\perl5"
  @INC:
    C:\home\mercury5191\perl5\lib\perl5/MSWin32-x86-multi-thread-64int
    C:\home\mercury5191\perl5\lib\perl5
    C:/vsperl32/site/5.19.1/lib
    C:/vsperl32/5.19.1/lib
    .