Back
From: metabase:user:30f4dfbe-2aae-11df-837a-5e0a49663a4f
Subject: FAIL Bash-Completion-0.002 v5.6.2 GNU/Linux
Date: 2011-08-01T18:40:38Z
This distribution has been tested as part of the CPAN Testers
project, supporting the Perl programming language. See
http://wiki.cpantesters.org/ for more information or email
questions to cpan-testers-discuss@perl.org
--
Dear Pedro Melo,
This is a computer-generated report for Bash-Completion-0.002
on perl 5.6.2, created by CPAN-Reporter-1.1902.
Thank you for uploading your work to CPAN. However, there was a problem
testing your distribution.
If you think this report is invalid, please consult the CPAN Testers Wiki
for suggestions on how to avoid getting FAIL reports for missing library
or binary dependencies, unsupported operating systems, and so on:
http://wiki.cpantesters.org/wiki/CPANAuthorNotes
Sections of this report:
* Tester comments
* Program output
* Prerequisites
* Environment and other context
------------------------------
TESTER COMMENTS
------------------------------
Additional comments from tester:
this report is from an automated smoke testing program
and was not reviewed by a human for accuracy
------------------------------
PROGRAM OUTPUT
------------------------------
Output from '/usr/bin/make test':
PERL_DL_NONLAZY=1 /usr/local/bin/perl5.6.2 "-MExtUtils::Command::MM" "-e" "test_harness(0, 'blib/lib', 'blib/arch')" t/*.t
Unrecognized escape \h passed through at /home/njh/.local/share/.cpan/build/Bash-Completion-0.002-3XUbNT/blib/lib/Bash/Completion/Request.pm line 69.
# Failed test '... correct number of parsed arguments'
# at t/03-request.t line 20.
# got: '2'
# expected: '3'
# Failed test '... and the expected arguments'
# at t/03-request.t line 21.
# Compared array length of $data
# got : array with 2 element(s)
# expect : array with 3 element(s)
# Looks like you failed 2 tests of 9.
t/03-request.t ..............
Dubious, test returned 2 (wstat 512, 0x200)
Failed 2/9 subtests
t/05-utils.t ................ ok
t/07-plugin.t ............... ok
Unrecognized escape \h passed through at /home/njh/.local/share/.cpan/build/Bash-Completion-0.002-3XUbNT/blib/lib/Bash/Completion/Request.pm line 69.
Parentheses missing around "my" list at /home/njh/.local/share/.cpan/build/Bash-Completion-0.002-3XUbNT/blib/lib/Bash/Completion/Plugins/Perldoc.pm line 70.
# Failed test '... with the expected setup command for bash-complete'
# at t/10-bash-completion.t line 25.
# 'complete -C 'bash-complete complete Perldoc -- ' -o nospace -o default perldoc
# '
# doesn't match '(?-xism:bash-complete complete BashComplete)'
# Looks like you failed 1 test of 9.
t/10-bash-completion.t ......
Dubious, test returned 1 (wstat 256, 0x100)
Failed 1/9 subtests
Unrecognized escape \h passed through at /home/njh/.local/share/.cpan/build/Bash-Completion-0.002-3XUbNT/blib/lib/Bash/Completion/Request.pm line 69.
t/50-app-bash-complete.t .... ok
Unrecognized escape \h passed through at /home/njh/.local/share/.cpan/build/Bash-Completion-0.002-3XUbNT/blib/lib/Bash/Completion/Request.pm line 69.
# Failed test 'Expected for "complete"'
# at t/60-plugin-bashcomplete.t line 21.
# Looks like you failed 1 test of 4.
t/60-plugin-bashcomplete.t ..
Dubious, test returned 1 (wstat 256, 0x100)
Failed 1/4 subtests
t/release-distmeta.t ........ skipped: these tests are for release candidate testing
t/release-eol.t ............. skipped: these tests are for release candidate testing
t/release-no-tabs.t ......... skipped: these tests are for release candidate testing
t/release-pod-coverage.t .... skipped: these tests are for release candidate testing
t/release-pod-syntax.t ...... skipped: these tests are for release candidate testing
Test Summary Report
-------------------
t/03-request.t (Wstat: 512 Tests: 9 Failed: 2)
Failed tests: 6-7
Non-zero exit status: 2
t/10-bash-completion.t (Wstat: 256 Tests: 9 Failed: 1)
Failed test: 7
Non-zero exit status: 1
t/60-plugin-bashcomplete.t (Wstat: 256 Tests: 4 Failed: 1)
Failed test: 4
Non-zero exit status: 1
Files=11, Tests=50, 0 wallclock secs ( 0.06 usr 0.03 sys + 0.37 cusr 0.05 csys = 0.51 CPU)
Result: FAIL
Failed 3/11 test programs. 4/50 subtests failed.
make: *** [test_dynamic] Error 11
------------------------------
PREREQUISITES
------------------------------
Prerequisite modules loaded:
requires:
Module Need Have
------------------- ---- -----
File::Spec 0 3.33
Getopt::Long 0 2.38
Module::Pluggable 0 3.9
parent 0 0.225
build_requires:
Module Need Have
------------------- ---- -----
Test::Deep 0 0.108
Test::More 0.98 0.98
configure_requires:
Module Need Have
------------------- ---- -----
ExtUtils::MakeMaker 6.30 6.56
------------------------------
ENVIRONMENT AND OTHER CONTEXT
------------------------------
Environment variables:
AUTOMATED_TESTING = 1
LANG = en_US.UTF-8
PATH = /usr/bin:/bin
PERL5LIB =
PERL5OPT =
PERL5_CPANPLUS_IS_RUNNING = 2599
PERL5_CPAN_IS_RUNNING = 2599
PERL5_MINISMOKEBOX = 0.54
PERL_EXTUTILS_AUTOINSTALL = --defaultdeps
PERL_MM_USE_DEFAULT = 1
SHELL = /bin/sh
Perl special variables (and OS-specific diagnostics, for MSWin32):
$^X = /usr/local/bin/perl5.6.2
$UID/$EUID = 1000 / 1000
$GID = 1000 1000 112 104 46 44 29 25 24 20
$EGID = 1000 1000 112 104 46 44 29 25 24 20
Perl module toolchain versions installed:
Module Have
------------------- ------
CPAN 1.9600
Cwd 3.33
ExtUtils::CBuilder 0.2703
ExtUtils::Command 1.16
ExtUtils::Install 1.54
ExtUtils::MakeMaker 6.56
ExtUtils::Manifest 1.58
ExtUtils::ParseXS 2.2206
File::Spec 3.33
Module::Build 0.3800
Module::Signature 0.66
Test::Harness 3.23
Test::More 0.98
YAML n/a
YAML::Syck 1.17
version 0.91
--
Summary of my perl5 (revision 5.0 version 6 subversion 2) configuration:
Platform:
osname=linux, osvers=2.6.32-5-amd64, archname=x86_64-linux
uname='linux bandsman.dyndns-ip.com 2.6.32-5-amd64 #1 smp thu nov 25 18:02:11 utc 2010 x86_64 gnulinux '
config_args='-de'
hint=recommended, useposix=true, d_sigaction=define
usethreads=undef use5005threads=undef useithreads=undef usemultiplicity=undef
useperlio=undef d_sfio=undef uselargefiles=define usesocks=undef
use64bitint=define use64bitall=define uselongdouble=undef
Compiler:
cc='cc', ccflags ='-fno-strict-aliasing -I/usr/local/include -D_LARGEFILE_SOURCE -D_FILE_OFFSET_BITS=64',
optimize='-O2',
cppflags='-fno-strict-aliasing -I/usr/local/include'
ccversion='', gccversion='4.4.5', gccosandvers=''
intsize=4, longsize=8, ptrsize=8, doublesize=8, byteorder=12345678
d_longlong=define, longlongsize=8, d_longdbl=define, longdblsize=16
ivtype='long', ivsize=8, nvtype='double', nvsize=8, Off_t='off_t', lseeksize=8
alignbytes=8, usemymalloc=n, prototype=define
Linker and Libraries:
ld='cc', ldflags =' -L/usr/local/lib'
libpth=/usr/local/lib /lib /usr/lib
libs=-lnsl -ldb -ldl -lm -lc -lcrypt -lutil
perllibs=-lnsl -ldl -lm -lc -lcrypt -lutil
libc=/lib/libc-2.11.2.so, so=so, useshrplib=false, libperl=libperl.a
Dynamic Linking:
dlsrc=dl_dlopen.xs, dlext=so, d_dlsymun=undef, ccdlflags='-rdynamic'
cccdlflags='-fpic', lddlflags='-shared -L/usr/local/lib'
Characteristics of this binary (from libperl):
Compile-time options: USE_64_BIT_INT USE_64_BIT_ALL USE_LARGE_FILES
Locally applied patches:
SMOKE2bce2321552345ccb985b6a4b87542c3eaefbac5
Built under linux
Compiled at Dec 1 2010 10:04:01
%ENV:
PERL5LIB=""
PERL5OPT=""
PERL5_CPANPLUS_IS_RUNNING="2599"
PERL5_CPAN_IS_RUNNING="2599"
PERL5_MINISMOKEBOX="0.54"
PERL_EXTUTILS_AUTOINSTALL="--defaultdeps"
PERL_MM_USE_DEFAULT="1"
@INC:
/usr/local/lib/perl5/5.6.2/x86_64-linux
/usr/local/lib/perl5/5.6.2
/usr/local/lib/perl5/site_perl/5.6.2/x86_64-linux
/usr/local/lib/perl5/site_perl/5.6.2
/usr/local/lib/perl5/site_perl/5.13.7
/usr/local/lib/perl5/site_perl/5.13.6
/usr/local/lib/perl5/site_perl/5.13.5
/usr/local/lib/perl5/site_perl
.