HTML-Defang v1.05 Perl 5 v5.8.9 x86_64-linux

Status
Fail
From
Slaven Rezić (SREZIC)
Dist
HTML-Defang v1.05
Platform
Perl 5 v5.8.9 x86_64-linux
Date
2018-06-19 18:58:28
ID
c04c65d8-73f2-11e8-9c4b-8b5d9773e8c1
This distribution has been tested as part of the CPAN Testers
project, supporting the Perl programming language.  See
http://wiki.cpantesters.org/ for more information or email
questions to cpan-testers-discuss@perl.org


--
Dear Rob Mueller,

This is a computer-generated report for HTML-Defang-1.05
on perl 5.8.9, created by CPAN-Reporter-1.2018.

Thank you for uploading your work to CPAN.  However, there was a problem
testing your distribution.

If you think this report is invalid, please consult the CPAN Testers Wiki
for suggestions on how to avoid getting FAIL reports for missing library
or binary dependencies, unsupported operating systems, and so on:

http://wiki.cpantesters.org/wiki/CPANAuthorNotes

Sections of this report:

    * Tester comments
    * Program output
    * Prerequisites
    * Environment and other context

------------------------------
TESTER COMMENTS
------------------------------

Additional comments from tester:

none provided

------------------------------
PROGRAM OUTPUT
------------------------------

Output from '/usr/bin/make test':

PERL_DL_NONLAZY=1 "/bbbike/perl-5.8.9/bin/perl" "-MExtUtils::Command::MM" "-MTest::Harness" "-e" "undef *Test::Harness::Switches; test_harness(0, 'blib/lib', 'blib/arch')" t/*.t
Bareword found where operator expected at /tmpfs/.cpan-build-cpansand/2018061906/HTML-Defang-1.05-18/blib/lib/HTML/Defang.pm line 864, near "$$HtmlR =~ m{\G.*?(?=</title"
  (Might be a runaway multi-line // string starting on line 808)
Global symbol "$Self" requires explicit package name at /tmpfs/.cpan-build-cpansand/2018061906/HTML-Defang-1.05-18/blib/lib/HTML/Defang.pm line 808.
Global symbol "$Self" requires explicit package name at /tmpfs/.cpan-build-cpansand/2018061906/HTML-Defang-1.05-18/blib/lib/HTML/Defang.pm line 808.
Global symbol "$Defang" requires explicit package name at /tmpfs/.cpan-build-cpansand/2018061906/HTML-Defang-1.05-18/blib/lib/HTML/Defang.pm line 808.
Global symbol "$Angle" requires explicit package name at /tmpfs/.cpan-build-cpansand/2018061906/HTML-Defang-1.05-18/blib/lib/HTML/Defang.pm line 808.
Global symbol "$lcTag" requires explicit package name at /tmpfs/.cpan-build-cpansand/2018061906/HTML-Defang-1.05-18/blib/lib/HTML/Defang.pm line 808.
Global symbol "$IsEndTag" requires explicit package name at /tmpfs/.cpan-build-cpansand/2018061906/HTML-Defang-1.05-18/blib/lib/HTML/Defang.pm line 808.
Global symbol "$AttributeHash" requires explicit package name at /tmpfs/.cpan-build-cpansand/2018061906/HTML-Defang-1.05-18/blib/lib/HTML/Defang.pm line 808.
Global symbol "$AttributesEnd" requires explicit package name at /tmpfs/.cpan-build-cpansand/2018061906/HTML-Defang-1.05-18/blib/lib/HTML/Defang.pm line 808.
Global symbol "$HtmlR" requires explicit package name at /tmpfs/.cpan-build-cpansand/2018061906/HTML-Defang-1.05-18/blib/lib/HTML/Defang.pm line 808.
Global symbol "$OutR" requires explicit package name at /tmpfs/.cpan-build-cpansand/2018061906/HTML-Defang-1.05-18/blib/lib/HTML/Defang.pm line 808.
Global symbol "$HtmlR" requires explicit package name at /tmpfs/.cpan-build-cpansand/2018061906/HTML-Defang-1.05-18/blib/lib/HTML/Defang.pm line 808.
/tmpfs/.cpan-build-cpansand/2018061906/HTML-Defang-1.05-18/blib/lib/HTML/Defang.pm has too many errors.
Compilation failed in require at t/01_basic.t line 8.
BEGIN failed--compilation aborted at t/01_basic.t line 8.
# Looks like your test exited with 2 before it could output anything.
t/01_basic.t ...... 
Dubious, test returned 2 (wstat 512, 0x200)
Failed 93/93 subtests 
Bareword found where operator expected at /tmpfs/.cpan-build-cpansand/2018061906/HTML-Defang-1.05-18/blib/lib/HTML/Defang.pm line 864, near "$$HtmlR =~ m{\G.*?(?=</title"
  (Might be a runaway multi-line // string starting on line 808)
Global symbol "$Self" requires explicit package name at /tmpfs/.cpan-build-cpansand/2018061906/HTML-Defang-1.05-18/blib/lib/HTML/Defang.pm line 808.
Global symbol "$Self" requires explicit package name at /tmpfs/.cpan-build-cpansand/2018061906/HTML-Defang-1.05-18/blib/lib/HTML/Defang.pm line 808.
Global symbol "$Defang" requires explicit package name at /tmpfs/.cpan-build-cpansand/2018061906/HTML-Defang-1.05-18/blib/lib/HTML/Defang.pm line 808.
Global symbol "$Angle" requires explicit package name at /tmpfs/.cpan-build-cpansand/2018061906/HTML-Defang-1.05-18/blib/lib/HTML/Defang.pm line 808.
Global symbol "$lcTag" requires explicit package name at /tmpfs/.cpan-build-cpansand/2018061906/HTML-Defang-1.05-18/blib/lib/HTML/Defang.pm line 808.
Global symbol "$IsEndTag" requires explicit package name at /tmpfs/.cpan-build-cpansand/2018061906/HTML-Defang-1.05-18/blib/lib/HTML/Defang.pm line 808.
Global symbol "$AttributeHash" requires explicit package name at /tmpfs/.cpan-build-cpansand/2018061906/HTML-Defang-1.05-18/blib/lib/HTML/Defang.pm line 808.
Global symbol "$AttributesEnd" requires explicit package name at /tmpfs/.cpan-build-cpansand/2018061906/HTML-Defang-1.05-18/blib/lib/HTML/Defang.pm line 808.
Global symbol "$HtmlR" requires explicit package name at /tmpfs/.cpan-build-cpansand/2018061906/HTML-Defang-1.05-18/blib/lib/HTML/Defang.pm line 808.
Global symbol "$OutR" requires explicit package name at /tmpfs/.cpan-build-cpansand/2018061906/HTML-Defang-1.05-18/blib/lib/HTML/Defang.pm line 808.
Global symbol "$HtmlR" requires explicit package name at /tmpfs/.cpan-build-cpansand/2018061906/HTML-Defang-1.05-18/blib/lib/HTML/Defang.pm line 808.
/tmpfs/.cpan-build-cpansand/2018061906/HTML-Defang-1.05-18/blib/lib/HTML/Defang.pm has too many errors.
Compilation failed in require at t/02_xss.t line 8.
BEGIN failed--compilation aborted at t/02_xss.t line 8.
# Looks like your test exited with 2 before it could output anything.
t/02_xss.t ........ 
Dubious, test returned 2 (wstat 512, 0x200)
Failed 253/253 subtests 
Bareword found where operator expected at /tmpfs/.cpan-build-cpansand/2018061906/HTML-Defang-1.05-18/blib/lib/HTML/Defang.pm line 864, near "$$HtmlR =~ m{\G.*?(?=</title"
  (Might be a runaway multi-line // string starting on line 808)
Global symbol "$Self" requires explicit package name at /tmpfs/.cpan-build-cpansand/2018061906/HTML-Defang-1.05-18/blib/lib/HTML/Defang.pm line 808.
Global symbol "$Self" requires explicit package name at /tmpfs/.cpan-build-cpansand/2018061906/HTML-Defang-1.05-18/blib/lib/HTML/Defang.pm line 808.
Global symbol "$Defang" requires explicit package name at /tmpfs/.cpan-build-cpansand/2018061906/HTML-Defang-1.05-18/blib/lib/HTML/Defang.pm line 808.
Global symbol "$Angle" requires explicit package name at /tmpfs/.cpan-build-cpansand/2018061906/HTML-Defang-1.05-18/blib/lib/HTML/Defang.pm line 808.
Global symbol "$lcTag" requires explicit package name at /tmpfs/.cpan-build-cpansand/2018061906/HTML-Defang-1.05-18/blib/lib/HTML/Defang.pm line 808.
Global symbol "$IsEndTag" requires explicit package name at /tmpfs/.cpan-build-cpansand/2018061906/HTML-Defang-1.05-18/blib/lib/HTML/Defang.pm line 808.
Global symbol "$AttributeHash" requires explicit package name at /tmpfs/.cpan-build-cpansand/2018061906/HTML-Defang-1.05-18/blib/lib/HTML/Defang.pm line 808.
Global symbol "$AttributesEnd" requires explicit package name at /tmpfs/.cpan-build-cpansand/2018061906/HTML-Defang-1.05-18/blib/lib/HTML/Defang.pm line 808.
Global symbol "$HtmlR" requires explicit package name at /tmpfs/.cpan-build-cpansand/2018061906/HTML-Defang-1.05-18/blib/lib/HTML/Defang.pm line 808.
Global symbol "$OutR" requires explicit package name at /tmpfs/.cpan-build-cpansand/2018061906/HTML-Defang-1.05-18/blib/lib/HTML/Defang.pm line 808.
Global symbol "$HtmlR" requires explicit package name at /tmpfs/.cpan-build-cpansand/2018061906/HTML-Defang-1.05-18/blib/lib/HTML/Defang.pm line 808.
/tmpfs/.cpan-build-cpansand/2018061906/HTML-Defang-1.05-18/blib/lib/HTML/Defang.pm has too many errors.
Compilation failed in require at t/03_styles.t line 8.
BEGIN failed--compilation aborted at t/03_styles.t line 8.
# Looks like your test exited with 2 before it could output anything.
t/03_styles.t ..... 
Dubious, test returned 2 (wstat 512, 0x200)
Failed 93/93 subtests 
Bareword found where operator expected at /tmpfs/.cpan-build-cpansand/2018061906/HTML-Defang-1.05-18/blib/lib/HTML/Defang.pm line 864, near "$$HtmlR =~ m{\G.*?(?=</title"
  (Might be a runaway multi-line // string starting on line 808)
Global symbol "$Self" requires explicit package name at /tmpfs/.cpan-build-cpansand/2018061906/HTML-Defang-1.05-18/blib/lib/HTML/Defang.pm line 808.
Global symbol "$Self" requires explicit package name at /tmpfs/.cpan-build-cpansand/2018061906/HTML-Defang-1.05-18/blib/lib/HTML/Defang.pm line 808.
Global symbol "$Defang" requires explicit package name at /tmpfs/.cpan-build-cpansand/2018061906/HTML-Defang-1.05-18/blib/lib/HTML/Defang.pm line 808.
Global symbol "$Angle" requires explicit package name at /tmpfs/.cpan-build-cpansand/2018061906/HTML-Defang-1.05-18/blib/lib/HTML/Defang.pm line 808.
Global symbol "$lcTag" requires explicit package name at /tmpfs/.cpan-build-cpansand/2018061906/HTML-Defang-1.05-18/blib/lib/HTML/Defang.pm line 808.
Global symbol "$IsEndTag" requires explicit package name at /tmpfs/.cpan-build-cpansand/2018061906/HTML-Defang-1.05-18/blib/lib/HTML/Defang.pm line 808.
Global symbol "$AttributeHash" requires explicit package name at /tmpfs/.cpan-build-cpansand/2018061906/HTML-Defang-1.05-18/blib/lib/HTML/Defang.pm line 808.
Global symbol "$AttributesEnd" requires explicit package name at /tmpfs/.cpan-build-cpansand/2018061906/HTML-Defang-1.05-18/blib/lib/HTML/Defang.pm line 808.
Global symbol "$HtmlR" requires explicit package name at /tmpfs/.cpan-build-cpansand/2018061906/HTML-Defang-1.05-18/blib/lib/HTML/Defang.pm line 808.
Global symbol "$OutR" requires explicit package name at /tmpfs/.cpan-build-cpansand/2018061906/HTML-Defang-1.05-18/blib/lib/HTML/Defang.pm line 808.
Global symbol "$HtmlR" requires explicit package name at /tmpfs/.cpan-build-cpansand/2018061906/HTML-Defang-1.05-18/blib/lib/HTML/Defang.pm line 808.
/tmpfs/.cpan-build-cpansand/2018061906/HTML-Defang-1.05-18/blib/lib/HTML/Defang.pm has too many errors.
Compilation failed in require at t/04_imports.t line 8.
BEGIN failed--compilation aborted at t/04_imports.t line 8.
# Looks like your test exited with 2 before it could output anything.
t/04_imports.t .... 
Dubious, test returned 2 (wstat 512, 0x200)
Failed 33/33 subtests 
Bareword found where operator expected at /tmpfs/.cpan-build-cpansand/2018061906/HTML-Defang-1.05-18/blib/lib/HTML/Defang.pm line 864, near "$$HtmlR =~ m{\G.*?(?=</title"
  (Might be a runaway multi-line // string starting on line 808)
Global symbol "$Self" requires explicit package name at /tmpfs/.cpan-build-cpansand/2018061906/HTML-Defang-1.05-18/blib/lib/HTML/Defang.pm line 808.
Global symbol "$Self" requires explicit package name at /tmpfs/.cpan-build-cpansand/2018061906/HTML-Defang-1.05-18/blib/lib/HTML/Defang.pm line 808.
Global symbol "$Defang" requires explicit package name at /tmpfs/.cpan-build-cpansand/2018061906/HTML-Defang-1.05-18/blib/lib/HTML/Defang.pm line 808.
Global symbol "$Angle" requires explicit package name at /tmpfs/.cpan-build-cpansand/2018061906/HTML-Defang-1.05-18/blib/lib/HTML/Defang.pm line 808.
Global symbol "$lcTag" requires explicit package name at /tmpfs/.cpan-build-cpansand/2018061906/HTML-Defang-1.05-18/blib/lib/HTML/Defang.pm line 808.
Global symbol "$IsEndTag" requires explicit package name at /tmpfs/.cpan-build-cpansand/2018061906/HTML-Defang-1.05-18/blib/lib/HTML/Defang.pm line 808.
Global symbol "$AttributeHash" requires explicit package name at /tmpfs/.cpan-build-cpansand/2018061906/HTML-Defang-1.05-18/blib/lib/HTML/Defang.pm line 808.
Global symbol "$AttributesEnd" requires explicit package name at /tmpfs/.cpan-build-cpansand/2018061906/HTML-Defang-1.05-18/blib/lib/HTML/Defang.pm line 808.
Global symbol "$HtmlR" requires explicit package name at /tmpfs/.cpan-build-cpansand/2018061906/HTML-Defang-1.05-18/blib/lib/HTML/Defang.pm line 808.
Global symbol "$OutR" requires explicit package name at /tmpfs/.cpan-build-cpansand/2018061906/HTML-Defang-1.05-18/blib/lib/HTML/Defang.pm line 808.
Global symbol "$HtmlR" requires explicit package name at /tmpfs/.cpan-build-cpansand/2018061906/HTML-Defang-1.05-18/blib/lib/HTML/Defang.pm line 808.
/tmpfs/.cpan-build-cpansand/2018061906/HTML-Defang-1.05-18/blib/lib/HTML/Defang.pm has too many errors.
Compilation failed in require at t/05_callbacks.t line 8.
BEGIN failed--compilation aborted at t/05_callbacks.t line 8.
# Looks like your test exited with 2 before it could output anything.
t/05_callbacks.t .. 
Dubious, test returned 2 (wstat 512, 0x200)
Failed 94/94 subtests 
Bareword found where operator expected at /tmpfs/.cpan-build-cpansand/2018061906/HTML-Defang-1.05-18/blib/lib/HTML/Defang.pm line 864, near "$$HtmlR =~ m{\G.*?(?=</title"
  (Might be a runaway multi-line // string starting on line 808)
Global symbol "$Self" requires explicit package name at /tmpfs/.cpan-build-cpansand/2018061906/HTML-Defang-1.05-18/blib/lib/HTML/Defang.pm line 808.
Global symbol "$Self" requires explicit package name at /tmpfs/.cpan-build-cpansand/2018061906/HTML-Defang-1.05-18/blib/lib/HTML/Defang.pm line 808.
Global symbol "$Defang" requires explicit package name at /tmpfs/.cpan-build-cpansand/2018061906/HTML-Defang-1.05-18/blib/lib/HTML/Defang.pm line 808.
Global symbol "$Angle" requires explicit package name at /tmpfs/.cpan-build-cpansand/2018061906/HTML-Defang-1.05-18/blib/lib/HTML/Defang.pm line 808.
Global symbol "$lcTag" requires explicit package name at /tmpfs/.cpan-build-cpansand/2018061906/HTML-Defang-1.05-18/blib/lib/HTML/Defang.pm line 808.
Global symbol "$IsEndTag" requires explicit package name at /tmpfs/.cpan-build-cpansand/2018061906/HTML-Defang-1.05-18/blib/lib/HTML/Defang.pm line 808.
Global symbol "$AttributeHash" requires explicit package name at /tmpfs/.cpan-build-cpansand/2018061906/HTML-Defang-1.05-18/blib/lib/HTML/Defang.pm line 808.
Global symbol "$AttributesEnd" requires explicit package name at /tmpfs/.cpan-build-cpansand/2018061906/HTML-Defang-1.05-18/blib/lib/HTML/Defang.pm line 808.
Global symbol "$HtmlR" requires explicit package name at /tmpfs/.cpan-build-cpansand/2018061906/HTML-Defang-1.05-18/blib/lib/HTML/Defang.pm line 808.
Global symbol "$OutR" requires explicit package name at /tmpfs/.cpan-build-cpansand/2018061906/HTML-Defang-1.05-18/blib/lib/HTML/Defang.pm line 808.
Global symbol "$HtmlR" requires explicit package name at /tmpfs/.cpan-build-cpansand/2018061906/HTML-Defang-1.05-18/blib/lib/HTML/Defang.pm line 808.
/tmpfs/.cpan-build-cpansand/2018061906/HTML-Defang-1.05-18/blib/lib/HTML/Defang.pm has too many errors.
Compilation failed in require at t/06_unicode.t line 9.
BEGIN failed--compilation aborted at t/06_unicode.t line 9.
# Looks like your test exited with 2 before it could output anything.
t/06_unicode.t .... 
Dubious, test returned 2 (wstat 512, 0x200)
Failed 19/19 subtests 

Test Summary Report
-------------------
t/01_basic.t    (Wstat: 512 Tests: 0 Failed: 0)
  Non-zero exit status: 2
  Parse errors: Bad plan.  You planned 93 tests but ran 0.
t/02_xss.t      (Wstat: 512 Tests: 0 Failed: 0)
  Non-zero exit status: 2
  Parse errors: Bad plan.  You planned 253 tests but ran 0.
t/03_styles.t   (Wstat: 512 Tests: 0 Failed: 0)
  Non-zero exit status: 2
  Parse errors: Bad plan.  You planned 93 tests but ran 0.
t/04_imports.t  (Wstat: 512 Tests: 0 Failed: 0)
  Non-zero exit status: 2
  Parse errors: Bad plan.  You planned 33 tests but ran 0.
t/05_callbacks.t (Wstat: 512 Tests: 0 Failed: 0)
  Non-zero exit status: 2
  Parse errors: Bad plan.  You planned 94 tests but ran 0.
t/06_unicode.t  (Wstat: 512 Tests: 0 Failed: 0)
  Non-zero exit status: 2
  Parse errors: Bad plan.  You planned 19 tests but ran 0.
Files=6, Tests=0,  1 wallclock secs ( 0.02 usr  0.02 sys +  0.20 cusr  0.03 csys =  0.27 CPU)
Result: FAIL
Failed 6/6 test programs. 0/0 subtests failed.
Makefile:837: recipe for target 'test_dynamic' failed
make: *** [test_dynamic] Error 2

------------------------------
PREREQUISITES
------------------------------

Prerequisite modules loaded:

build_requires:

    Module              Need Have
    ------------------- ---- ----
    ExtUtils::MakeMaker 0    7.34

configure_requires:

    Module              Need Have
    ------------------- ---- ----
    ExtUtils::MakeMaker 0    7.34


------------------------------
ENVIRONMENT AND OTHER CONTEXT
------------------------------

Environment variables:

    LANG = C
    LC_ALL = de_DE.UTF-8
    PATH = /usr/local/bin:/usr/bin:/bin:/usr/local/sbin:/usr/sbin:/sbin:/home/cpansand/bin/linux-gnu:/home/cpansand/bin/sh:/home/cpansand/bin:/usr/games:/home/cpansand/devel:/home/eserte/src/srezic-misc/scripts
    PERL5LIB = /home/cpansand/.cpan/build/2018061906/Net-ACME2-0.2-18/blib/arch:/home/cpansand/.cpan/build/2018061906/Net-ACME2-0.2-18/blib/lib
    PERL5OPT = 
    PERL5_CPANPLUS_IS_RUNNING = 1678
    PERL5_CPAN_IS_RUNNING = 1678
    PERL5_CPAN_IS_RUNNING_IN_RECURSION = 27613,1678
    PERLDOC = -MPod::Perldoc::ToTextOverstrike
    PERL_BATCH = yes
    PERL_CANARY_STABILITY_NOPROMPT = 1
    PERL_CPAN_REPORTER_CONFIG = /var/tmp/cpansmoker-1023/2018061906/cpanreporter_000_config.ini
    PERL_EXTUTILS_AUTOINSTALL = --defaultdeps
    PERL_PARALLEL_SMOKER = yes
    PERL_USE_UNSAFE_INC = 1
    SHELL = /bin/zsh
    TERM = screen
    TMPDIR = /var/tmp/cpansmoker-1023/2018061906

Perl special variables (and OS-specific diagnostics, for MSWin32):

    $^X = /bbbike/perl-5.8.9/bin/perl
    $UID/$EUID = 1023 / 1023
    $GID = 1023 1023
    $EGID = 1023 1023

Perl module toolchain versions installed:

    Module              Have    
    ------------------- --------
    CPAN                2.16    
    CPAN::Meta          2.150010
    Cwd                 3.74    
    ExtUtils::CBuilder  0.280230
    ExtUtils::Command   7.34    
    ExtUtils::Install   2.12    
    ExtUtils::MakeMaker 7.34    
    ExtUtils::Manifest  1.71    
    ExtUtils::ParseXS   3.30    
    File::Spec          3.74    
    JSON                2.97001 
    JSON::PP            2.27400 
    Module::Build       0.4224  
    Module::Signature   0.81    
    Parse::CPAN::Meta   2.150010
    Test::Harness       3.42    
    Test::More          1.302136
    YAML                1.24    
    YAML::Syck          1.30    
    version             0.9916  


--

Summary of my perl5 (revision 5 version 8 subversion 9) configuration:
  Platform:
    osname=linux, osvers=3.16.0-4-amd64, archname=x86_64-linux
    uname='linux eserte 3.16.0-4-amd64 #1 smp debian 3.16.7-ckt25-2 (2016-04-08) x86_64 gnulinux '
    config_args='-ds -e -Dprefix=/opt/perl-5.8.9 -Dcf_email=srezic@cpan.org'
    hint=recommended, useposix=true, d_sigaction=define
    usethreads=undef use5005threads=undef useithreads=undef usemultiplicity=undef
    useperlio=define d_sfio=undef uselargefiles=define usesocks=undef
    use64bitint=define use64bitall=define uselongdouble=undef
    usemymalloc=n, bincompat5005=undef
  Compiler:
    cc='cc', ccflags ='-fno-strict-aliasing -pipe -I/usr/local/include -D_LARGEFILE_SOURCE -D_FILE_OFFSET_BITS=64',
    optimize='-O2',
    cppflags='-fno-strict-aliasing -pipe -I/usr/local/include'
    ccversion='', gccversion='4.9.2', gccosandvers=''
    intsize=4, longsize=8, ptrsize=8, doublesize=8, byteorder=12345678
    d_longlong=define, longlongsize=8, d_longdbl=define, longdblsize=16
    ivtype='long', ivsize=8, nvtype='double', nvsize=8, Off_t='off_t', lseeksize=8
    alignbytes=8, prototype=define
  Linker and Libraries:
    ld='cc', ldflags =' -L/usr/local/lib'
    libpth=/usr/local/lib /lib/x86_64-linux-gnu /lib/../lib /usr/lib/x86_64-linux-gnu /usr/lib/../lib /lib /usr/lib
    libs=-lnsl -ldl -lm -lcrypt -lutil -lc
    perllibs=-lnsl -ldl -lm -lcrypt -lutil -lc
    libc=libc-2.19.so, so=so, useshrplib=false, libperl=libperl.a
    gnulibc_version='2.19'
  Dynamic Linking:
    dlsrc=dl_dlopen.xs, dlext=so, d_dlsymun=undef, ccdlflags='-Wl,-E'
    cccdlflags='-fPIC', lddlflags='-shared -O2 -L/usr/local/lib'


Characteristics of this binary (from libperl): 
  Compile-time options: PERL_MALLOC_WRAP USE_64_BIT_ALL USE_64_BIT_INT
                        USE_FAST_STDIO USE_LARGE_FILES USE_PERLIO
  Locally applied patches:
	Devel::PatchPerl 1.42
  Built under linux
  Compiled at May  7 2016 09:05:30
  %ENV:
    PERL5LIB="/home/cpansand/.cpan/build/2018061906/Net-ACME2-0.2-18/blib/arch:/home/cpansand/.cpan/build/2018061906/Net-ACME2-0.2-18/blib/lib"
    PERL5OPT=""
    PERL5_CPANPLUS_IS_RUNNING="1678"
    PERL5_CPAN_IS_RUNNING="1678"
    PERL5_CPAN_IS_RUNNING_IN_RECURSION="27613,1678"
    PERLDOC="-MPod::Perldoc::ToTextOverstrike"
    PERL_BATCH="yes"
    PERL_CANARY_STABILITY_NOPROMPT="1"
    PERL_CPAN_REPORTER_CONFIG="/var/tmp/cpansmoker-1023/2018061906/cpanreporter_000_config.ini"
    PERL_EXTUTILS_AUTOINSTALL="--defaultdeps"
    PERL_PARALLEL_SMOKER="yes"
    PERL_USE_UNSAFE_INC="1"
  @INC:
    /home/cpansand/.cpan/build/2018061906/Net-ACME2-0.2-18/blib/arch
    /home/cpansand/.cpan/build/2018061906/Net-ACME2-0.2-18/blib/lib
    /opt/perl-5.8.9/lib/5.8.9/x86_64-linux
    /opt/perl-5.8.9/lib/5.8.9
    /opt/perl-5.8.9/lib/site_perl/5.8.9/x86_64-linux
    /opt/perl-5.8.9/lib/site_perl/5.8.9
    .