Report for Compress-PPMd-0.11

Back
From: metabase:user:322078bc-2aae-11df-837a-5e0a49663a4f
Subject: FAIL Compress-PPMd-0.11 v5.13.11 NetBSD
Date: 2011-04-03T10:11:32Z

This distribution has been tested as part of the CPAN Testers
project, supporting the Perl programming language.  See
http://wiki.cpantesters.org/ for more information or email
questions to cpan-testers-discuss@perl.org


--

Dear SALVA,
    
This is a computer-generated error report created automatically by
CPANPLUS, version 0.9103. Testers personal comments may appear 
at the end of this report.


Thank you for uploading your work to CPAN.  However, it appears that
there were some problems testing your distribution.

TEST RESULTS:

Below is the error stack from stage 'make test':

[MSG] [Sun Apr  3 12:21:47 2011] cp PPMd.pm blib/lib/Compress/PPMd.pm
/home/cpan/pit/bare/perl-5.13.11/bin/perl5.13.11 "-Iblib/arch" "-Iblib/lib" Constants.h.PL Constants.h
/home/cpan/pit/bare/perl-5.13.11/bin/perl5.13.11 /home/cpan/pit/bare/perl-5.13.11/lib/5.13.11/ExtUtils/xsubpp  -typemap /home/cpan/pit/bare/perl-5.13.11/lib/5.13.11/ExtUtils/typemap -typemap typemap  PPMd.xs > PPMd.xsc && mv PPMd.xsc PPMd.c
g++ -c    -fno-strict-aliasing -pipe -fstack-protector -I/usr/pkg/include -O    -DVERSION=\"0.11\"  -DXS_VERSION=\"0.11\" -DPIC -fPIC "-I/home/cpan/pit/bare/perl-5.13.11/lib/5.13.11/amd64-netbsd/CORE"   PPMd.c
g++ -c    -fno-strict-aliasing -pipe -fstack-protector -I/usr/pkg/include -O    -DVERSION=\"0.11\"  -DXS_VERSION=\"0.11\" -DPIC -fPIC "-I/home/cpan/pit/bare/perl-5.13.11/lib/5.13.11/amd64-netbsd/CORE"   Model.cpp
Running Mkbootstrap for Compress::PPMd ()
chmod 644 PPMd.bs
rm -f blib/arch/auto/Compress/PPMd/PPMd.so
g++  --whole-archive -shared  -L/usr/pkg/lib -fstack-protector PPMd.o Model.o  -o blib/arch/auto/Compress/PPMd/PPMd.so 	    	 
chmod 755 blib/arch/auto/Compress/PPMd/PPMd.so
cp PPMd.bs blib/arch/auto/Compress/PPMd/PPMd.bs
chmod 644 blib/arch/auto/Compress/PPMd/PPMd.bs
Manifying blib/man3/Compress::PPMd.3

[ERROR] [Sun Apr  3 12:21:48 2011] MAKE TEST failed: PERL_DL_NONLAZY=1 /home/cpan/pit/bare/perl-5.13.11/bin/perl5.13.11 "-MExtUtils::Command::MM" "-e" "test_harness(0, 'blib/lib', 'blib/arch')" t/*.t
t/0_use.t ...... ok
t/1_quijote.t .. 
Failed 30/31 subtests 
t/2_die.t ...... 
Failed 1/4 subtests 
Hexadecimal number > 0xffffffff non-portable at (eval 5) line 1.
Hexadecimal number > 0xffffffff non-portable at (eval 6) line 1.
Hexadecimal number > 0xffffffff non-portable at (eval 7) line 1.
Hexadecimal number > 0xffffffff non-portable at (eval 8) line 1.
Hexadecimal number > 0xffffffff non-portable at (eval 9) line 1.
Hexadecimal number > 0xffffffff non-portable at (eval 10) line 1.
Hexadecimal number > 0xffffffff non-portable at (eval 11) line 1.
Hexadecimal number > 0xffffffff non-portable at (eval 12) line 1.
Hexadecimal number > 0xffffffff non-portable at (eval 13) line 1.
Hexadecimal number > 0xffffffff non-portable at (eval 14) line 1.
Hexadecimal number > 0xffffffff non-portable at (eval 15) line 1.
Hexadecimal number > 0xffffffff non-portable at (eval 16) line 1.
Hexadecimal number > 0xffffffff non-portable at (eval 17) line 1.
Hexadecimal number > 0xffffffff non-portable at (eval 18) line 1.
Hexadecimal number > 0xffffffff non-portable at (eval 19) line 1.
Hexadecimal number > 0xffffffff non-portable at (eval 20) line 1.
Hexadecimal number > 0xffffffff non-portable at (eval 21) line 1.
Hexadecimal number > 0xffffffff non-portable at (eval 22) line 1.
Hexadecimal number > 0xffffffff non-portable at (eval 23) line 1.
Hexadecimal number > 0xffffffff non-portable at (eval 24) line 1.
Hexadecimal number > 0xffffffff non-portable at (eval 25) line 1.
Hexadecimal number > 0xffffffff non-portable at (eval 26) line 1.
Hexadecimal number > 0xffffffff non-portable at (eval 27) line 1.
Hexadecimal number > 0xffffffff non-portable at (eval 28) line 1.
Hexadecimal number > 0xffffffff non-portable at (eval 29) line 1.
Hexadecimal number > 0xffffffff non-portable at (eval 30) line 1.
Hexadecimal number > 0xffffffff non-portable at (eval 31) line 1.
t/3_rubbish.t .. ok
t/4_pods.t ..... skipped: Test::Pod 1.00 required for testing POD

Test Summary Report
-------------------
t/1_quijote.t (Wstat: 139 Tests: 1 Failed: 0)
  Non-zero wait status: 139
  Parse errors: Bad plan.  You planned 31 tests but ran 1.
t/2_die.t    (Wstat: 139 Tests: 3 Failed: 0)
  Non-zero wait status: 139
  Parse errors: Bad plan.  You planned 4 tests but ran 3.
Files=5, Tests=33,  1 wallclock secs ( 0.04 usr  0.00 sys +  0.73 cusr  0.05 csys =  0.82 CPU)
Result: FAIL


Stop.
make: stopped in /home/cpan/pit/bare/conf/perl-5.13.11/.cpanplus/5.13.11/build/Compress-PPMd-0.11
Failed 2/5 test programs. 0/33 subtests failed.
*** Error code 255
[MSG] [Sun Apr  3 12:21:48 2011] DEFAULT 'proceed_on_test_failure' HANDLER RETURNING 'sub return value'

PREREQUISITES:

Here is a list of prerequisites you specified and versions we 
managed to load:
                                
	  Module Name                        Have     Want
	  ExtUtils::MakeMaker             6.57_05     6.05
	  Test::More                         0.98        0

Perl module toolchain versions installed:
	Module Name                        Have
	CPANPLUS                         0.9103
	CPANPLUS::Dist::Build              0.54
	Cwd                                3.36
	ExtUtils::CBuilder             0.280202
	ExtUtils::Command                  1.17
	ExtUtils::Install                  1.56
	ExtUtils::MakeMaker             6.57_05
	ExtUtils::Manifest                 1.58
	ExtUtils::ParseXS                2.2209
	File::Spec                         3.33
	Module::Build                    0.3800
	Test::Harness                      3.23
	Test::More                         0.98
	version                            0.88

******************************** NOTE ********************************
The comments above are created mechanically, possibly without manual
checking by the sender.  As there are many people performing automatic
tests on each upload to CPAN, it is likely that you will receive 
identical messages about the same problem.

If you believe that the message is mistaken, please reply to the first
one with correction and/or additional informations, and do not take
it personally.  We appreciate your patience. :)
**********************************************************************

Additional comments:
 

This report was machine-generated by CPANPLUS::Dist::YACSmoke 0.62.
Powered by minismokebox version 0.44

------------------------------
ENVIRONMENT AND OTHER CONTEXT
------------------------------

Environment variables:

    AUTOMATED_TESTING = 1
    PATH = /home/cpan/bin:/bin:/sbin:/usr/bin:/usr/sbin:/usr/X11R7/bin:/usr/X11R6/bin:/usr/pkg/bin:/usr/pkg/sbin:/usr/games:/usr/local/bin:/usr/local/sbin
    PERL5LIB = :/home/cpan/pit/bare/conf/perl-5.13.11/.cpanplus/5.13.11/build/Compress-PPMd-0.11/blib/lib:/home/cpan/pit/bare/conf/perl-5.13.11/.cpanplus/5.13.11/build/Compress-PPMd-0.11/blib/arch
    PERL5_CPANPLUS_IS_RUNNING = 29848
    PERL5_CPANPLUS_IS_VERSION = 0.9103
    PERL5_MINISMOKEBOX = 0.44
    PERL5_YACSMOKE_BASE = /home/cpan/pit/bare/conf/perl-5.13.11
    PERL_EXTUTILS_AUTOINSTALL = --defaultdeps
    PERL_MM_USE_DEFAULT = 1
    SHELL = /usr/pkg/bin/bash
    TERM = screen

Perl special variables (and OS-specific diagnostics, for MSWin32):

    Perl: $^X = /home/cpan/pit/bare/perl-5.13.11/bin/perl5.13.11
    UID:  $<  = 1001
    EUID: $>  = 1001
    GID:  $(  = 100 100
    EGID: $)  = 100 100


-------------------------------


--

Summary of my perl5 (revision 5 version 13 subversion 11) configuration:
   
  Platform:
    osname=netbsd, osvers=5.1_rc3, archname=amd64-netbsd
    uname='netbsd fubar.bingosnet.co.uk 5.1_rc3 netbsd 5.1_rc3 (generic) #0: sat jun 12 20:26:01 utc 2010 builds@b8.netbsd.org:homebuildsabnetbsd-5-1-rc3amd64201006130031z-objhomebuildsabnetbsd-5-1-rc3srcsysarchamd64compilegeneric amd64 '
    config_args='-des -Dprefix=/home/cpan/pit/bare/perl-5.13.11 -Dusedevel'
    hint=recommended, useposix=true, d_sigaction=define
    useithreads=undef, usemultiplicity=undef
    useperlio=define, d_sfio=undef, uselargefiles=define, usesocks=undef
    use64bitint=define, use64bitall=define, uselongdouble=undef
    usemymalloc=n, bincompat5005=undef
  Compiler:
    cc='cc', ccflags ='-fno-strict-aliasing -pipe -fstack-protector -I/usr/pkg/include',
    optimize='-O',
    cppflags='-fno-strict-aliasing -pipe -fstack-protector -I/usr/pkg/include'
    ccversion='', gccversion='4.1.3 20080704 prerelease (NetBSD nb2 20081120)', gccosandvers=''
    intsize=4, longsize=8, ptrsize=8, doublesize=8, byteorder=12345678
    d_longlong=define, longlongsize=8, d_longdbl=define, longdblsize=16
    ivtype='long', ivsize=8, nvtype='double', nvsize=8, Off_t='off_t', lseeksize=8
    alignbytes=8, prototype=define
  Linker and Libraries:
    ld='cc', ldflags =' -Wl,-rpath,/usr/pkg/lib -Wl,-rpath,/usr/local/lib -fstack-protector -L/usr/pkg/lib'
    libpth=/usr/pkg/lib /lib /usr/lib
    libs=-lm -lcrypt -lutil -lc -lposix
    perllibs=-lm -lcrypt -lutil -lc -lposix
    libc=/lib/libc.so, so=so, useshrplib=false, libperl=libperl.a
    gnulibc_version=''
  Dynamic Linking:
    dlsrc=dl_dlopen.xs, dlext=so, d_dlsymun=undef, ccdlflags='-Wl,-E '
    cccdlflags='-DPIC -fPIC ', lddlflags='--whole-archive -shared  -L/usr/pkg/lib -fstack-protector'


Characteristics of this binary (from libperl): 
  Compile-time options: PERL_DONT_CREATE_GVSV PERL_MALLOC_WRAP
                        PERL_PRESERVE_IVUV PERL_USE_DEVEL USE_64_BIT_ALL
                        USE_64_BIT_INT USE_LARGE_FILES USE_PERLIO
                        USE_PERL_ATOF
  Built under netbsd
  Compiled at Mar 22 2011 12:15:45
  %ENV:
    PERL5LIB=":/home/cpan/pit/bare/conf/perl-5.13.11/.cpanplus/5.13.11/build/Compress-PPMd-0.11/blib/lib:/home/cpan/pit/bare/conf/perl-5.13.11/.cpanplus/5.13.11/build/Compress-PPMd-0.11/blib/arch"
    PERL5_CPANPLUS_IS_RUNNING="29848"
    PERL5_CPANPLUS_IS_VERSION="0.9103"
    PERL5_MINISMOKEBOX="0.44"
    PERL5_YACSMOKE_BASE="/home/cpan/pit/bare/conf/perl-5.13.11"
    PERL_EXTUTILS_AUTOINSTALL="--defaultdeps"
    PERL_MM_USE_DEFAULT="1"
  @INC:
    /home/cpan/pit/bare/conf/perl-5.13.11/.cpanplus/5.13.11/build/Compress-PPMd-0.11/blib/lib
    /home/cpan/pit/bare/conf/perl-5.13.11/.cpanplus/5.13.11/build/Compress-PPMd-0.11/blib/arch
    /home/cpan/pit/bare/perl-5.13.11/lib/site_perl/5.13.11/amd64-netbsd
    /home/cpan/pit/bare/perl-5.13.11/lib/site_perl/5.13.11
    /home/cpan/pit/bare/perl-5.13.11/lib/5.13.11/amd64-netbsd
    /home/cpan/pit/bare/perl-5.13.11/lib/5.13.11
    .