Web-Request v0.11 Perl 5 v5.18.0 x86_64-linux

Status
Fail
From
Andreas J. König (ANDK)
Dist
Web-Request v0.11
Platform
Perl 5 v5.18.0 x86_64-linux
Date
2023-07-13 07:27:40
ID
bfc1c324-214e-11ee-9495-25b7ba55a4cc
This distribution has been tested as part of the CPAN Testers
project, supporting the Perl programming language.  See
http://wiki.cpantesters.org/ for more information or email
questions to cpan-testers-discuss@perl.org


--
Dear Jesse Luehrs,

This is a computer-generated report for Web-Request-0.11
on perl 5.18.0, created by CPAN-Reporter-1.2018.

Thank you for uploading your work to CPAN.  However, there was a problem
testing your distribution.

If you think this report is invalid, please consult the CPAN Testers Wiki
for suggestions on how to avoid getting FAIL reports for missing library
or binary dependencies, unsupported operating systems, and so on:

http://wiki.cpantesters.org/wiki/CPANAuthorNotes

Sections of this report:

    * Tester comments
    * Program output
    * Prerequisites
    * Environment and other context

------------------------------
TESTER COMMENTS
------------------------------

Additional comments from tester:

this report is from an automated smoke testing program
and was not reviewed by a human for accuracy

------------------------------
PROGRAM OUTPUT
------------------------------

Output from '/usr/bin/make test':

PERL_DL_NONLAZY=1 "/home/sand/src/perl/repoperls/installed-perls/host/k93msid/v5.18.0/bb7f/bin/perl" "-MExtUtils::Command::MM" "-MTest::Harness" "-e" "undef *Test::Harness::Switches; test_harness(0, 'blib/lib', 'blib/arch')" t/*.t
t/00-compile.t ................. ok
t/base.t ....................... ok
t/body.t ....................... ok
t/content-on-get.t ............. ok
t/content.t .................... ok
t/cookie.t ..................... ok
t/double_port.t ................ ok
t/encoding.t ................... ok
t/hostname.t ................... ok
t/many_upload.t ................ ok
t/multi_read.t ................. ok
t/new.t ........................ ok
t/parameters.t ................. ok
t/params.t ..................... ok
t/path_info.t .................. ok
t/path_info_escaped.t .......... ok
t/readbody.t ................... ok
t/request_uri.t ................ ok
t/response-body.t .............. ok
t/response-compatible.t ........ ok
t/response-cookie.t ............ ok
t/response-new.t ............... ok
t/response-redirect.t .......... ok
t/response-streaming-cookie.t .. ok
t/response-streaming-utf8.t .... ok
t/response-streaming.t ......... ok
t/response-to_app.t ............ ok
t/response.t ................... ok
t/upload-basename.t ............ ok
t/upload-large.t ............... ok
t/upload.t ..................... ok
Attribute (query_parameters) does not pass the type constraint because: Validation failed for 'HashRef[Str]' with value { bar: "baz", foo: undef } at reader Web::Request::query_parameters (defined at /tmp/loop_over_bdir-2442748-bSKmUA/Web-Request-0.11-0/blib/lib/Web/Request.pm line 233) line 8
	Web::Request::query_parameters('Web::Request=HASH(0x56427a0f9000)') called at t/uri.t line 116
# Tests were run but no plan was declared and done_testing() was not seen.
# Looks like your test exited with 255 just after 23.
t/uri.t ........................ 
Dubious, test returned 255 (wstat 65280, 0xff00)
All 23 subtests passed 
t/uri_utf8.t ................... ok

Test Summary Report
-------------------
t/uri.t                      (Wstat: 65280 (exited 255) Tests: 23 Failed: 0)
  Non-zero exit status: 255
  Parse errors: No plan found in TAP output
Files=33, Tests=237, 17 wallclock secs ( 0.10 usr  0.05 sys + 10.61 cusr  1.86 csys = 12.62 CPU)
Result: FAIL
Failed 1/33 test programs. 0/237 subtests failed.
make: *** [Makefile:908: test_dynamic] Error 255

------------------------------
PREREQUISITES
------------------------------

Prerequisite modules loaded:

requires:

    Module                       Need Have    
    ---------------------------- ---- --------
    Encode                       0    3.16    
    File::Spec::Unix             0    3.75    
    HTTP::Body                   0    1.22    
    HTTP::Headers                0    6.44    
    HTTP::Message::PSGI          0    0       
    Module::Runtime              0    0.016   
    Moose                        0    2.2202  
    Moose::Util::TypeConstraints 0    2.2202  
    Plack::Util                  0    0       
    Stream::Buffered             0    0.03    
    strict                       0    1.07    
    URI                          0    5.19    
    URI::Escape                  0    5.19    
    warnings                     0    1.18    

build_requires:

    Module                       Need Have    
    ---------------------------- ---- --------
    Data::Dumper                 0    2.183   
    File::Find                   0    1.23    
    File::Temp                   0    0.2311  
    FindBin                      0    1.51    
    HTTP::Request                0    6.44    
    HTTP::Request::Common        0    6.44    
    IO::String                   0    1.08    
    Plack::App::URLMap           0    0       
    Plack::Test                  0    0       
    Test::More                   0.88 1.302191
    Try::Tiny                    0    0.31    
    utf8                         0    1.10    

configure_requires:

    Module                       Need Have    
    ---------------------------- ---- --------
    ExtUtils::MakeMaker          6.30 7.70    


------------------------------
ENVIRONMENT AND OTHER CONTEXT
------------------------------

Environment variables:

    AUTOMATED_TESTING = 1
    LANG = en_US.UTF-8
    LANGUAGE = en_US:en
    PATH = /home/sand/bin:/usr/local/bin:/usr/bin:/bin:/usr/games:/usr/local/perl/bin:/usr/X11/bin:/sbin:/usr/sbin
    PERL5LIB = 
    PERL5OPT = 
    PERL5_CPANPLUS_IS_RUNNING = 3477166
    PERL5_CPAN_IS_RUNNING = 3477166
    PERL_CANARY_STABILITY_NOPROMPT = 1
    PERL_MM_USE_DEFAULT = 1
    PERL_USE_UNSAFE_INC = 1
    SHELL = /usr/bin/zsh
    TERM = screen

Perl special variables (and OS-specific diagnostics, for MSWin32):

    $^X = /home/sand/src/perl/repoperls/installed-perls/host/k93msid/v5.18.0/bb7f/bin/perl
    $UID/$EUID = 1005 / 1005
    $GID = 1005 1005
    $EGID = 1005 1005

Perl module toolchain versions installed:

    Module              Have    
    ------------------- --------
    CPAN                2.34    
    CPAN::Meta          2.150010
    Cwd                 3.75    
    ExtUtils::CBuilder  0.280236
    ExtUtils::Command   7.70    
    ExtUtils::Install   2.06    
    ExtUtils::MakeMaker 7.70    
    ExtUtils::Manifest  1.75    
    ExtUtils::ParseXS   3.44    
    File::Spec          3.75    
    JSON                4.10    
    JSON::PP            4.12    
    Module::Build       0.4231  
    Module::Signature   0.88    
    Parse::CPAN::Meta   2.150010
    Test::Harness       3.45_01 
    Test::More          1.302191
    YAML                1.30    
    YAML::Syck          1.34    
    version             0.9929  


--

Summary of my perl5 (revision 5 version 18 subversion 0) configuration:
  Derived from: a9acda3b5f74585852a57b51b724804ac586cb0b
  Platform:
    osname=linux, osvers=5.3.0-2-amd64, archname=x86_64-linux
    uname='linux k93msid 5.3.0-2-amd64 #1 smp debian 5.3.9-3 (2019-11-19) x86_64 gnulinux '
    config_args='-Dprefix=/home/sand/src/perl/repoperls/installed-perls/host/k93msid/v5.18.0/bb7f -Dmyhostname=k93msid -Dinstallusrbinperl=n -Uversiononly -Dusedevel -des -Ui_db -Dlibswanted=cl pthread socket inet nsl gdbm dbm malloc dl ld sun m crypt sec util c cposix posix ucb BSD gdbm_compat -Uuseithreads -Uuselongdouble -DEBUGGING=both'
    hint=recommended, useposix=true, d_sigaction=define
    useithreads=undef, usemultiplicity=undef
    useperlio=define, d_sfio=undef, uselargefiles=define, usesocks=undef
    use64bitint=define, use64bitall=define, uselongdouble=undef
    usemymalloc=n, bincompat5005=undef
  Compiler:
    cc='cc', ccflags ='-fwrapv -DDEBUGGING -fno-strict-aliasing -pipe -fstack-protector -I/usr/local/include -D_LARGEFILE_SOURCE -D_FILE_OFFSET_BITS=64',
    optimize='-O2 -g',
    cppflags='-fwrapv -DDEBUGGING -fno-strict-aliasing -pipe -fstack-protector -I/usr/local/include'
    ccversion='', gccversion='9.2.1 20191109', gccosandvers=''
    intsize=4, longsize=8, ptrsize=8, doublesize=8, byteorder=12345678
    d_longlong=define, longlongsize=8, d_longdbl=define, longdblsize=16
    ivtype='long', ivsize=8, nvtype='double', nvsize=8, Off_t='off_t', lseeksize=8
    alignbytes=8, prototype=define
  Linker and Libraries:
    ld='cc', ldflags =' -fstack-protector -L/usr/local/lib'
    libpth=/usr/local/lib /lib/x86_64-linux-gnu /lib/../lib /usr/lib/x86_64-linux-gnu /usr/lib/../lib /lib /usr/lib
    libs=-lpthread -lnsl -ldl -lm -lcrypt -lutil -lc
    perllibs=-lpthread -lnsl -ldl -lm -lcrypt -lutil -lc
    libc=libc-2.29.so, so=so, useshrplib=false, libperl=libperl.a
    gnulibc_version='2.29'
  Dynamic Linking:
    dlsrc=dl_dlopen.xs, dlext=so, d_dlsymun=undef, ccdlflags='-Wl,-E'
    cccdlflags='-fPIC', lddlflags='-shared -O2 -g -L/usr/local/lib -fstack-protector'


Characteristics of this binary (from libperl): 
  Compile-time options: DEBUGGING HAS_TIMES PERLIO_LAYERS
                        PERL_DONT_CREATE_GVSV
                        PERL_HASH_FUNC_ONE_AT_A_TIME_HARD PERL_MALLOC_WRAP
                        PERL_PRESERVE_IVUV PERL_SAWAMPERSAND PERL_USE_DEVEL
                        USE_64_BIT_ALL USE_64_BIT_INT USE_LARGE_FILES
                        USE_LOCALE USE_LOCALE_COLLATE USE_LOCALE_CTYPE
                        USE_LOCALE_NUMERIC USE_PERLIO USE_PERL_ATOF
  Locally applied patches:
	uncommitted-changes
  Built under linux
  Compiled at May 18 2020 02:00:48
  %ENV:
    PERL5LIB=""
    PERL5OPT=""
    PERL5_CPANPLUS_IS_RUNNING="3477166"
    PERL5_CPAN_IS_RUNNING="3477166"
    PERL_CANARY_STABILITY_NOPROMPT="1"
    PERL_MM_USE_DEFAULT="1"
    PERL_USE_UNSAFE_INC="1"
  @INC:
    /home/sand/src/perl/repoperls/installed-perls/host/k93msid/v5.18.0/bb7f/lib/site_perl/5.18.0/x86_64-linux
    /home/sand/src/perl/repoperls/installed-perls/host/k93msid/v5.18.0/bb7f/lib/site_perl/5.18.0
    /home/sand/src/perl/repoperls/installed-perls/host/k93msid/v5.18.0/bb7f/lib/5.18.0/x86_64-linux
    /home/sand/src/perl/repoperls/installed-perls/host/k93msid/v5.18.0/bb7f/lib/5.18.0
    .