Report for IO-Util-1.5

Back
From: metabase:user:320bfe00-2aae-11df-837a-5e0a49663a4f
Subject: FAIL IO-Util-1.5 v5.21.9 GNU/Linux
Date: 2015-01-25T10:34:31Z

This distribution has been tested as part of the CPAN Testers
project, supporting the Perl programming language.  See
http://wiki.cpantesters.org/ for more information or email
questions to cpan-testers-discuss@perl.org


--
Dear Domizio Demichelis,

This is a computer-generated report for IO-Util-1.5
on perl 5.21.9, created by CPAN-Reporter-1.2011.

Thank you for uploading your work to CPAN.  However, there was a problem
testing your distribution.

If you think this report is invalid, please consult the CPAN Testers Wiki
for suggestions on how to avoid getting FAIL reports for missing library
or binary dependencies, unsupported operating systems, and so on:

http://wiki.cpantesters.org/wiki/CPANAuthorNotes

Sections of this report:

    * Tester comments
    * Program output
    * Prerequisites
    * Environment and other context

------------------------------
TESTER COMMENTS
------------------------------

Additional comments from tester:

this report is from an automated smoke testing program
and was not reviewed by a human for accuracy

------------------------------
PROGRAM OUTPUT
------------------------------

Output from '/usr/bin/make test':

PERL_DL_NONLAZY=1 "/tmp/basesmoker-reloperl-W4FX/bin/perl" "-MExtUtils::Command::MM" "-MTest::Harness" "-e" "undef *Test::Harness::Switches; test_harness(0, 'blib/lib', 'blib/arch')" t/*.t
t/01_capture.t ................. ok
t/02_capture_memory_leaking.t .. ok
t/03_slurp.t ................... ok
t/04_uniqid.t .................. ok
t/05_uniqid_no_import.t ........ ok
t/06_load_mml.t ................ ok
t/07_load_mml.t ................ ok
Can't stat ../lib: No such file or directory
 at /home/sand/src/perl/repoperls/installed-perls/perl/v5.21.8-49-gd0500f0/9980/lib/site_perl/5.21.9/Test/Pod.pm line 220.

#   Failed test 'POD test for blib/lib/IO/Util.pm'
#   at /home/sand/src/perl/repoperls/installed-perls/perl/v5.21.8-49-gd0500f0/9980/lib/site_perl/5.21.9/Test/Pod.pm line 186.
# blib/lib/IO/Util.pm (829): Non-ASCII character seen before =encoding in '©'. Assuming ISO8859-1
# Looks like you failed 1 test of 1.
t/test_pod.t ................... 
Dubious, test returned 1 (wstat 256, 0x100)
Failed 1/1 subtests 
t/test_pod_coverage.t .......... ok

Test Summary Report
-------------------
t/test_pod.t                 (Wstat: 256 Tests: 1 Failed: 1)
  Failed test:  1
  Non-zero exit status: 1
Files=9, Tests=101,  1 wallclock secs ( 0.04 usr  0.01 sys +  0.47 cusr  0.04 csys =  0.56 CPU)
Result: FAIL
Failed 1/9 test programs. 1/101 subtests failed.
Makefile:835: recipe for target 'test_dynamic' failed
make: *** [test_dynamic] Error 255

------------------------------
PREREQUISITES
------------------------------

Prerequisite modules loaded:

requires:

    Module              Need Have  
    ------------------- ---- ------
    Sys::Hostname       0    1.20  
    Time::HiRes         0    1.9726

build_requires:

    Module              Need Have  
    ------------------- ---- ------
    ExtUtils::MakeMaker 0    7.04  


------------------------------
ENVIRONMENT AND OTHER CONTEXT
------------------------------

Environment variables:

    AUTOMATED_TESTING = 1
    LANG = en_US.UTF-8
    LANGUAGE = en_US:en
    PATH = /home/sand/bin:/usr/local/bin:/usr/bin:/bin:/usr/games:/usr/local/perl/bin:/usr/X11/bin:/sbin:/usr/sbin
    PERL5LIB = /tmp/loop_over_bdir-29201-j8r0u3/FusionInventory-Agent-2.3.15-UXOByq/blib/arch:/tmp/loop_over_bdir-29201-j8r0u3/FusionInventory-Agent-2.3.15-UXOByq/blib/lib
    PERL5OPT = 
    PERL5_CPANPLUS_IS_RUNNING = 16377
    PERL5_CPAN_IS_RUNNING = 16377
    PERL_MM_USE_DEFAULT = 1
    SHELL = /usr/bin/zsh
    TERM = screen

Perl special variables (and OS-specific diagnostics, for MSWin32):

    $^X = /tmp/basesmoker-reloperl-W4FX/bin/perl
    $UID/$EUID = 1005 / 1005
    $GID = 1005 1005
    $EGID = 1005 1005

Perl module toolchain versions installed:

    Module              Have        
    ------------------- ------------
    CPAN                2.05        
    CPAN::Meta          2.143240    
    Cwd                 3.54        
    ExtUtils::CBuilder  0.280221    
    ExtUtils::Command   1.20        
    ExtUtils::Install   2.04        
    ExtUtils::MakeMaker 7.04        
    ExtUtils::Manifest  1.70        
    ExtUtils::ParseXS   3.27        
    File::Spec          3.53        
    JSON                2.90        
    JSON::PP            2.27300     
    Module::Build       0.4211      
    Module::Signature   0.73        
    Parse::CPAN::Meta   1.4414      
    Test::Harness       3.35        
    Test::More          1.301001_097
    YAML                1.14        
    YAML::Syck          1.29        
    version             0.9912      


--

Summary of my perl5 (revision 5 version 21 subversion 9) configuration:
  Commit id: d0500f096808fa409ac4682e66b531b365a56293
  Platform:
    osname=linux, osvers=3.16.0-4-amd64, archname=x86_64-linux-thread-multi
    uname='linux k83 3.16.0-4-amd64 #1 smp debian 3.16.7-ckt2-1 (2014-12-08) x86_64 gnulinux '
    config_args='-Dprefix=/home/sand/src/perl/repoperls/installed-perls/perl/v5.21.8-49-gd0500f0/9980 -Dmyhostname=k83 -Dinstallusrbinperl=n -Uversiononly -Dusedevel -des -Ui_db -Duseithreads -Uuselongdouble -DDEBUGGING=-g'
    hint=recommended, useposix=true, d_sigaction=define
    useithreads=define, usemultiplicity=define
    use64bitint=define, use64bitall=define, uselongdouble=undef
    usemymalloc=n, bincompat5005=undef
  Compiler:
    cc='cc', ccflags ='-D_REENTRANT -D_GNU_SOURCE -fwrapv -fno-strict-aliasing -pipe -fstack-protector-strong -I/usr/local/include -D_LARGEFILE_SOURCE -D_FILE_OFFSET_BITS=64 -D_FORTIFY_SOURCE=2',
    optimize='-O2 -g',
    cppflags='-D_REENTRANT -D_GNU_SOURCE -fwrapv -fno-strict-aliasing -pipe -fstack-protector-strong -I/usr/local/include'
    ccversion='', gccversion='4.9.2', gccosandvers=''
    intsize=4, longsize=8, ptrsize=8, doublesize=8, byteorder=12345678, doublekind=3
    d_longlong=define, longlongsize=8, d_longdbl=define, longdblsize=16, longdblkind=3
    ivtype='long', ivsize=8, nvtype='double', nvsize=8, Off_t='off_t', lseeksize=8
    alignbytes=8, prototype=define
  Linker and Libraries:
    ld='cc', ldflags =' -fstack-protector-strong -L/usr/local/lib'
    libpth=/usr/local/lib /usr/lib/gcc/x86_64-linux-gnu/4.9/include-fixed /usr/include/x86_64-linux-gnu /usr/lib /lib/x86_64-linux-gnu /lib/../lib /usr/lib/x86_64-linux-gnu /usr/lib/../lib /lib
    libs=-lpthread -lnsl -lgdbm -ldb -ldl -lm -lcrypt -lutil -lc -lgdbm_compat
    perllibs=-lpthread -lnsl -ldl -lm -lcrypt -lutil -lc
    libc=libc-2.19.so, so=so, useshrplib=false, libperl=libperl.a
    gnulibc_version='2.19'
  Dynamic Linking:
    dlsrc=dl_dlopen.xs, dlext=so, d_dlsymun=undef, ccdlflags='-Wl,-E'
    cccdlflags='-fPIC', lddlflags='-shared -O2 -g -L/usr/local/lib -fstack-protector-strong'


Characteristics of this binary (from libperl): 
  Compile-time options: HAS_TIMES MULTIPLICITY PERLIO_LAYERS
                        PERL_DONT_CREATE_GVSV
                        PERL_HASH_FUNC_ONE_AT_A_TIME_HARD
                        PERL_IMPLICIT_CONTEXT PERL_MALLOC_WRAP
                        PERL_NEW_COPY_ON_WRITE PERL_PRESERVE_IVUV
                        PERL_USE_DEVEL USE_64_BIT_ALL USE_64_BIT_INT
                        USE_ITHREADS USE_LARGE_FILES USE_LOCALE
                        USE_LOCALE_COLLATE USE_LOCALE_CTYPE
                        USE_LOCALE_NUMERIC USE_LOCALE_TIME USE_PERLIO
                        USE_PERL_ATOF USE_REENTRANT_API
  Built under linux
  Compiled at Jan 24 2015 13:09:03
  %ENV:
    PERL5LIB="/tmp/loop_over_bdir-29201-j8r0u3/FusionInventory-Agent-2.3.15-UXOByq/blib/arch:/tmp/loop_over_bdir-29201-j8r0u3/FusionInventory-Agent-2.3.15-UXOByq/blib/lib"
    PERL5OPT=""
    PERL5_CPANPLUS_IS_RUNNING="16377"
    PERL5_CPAN_IS_RUNNING="16377"
    PERL_MM_USE_DEFAULT="1"
  @INC:
    /tmp/loop_over_bdir-29201-j8r0u3/FusionInventory-Agent-2.3.15-UXOByq/blib/arch
    /tmp/loop_over_bdir-29201-j8r0u3/FusionInventory-Agent-2.3.15-UXOByq/blib/lib
    /home/sand/src/perl/repoperls/installed-perls/perl/v5.21.8-49-gd0500f0/9980/lib/site_perl/5.21.9/x86_64-linux-thread-multi
    /home/sand/src/perl/repoperls/installed-perls/perl/v5.21.8-49-gd0500f0/9980/lib/site_perl/5.21.9
    /home/sand/src/perl/repoperls/installed-perls/perl/v5.21.8-49-gd0500f0/9980/lib/5.21.9/x86_64-linux-thread-multi
    /home/sand/src/perl/repoperls/installed-perls/perl/v5.21.8-49-gd0500f0/9980/lib/5.21.9
    .