Back
From: metabase:user:322078bc-2aae-11df-837a-5e0a49663a4f
Subject: NA Config-IniHashReadDeep-0.02 v5.12.2 FreeBSD
Date: 2010-11-20T06:31:01Z
This distribution has been tested as part of the CPAN Testers
project, supporting the Perl programming language. See
http://wiki.cpantesters.org/ for more information or email
questions to cpan-testers-discuss@perl.org
--
Dear AHERNIT,
This is a computer-generated error report created automatically by
CPANPLUS, version 0.9007. Testers personal comments may appear
at the end of this report.
Thank you for uploading your work to CPAN. However, it appears that
there were some problems testing your distribution.
TEST RESULTS:
Below is the error stack from stage 'make test':
[MSG] [Sat Nov 20 06:31:01 2010] cp lib/Config/IniHashReadDeep.pm blib/lib/Config/IniHashReadDeep.pm
Manifying blib/man3/Config::IniHashReadDeep.3
[ERROR] [Sat Nov 20 06:31:01 2010] MAKE TEST failed: Inappropriate ioctl for device PERL_DL_NONLAZY=1 /usr/home/cpan/pit/rel/perl-5.12.2/bin/perl "-MExtUtils::Command::MM" "-e" "test_harness(0, 'blib/lib', 'blib/arch')" t/*.t
# Failed test 'Config::IniHash compiles'
# at t/01_compile.t line 16.
# Failed test 'Config::IniHashReadDeep compiles'
# at t/01_compile.t line 16.
# Looks like you failed 2 tests of 2.
t/01_compile.t .........
Dubious, test returned 2 (wstat 512, 0x200)
Failed 2/2 subtests
Can't locate Config/IniHash.pm in @INC (@INC contains: ../lib lib /usr/home/cpan/pit/rel/conf/perl-5.12.2/.cpanplus/5.12.2/build/Config-IniHashReadDeep/blib/lib /usr/home/cpan/pit/rel/conf/perl-5.12.2/.cpanplus/5.12.2/build/Config-IniHashReadDeep/blib/arch /usr/home/cpan/pit/rel/perl-5.12.2/lib/site_perl/5.12.2/i386-freebsd-thread-multi-64int /usr/home/cpan/pit/rel/perl-5.12.2/lib/site_perl/5.12.2 /usr/home/cpan/pit/rel/perl-5.12.2/lib/5.12.2/i386-freebsd-thread-multi-64int /usr/home/cpan/pit/rel/perl-5.12.2/lib/5.12.2 .) at lib/Config/IniHashReadDeep.pm line 8.
BEGIN failed--compilation aborted at lib/Config/IniHashReadDeep.pm line 8.
Compilation failed in require at t/02_load.t line 7.
BEGIN failed--compilation aborted at t/02_load.t line 7.
t/02_load.t ............
Dubious, test returned 2 (wstat 512, 0x200)
No subtests run
Can't locate Config/IniHash.pm in @INC (@INC contains: ../lib lib /usr/home/cpan/pit/rel/conf/perl-5.12.2/.cpanplus/5.12.2/build/Config-IniHashReadDeep/blib/lib /usr/home/cpan/pit/rel/conf/perl-5.12.2/.cpanplus/5.12.2/build/Config-IniHashReadDeep/blib/arch /usr/home/cpan/pit/rel/perl-5.12.2/lib/site_perl/5.12.2/i386-freebsd-thread-multi-64int /usr/home/cpan/pit/rel/perl-5.12.2/lib/site_perl/5.12.2 /usr/home/cpan/pit/rel/perl-5.12.2/lib/5.12.2/i386-freebsd-thread-multi-64int /usr/home/cpan/pit/rel/perl-5.12.2/lib/5.12.2 .) at lib/Config/IniHashReadDeep.pm line 8.
BEGIN failed--compilation aborted at lib/Config/IniHashReadDeep.pm line 8.
Compilation failed in require at t/03_loadunderscore.t line 7.
BEGIN failed--compilation aborted at t/03_loadunderscore.t line 7.
t/03_loadunderscore.t ..
Dubious, test returned 2 (wstat 512, 0x200)
No subtests run
Can't locate Config/IniHash.pm in @INC (@INC contains: ../lib lib /usr/home/cpan/pit/rel/conf/perl-5.12.2/.cpanplus/5.12.2/build/Config-IniHashReadDeep/blib/lib /usr/home/cpan/pit/rel/conf/perl-5.12.2/.cpanplus/5.12.2/build/Config-IniHashReadDeep/blib/arch /usr/home/cpan/pit/rel/perl-5.12.2/lib/site_perl/5.12.2/i386-freebsd-thread-multi-64int /usr/home/cpan/pit/rel/perl-5.12.2/lib/site_perl/5.12.2 /usr/home/cpan/pit/rel/perl-5.12.2/lib/5.12.2/i386-freebsd-thread-multi-64int /usr/home/cpan/pit/rel/perl-5.12.2/lib/5.12.2 .) at lib/Config/IniHashReadDeep.pm line 8.
BEGIN failed--compilation aborted at lib/Config/IniHashReadDeep.pm line 8.
Compilation failed in require at t/04_loadimport.t line 7.
BEGIN failed--compilation aborted at t/04_loadimport.t line 7.
t/04_loadimport.t ......
Dubious, test returned 2 (wstat 512, 0x200)
No subtests run
Test Summary Report
-------------------
t/01_compile.t (Wstat: 512 Tests: 2 Failed: 2)
Failed tests: 1-2
Non-zero exit status: 2
t/02_load.t (Wstat: 512 Tests: 0 Failed: 0)
Non-zero exit status: 2
Parse errors: No plan found in TAP output
t/03_loadunderscore.t (Wstat: 512 Tests: 0 Failed: 0)
Non-zero exit status: 2
Parse errors: No plan found in TAP output
t/04_loadimport.t (Wstat: 512 Tests: 0 Failed: 0)
Non-zero exit status: 2
Parse errors: No plan found in TAP output
Files=4, Tests=2, 0 wallclock secs ( 0.05 usr 0.05 sys + 0.06 cusr 0.06 csys = 0.23 CPU)
Result: FAIL
Failed 4/4 test programs. 2/2 subtests failed.
*** Error code 2
Stop in /usr/home/cpan/pit/rel/conf/perl-5.12.2/.cpanplus/5.12.2/build/Config-IniHashReadDeep.
[MSG] [Sat Nov 20 06:31:01 2010] DEFAULT 'proceed_on_test_failure' HANDLER RETURNING 'sub return value'
******************************** NOTE ********************************
The comments above are created mechanically, possibly without manual
checking by the sender. As there are many people performing automatic
tests on each upload to CPAN, it is likely that you will receive
identical messages about the same problem.
If you believe that the message is mistaken, please reply to the first
one with correction and/or additional informations, and do not take
it personally. We appreciate your patience. :)
**********************************************************************
Additional comments:
This report was machine-generated by CPANPLUS::Dist::YACSmoke 0.58.
Powered by minismokebox version 0.36
------------------------------
ENVIRONMENT AND OTHER CONTEXT
------------------------------
Environment variables:
AUTOMATED_TESTING = 1
PATH = /sbin:/bin:/usr/sbin:/usr/bin:/usr/games:/usr/local/sbin:/usr/local/bin:/home/cpan/bin
PERL5LIB = :/usr/home/cpan/pit/rel/conf/perl-5.12.2/.cpanplus/5.12.2/build/Config-IniHashReadDeep/blib/lib:/usr/home/cpan/pit/rel/conf/perl-5.12.2/.cpanplus/5.12.2/build/Config-IniHashReadDeep/blib/arch
PERL5_CPANPLUS_IS_RUNNING = 25594
PERL5_CPANPLUS_IS_VERSION = 0.9007
PERL5_MINISMOKEBOX = 0.36
PERL5_YACSMOKE_BASE = /usr/home/cpan/pit/rel/conf/perl-5.12.2
PERL_EXTUTILS_AUTOINSTALL = --defaultdeps
PERL_MM_USE_DEFAULT = 1
SHELL = /usr/local/bin/bash
TERM = screen
Perl special variables (and OS-specific diagnostics, for MSWin32):
Perl: $^X = /usr/home/cpan/pit/rel/perl-5.12.2/bin/perl
UID: $< = 1003
EUID: $> = 1003
GID: $( = 1003 1003 1003
EGID: $) = 1003 1003 1003
-------------------------------
--
Summary of my perl5 (revision 5 version 12 subversion 2) configuration:
Platform:
osname=freebsd, osvers=7.2-release, archname=i386-freebsd-thread-multi-64int
uname='freebsd wintermute.staffordshire.gov.uk 7.2-release freebsd 7.2-release #0: fri may 1 08:49:13 utc 2009 root@walker.cse.buffalo.edu:usrobjusrsrcsysgeneric i386 '
config_args='-des -Dprefix=/usr/home/cpan/pit/rel/perl-5.12.2 -Dusethreads -Duse64bitint'
hint=recommended, useposix=true, d_sigaction=define
useithreads=define, usemultiplicity=define
useperlio=define, d_sfio=undef, uselargefiles=define, usesocks=undef
use64bitint=define, use64bitall=undef, uselongdouble=undef
usemymalloc=n, bincompat5005=undef
Compiler:
cc='cc', ccflags ='-DHAS_FPSETMASK -DHAS_FLOATINGPOINT_H -fno-strict-aliasing -pipe -fstack-protector -I/usr/local/include',
optimize='-O',
cppflags='-DHAS_FPSETMASK -DHAS_FLOATINGPOINT_H -fno-strict-aliasing -pipe -fstack-protector -I/usr/local/include'
ccversion='', gccversion='4.2.1 20070719 [FreeBSD]', gccosandvers=''
intsize=4, longsize=4, ptrsize=4, doublesize=8, byteorder=12345678
d_longlong=define, longlongsize=8, d_longdbl=define, longdblsize=12
ivtype='long long', ivsize=8, nvtype='double', nvsize=8, Off_t='off_t', lseeksize=8
alignbytes=4, prototype=define
Linker and Libraries:
ld='cc', ldflags ='-pthread -Wl,-E -fstack-protector -L/usr/local/lib'
libpth=/usr/lib /usr/local/lib
libs=-lgdbm -lm -lcrypt
perllibs=-lm -lcrypt
libc=, so=so, useshrplib=false, libperl=libperl.a
gnulibc_version=''
Dynamic Linking:
dlsrc=dl_dlopen.xs, dlext=so, d_dlsymun=undef, ccdlflags=' '
cccdlflags='-DPIC -fPIC', lddlflags='-shared -L/usr/local/lib -fstack-protector'
Characteristics of this binary (from libperl):
Compile-time options: MULTIPLICITY PERL_DONT_CREATE_GVSV
PERL_IMPLICIT_CONTEXT PERL_MALLOC_WRAP USE_64_BIT_INT
USE_ITHREADS USE_LARGE_FILES USE_PERLIO USE_PERL_ATOF
USE_REENTRANT_API
Built under freebsd
Compiled at Sep 8 2010 20:41:48
%ENV:
PERL5LIB=":/usr/home/cpan/pit/rel/conf/perl-5.12.2/.cpanplus/5.12.2/build/Config-IniHashReadDeep/blib/lib:/usr/home/cpan/pit/rel/conf/perl-5.12.2/.cpanplus/5.12.2/build/Config-IniHashReadDeep/blib/arch"
PERL5_CPANPLUS_IS_RUNNING="25594"
PERL5_CPANPLUS_IS_VERSION="0.9007"
PERL5_MINISMOKEBOX="0.36"
PERL5_YACSMOKE_BASE="/usr/home/cpan/pit/rel/conf/perl-5.12.2"
PERL_EXTUTILS_AUTOINSTALL="--defaultdeps"
PERL_MM_USE_DEFAULT="1"
@INC:
/usr/home/cpan/pit/rel/conf/perl-5.12.2/.cpanplus/5.12.2/build/Config-IniHashReadDeep/blib/lib
/usr/home/cpan/pit/rel/conf/perl-5.12.2/.cpanplus/5.12.2/build/Config-IniHashReadDeep/blib/arch
/usr/home/cpan/pit/rel/perl-5.12.2/lib/site_perl/5.12.2/i386-freebsd-thread-multi-64int
/usr/home/cpan/pit/rel/perl-5.12.2/lib/site_perl/5.12.2
/usr/home/cpan/pit/rel/perl-5.12.2/lib/5.12.2/i386-freebsd-thread-multi-64int
/usr/home/cpan/pit/rel/perl-5.12.2/lib/5.12.2
.