Report for File-ExtAttr-1.09

Back
From: metabase:user:322078bc-2aae-11df-837a-5e0a49663a4f
Subject: FAIL File-ExtAttr-1.09 v5.12.2 NetBSD
Date: 2016-11-06T12:51:31Z

This distribution has been tested as part of the CPAN Testers
project, supporting the Perl programming language.  See
http://wiki.cpantesters.org/ for more information or email
questions to cpan-testers-discuss@perl.org


--

Dear Richard Dawe,

This is a computer-generated error report created automatically by
CPANPLUS, version 0.9160. Testers personal comments may appear
at the end of this report.


Thank you for uploading your work to CPAN.  However, it appears that
there were some problems testing your distribution.

TEST RESULTS:

Below is the error stack from stage 'make test':

"/home/cpan/pit/bare/perl-5.12.2/bin/perl" -MExtUtils::Command::MM -e 'cp_nonempty' -- ExtAttr.bs blib/arch/auto/File/ExtAttr/ExtAttr.bs 644
PERL_DL_NONLAZY=1 "/home/cpan/pit/bare/perl-5.12.2/bin/perl" "-MExtUtils::Command::MM" "-MTest::Harness" "-e" "undef *Test::Harness::Switches; test_harness(0, 'blib/lib', 'blib/arch')" t/*.t
# Testing File::ExtAttr 1.09, Perl 5.012002, /home/cpan/pit/bare/perl-5.12.2/bin/perl
t/00load.t ........... ok
t/01distribution.t ... skipped: Test::Distribution not installed
t/02load-all.t ....... ok
t/03pod-coverage.t ... skipped: Test::Pod::Coverage 1.04 required for testing POD coverage
t/04yaml-meta.t ...... skipped: Test::YAML::Meta required for testing META.yml
setfattr failed on filename ./2hg8vY06Fy: Operation not supported at t/11basic.t line 58.
# Looks like your test exited with 45 before it could output anything.
t/11basic.t .......... 
Dubious, test returned 45 (wstat 11520, 0x2d00)
Failed 12/12 subtests 
setfattr failed on filename ./phtXf4lzq8: Operation not supported at t/12empty.t line 61.
# Looks like your test exited with 45 before it could output anything.
t/12empty.t .......... 
Dubious, test returned 45 (wstat 11520, 0x2d00)
Failed 12/12 subtests 
setfattr failed on ./8Pu1u7aLfM: Operation not supported at t/13long.t line 64.
# Looks like your test exited with 45 before it could output anything.
t/13long.t ........... 
Dubious, test returned 45 (wstat 11520, 0x2d00)
Failed 24/24 subtests 
setfattr failed on ./lNLbRXU240: Operation not supported at t/14optional.t line 52.
# Looks like your test exited with 45 before it could output anything.
t/14optional.t ....... 
Dubious, test returned 45 (wstat 11520, 0x2d00)
Failed 8/8 subtests 

#   Failed test at t/15create.t line 57.
#          got: '0'
#     expected: '1'

#   Failed test at t/15create.t line 63.
#          got: undef
#     expected: 'ZZZadlf03948alsdjfaslfjaoweir12l34kealfkjalskdfas90d8fajdlfkj./.,f'

#   Failed test at t/15create.t line 66.

#   Failed test at t/15create.t line 57.
#          got: '0'
#     expected: '1'

#   Failed test at t/15create.t line 63.
#          got: undef
#     expected: 'ZZZadlf03948alsdjfaslfjaoweir12l34kealfkjalskdfas90d8fajdlfkj./.,f'

#   Failed test at t/15create.t line 66.

#   Failed test at t/15create.t line 81.
#          got: '0'
#     expected: '1'

#   Failed test at t/15create.t line 87.
#          got: '45'
#     expected: '0'

#   Failed test at t/15create.t line 90.
#          got: undef
#     expected: 'ZZZadlf03948alsdjfaslfjaoweir12l34kealfkjalskdfas90d8fajdlfkj./.,f'

#   Failed test at t/15create.t line 93.
# Looks like you failed 10 tests of 16.
t/15create.t ......... 
Dubious, test returned 10 (wstat 2560, 0xa00)
Failed 10/16 subtests 

#   Failed test at t/16replace.t line 56.
#          got: '0'
#     expected: '1'

#   Failed test at t/16replace.t line 59.
#          got: '0'
#     expected: '1'

#   Failed test at t/16replace.t line 62.
#          got: undef
#     expected: 'ZZZadlf03948alsdjfaslfjaoweir12l34kealfkjalskdfas90d8fajdlfkj./.,f'

#   Failed test at t/16replace.t line 65.

#   Failed test at t/16replace.t line 56.
#          got: '0'
#     expected: '1'

#   Failed test at t/16replace.t line 59.
#          got: '0'
#     expected: '1'

#   Failed test at t/16replace.t line 62.
#          got: undef
#     expected: 'ZZZadlf03948alsdjfaslfjaoweir12l34kealfkjalskdfas90d8fajdlfkj./.,f'

#   Failed test at t/16replace.t line 65.

#   Failed test at t/16replace.t line 80.
#          got: '0'
#     expected: '1'

#   Failed test at t/16replace.t line 83.
#          got: '0'
#     expected: '1'

#   Failed test at t/16replace.t line 86.
#          got: undef
#     expected: 'ZZZadlf03948alsdjfaslfjaoweir12l34kealfkjalskdfas90d8fajdlfkj./.,f'

#   Failed test at t/16replace.t line 89.
# Looks like you failed 12 tests of 15.
t/16replace.t ........ 
Dubious, test returned 12 (wstat 3072, 0xc00)
Failed 12/15 subtests 
t/17createreplace.t .. ok

#   Failed test at t/18list.t line 52.
#          got: '0'
#     expected: '1'

#   Failed test at t/18list.t line 58.
#          got: '45'
#     expected: '0'

#   Failed test at t/18list.t line 61.
#          got: undef
#     expected: 'val9'

#   Failed test at t/18list.t line 52.
#          got: '0'
#     expected: '1'

#   Failed test at t/18list.t line 58.
#          got: '45'
#     expected: '0'

#   Failed test at t/18list.t line 61.
#          got: undef
#     expected: 'val5'

#   Failed test at t/18list.t line 52.
#          got: '0'
#     expected: '1'

#   Failed test at t/18list.t line 58.
#          got: '45'
#     expected: '0'

#   Failed test at t/18list.t line 61.
#          got: undef
#     expected: 'val6'

#   Failed test at t/18list.t line 52.
#          got: '0'
#     expected: '1'

#   Failed test at t/18list.t line 58.
#          got: '45'
#     expected: '0'

#   Failed test at t/18list.t line 61.
#          got: undef
#     expected: 'val8'

#   Failed test at t/18list.t line 52.
#          got: '0'
#     expected: '1'

#   Failed test at t/18list.t line 58.
#          got: '45'
#     expected: '0'

#   Failed test at t/18list.t line 61.
#          got: undef
#     expected: 'val0'

#   Failed test at t/18list.t line 52.
#          got: '0'
#     expected: '1'

#   Failed test at t/18list.t line 58.
#          got: '45'
#     expected: '0'

#   Failed test at t/18list.t line 61.
#          got: undef
#     expected: 'val3'

#   Failed test at t/18list.t line 52.
#          got: '0'
#     expected: '1'

#   Failed test at t/18list.t line 58.
#          got: '45'
#     expected: '0'

#   Failed test at t/18list.t line 61.
#          got: undef
#     expected: 'val2'

#   Failed test at t/18list.t line 52.
#          got: '0'
#     expected: '1'

#   Failed test at t/18list.t line 58.
#          got: '45'
#     expected: '0'

#   Failed test at t/18list.t line 61.
#          got: undef
#     expected: 'val1'

#   Failed test at t/18list.t line 52.
#          got: '0'
#     expected: '1'

#   Failed test at t/18list.t line 58.
#          got: '45'
#     expected: '0'

#   Failed test at t/18list.t line 61.
#          got: undef
#     expected: 'val4'

#   Failed test at t/18list.t line 52.
#          got: '0'
#     expected: '1'

#   Failed test at t/18list.t line 58.
#          got: '45'
#     expected: '0'

#   Failed test at t/18list.t line 61.
#          got: undef
#     expected: 'val7'
Use of uninitialized value in sort at t/18list.t line 66.

#   Failed test at t/18list.t line 132.
#          got: '1'
#     expected: '10'

#   Failed test at t/18list.t line 133.
#          got: undef
#     expected: 'key0'

#   Failed test at t/18list.t line 75.

#   Failed test at t/18list.t line 75.

#   Failed test at t/18list.t line 75.

#   Failed test at t/18list.t line 75.

#   Failed test at t/18list.t line 75.

#   Failed test at t/18list.t line 75.

#   Failed test at t/18list.t line 75.

#   Failed test at t/18list.t line 75.

#   Failed test at t/18list.t line 75.

#   Failed test at t/18list.t line 75.

#   Failed test at t/18list.t line 52.
#          got: '0'
#     expected: '1'

#   Failed test at t/18list.t line 58.
#          got: '45'
#     expected: '0'

#   Failed test at t/18list.t line 61.
#          got: undef
#     expected: 'val9'

#   Failed test at t/18list.t line 52.
#          got: '0'
#     expected: '1'

#   Failed test at t/18list.t line 58.
#          got: '45'
#     expected: '0'

#   Failed test at t/18list.t line 61.
#          got: undef
#     expected: 'val5'

#   Failed test at t/18list.t line 52.
#          got: '0'
#     expected: '1'

#   Failed test at t/18list.t line 58.
#          got: '45'
#     expected: '0'

#   Failed test at t/18list.t line 61.
#          got: undef
#     expected: 'val6'

#   Failed test at t/18list.t line 52.
#          got: '0'
#     expected: '1'

#   Failed test at t/18list.t line 58.
#          got: '45'
#     expected: '0'

#   Failed test at t/18list.t line 61.
#          got: undef
#     expected: 'val8'

#   Failed test at t/18list.t line 52.
#          got: '0'
#     expected: '1'

#   Failed test at t/18list.t line 58.
#          got: '45'
#     expected: '0'

#   Failed test at t/18list.t line 61.
#          got: undef
#     expected: 'val0'

#   Failed test at t/18list.t line 52.
#          got: '0'
#     expected: '1'

#   Failed test at t/18list.t line 58.
#          got: '45'
#     expected: '0'

#   Failed test at t/18list.t line 61.
#          got: undef
#     expected: 'val3'

#   Failed test at t/18list.t line 52.
#          got: '0'
#     expected: '1'

#   Failed test at t/18list.t line 58.
#          got: '45'
#     expected: '0'

#   Failed test at t/18list.t line 61.
#          got: undef
#     expected: 'val2'

#   Failed test at t/18list.t line 52.
#          got: '0'
#     expected: '1'

#   Failed test at t/18list.t line 58.
#          got: '45'
#     expected: '0'

#   Failed test at t/18list.t line 61.
#          got: undef
#     expected: 'val1'

#   Failed test at t/18list.t line 52.
#          got: '0'
#     expected: '1'

#   Failed test at t/18list.t line 58.
#          got: '45'
#     expected: '0'

#   Failed test at t/18list.t line 61.
#          got: undef
#     expected: 'val4'

#   Failed test at t/18list.t line 52.
#          got: '0'
#     expected: '1'

#   Failed test at t/18list.t line 58.
#          got: '45'
#     expected: '0'

#   Failed test at t/18list.t line 61.
#          got: undef
#     expected: 'val7'
Use of uninitialized value in sort at t/18list.t line 66.

#   Failed test at t/18list.t line 132.
#          got: '1'
#     expected: '10'

#   Failed test at t/18list.t line 133.
#          got: undef
#     expected: 'key0'

#   Failed test at t/18list.t line 75.

#   Failed test at t/18list.t line 75.

#   Failed test at t/18list.t line 75.

#   Failed test at t/18list.t line 75.

#   Failed test at t/18list.t line 75.

#   Failed test at t/18list.t line 75.

#   Failed test at t/18list.t line 75.

#   Failed test at t/18list.t line 75.

#   Failed test at t/18list.t line 75.

#   Failed test at t/18list.t line 75.

#   Failed test at t/18list.t line 93.
#          got: '0'
#     expected: '1'

#   Failed test at t/18list.t line 99.
#          got: '45'
#     expected: '0'

#   Failed test at t/18list.t line 102.
#          got: undef
#     expected: 'val9'

#   Failed test at t/18list.t line 93.
#          got: '0'
#     expected: '1'

#   Failed test at t/18list.t line 99.
#          got: '45'
#     expected: '0'

#   Failed test at t/18list.t line 102.
#          got: undef
#     expected: 'val5'

#   Failed test at t/18list.t line 93.
#          got: '0'
#     expected: '1'

#   Failed test at t/18list.t line 99.
#          got: '45'
#     expected: '0'

#   Failed test at t/18list.t line 102.
#          got: undef
#     expected: 'val6'

#   Failed test at t/18list.t line 93.
#          got: '0'
#     expected: '1'

#   Failed test at t/18list.t line 99.
#          got: '45'
#     expected: '0'

#   Failed test at t/18list.t line 102.
#          got: undef
#     expected: 'val8'

#   Failed test at t/18list.t line 93.
#          got: '0'
#     expected: '1'

#   Failed test at t/18list.t line 99.
#          got: '45'
#     expected: '0'

#   Failed test at t/18list.t line 102.
#          got: undef
#     expected: 'val0'

#   Failed test at t/18list.t line 93.
#          got: '0'
#     expected: '1'

#   Failed test at t/18list.t line 99.
#          got: '45'
#     expected: '0'

#   Failed test at t/18list.t line 102.
#          got: undef
#     expected: 'val3'

#   Failed test at t/18list.t line 93.
#          got: '0'
#     expected: '1'

#   Failed test at t/18list.t line 99.
#          got: '45'
#     expected: '0'

#   Failed test at t/18list.t line 102.
#          got: undef
#     expected: 'val2'

#   Failed test at t/18list.t line 93.
#          got: '0'
#     expected: '1'

#   Failed test at t/18list.t line 99.
#          got: '45'
#     expected: '0'

#   Failed test at t/18list.t line 102.
#          got: undef
#     expected: 'val1'

#   Failed test at t/18list.t line 93.
#          got: '0'
#     expected: '1'

#   Failed test at t/18list.t line 99.
#          got: '45'
#     expected: '0'

#   Failed test at t/18list.t line 102.
#          got: undef
#     expected: 'val4'

#   Failed test at t/18list.t line 93.
#          got: '0'
#     expected: '1'

#   Failed test at t/18list.t line 99.
#          got: '45'
#     expected: '0'

#   Failed test at t/18list.t line 102.
#          got: undef
#     expected: 'val7'
Use of uninitialized value in sort at t/18list.t line 107.

#   Failed test at t/18list.t line 132.
#          got: '1'
#     expected: '10'

#   Failed test at t/18list.t line 133.
#          got: undef
#     expected: 'key0'

#   Failed test at t/18list.t line 116.

#   Failed test at t/18list.t line 116.

#   Failed test at t/18list.t line 116.

#   Failed test at t/18list.t line 116.

#   Failed test at t/18list.t line 116.

#   Failed test at t/18list.t line 116.

#   Failed test at t/18list.t line 116.

#   Failed test at t/18list.t line 116.

#   Failed test at t/18list.t line 116.

#   Failed test at t/18list.t line 116.
# Looks like you planned 213 tests but ran 186.
# Looks like you failed 126 tests of 186 run.
t/18list.t ........... 
Dubious, test returned 126 (wstat 32256, 0x7e00)
Failed 153/213 subtests 

#   Failed test at t/20tie-basic.t line 59.
#          got: undef
#     expected: '456'

#   Failed test at t/20tie-basic.t line 63.
#          got: undef
#     expected: '456456'

#   Failed test at t/20tie-basic.t line 66.
#          got: undef
#     expected: '456'

#   Failed test at t/20tie-basic.t line 59.
#          got: undef
#     expected: '123'

#   Failed test at t/20tie-basic.t line 63.
#          got: undef
#     expected: '123123'

#   Failed test at t/20tie-basic.t line 66.
#          got: undef
#     expected: '123'

#   Failed test at t/20tie-basic.t line 81.
#          got: undef
#     expected: '456'

#   Failed test at t/20tie-basic.t line 81.
#          got: undef
#     expected: '123'

#   Failed test at t/20tie-basic.t line 87.

#   Failed test at t/20tie-basic.t line 59.
#          got: undef
#     expected: '456'

#   Failed test at t/20tie-basic.t line 63.
#          got: undef
#     expected: '456456'

#   Failed test at t/20tie-basic.t line 66.
#          got: undef
#     expected: '456'

#   Failed test at t/20tie-basic.t line 59.
#          got: undef
#     expected: '123'

#   Failed test at t/20tie-basic.t line 63.
#          got: undef
#     expected: '123123'

#   Failed test at t/20tie-basic.t line 66.
#          got: undef
#     expected: '123'

#   Failed test at t/20tie-basic.t line 81.
#          got: undef
#     expected: '456'

#   Failed test at t/20tie-basic.t line 81.
#          got: undef
#     expected: '123'

#   Failed test at t/20tie-basic.t line 87.
# Looks like you failed 18 tests of 24.
t/20tie-basic.t ...... 
Dubious, test returned 18 (wstat 4608, 0x1200)
Failed 18/24 subtests 
t/22tie-nonuser.t .... ok
setfattr failed on filename ./6zomfGjUw3: Operation not supported at t/30nsbasic.t line 60.
# Looks like your test exited with 45 before it could output anything.
t/30nsbasic.t ........ 
Dubious, test returned 45 (wstat 11520, 0x2d00)
Failed 18/18 subtests 
setfattr failed on filename ./BRKZ8aycQE: Operation not supported at t/31nsmultiple.t line 64.
# Looks like your test exited with 45 before it could output anything.
t/31nsmultiple.t ..... 
Dubious, test returned 45 (wstat 11520, 0x2d00)
Failed 42/42 subtests 
t/32nsnonuser.t ...... ok
setfattr failed on ./YldKvq3lC_: Operation not supported at t/33nslong.t line 64.
# Looks like your test exited with 45 before it could output anything.
t/33nslong.t ......... 
Dubious, test returned 45 (wstat 11520, 0x2d00)
Failed 24/24 subtests 
t/39nsempty.t ........ ok
setfattr failed on filename ./hyPN7TwqWL: Operation not supported at t/80memleakget.t line 56.
# Looks like your test exited with 45 before it could output anything.
t/80memleakget.t ..... 
Dubious, test returned 45 (wstat 11520, 0x2d00)
Failed 6000/6000 subtests 
t/81closed.t ......... ok

Test Summary Report
-------------------
t/11basic.t        (Wstat: 11520 Tests: 0 Failed: 0)
  Non-zero exit status: 45
  Parse errors: Bad plan.  You planned 12 tests but ran 0.
t/12empty.t        (Wstat: 11520 Tests: 0 Failed: 0)
  Non-zero exit status: 45
  Parse errors: Bad plan.  You planned 12 tests but ran 0.
t/13long.t         (Wstat: 11520 Tests: 0 Failed: 0)
  Non-zero exit status: 45
  Parse errors: Bad plan.  You planned 24 tests but ran 0.
t/14optional.t     (Wstat: 11520 Tests: 0 Failed: 0)
  Non-zero exit status: 45
  Parse errors: Bad plan.  You planned 8 tests but ran 0.
t/15create.t       (Wstat: 2560 Tests: 16 Failed: 10)
  Failed tests:  1, 3-4, 6, 8-9, 11, 13-15
  Non-zero exit status: 10
t/16replace.t      (Wstat: 3072 Tests: 15 Failed: 12)
  Failed tests:  1-4, 6-9, 11-14
  Non-zero exit status: 12
t/18list.t         (Wstat: 32256 Tests: 186 Failed: 126)
  Failed tests:  1, 3-5, 7-9, 11-13, 15-17, 19-21, 23-25
                27-29, 31-33, 35-37, 39-43, 45, 47, 49
                51, 53, 55, 57, 59, 61, 63, 65-67, 69-71
                73-75, 77-79, 81-83, 85-87, 89-91, 93-95
                97-99, 101-105, 107, 109, 111, 113, 115
                117, 119, 121, 123, 125, 127-129, 131-133
                135-137, 139-141, 143-145, 147-149, 151-153
                155-157, 159-161, 163-167, 169, 171, 173
                175, 177, 179, 181, 183, 185
  Non-zero exit status: 126
  Parse errors: Bad plan.  You planned 213 tests but ran 186.
t/20tie-basic.t    (Wstat: 4608 Tests: 24 Failed: 18)
  Failed tests:  2-4, 6-8, 10-12, 14-16, 18-20, 22-24
  Non-zero exit status: 18
t/30nsbasic.t      (Wstat: 11520 Tests: 0 Failed: 0)
  Non-zero exit status: 45
  Parse errors: Bad plan.  You planned 18 tests but ran 0.
t/31nsmultiple.t   (Wstat: 11520 Tests: 0 Failed: 0)
  Non-zero exit status: 45
  Parse errors: Bad plan.  You planned 42 tests but ran 0.
t/33nslong.t       (Wstat: 11520 Tests: 0 Failed: 0)
  Non-zero exit status: 45
  Parse errors: Bad plan.  You planned 24 tests but ran 0.
t/80memleakget.t   (Wstat: 11520 Tests: 0 Failed: 0)
  Non-zero exit status: 45
  Parse errors: Bad plan.  You planned 6000 tests but ran 0.
Files=22, Tests=317,  2 wallclock secs ( 0.09 usr  0.07 sys +  1.12 cusr  0.71 csys =  1.99 CPU)
Result: FAIL
Failed 12/22 test programs. 166/317 subtests failed.
*** Error code 255

Stop.
make: stopped in /home/cpan/pit/bare/conf/perl-5.12.2/.cpanplus/5.12.2/build/zP3PYIP9Xr/File-ExtAttr-1.09


PREREQUISITES:

Here is a list of prerequisites you specified and versions we
managed to load:

	  Module Name                        Have     Want
	  Carp                               1.17        0
	  ExtUtils::MakeMaker                7.18        0
	  Scalar::Util                       1.22        0

Perl module toolchain versions installed:
	Module Name                        Have
	CPANPLUS                         0.9160
	CPANPLUS::Dist::Build              0.80
	Cwd                                3.62
	ExtUtils::CBuilder             0.280224
	ExtUtils::Command                  7.18
	ExtUtils::Install                  2.04
	ExtUtils::MakeMaker                7.18
	ExtUtils::Manifest                 1.70
	ExtUtils::ParseXS                  3.30
	File::Spec                         3.62
	Module::Build                    0.4218
	Pod::Parser                        1.37
	Pod::Simple                        3.14
	Test2                          1.302045
	Test::Harness                      3.36
	Test::More                     1.302045
	version                          0.9917

******************************** NOTE ********************************
The comments above are created mechanically, possibly without manual
checking by the sender.  As there are many people performing automatic
tests on each upload to CPAN, it is likely that you will receive
identical messages about the same problem.

If you believe that the message is mistaken, please reply to the first
one with correction and/or additional informations, and do not take
it personally.  We appreciate your patience. :)
**********************************************************************

Additional comments:


This report was machine-generated by CPANPLUS::Dist::YACSmoke 0.98.
Powered by minismokebox version 0.58

------------------------------
ENVIRONMENT AND OTHER CONTEXT
------------------------------

Environment variables:

    AUTOMATED_TESTING = 1
    NONINTERACTIVE_TESTING = 1
    PATH = /home/cpan/bin:/bin:/sbin:/usr/bin:/usr/sbin:/usr/X11R7/bin:/usr/X11R6/bin:/usr/pkg/bin:/usr/pkg/sbin:/usr/games:/usr/local/bin:/usr/local/sbin
    PERL5LIB = :/home/cpan/pit/bare/conf/perl-5.12.2/.cpanplus/5.12.2/build/zP3PYIP9Xr/File-ExtAttr-1.09/blib/lib:/home/cpan/pit/bare/conf/perl-5.12.2/.cpanplus/5.12.2/build/zP3PYIP9Xr/File-ExtAttr-1.09/blib/arch
    PERL5_CPANPLUS_IS_RUNNING = 7983
    PERL5_CPANPLUS_IS_VERSION = 0.9160
    PERL5_MINISMOKEBOX = 0.58
    PERL5_YACSMOKE_BASE = /home/cpan/pit/bare/conf/perl-5.12.2
    PERL_EXTUTILS_AUTOINSTALL = --defaultdeps
    PERL_MM_USE_DEFAULT = 1
    SHELL = /usr/pkg/bin/bash
    TERM = screen

Perl special variables (and OS-specific diagnostics, for MSWin32):

    Perl: $^X = /home/cpan/pit/bare/perl-5.12.2/bin/perl
    UID:  $<  = 1002
    EUID: $>  = 1002
    GID:  $(  = 100 100
    EGID: $)  = 100 100


-------------------------------


--

Summary of my perl5 (revision 5 version 12 subversion 2) configuration:
   
  Platform:
    osname=netbsd, osvers=7.0.1, archname=amd64-netbsd
    uname='netbsd niwed.bingosnet.co.uk 7.0.1 netbsd 7.0.1 (generic.201605221355z) amd64 '
    config_args='-des -Dprefix=/home/cpan/pit/bare/perl-5.12.2'
    hint=recommended, useposix=true, d_sigaction=define
    useithreads=undef, usemultiplicity=undef
    useperlio=define, d_sfio=undef, uselargefiles=define, usesocks=undef
    use64bitint=define, use64bitall=define, uselongdouble=undef
    usemymalloc=n, bincompat5005=undef
  Compiler:
    cc='cc', ccflags ='-fno-strict-aliasing -pipe -fstack-protector -I/usr/pkg/include',
    optimize='-O',
    cppflags='-fno-strict-aliasing -pipe -fstack-protector -I/usr/pkg/include'
    ccversion='', gccversion='4.8.4', gccosandvers=''
    intsize=4, longsize=8, ptrsize=8, doublesize=8, byteorder=12345678
    d_longlong=define, longlongsize=8, d_longdbl=define, longdblsize=16
    ivtype='long', ivsize=8, nvtype='double', nvsize=8, Off_t='off_t', lseeksize=8
    alignbytes=8, prototype=define
  Linker and Libraries:
    ld='cc', ldflags =' -Wl,-rpath,/usr/pkg/lib -Wl,-rpath,/usr/local/lib -fstack-protector -L/usr/pkg/lib'
    libpth=/usr/pkg/lib /lib /usr/lib
    libs=-lgdbm -lm -lcrypt -lutil -lc -lposix
    perllibs=-lm -lcrypt -lutil -lc -lposix
    libc=/lib/libc.so, so=so, useshrplib=false, libperl=libperl.a
    gnulibc_version=''
  Dynamic Linking:
    dlsrc=dl_dlopen.xs, dlext=so, d_dlsymun=undef, ccdlflags='-Wl,-E '
    cccdlflags='-DPIC -fPIC ', lddlflags='-shared  -L/usr/pkg/lib -fstack-protector'


Characteristics of this binary (from libperl): 
  Compile-time options: PERL_DONT_CREATE_GVSV PERL_MALLOC_WRAP USE_64_BIT_ALL
                        USE_64_BIT_INT USE_LARGE_FILES USE_PERLIO
                        USE_PERL_ATOF
  Locally applied patches:
	Devel::PatchPerl 1.42
  Built under netbsd
  Compiled at May 31 2016 14:42:27
  %ENV:
    PERL5LIB=":/home/cpan/pit/bare/conf/perl-5.12.2/.cpanplus/5.12.2/build/zP3PYIP9Xr/File-ExtAttr-1.09/blib/lib:/home/cpan/pit/bare/conf/perl-5.12.2/.cpanplus/5.12.2/build/zP3PYIP9Xr/File-ExtAttr-1.09/blib/arch"
    PERL5_CPANPLUS_IS_RUNNING="7983"
    PERL5_CPANPLUS_IS_VERSION="0.9160"
    PERL5_MINISMOKEBOX="0.58"
    PERL5_YACSMOKE_BASE="/home/cpan/pit/bare/conf/perl-5.12.2"
    PERL_EXTUTILS_AUTOINSTALL="--defaultdeps"
    PERL_MM_USE_DEFAULT="1"
  @INC:
    /home/cpan/pit/bare/conf/perl-5.12.2/.cpanplus/5.12.2/build/zP3PYIP9Xr/File-ExtAttr-1.09/blib/lib
    /home/cpan/pit/bare/conf/perl-5.12.2/.cpanplus/5.12.2/build/zP3PYIP9Xr/File-ExtAttr-1.09/blib/arch
    /home/cpan/pit/bare/perl-5.12.2/lib/site_perl/5.12.2/amd64-netbsd
    /home/cpan/pit/bare/perl-5.12.2/lib/site_perl/5.12.2
    /home/cpan/pit/bare/perl-5.12.2/lib/5.12.2/amd64-netbsd
    /home/cpan/pit/bare/perl-5.12.2/lib/5.12.2
    .