Report for Mojolicious-Plugin-AdvancedMod-0.38

Back
From: metabase:user:7298ebcc-b357-11e4-8d18-8eca7e4756b9
Subject: FAIL Mojolicious-Plugin-AdvancedMod-0.38 v5.21.8 GNU/Linux
Date: 2015-06-17T10:36:39Z

This distribution has been tested as part of the CPAN Testers
project, supporting the Perl programming language.  See
http://wiki.cpantesters.org/ for more information or email
questions to cpan-testers-discuss@perl.org


--
Dear GRISHKOV,

This is a computer-generated report for Mojolicious-Plugin-AdvancedMod
on perl 5.21.8, created by App::cpanminus::reporter 0.12 (1.7027).

Thank you for uploading your work to CPAN.  However, there was a problem
testing your distribution.

If you think this report is invalid, please consult the CPAN Testers Wiki
for suggestions on how to avoid getting FAIL reports for missing library
or binary dependencies, unsupported operating systems, and so on:

http://wiki.cpantesters.org/wiki/CPANAuthorNotes

Sections of this report:

    * Tester comments
    * Program output
    * Prerequisites
    * Environment and other context

------------------------------
TESTER COMMENTS
------------------------------

Additional comments from tester:

none provided

------------------------------
PROGRAM OUTPUT
------------------------------

Output from '':

Building and testing Mojolicious-Plugin-AdvancedMod-0.38
Building Mojolicious-Plugin-AdvancedMod
Unescaped left brace in regex is deprecated, passed through in regex; marked by <-- HERE in m/(\${ <-- HERE .*?})/ at /home/mojolicious/.cpanm/work/1434537377.9787/Mojolicious-Plugin-AdvancedMod/blib/lib/Mojolicious/Plugin/AdvancedMod/Configurator.pm line 129.
Can't locate object method "new" via package "Mojo::JSON" at /home/mojolicious/.cpanm/work/1434537377.9787/Mojolicious-Plugin-AdvancedMod/blib/lib/Mojolicious/Plugin/AdvancedMod/Configurator.pm line 52.
t/action_filter.t .. 
Dubious, test returned 2 (wstat 512, 0x200)
No subtests run 
Unescaped left brace in regex is deprecated, passed through in regex; marked by <-- HERE in m/(\${ <-- HERE .*?})/ at /home/mojolicious/.cpanm/work/1434537377.9787/Mojolicious-Plugin-AdvancedMod/blib/lib/Mojolicious/Plugin/AdvancedMod/Configurator.pm line 129.
Can't locate object method "new" via package "Mojo::JSON" at /home/mojolicious/.cpanm/work/1434537377.9787/Mojolicious-Plugin-AdvancedMod/blib/lib/Mojolicious/Plugin/AdvancedMod/Configurator.pm line 52.
# Tests were run but no plan was declared and done_testing() was not seen.
# Looks like your test exited with 2 just after 1.
t/advanced_mod.t ... 
Dubious, test returned 2 (wstat 512, 0x200)
All 1 subtests passed 
Plugin "haml_renderer" missing, maybe you need to install it?
# Tests were run but no plan was declared and done_testing() was not seen.
# Looks like your test exited with 2 just after 4.
t/command_am.t ..... 
Dubious, test returned 2 (wstat 512, 0x200)
All 4 subtests passed 
Unescaped left brace in regex is deprecated, passed through in regex; marked by <-- HERE in m/(\${ <-- HERE .*?})/ at /home/mojolicious/.cpanm/work/1434537377.9787/Mojolicious-Plugin-AdvancedMod/blib/lib/Mojolicious/Plugin/AdvancedMod/Configurator.pm line 129.
Can't locate object method "new" via package "Mojo::JSON" at /home/mojolicious/.cpanm/work/1434537377.9787/Mojolicious-Plugin-AdvancedMod/blib/lib/Mojolicious/Plugin/AdvancedMod/Configurator.pm line 52.
t/configurator.t ... 
Dubious, test returned 2 (wstat 512, 0x200)
No subtests run 
Unescaped left brace in regex is deprecated, passed through in regex; marked by <-- HERE in m/(\${ <-- HERE .*?})/ at /home/mojolicious/.cpanm/work/1434537377.9787/Mojolicious-Plugin-AdvancedMod/blib/lib/Mojolicious/Plugin/AdvancedMod/Configurator.pm line 129.
Can't locate object method "new" via package "Mojo::JSON" at /home/mojolicious/.cpanm/work/1434537377.9787/Mojolicious-Plugin-AdvancedMod/blib/lib/Mojolicious/Plugin/AdvancedMod/Configurator.pm line 52.
t/hashed_params.t .. 
Dubious, test returned 2 (wstat 512, 0x200)
No subtests run 
Unescaped left brace in regex is deprecated, passed through in regex; marked by <-- HERE in m/(\${ <-- HERE .*?})/ at /home/mojolicious/.cpanm/work/1434537377.9787/Mojolicious-Plugin-AdvancedMod/blib/lib/Mojolicious/Plugin/AdvancedMod/Configurator.pm line 129.
# Tag: button_to
t/tag_helpers.t .... ok

Test Summary Report
-------------------
t/action_filter.t (Wstat: 512 Tests: 0 Failed: 0)
  Non-zero exit status: 2
  Parse errors: No plan found in TAP output
t/advanced_mod.t (Wstat: 512 Tests: 1 Failed: 0)
  Non-zero exit status: 2
  Parse errors: No plan found in TAP output
t/command_am.t   (Wstat: 512 Tests: 4 Failed: 0)
  Non-zero exit status: 2
  Parse errors: No plan found in TAP output
t/configurator.t (Wstat: 512 Tests: 0 Failed: 0)
  Non-zero exit status: 2
  Parse errors: No plan found in TAP output
t/hashed_params.t (Wstat: 512 Tests: 0 Failed: 0)
  Non-zero exit status: 2
  Parse errors: No plan found in TAP output
Files=6, Tests=16,  2 wallclock secs ( 0.03 usr  0.01 sys +  1.89 cusr  0.23 csys =  2.16 CPU)
Result: FAIL

------------------------------
PREREQUISITES
------------------------------

Prerequisite modules loaded:

    No requirements found

------------------------------
ENVIRONMENT AND OTHER CONTEXT
------------------------------

Environment variables:

    PATH = /home/mojolicious/perl5/perlbrew/bin:/home/mojolicious/perl5/perlbrew/perls/perl-5.20.1/bin:/usr/local/bin:/usr/bin:/bin:/usr/local/games:/usr/games:/home/mojolicious/mojolib/5.21.8/6.10/bin
    PERLBREW_BASHRC_VERSION = 0.73
    PERLBREW_HOME = /home/mojolicious/.perlbrew
    PERLBREW_MANPATH = /home/mojolicious/perl5/perlbrew/perls/perl-5.20.1/man
    PERLBREW_PATH = /home/mojolicious/perl5/perlbrew/bin:/home/mojolicious/perl5/perlbrew/perls/perl-5.20.1/bin
    PERLBREW_PERL = perl-5.20.1
    PERLBREW_ROOT = /home/mojolicious/perl5/perlbrew
    PERLBREW_VERSION = 0.73
    SHELL = /bin/bash
    TERM = xterm

Perl special variables (and OS-specific diagnostics, for MSWin32):

    EGID = 1003 1003
    EUID = 1003
    EXECUTABLE_NAME = /home/mojolicious/perl5/perlbrew/perls/perl-5.21.8/bin/perl5.21.8
    GID = 1003 1003
    UID = 1003

Perl module toolchain versions installed:

    Module              Have        
    ------------------- ------------
    CPAN                2.05        
    CPAN::Meta          2.143240    
    Cwd                 3.54        
    ExtUtils::CBuilder  0.280221    
    ExtUtils::Command   1.20        
    ExtUtils::Install   2.04        
    ExtUtils::MakeMaker 7.04        
    ExtUtils::Manifest  1.70        
    ExtUtils::ParseXS   3.27        
    File::Spec          3.53        
    JSON                2.90        
    JSON::PP            2.27300     
    Module::Build       0.4211      
    Module::Signature   n/a         
    Parse::CPAN::Meta   1.4414      
    Test::Harness       3.35        
    Test::More          1.301001_097
    YAML                n/a         
    YAML::Syck          n/a         
    version             0.9909      


--

Summary of my perl5 (revision 5 version 21 subversion 8) configuration:
   
  Platform:
    osname=linux, osvers=3.13.0-042stab094.8, archname=x86_64-linux
    uname='linux lvps92-51-161-142.dedicated.hosteurope.de 3.13.0-042stab094.8 #1 smp tue dec 16 20:36:56 msk 2014 x86_64 x86_64 x86_64 gnulinux '
    config_args='-de -Dprefix=/home/mojolicious/perl5/perlbrew/perls/perl-5.21.8 -Dusedevel -Aeval:scriptdir=/home/mojolicious/perl5/perlbrew/perls/perl-5.21.8/bin'
    hint=recommended, useposix=true, d_sigaction=define
    useithreads=undef, usemultiplicity=undef
    use64bitint=define, use64bitall=define, uselongdouble=undef
    usemymalloc=n, bincompat5005=undef
  Compiler:
    cc='cc', ccflags ='-fwrapv -fno-strict-aliasing -pipe -fstack-protector -I/usr/local/include -D_LARGEFILE_SOURCE -D_FILE_OFFSET_BITS=64',
    optimize='-O2',
    cppflags='-fwrapv -fno-strict-aliasing -pipe -fstack-protector -I/usr/local/include'
    ccversion='', gccversion='4.8.2', gccosandvers=''
    intsize=4, longsize=8, ptrsize=8, doublesize=8, byteorder=12345678, doublekind=3
    d_longlong=define, longlongsize=8, d_longdbl=define, longdblsize=16, longdblkind=3
    ivtype='long', ivsize=8, nvtype='double', nvsize=8, Off_t='off_t', lseeksize=8
    alignbytes=8, prototype=define
  Linker and Libraries:
    ld='cc', ldflags =' -fstack-protector -L/usr/local/lib'
    libpth=/usr/local/lib /usr/lib/gcc/x86_64-linux-gnu/4.8/include-fixed /usr/include/x86_64-linux-gnu /usr/lib /lib/x86_64-linux-gnu /lib/../lib /usr/lib/x86_64-linux-gnu /usr/lib/../lib /lib
    libs=-lpthread -lnsl -ldl -lm -lcrypt -lutil -lc
    perllibs=-lpthread -lnsl -ldl -lm -lcrypt -lutil -lc
    libc=libc-2.19.so, so=so, useshrplib=false, libperl=libperl.a
    gnulibc_version='2.19'
  Dynamic Linking:
    dlsrc=dl_dlopen.xs, dlext=so, d_dlsymun=undef, ccdlflags='-Wl,-E'
    cccdlflags='-fPIC', lddlflags='-shared -O2 -L/usr/local/lib -fstack-protector'


Characteristics of this binary (from libperl): 
  Compile-time options: HAS_TIMES PERLIO_LAYERS PERL_DONT_CREATE_GVSV
                        PERL_HASH_FUNC_ONE_AT_A_TIME_HARD PERL_MALLOC_WRAP
                        PERL_NEW_COPY_ON_WRITE PERL_PRESERVE_IVUV
                        PERL_USE_DEVEL USE_64_BIT_ALL USE_64_BIT_INT
                        USE_LARGE_FILES USE_LOCALE USE_LOCALE_COLLATE
                        USE_LOCALE_CTYPE USE_LOCALE_NUMERIC USE_LOCALE_TIME
                        USE_PERLIO USE_PERL_ATOF
  Locally applied patches:
	Devel::PatchPerl 1.30
  Built under linux
  Compiled at Feb 14 2015 18:26:33
  %ENV:
    PERLBREW_BASHRC_VERSION="0.73"
    PERLBREW_HOME="/home/mojolicious/.perlbrew"
    PERLBREW_MANPATH="/home/mojolicious/perl5/perlbrew/perls/perl-5.20.1/man"
    PERLBREW_PATH="/home/mojolicious/perl5/perlbrew/bin:/home/mojolicious/perl5/perlbrew/perls/perl-5.20.1/bin"
    PERLBREW_PERL="perl-5.20.1"
    PERLBREW_ROOT="/home/mojolicious/perl5/perlbrew"
    PERLBREW_VERSION="0.73"
  @INC:
    /home/mojolicious/perl5/perlbrew/perls/perl-5.21.8/lib/site_perl/5.21.8/x86_64-linux
    /home/mojolicious/perl5/perlbrew/perls/perl-5.21.8/lib/site_perl/5.21.8
    /home/mojolicious/perl5/perlbrew/perls/perl-5.21.8/lib/5.21.8/x86_64-linux
    /home/mojolicious/perl5/perlbrew/perls/perl-5.21.8/lib/5.21.8
    .