Report for Catalyst-Plugin-Geography-0.03

Back
From: metabase:user:dbfd798e-cbbe-11e2-b882-9c504e4df5df
Subject: FAIL Catalyst-Plugin-Geography-0.03 v5.14.4 GNU/Linux
Date: 2013-07-02T19:36:48Z

This distribution has been tested as part of the CPAN Testers
project, supporting the Perl programming language.  See
http://wiki.cpantesters.org/ for more information or email
questions to cpan-testers-discuss@perl.org


--

Dear MRAMBERG,
    
This is a computer-generated error report created automatically by
CPANPLUS, version 0.9103. Testers personal comments may appear 
at the end of this report.


Thank you for uploading your work to CPAN.  However, it appears that
there were some problems testing your distribution.

TEST RESULTS:

Below is the error stack from stage 'make test':

[MSG] [Tue Jul  2 15:36:45 2013] cp lib/IP/Authority.pm blib/lib/IP/Authority.pm
cp lib/IP/Country/Fast/cc.gif blib/lib/IP/Country/Fast/cc.gif
cp lib/IP/Authority/auth.gif blib/lib/IP/Authority/auth.gif
cp lib/IP/Country/Slow.pm blib/lib/IP/Country/Slow.pm
cp lib/IP/Country.pm blib/lib/IP/Country.pm
cp lib/IP/Country/Fast.pm blib/lib/IP/Country/Fast.pm
cp lib/IP/Country/Medium.pm blib/lib/IP/Country/Medium.pm
cp lib/IP/Authority/ipauth.gif blib/lib/IP/Authority/ipauth.gif
cp lib/IP/Country/MaxMind.pm blib/lib/IP/Country/MaxMind.pm
cp lib/IP/Country/Fast/ip.gif blib/lib/IP/Country/Fast/ip.gif
/home/perl3/perl5/perlbrew/perls/perl-5.14.4/bin/perl "-Iblib/arch" "-Iblib/lib" bin/ip2cc.PL bin/ip2cc
Extracting ip2cc (with variable substitutions)
cp bin/ip2cc blib/script/ip2cc
/home/perl3/perl5/perlbrew/perls/perl-5.14.4/bin/perl -MExtUtils::MY -e 'MY->fixin(shift)' -- blib/script/ip2cc
Manifying blib/man1/ip2cc.1
Manifying blib/man3/IP::Authority.3
Manifying blib/man3/IP::Country::Fast.3
Manifying blib/man3/IP::Country::Medium.3
Manifying blib/man3/IP::Country::MaxMind.3
Manifying blib/man3/IP::Country::Slow.3
Manifying blib/man3/IP::Country.3

[MSG] [Tue Jul  2 15:36:46 2013] MAKE TEST passed: PERL_DL_NONLAZY=1 /home/perl3/perl5/perlbrew/perls/perl-5.14.4/bin/perl "-MExtUtils::Command::MM" "-e" "test_harness(0, 'blib/lib', 'blib/arch')" t/*.t
t/01object_creation.t .. ok
t/02fast_lookup.t ...... ok
t/03medium_lookup.t .... ok
t/04auth_lookup.t ...... ok
 # random find (84%, 32767 lookups/sec)
t/05fast_bench.t ....... ok
All tests successful.
Files=5, Tests=93,  1 wallclock secs ( 0.03 usr  0.04 sys +  1.11 cusr  0.02 csys =  1.20 CPU)
Result: PASS

[MSG] [Tue Jul  2 15:36:46 2013] Sending test report for 'IP-Country-2.28'
[MSG] [Tue Jul  2 15:36:47 2013] Successfully sent 'pass' report for 'IP-Country-2.28'
[MSG] [Tue Jul  2 15:36:47 2013] cp lib/Catalyst/Plugin/Geography.pm blib/lib/Catalyst/Plugin/Geography.pm
cp lib/Catalyst/Plugin/Geography/Implementation.pm blib/lib/Catalyst/Plugin/Geography/Implementation.pm
Manifying blib/man3/Catalyst::Plugin::Geography.3
Manifying blib/man3/Catalyst::Plugin::Geography::Implementation.3

[ERROR] [Tue Jul  2 15:36:48 2013] MAKE TEST failed: PERL_DL_NONLAZY=1 /home/perl3/perl5/perlbrew/perls/perl-5.14.4/bin/perl "-MExtUtils::Command::MM" "-e" "test_harness(0, 'inc', 'blib/lib', 'blib/arch')" t/*.t

#   Failed test 'use Catalyst::Plugin::Geography;'
#   at t/01use.t line 3.
#     Tried to use 'Catalyst::Plugin::Geography'.
#     Error:  Base class package "Class::Data::Inheritable" is empty.
#     (Perhaps you need to 'use' the module which defines that package first,
#     or make that module available in @INC (@INC contains: /home/perl3/.cpanplus/5.14.4/build/Catalyst-Plugin-Geography-0.03/inc /home/perl3/.cpanplus/5.14.4/build/Catalyst-Plugin-Geography-0.03/blib/lib /home/perl3/.cpanplus/5.14.4/build/Catalyst-Plugin-Geography-0.03/blib/arch /home/perl3/.perlbrew/libs/perl-5.14.4@smoke0/lib/perl5 /home/perl3/.cpanplus/5.14.4/build/Class-Accessor-0.34/blib/lib /home/perl3/.cpanplus/5.14.4/build/Class-Accessor-0.34/blib/arch /home/perl3/.cpanplus/5.14.4/build/Geography-Countries-2009041301/blib/lib /home/perl3/.cpanplus/5.14.4/build/Geography-Countries-2009041301/blib/arch /home/perl3/.cpanplus/5.14.4/build/IP-Country-2.28/blib/lib /home/perl3/.cpanplus/5.14.4/build/IP-Country-2.28/blib/arch /home/perl3/.perlbrew/libs/perl-5.14.4@smoke0/lib/perl5 /home/perl3/.cpanplus/5.14.4/build/Class-Accessor-0.34/blib/lib /home/perl3/.cpanplus/5.14.4/build/Class-Accessor-0.34/blib/arch /home/perl3/.cpanplus/5.14.4/build/Geography-Countries-2009041301/blib/lib /home/perl3/.cpanplus/5.14.4/build/Geography-Countries-2009041301/blib/arch /home/perl3/.cpanplus/5.14.4/build/IP-Country-2.28/blib/lib /home/perl3/.cpanplus/5.14.4/build/IP-Country-2.28/blib/arch /home/perl3/.cpanplus/5.14.4/build/Catalyst-Plugin-Geography-0.03/blib/lib /home/perl3/.cpanplus/5.14.4/build/Catalyst-Plugin-Geography-0.03/blib/arch /home/perl3/perl5/perlbrew/perls/perl-5.14.4/lib/site_perl/5.14.4/x86_64-linux-thread-multi /home/perl3/perl5/perlbrew/perls/perl-5.14.4/lib/site_perl/5.14.4 /home/perl3/perl5/perlbrew/perls/perl-5.14.4/lib/5.14.4/x86_64-linux-thread-multi /home/perl3/perl5/perlbrew/perls/perl-5.14.4/lib/5.14.4 .).
#  at /home/perl3/.cpanplus/5.14.4/build/Catalyst-Plugin-Geography-0.03/blib/lib/Catalyst/Plugin/Geography/Implementation.pm line 4
# BEGIN failed--compilation aborted at /home/perl3/.cpanplus/5.14.4/build/Catalyst-Plugin-Geography-0.03/blib/lib/Catalyst/Plugin/Geography/Implementation.pm line 4.
# Compilation failed in require at /home/perl3/.cpanplus/5.14.4/build/Catalyst-Plugin-Geography-0.03/blib/lib/Catalyst/Plugin/Geography.pm line 4.
# BEGIN failed--compilation aborted at /home/perl3/.cpanplus/5.14.4/build/Catalyst-Plugin-Geography-0.03/blib/lib/Catalyst/Plugin/Geography.pm line 4.
# Compilation failed in require at (eval 4) line 2.
# BEGIN failed--compilation aborted at (eval 4) line 2.
# Looks like you failed 1 test of 1.
t/01use.t .......... 
Dubious, test returned 1 (wstat 256, 0x100)
Failed 1/1 subtests 
t/02pod.t .......... skipped: set TEST_POD to enable this test
t/03podcoverage.t .. skipped: set TEST_POD to enable this test

Test Summary Report
-------------------
t/01use.t        (Wstat: 256 Tests: 1 Failed: 1)
  Failed test:  1
  Non-zero exit status: 1
Files=3, Tests=1,  0 wallclock secs ( 0.02 usr  0.03 sys +  0.08 cusr  0.02 csys =  0.15 CPU)
Result: FAIL
Failed 1/3 test programs. 1/1 subtests failed.
make: *** [test_dynamic] Error 255

[MSG] [Tue Jul  2 15:36:48 2013] DEFAULT 'proceed_on_test_failure' HANDLER RETURNING 'sub return value'

PREREQUISITES:

Here is a list of prerequisites you specified and versions we 
managed to load:
                                
	  Module Name                        Have     Want
	  Class::Accessor::Fast              0.34        0
	  ExtUtils::MakeMaker                6.68     6.68
	  Geography::Countries           2009041301        0
	  IP::Country::Fast               604.001        0

Perl module toolchain versions installed:
	Module Name                        Have
	CPANPLUS                         0.9103
	CPANPLUS::Dist::Build              0.70
	Cwd                                3.40
	ExtUtils::CBuilder             0.280205
	ExtUtils::Command                  1.17
	ExtUtils::Install                  1.56
	ExtUtils::MakeMaker                6.68
	ExtUtils::Manifest                 1.60
	ExtUtils::ParseXS                2.2210
	File::Spec                         3.40
	Module::Build                    0.4005
	Test::Harness                      3.28
	Test::More                         0.98
	version                            0.88

******************************** NOTE ********************************
The comments above are created mechanically, possibly without manual
checking by the sender.  As there are many people performing automatic
tests on each upload to CPAN, it is likely that you will receive 
identical messages about the same problem.

If you believe that the message is mistaken, please reply to the first
one with correction and/or additional informations, and do not take
it personally.  We appreciate your patience. :)
**********************************************************************

Additional comments:
 

This report was machine-generated by CPANPLUS::Dist::YACSmoke 0.88.
Powered by minismokebox version 0.56

------------------------------
ENVIRONMENT AND OTHER CONTEXT
------------------------------

Environment variables:

    AUTOMATED_TESTING = 1
    LANG = en_US.UTF-8
    NONINTERACTIVE_TESTING = 1
    PATH = /home/perl3/perl5/perlbrew/bin:/home/perl3/perl5/perlbrew/perls/perl-5.14.4/bin:/usr/local/sbin:/usr/local/bin:/usr/sbin:/usr/bin:/sbin:/bin
    PERL5LIB = /home/perl3/.perlbrew/libs/perl-5.14.4@smoke0/lib/perl5:/home/perl3/.cpanplus/5.14.4/build/Class-Accessor-0.34/blib/lib:/home/perl3/.cpanplus/5.14.4/build/Class-Accessor-0.34/blib/arch:/home/perl3/.cpanplus/5.14.4/build/Geography-Countries-2009041301/blib/lib:/home/perl3/.cpanplus/5.14.4/build/Geography-Countries-2009041301/blib/arch:/home/perl3/.cpanplus/5.14.4/build/IP-Country-2.28/blib/lib:/home/perl3/.cpanplus/5.14.4/build/IP-Country-2.28/blib/arch:/home/perl3/.cpanplus/5.14.4/build/Catalyst-Plugin-Geography-0.03/blib/lib:/home/perl3/.cpanplus/5.14.4/build/Catalyst-Plugin-Geography-0.03/blib/arch
    PERL5_CPANPLUS_IS_RUNNING = 3892
    PERL5_CPANPLUS_IS_VERSION = 0.9103
    PERL5_MINISMOKEBOX = 0.56
    PERL_EXTUTILS_AUTOINSTALL = --defaultdeps
    PERL_MM_USE_DEFAULT = 1
    SHELL = /bin/sh

Perl special variables (and OS-specific diagnostics, for MSWin32):

    Perl: $^X = /home/perl3/perl5/perlbrew/perls/perl-5.14.4/bin/perl
    UID:  $<  = 1004
    EUID: $>  = 1004
    GID:  $(  = 1004 1004
    EGID: $)  = 1004 1004


-------------------------------


--

Summary of my perl5 (revision 5 version 14 subversion 4) configuration:
   
  Platform:
    osname=linux, osvers=3.8.0-23-generic, archname=x86_64-linux-thread-multi
    uname='linux cthomas2 3.8.0-23-generic #34-ubuntu smp wed may 29 20:22:58 utc 2013 x86_64 x86_64 x86_64 gnulinux '
    config_args='-de -Dprefix=/home/perl3/perl5/perlbrew/perls/perl-5.14.4 -Dusethreads -Aeval:scriptdir=/home/perl3/perl5/perlbrew/perls/perl-5.14.4/bin'
    hint=recommended, useposix=true, d_sigaction=define
    useithreads=define, usemultiplicity=define
    useperlio=define, d_sfio=undef, uselargefiles=define, usesocks=undef
    use64bitint=define, use64bitall=define, uselongdouble=undef
    usemymalloc=n, bincompat5005=undef
  Compiler:
    cc='cc', ccflags ='-D_REENTRANT -D_GNU_SOURCE -fno-strict-aliasing -pipe -fstack-protector -I/usr/local/include -D_LARGEFILE_SOURCE -D_FILE_OFFSET_BITS=64',
    optimize='-O2',
    cppflags='-D_REENTRANT -D_GNU_SOURCE -fno-strict-aliasing -pipe -fstack-protector -I/usr/local/include'
    ccversion='', gccversion='4.7.3', gccosandvers=''
    intsize=4, longsize=8, ptrsize=8, doublesize=8, byteorder=12345678
    d_longlong=define, longlongsize=8, d_longdbl=define, longdblsize=16
    ivtype='long', ivsize=8, nvtype='double', nvsize=8, Off_t='off_t', lseeksize=8
    alignbytes=8, prototype=define
  Linker and Libraries:
    ld='cc', ldflags =' -fstack-protector -L/usr/local/lib'
    libpth=/usr/local/lib /lib/x86_64-linux-gnu /lib/../lib /usr/lib/x86_64-linux-gnu /usr/lib/../lib /lib /usr/lib
    libs=-lnsl -ldl -lm -lcrypt -lutil -lpthread -lc
    perllibs=-lnsl -ldl -lm -lcrypt -lutil -lpthread -lc
    libc=, so=so, useshrplib=false, libperl=libperl.a
    gnulibc_version='2.17'
  Dynamic Linking:
    dlsrc=dl_dlopen.xs, dlext=so, d_dlsymun=undef, ccdlflags='-Wl,-E'
    cccdlflags='-fPIC', lddlflags='-shared -O2 -L/usr/local/lib -fstack-protector'


Characteristics of this binary (from libperl): 
  Compile-time options: MULTIPLICITY PERL_DONT_CREATE_GVSV
                        PERL_IMPLICIT_CONTEXT PERL_MALLOC_WRAP
                        PERL_PRESERVE_IVUV USE_64_BIT_ALL USE_64_BIT_INT
                        USE_ITHREADS USE_LARGE_FILES USE_PERLIO USE_PERL_ATOF
                        USE_REENTRANT_API
  Built under linux
  Compiled at Jun 21 2013 23:37:40
  %ENV:
    PERL5LIB="/home/perl3/.perlbrew/libs/perl-5.14.4@smoke0/lib/perl5:/home/perl3/.cpanplus/5.14.4/build/Class-Accessor-0.34/blib/lib:/home/perl3/.cpanplus/5.14.4/build/Class-Accessor-0.34/blib/arch:/home/perl3/.cpanplus/5.14.4/build/Geography-Countries-2009041301/blib/lib:/home/perl3/.cpanplus/5.14.4/build/Geography-Countries-2009041301/blib/arch:/home/perl3/.cpanplus/5.14.4/build/IP-Country-2.28/blib/lib:/home/perl3/.cpanplus/5.14.4/build/IP-Country-2.28/blib/arch:/home/perl3/.cpanplus/5.14.4/build/Catalyst-Plugin-Geography-0.03/blib/lib:/home/perl3/.cpanplus/5.14.4/build/Catalyst-Plugin-Geography-0.03/blib/arch"
    PERL5_CPANPLUS_IS_RUNNING="3892"
    PERL5_CPANPLUS_IS_VERSION="0.9103"
    PERL5_MINISMOKEBOX="0.56"
    PERL_EXTUTILS_AUTOINSTALL="--defaultdeps"
    PERL_MM_USE_DEFAULT="1"
  @INC:
    /home/perl3/.perlbrew/libs/perl-5.14.4@smoke0/lib/perl5
    /home/perl3/.cpanplus/5.14.4/build/Class-Accessor-0.34/blib/lib
    /home/perl3/.cpanplus/5.14.4/build/Class-Accessor-0.34/blib/arch
    /home/perl3/.cpanplus/5.14.4/build/Geography-Countries-2009041301/blib/lib
    /home/perl3/.cpanplus/5.14.4/build/Geography-Countries-2009041301/blib/arch
    /home/perl3/.cpanplus/5.14.4/build/IP-Country-2.28/blib/lib
    /home/perl3/.cpanplus/5.14.4/build/IP-Country-2.28/blib/arch
    /home/perl3/.cpanplus/5.14.4/build/Catalyst-Plugin-Geography-0.03/blib/lib
    /home/perl3/.cpanplus/5.14.4/build/Catalyst-Plugin-Geography-0.03/blib/arch
    /home/perl3/perl5/perlbrew/perls/perl-5.14.4/lib/site_perl/5.14.4/x86_64-linux-thread-multi
    /home/perl3/perl5/perlbrew/perls/perl-5.14.4/lib/site_perl/5.14.4
    /home/perl3/perl5/perlbrew/perls/perl-5.14.4/lib/5.14.4/x86_64-linux-thread-multi
    /home/perl3/perl5/perlbrew/perls/perl-5.14.4/lib/5.14.4
    .