Froody v42.041_2 Perl 5 v5.28.2 MSWin32-x86-multi-thread-64int
- Status
- Fail
- From
- Alexandr Ciornii (CHORNY)
- Dist
-
Froody v42.041_2
- Platform
- Perl 5 v5.28.2 MSWin32-x86-multi-thread-64int
- Date
- 2019-06-17 22:31:33
- ID
- bc7bf90e-6c1e-1014-8031-b63a388a0821
This distribution has been tested as part of the CPAN Testers
project, supporting the Perl programming language. See
http://wiki.cpantesters.org/ for more information or email
questions to cpan-testers-discuss@perl.org
--
Dear Fotango Ltd,
This is a computer-generated report for Froody-42.041_2
on perl 5.28.2, created by CPAN-Reporter-1.2018.
Thank you for uploading your work to CPAN. However, there was a problem
testing your distribution.
If you think this report is invalid, please consult the CPAN Testers Wiki
for suggestions on how to avoid getting FAIL reports for missing library
or binary dependencies, unsupported operating systems, and so on:
http://wiki.cpantesters.org/wiki/CPANAuthorNotes
Sections of this report:
* Tester comments
* Program output
* Prerequisites
* Environment and other context
------------------------------
TESTER COMMENTS
------------------------------
Additional comments from tester:
this report is from an automated smoke testing program
and was not reviewed by a human for accuracy
------------------------------
PROGRAM OUTPUT
------------------------------
Output from 'C:\Strawberry282\perl\bin\perl.exe ./Build test':
main::path_to_pkg() called too early to check prototype at t/000compile.t line 16.
# Failed test 'use Froody::DocServer;'
# at t/000compile.t line 64.
# Tried to use 'Froody::DocServer'.
# Error: "to_json" is not exported by the JSON::XS module
# Can't continue after import errors at C:\STRAWB~1\cpan\build\Froody-42.041_2-0\blib\lib/Froody/Renderer/json.pm line 5.
# BEGIN failed--compilation aborted at C:\STRAWB~1\cpan\build\Froody-42.041_2-0\blib\lib/Froody/Renderer/json.pm line 5, <FILE> line 6.
# Compilation failed in require at C:\STRAWB~1\cpan\build\Froody-42.041_2-0\blib\lib/Froody/Server.pm line 45, <FILE> line 6.
# BEGIN failed--compilation aborted at C:\STRAWB~1\cpan\build\Froody-42.041_2-0\blib\lib/Froody/Server.pm line 45, <FILE> line 6.
# Compilation failed in require at C:/Strawberry282/perl/lib/base.pm line 137, <FILE> line 6.
# ...propagated at C:/Strawberry282/perl/lib/base.pm line 159, <FILE> line 6.
# BEGIN failed--compilation aborted at C:\STRAWB~1\cpan\build\Froody-42.041_2-0\blib\lib/Froody/DocServer.pm line 18, <FILE> line 6.
# Compilation failed in require at t/000compile.t line 64, <FILE> line 6.
# BEGIN failed--compilation aborted at t/000compile.t line 64, <FILE> line 6.
# Failed test 'use Froody::DocServer'
# at t/000compile.t line 70.
t/000compile.t .........
Dubious, test returned 5 (wstat 1280, 0x500)
Failed 42/54 subtests
t/001pragmas.t ......... ok
t/003pod.t ............. ok
t/004uselib.t .......... ok
unknown key 'blah' defined within a terse structure at 'range' for structure 'testproject.object.extra'. at C:\STRAWB~1\cpan\build\Froody-42.041_2-0\blib\lib/Froody/Walker.pm line 94.
t/api.t ................ ok
t/config.t ............. ok
t/copy.t ............... ok
t/dispatch.t ........... ok
t/err_isa.t ............ ok
t/error.t .............. ok
t/froodydoc_pod_js.t ... skipped: froodydoc.js needs JavaScript::Standalone
t/froodydoc_wiky_js.t .. skipped: froodydoc.js needs JavaScript::Standalone
"from_json" is not exported by the JSON::XS module
Can't continue after import errors at t/high-level.t line 17.
BEGIN failed--compilation aborted at t/high-level.t line 17.
t/high-level.t .........
Dubious, test returned 2 (wstat 512, 0x200)
Failed 50/50 subtests
unknown key 'ignored' defined within a terse structure at 'just' for structure 'wibble.frobniz.validate'. at C:\STRAWB~1\cpan\build\Froody-42.041_2-0\blib\lib/Froody/Walker.pm line 94.
t/implementation.t ..... ok
t/inv_rem.t ............ ok
t/method.t ............. ok
t/method_basic.t ....... ok
"to_json" is not exported by the JSON::XS module
Can't continue after import errors at C:\STRAWB~1\cpan\build\Froody-42.041_2-0\blib\lib/Froody/Renderer/json.pm line 5.
BEGIN failed--compilation aborted at C:\STRAWB~1\cpan\build\Froody-42.041_2-0\blib\lib/Froody/Renderer/json.pm line 5, <DATA> line 16.
Compilation failed in require at C:\STRAWB~1\cpan\build\Froody-42.041_2-0\blib\lib/Froody/Server.pm line 45, <DATA> line 16.
BEGIN failed--compilation aborted at C:\STRAWB~1\cpan\build\Froody-42.041_2-0\blib\lib/Froody/Server.pm line 45, <DATA> line 16.
Compilation failed in require at C:\STRAWB~1\cpan\build\Froody-42.041_2-0\blib\lib/Froody/Server/Standalone.pm line 40, <DATA> line 16.
BEGIN failed--compilation aborted at C:\STRAWB~1\cpan\build\Froody-42.041_2-0\blib\lib/Froody/Server/Standalone.pm line 40, <DATA> line 16.
Compilation failed in require at C:\STRAWB~1\cpan\build\Froody-42.041_2-0\blib\lib/Froody/Server/Test.pm line 15, <DATA> line 16.
BEGIN failed--compilation aborted at C:\STRAWB~1\cpan\build\Froody-42.041_2-0\blib\lib/Froody/Server/Test.pm line 15, <DATA> line 16.
Compilation failed in require at t/multipart.t line 11, <DATA> line 16.
BEGIN failed--compilation aborted at t/multipart.t line 11, <DATA> line 16.
t/multipart.t ..........
Dubious, test returned 2 (wstat 512, 0x200)
Failed 8/8 subtests
t/pluggable.t .......... ok
t/reflection.t ......... ok
t/reflection2.t ........ ok
t/repos.t .............. ok
t/rsp_basic.t .......... ok
t/rsp_convert.t ........ ok
t/rsp_err.t ............ ok
t/rsp_evil_edges.t ..... ok
error : string is not in UTF-8
encoding error : output conversion failed due to conv error, bytes 0xE9 0x6F 0x6E 0x3D
I/O error : encoder error
t/rsp_perlds.t ......... ok
t/rsp_terse.t .......... ok
t/rsp_xml.t ............ ok
t/structure.t .......... ok
bad element 'evil' in node 'top' (not in spec) at C:\STRAWB~1\cpan\build\Froody-42.041_2-0\blib\lib/Froody/Walker.pm line 94.
bad attr 'foo' in node 'top' (not in spec) at C:\STRAWB~1\cpan\build\Froody-42.041_2-0\blib\lib/Froody/Walker.pm line 94.
unknown key 'foo' defined within a terse structure at 'top' for structure '<unknown>'. at C:\STRAWB~1\cpan\build\Froody-42.041_2-0\blib\lib/Froody/Walker.pm line 94.
t/walker.t ............. ok
t/xml.t ................ ok
Test Summary Report
-------------------
t/000compile.t (Wstat: 1280 Tests: 13 Failed: 1)
Failed test: 11
Non-zero exit status: 5
Parse errors: Bad plan. You planned 54 tests but ran 13.
t/high-level.t (Wstat: 512 Tests: 0 Failed: 0)
Non-zero exit status: 2
Parse errors: Bad plan. You planned 50 tests but ran 0.
t/multipart.t (Wstat: 512 Tests: 0 Failed: 0)
Non-zero exit status: 2
Parse errors: Bad plan. You planned 8 tests but ran 0.
Files=32, Tests=775, 44 wallclock secs ( 0.31 usr + 0.20 sys = 0.51 CPU)
Result: FAIL
Failed 3/32 test programs. 1/775 subtests failed.
------------------------------
PREREQUISITES
------------------------------
Prerequisite modules loaded:
requires:
Module Need Have
------------------------------ ----- --------
Class::Accessor::Chained::Fast 0 0
Class::Data::Inheritable 0 0.08
Email::Valid 0 1.202
Error 0.15 0.17027
File::Spec 0 3.75
HTTP::Date 0 6.02
HTTP::Request::Common 0 6.18
HTTP::Server::Simple 0 0.52
JSON::XS 0 4.02
List::MoreUtils 0 0.428
LWP::Simple 0 6.38
LWP::UserAgent 0 6.38
Module::Pluggable 0 5.2
Params::Validate 0 1.29
perl 5.008 5.028002
Template 0 2.28
UNIVERSAL::require 0 0.18
URI 0 1.76
XML::LibXML 0 2.0200
YAML::Syck 0 1.31
build_requires:
Module Need Have
------------------------------ ----- --------
Test::Differences 0 0.67
Test::Exception 0 0.43
Test::More 0 1.302162
Test::XML 0 0.08
------------------------------
ENVIRONMENT AND OTHER CONTEXT
------------------------------
Environment variables:
AUTOMATED_TESTING = 1
COMSPEC = C:\WINDOWS\system32\cmd.exe
NUMBER_OF_PROCESSORS = 1
PATH = C:\WINDOWS\system32;C:\WINDOWS;C:\WINDOWS\System32\Wbem;C:\Git\cmd;C:\Strawberry282\c\bin;C:\Strawberry282\perl\site\bin;C:\Strawberry282\perl\bin
PERL5LIB = C:\STRAWB~1\cpan\build\Test-XML-0.08-0/blib/arch;C:\STRAWB~1\cpan\build\Test-XML-0.08-0/blib/lib
PERL5OPT =
PERL5_CPANPLUS_IS_RUNNING = 1252
PERL5_CPAN_IS_RUNNING = 1252
PERL5_CPAN_IS_RUNNING_IN_RECURSION = 952,1252
PERL_CR_SMOKER_CURRENT = Froody-42.041_2
PERL_CR_SMOKER_RUNONCE = 1
PERL_EXTUTILS_AUTOINSTALL = --defaultdeps
PERL_MM_USE_DEFAULT = 1
PERL_USE_UNSAFE_INC = 1
PROCESSOR_IDENTIFIER = x86 Family 16 Model 5 Stepping 3, AuthenticAMD
TEMP = C:\DOCUME~1\a\LOCALS~1\Temp
Perl special variables (and OS-specific diagnostics, for MSWin32):
$^X = C:\Strawberry282\perl\bin\perl.exe
$UID/$EUID = 0 / 0
$GID = 0
$EGID = 0
Win32::GetOSName = WinXP/.Net
Win32::GetOSVersion = Service Pack 3, 5, 1, 2600, 2, 3, 0, 256, 1
Win32::FsType = NTFS
Win32::IsAdminUser = 1
Perl module toolchain versions installed:
Module Have
------------------- --------
CPAN 2.26
CPAN::Meta 2.150010
Cwd 3.75
ExtUtils::CBuilder 0.280231
ExtUtils::Command 7.34
ExtUtils::Install 2.14
ExtUtils::MakeMaker 7.34
ExtUtils::Manifest 1.72
ExtUtils::ParseXS 3.39
File::Spec 3.75
JSON 4.02
JSON::PP 4.02
Module::Build 0.4229
Module::Signature n/a
Parse::CPAN::Meta 2.150010
Test::Harness 3.42
Test::More 1.302162
YAML 1.27
YAML::Syck 1.31
version 0.9924
--
Summary of my perl5 (revision 5 version 28 subversion 2) configuration:
Platform:
osname=MSWin32
osvers=5.1.2600
archname=MSWin32-x86-multi-thread-64int
uname='Win32 strawberry-perl 5.28.2.1 #1 Mon Apr 22 21:59:01 2019 i386'
config_args='undef'
hint=recommended
useposix=true
d_sigaction=undef
useithreads=define
usemultiplicity=define
use64bitint=define
use64bitall=undef
uselongdouble=undef
usemymalloc=n
default_inc_excludes_dot=define
bincompat5005=undef
Compiler:
cc='gcc'
ccflags =' -s -O2 -DWIN32 -D__USE_MINGW_ANSI_STDIO -DPERL_TEXTMODE_SCRIPTS -DPERL_IMPLICIT_CONTEXT -DPERL_IMPLICIT_SYS -DUSE_PERLIO -fwrapv -fno-strict-aliasing -mms-bitfields'
optimize='-s -O2'
cppflags='-DWIN32'
ccversion=''
gccversion='7.1.0'
gccosandvers=''
intsize=4
longsize=4
ptrsize=4
doublesize=8
byteorder=12345678
doublekind=3
d_longlong=define
longlongsize=8
d_longdbl=define
longdblsize=12
longdblkind=3
ivtype='long long'
ivsize=8
nvtype='double'
nvsize=8
Off_t='long long'
lseeksize=8
alignbytes=8
prototype=define
Linker and Libraries:
ld='g++'
ldflags ='-s -L"C:\STRAWB~1\perl\lib\CORE" -L"C:\STRAWB~1\c\lib"'
libpth=C:\STRAWB~1\c\lib C:\STRAWB~1\c\i686-w64-mingw32\lib C:\STRAWB~1\c\lib\gcc\i686-w64-mingw32\7.1.0
libs= -lmoldname -lkernel32 -luser32 -lgdi32 -lwinspool -lcomdlg32 -ladvapi32 -lshell32 -lole32 -loleaut32 -lnetapi32 -luuid -lws2_32 -lmpr -lwinmm -lversion -lodbc32 -lodbccp32 -lcomctl32
perllibs= -lmoldname -lkernel32 -luser32 -lgdi32 -lwinspool -lcomdlg32 -ladvapi32 -lshell32 -lole32 -loleaut32 -lnetapi32 -luuid -lws2_32 -lmpr -lwinmm -lversion -lodbc32 -lodbccp32 -lcomctl32
libc=
so=dll
useshrplib=true
libperl=libperl528.a
gnulibc_version=''
Dynamic Linking:
dlsrc=dl_win32.xs
dlext=xs.dll
d_dlsymun=undef
ccdlflags=' '
cccdlflags=' '
lddlflags='-mdll -s -L"C:\STRAWB~1\perl\lib\CORE" -L"C:\STRAWB~1\c\lib"'
Characteristics of this binary (from libperl):
Compile-time options:
HAS_TIMES
HAVE_INTERP_INTERN
MULTIPLICITY
PERLIO_LAYERS
PERL_COPY_ON_WRITE
PERL_DONT_CREATE_GVSV
PERL_IMPLICIT_CONTEXT
PERL_IMPLICIT_SYS
PERL_MALLOC_WRAP
PERL_OP_PARENT
PERL_PRESERVE_IVUV
USE_64_BIT_INT
USE_ITHREADS
USE_LARGE_FILES
USE_LOCALE
USE_LOCALE_COLLATE
USE_LOCALE_CTYPE
USE_LOCALE_NUMERIC
USE_LOCALE_TIME
USE_PERLIO
USE_PERL_ATOF
Built under MSWin32
Compiled at Apr 22 2019 22:09:26
%ENV:
PERL5LIB="C:\STRAWB~1\cpan\build\Test-XML-0.08-0/blib/arch;C:\STRAWB~1\cpan\build\Test-XML-0.08-0/blib/lib"
PERL5_CPANPLUS_IS_RUNNING="1252"
PERL5_CPAN_IS_RUNNING="1252"
PERL5_CPAN_IS_RUNNING_IN_RECURSION="952,1252"
PERL_CR_SMOKER_CURRENT="Froody-42.041_2"
PERL_CR_SMOKER_RUNONCE="1"
PERL_EXTUTILS_AUTOINSTALL="--defaultdeps"
PERL_MM_USE_DEFAULT="1"
PERL_USE_UNSAFE_INC="1"
@INC:
C:\STRAWB~1\cpan\build\Test-XML-0.08-0/blib/arch
C:\STRAWB~1\cpan\build\Test-XML-0.08-0/blib/lib
C:/Strawberry282/perl/site/lib
C:/Strawberry282/perl/vendor/lib
C:/Strawberry282/perl/lib
.