Report for Mail-SPF-v2.9.0

Back
From: metabase:user:320bfe00-2aae-11df-837a-5e0a49663a4f
Subject: FAIL Mail-SPF-v2.9.0 v5.8.5 GNU/Linux
Date: 2015-08-03T20:53:47Z

This distribution has been tested as part of the CPAN Testers
project, supporting the Perl programming language.  See
http://wiki.cpantesters.org/ for more information or email
questions to cpan-testers-discuss@perl.org


--
Dear Julian Mehnle,

This is a computer-generated report for Mail-SPF-v2.9.0
on perl 5.8.5, created by CPAN-Reporter-1.2014.

Thank you for uploading your work to CPAN.  However, there was a problem
testing your distribution.

If you think this report is invalid, please consult the CPAN Testers Wiki
for suggestions on how to avoid getting FAIL reports for missing library
or binary dependencies, unsupported operating systems, and so on:

http://wiki.cpantesters.org/wiki/CPANAuthorNotes

Sections of this report:

    * Tester comments
    * Program output
    * Prerequisites
    * Environment and other context

------------------------------
TESTER COMMENTS
------------------------------

Additional comments from tester:

this report is from an automated smoke testing program
and was not reviewed by a human for accuracy

------------------------------
PROGRAM OUTPUT
------------------------------

Output from './Build test':

t/00.00-class-misc.t .......... ok
t/00.01-class-util.t .......... ok
t/00.02-class-request.t ....... ok
t/00.03-class-result.t ........ ok
Unknown error on DNS 'A' lookup of 'example.com' (EDNSError) at /tmp/loop_over_bdir-19257-2oroDZ/Mail-SPF-v2.9.0-rmGGFG/blib/lib/Mail/SPF/Server.pm line 573.
# Looks like your test exited with 255 just after 19.
t/00.04-class-server.t ........ 
Dubious, test returned 255 (wstat 65280, 0xff00)
Failed 4/23 subtests 
t/00.05-class-macrostring.t ... ok
t/00.99-class-misc.t .......... ok
t/10.00-rfc4408.t ............. skipped: Mail::SPF::Test required for testing Mail::SPF's RFC compliance
t/10.01-rfc4406.t ............. skipped: Mail::SPF::Test required for testing Mail::SPF's RFC compliance

#   Failed test 'POD test for blib/lib/Mail/SPF/Util.pm'
#   at /home/sand/src/perl/repoperls/installed-perls/perl/perl-5.8.5/5da8/lib/site_perl/5.8.5/Test/Pod.pm line 187.
# blib/lib/Mail/SPF/Util.pm (157): L<> starts or ends with whitespace
# blib/lib/Mail/SPF/Util.pm (157): L<> starts or ends with whitespace
# Looks like you failed 1 test of 27.
t/90-author-pod-validation.t .. 
Dubious, test returned 1 (wstat 256, 0x100)
Failed 1/27 subtests 

Test Summary Report
-------------------
t/00.04-class-server.t      (Wstat: 65280 Tests: 19 Failed: 0)
  Non-zero exit status: 255
  Parse errors: Bad plan.  You planned 23 tests but ran 19.
t/90-author-pod-validation.t (Wstat: 256 Tests: 27 Failed: 1)
  Failed test:  11
  Non-zero exit status: 1
Files=10, Tests=155,  4 wallclock secs ( 0.04 usr  0.10 sys +  1.06 cusr  0.28 csys =  1.48 CPU)
Result: FAIL
Failed 2/10 test programs. 1/155 subtests failed.

------------------------------
PREREQUISITES
------------------------------

Prerequisite modules loaded:

requires:

    Module                           Need   Have        
    -------------------------------- ------ ------------
    Error                            0      0.17024     
    Net::DNS                         0.62   1.01        
    NetAddr::IP                      4      4.075       
    perl                             5.006  5.008005    
    URI                              1.13   1.69        
    version                          0      0.9912      

build_requires:

    Module                           Need   Have        
    -------------------------------- ------ ------------
    Module::Build                    0.2805 0.4214      
    Net::DNS::Resolver::Programmable 0.003  v0.003      
    Test::More                       0      1.302007_004

configure_requires:

    Module                           Need   Have        
    -------------------------------- ------ ------------
    Module::Build                    0.2805 0.4214      


------------------------------
ENVIRONMENT AND OTHER CONTEXT
------------------------------

Environment variables:

    AUTOMATED_TESTING = 1
    LANG = en_US.UTF-8
    LANGUAGE = en_US:en
    PATH = /home/sand/bin:/usr/local/bin:/usr/bin:/bin:/usr/games:/usr/local/perl/bin:/usr/X11/bin:/sbin:/usr/sbin
    PERL5LIB = 
    PERL5OPT = 
    PERL5_CPANPLUS_IS_RUNNING = 19258
    PERL5_CPAN_IS_RUNNING = 19258
    PERL_MM_USE_DEFAULT = 1
    SHELL = /usr/bin/zsh
    TERM = screen

Perl special variables (and OS-specific diagnostics, for MSWin32):

    $^X = /home/sand/src/perl/repoperls/installed-perls/perl/perl-5.8.5/5da8/bin/perl
    $UID/$EUID = 1005 / 1005
    $GID = 1005 1005
    $EGID = 1005 1005

Perl module toolchain versions installed:

    Module              Have        
    ------------------- ------------
    CPAN                2.10        
    CPAN::Meta          2.150005    
    Cwd                 3.56_02     
    ExtUtils::CBuilder  0.280223    
    ExtUtils::Command   7.05_25     
    ExtUtils::Install   1.54        
    ExtUtils::MakeMaker 7.05_25     
    ExtUtils::Manifest  1.70        
    ExtUtils::ParseXS   3.24        
    File::Spec          3.56_02     
    JSON                2.90        
    JSON::PP            2.27203     
    Module::Build       0.4214      
    Module::Signature   0.79        
    Parse::CPAN::Meta   1.4417      
    Test::Harness       3.35        
    Test::More          1.302007_004
    YAML                n/a         
    YAML::Syck          1.29        
    version             0.9912      


--

Summary of my perl5 (revision 5 version 8 subversion 5) configuration:
  Platform:
    osname=linux, osvers=4.0.0-2-amd64, archname=x86_64-linux
    uname='linux k83 4.0.0-2-amd64 #1 smp debian 4.0.5-1 (2015-06-16) x86_64 gnulinux '
    config_args='-Dprefix=/home/sand/src/perl/repoperls/installed-perls/perl/perl-5.8.5/5da8 -Dmyhostname=k83 -Dinstallusrbinperl=n -Uversiononly -Dusedevel -des -Ui_db -Uuseithreads -Uuselongdouble -DDEBUGGING=-g -Dusedl -Ddlsrc=dl_dlopen.xs -Dlibs=-lnsl -ldb -ldl -lm -lcrypt -lutil -lc -Dlibpth=/usr/lib/x86_64-linux-gnu /usr/local/lib /lib /usr/lib'
    hint=recommended, useposix=true, d_sigaction=define
    usethreads=undef use5005threads=undef useithreads=undef usemultiplicity=undef
    useperlio=define d_sfio=undef uselargefiles=define usesocks=undef
    use64bitint=define use64bitall=define uselongdouble=undef
    usemymalloc=n, bincompat5005=undef
  Compiler:
    cc='cc', ccflags ='-fno-strict-aliasing -pipe -I/usr/local/include -D_LARGEFILE_SOURCE -D_FILE_OFFSET_BITS=64',
    optimize='-O2',
    cppflags='-fno-strict-aliasing -pipe -I/usr/local/include'
    ccversion='', gccversion='4.9.2', gccosandvers=''
    intsize=4, longsize=8, ptrsize=8, doublesize=8, byteorder=12345678
    d_longlong=define, longlongsize=8, d_longdbl=define, longdblsize=16
    ivtype='long', ivsize=8, nvtype='double', nvsize=8, Off_t='off_t', lseeksize=8
    alignbytes=8, prototype=define
  Linker and Libraries:
    ld='cc', ldflags =' -L/usr/local/lib'
    libpth=/usr/lib/x86_64-linux-gnu /usr/local/lib /lib /usr/lib
    libs=-lnsl -ldb -ldl -lm -lcrypt -lutil -lc
    perllibs=-lnsl -ldl -lm -lcrypt -lutil -lc
    libc=, so=so, useshrplib=false, libperl=libperl.a
    gnulibc_version='2.19'
  Dynamic Linking:
    dlsrc=dl_dlopen.xs, dlext=so, d_dlsymun=undef, ccdlflags='-Wl,-E'
    cccdlflags='-fpic', lddlflags='-shared -L/usr/local/lib'


Characteristics of this binary (from libperl): 
  Compile-time options: USE_64_BIT_INT USE_64_BIT_ALL USE_LARGE_FILES
  Locally applied patches:
	MAINT23136
  Built under linux
  Compiled at Jul  1 2015 07:52:17
  %ENV:
    PERL5LIB=""
    PERL5OPT=""
    PERL5_CPANPLUS_IS_RUNNING="19258"
    PERL5_CPAN_IS_RUNNING="19258"
    PERL_MM_USE_DEFAULT="1"
  @INC:
    /home/sand/src/perl/repoperls/installed-perls/perl/perl-5.8.5/5da8/lib/5.8.5/x86_64-linux
    /home/sand/src/perl/repoperls/installed-perls/perl/perl-5.8.5/5da8/lib/5.8.5
    /home/sand/src/perl/repoperls/installed-perls/perl/perl-5.8.5/5da8/lib/site_perl/5.8.5/x86_64-linux
    /home/sand/src/perl/repoperls/installed-perls/perl/perl-5.8.5/5da8/lib/site_perl/5.8.5
    /home/sand/src/perl/repoperls/installed-perls/perl/perl-5.8.5/5da8/lib/site_perl
    .