Parse-Debian-PackageDesc v0.14 Perl 5 v5.10.1 i86pc-solaris-thread-multi-64int

Status
Fail
From
Chris Williams (BINGOS)
Dist
Parse-Debian-PackageDesc v0.14
Platform
Perl 5 v5.10.1 i86pc-solaris-thread-multi-64int
Date
2010-08-22 04:57:16
ID
bc17a242-ada9-11df-9ebc-c4a68065c34d
This distribution has been tested as part of the CPAN Testers
project, supporting the Perl programming language.  See
http://wiki.cpantesters.org/ for more information or email
questions to cpan-testers-discuss@perl.org


--

Dear OPERA,
    
This is a computer-generated error report created automatically by
CPANPLUS, version 0.9007. Testers personal comments may appear 
at the end of this report.


Thank you for uploading your work to CPAN.  However, it appears that
there were some problems testing your distribution.

TEST RESULTS:

Below is the error stack from stage 'make test':

[MSG] [Sun Aug 22 05:36:14 2010] cp lib/Parse/Debian/PackageDesc.pm blib/lib/Parse/Debian/PackageDesc.pm
Manifying blib/man3/Parse::Debian::PackageDesc.3

[ERROR] [Sun Aug 22 05:36:17 2010] MAKE TEST failed: No such file or directory PERL_DL_NONLAZY=1 /export/home/cpan/pit/rel/perl-5.10.1/bin/perl "-MExtUtils::Command::MM" "-e" "test_harness(0, 'blib/lib', 'blib/arch')" t/*.t
Can't read file 't/files/libparse-debian-packagedesc-perl_0.12-1+b3_i386.changes' at t/01-simple.t line 49
# Looks like you planned 20 tests but ran 19.
# Looks like your test exited with 2 just after 19.
t/01-simple.t .... 
Dubious, test returned 2 (wstat 512, 0x200)
Failed 1/20 subtests 
Can't exec "gpg": No such file or directory at t/02-gpg.t line 10.
t/02-gpg.t ....... skipped: No working 'gpg' installation available
t/03-versions.t .. ok

Test Summary Report
-------------------
t/01-simple.t  (Wstat: 512 Tests: 19 Failed: 0)
  Non-zero exit status: 2
  Parse errors: Bad plan.  You planned 20 tests but ran 19.
Files=3, Tests=37,  2 wallclock secs ( 0.20 usr  0.39 sys +  0.63 cusr  0.92 csys =  2.14 CPU)
Result: FAIL
Failed 1/3 test programs. 0/37 subtests failed.
*** Error code 255
make: Fatal error: Command failed for target `test_dynamic'

[MSG] [Sun Aug 22 05:36:17 2010] DEFAULT 'proceed_on_test_failure' HANDLER RETURNING 'sub return value'

PREREQUISITES:

Here is a list of prerequisites you specified and versions we 
managed to load:
                                
	  Module Name                        Have     Want
	  Test::Deep                        0.106    0.093

Perl module toolchain versions installed:
	Module Name                        Have
	CPANPLUS                         0.9007
	CPANPLUS::Dist::Build              0.46
	Cwd                                3.31
	ExtUtils::CBuilder               0.2703
	ExtUtils::Command                  1.16
	ExtUtils::Install                  1.54
	ExtUtils::MakeMaker                6.56
	ExtUtils::Manifest                 1.58
	ExtUtils::ParseXS                2.2206
	File::Spec                         3.31
	Module::Build                    0.3607
	Test::Harness                      3.21
	Test::More                         0.96
	version                            0.82

******************************** NOTE ********************************
The comments above are created mechanically, possibly without manual
checking by the sender.  As there are many people performing automatic
tests on each upload to CPAN, it is likely that you will receive 
identical messages about the same problem.

If you believe that the message is mistaken, please reply to the first
one with correction and/or additional informations, and do not take
it personally.  We appreciate your patience. :)
**********************************************************************

Additional comments:
 

This report was machine-generated by CPANPLUS::Dist::YACSmoke 0.58.
Powered by minismokebox version 0.26

------------------------------
ENVIRONMENT AND OTHER CONTEXT
------------------------------

Environment variables:

    AUTOMATED_TESTING = 1
    LC_COLLATE = en_GB.UTF-8
    LC_CTYPE = en_GB.UTF-8
    LC_MESSAGES = C
    LC_MONETARY = en_GB.UTF-8
    LC_NUMERIC = en_GB.UTF-8
    LC_TIME = en_GB.UTF-8
    PATH = /opt/SUNWspro/bin:/usr/ccs/bin:/usr/perl5/bin:/usr/local/bin:/usr/local/sbin:/usr/bin::/usr/sfw/bin
    PERL5LIB = :/export/home/cpan/pit/rel/conf/perl-5.10.1/.cpanplus/5.10.1/build/Test-Tester-0.107/blib/lib:/export/home/cpan/pit/rel/conf/perl-5.10.1/.cpanplus/5.10.1/build/Test-Tester-0.107/blib/arch:/export/home/cpan/pit/rel/conf/perl-5.10.1/.cpanplus/5.10.1/build/Test-NoWarnings-1.01/blib/lib:/export/home/cpan/pit/rel/conf/perl-5.10.1/.cpanplus/5.10.1/build/Test-NoWarnings-1.01/blib/arch:/export/home/cpan/pit/rel/conf/perl-5.10.1/.cpanplus/5.10.1/build/Test-Deep-0.106/blib/lib:/export/home/cpan/pit/rel/conf/perl-5.10.1/.cpanplus/5.10.1/build/Test-Deep-0.106/blib/arch:/export/home/cpan/pit/rel/conf/perl-5.10.1/.cpanplus/5.10.1/build/Parse-Debian-PackageDesc-0.14/blib/lib:/export/home/cpan/pit/rel/conf/perl-5.10.1/.cpanplus/5.10.1/build/Parse-Debian-PackageDesc-0.14/blib/arch
    PERL5_CPANPLUS_IS_RUNNING = 20229
    PERL5_CPANPLUS_IS_VERSION = 0.9007
    PERL5_MINISMOKEBOX = 0.26
    PERL5_YACSMOKE_BASE = /export/home/cpan/pit/rel/conf/perl-5.10.1
    PERL_EXTUTILS_AUTOINSTALL = --defaultdeps
    PERL_MM_USE_DEFAULT = 1
    SHELL = /usr/bin/bash
    TERM = vt100

Perl special variables (and OS-specific diagnostics, for MSWin32):

    Perl: $^X = /export/home/cpan/pit/rel/perl-5.10.1/bin/perl
    UID:  $<  = 100
    EUID: $>  = 100
    GID:  $(  = 100 100
    EGID: $)  = 100 100


-------------------------------


--

Summary of my perl5 (revision 5 version 10 subversion 1) configuration:
   
  Platform:
    osname=solaris, osvers=2.10, archname=i86pc-solaris-thread-multi-64int
    uname='sunos solarity 5.10 generic_118855-33 i86pc i386 i86pc '
    config_args='-de -Dprefix=/export/home/cpan/pit/rel/perl-5.10.1 -Dusethreads -Duse64bitint'
    hint=recommended, useposix=true, d_sigaction=define
    useithreads=define, usemultiplicity=define
    useperlio=define, d_sfio=undef, uselargefiles=define, usesocks=undef
    use64bitint=define, use64bitall=undef, uselongdouble=undef
    usemymalloc=n, bincompat5005=undef
  Compiler:
    cc='/opt/SUNWspro/bin/cc', ccflags ='-D_REENTRANT -DPTR_IS_LONG -I/usr/local/include -D_LARGEFILE_SOURCE -D_FILE_OFFSET_BITS=64 -DPERL_USE_SAFE_PUTENV',
    optimize='-O',
    cppflags='-D_REENTRANT -DPTR_IS_LONG -I/usr/local/include'
    ccversion='Sun C 5.8 2005/10/13', gccversion='', gccosandvers=''
    intsize=4, longsize=4, ptrsize=4, doublesize=8, byteorder=12345678
    d_longlong=define, longlongsize=8, d_longdbl=define, longdblsize=12
    ivtype='long long', ivsize=8, nvtype='double', nvsize=8, Off_t='off_t', lseeksize=8
    alignbytes=4, prototype=define
  Linker and Libraries:
    ld='/opt/SUNWspro/bin/cc', ldflags =' -L/usr/lib -L/usr/ccs/lib -L/opt/SUNWspro/prod/lib -L/lib -L/usr/local/lib '
    libpth=/usr/lib /usr/ccs/lib /opt/SUNWspro/prod/lib /lib /usr/local/lib
    libs=-lsocket -lnsl -ldl -lm -lpthread -lc
    perllibs=-lsocket -lnsl -ldl -lm -lpthread -lc
    libc=/lib/libc.so, so=so, useshrplib=false, libperl=libperl.a
    gnulibc_version=''
  Dynamic Linking:
    dlsrc=dl_dlopen.xs, dlext=so, d_dlsymun=undef, ccdlflags=' '
    cccdlflags='-KPIC', lddlflags='-G -L/usr/lib -L/usr/ccs/lib -L/opt/SUNWspro/prod/lib -L/lib -L/usr/local/lib'


Characteristics of this binary (from libperl): 
  Compile-time options: MULTIPLICITY PERL_DONT_CREATE_GVSV
                        PERL_IMPLICIT_CONTEXT PERL_MALLOC_WRAP
                        PERL_USE_SAFE_PUTENV USE_64_BIT_INT USE_ITHREADS
                        USE_LARGE_FILES USE_PERLIO USE_REENTRANT_API
  Built under solaris
  Compiled at Aug 31 2009 19:52:45
  %ENV:
    PERL5LIB=":/export/home/cpan/pit/rel/conf/perl-5.10.1/.cpanplus/5.10.1/build/Test-Tester-0.107/blib/lib:/export/home/cpan/pit/rel/conf/perl-5.10.1/.cpanplus/5.10.1/build/Test-Tester-0.107/blib/arch:/export/home/cpan/pit/rel/conf/perl-5.10.1/.cpanplus/5.10.1/build/Test-NoWarnings-1.01/blib/lib:/export/home/cpan/pit/rel/conf/perl-5.10.1/.cpanplus/5.10.1/build/Test-NoWarnings-1.01/blib/arch:/export/home/cpan/pit/rel/conf/perl-5.10.1/.cpanplus/5.10.1/build/Test-Deep-0.106/blib/lib:/export/home/cpan/pit/rel/conf/perl-5.10.1/.cpanplus/5.10.1/build/Test-Deep-0.106/blib/arch:/export/home/cpan/pit/rel/conf/perl-5.10.1/.cpanplus/5.10.1/build/Parse-Debian-PackageDesc-0.14/blib/lib:/export/home/cpan/pit/rel/conf/perl-5.10.1/.cpanplus/5.10.1/build/Parse-Debian-PackageDesc-0.14/blib/arch"
    PERL5_CPANPLUS_IS_RUNNING="20229"
    PERL5_CPANPLUS_IS_VERSION="0.9007"
    PERL5_MINISMOKEBOX="0.26"
    PERL5_YACSMOKE_BASE="/export/home/cpan/pit/rel/conf/perl-5.10.1"
    PERL_EXTUTILS_AUTOINSTALL="--defaultdeps"
    PERL_MM_USE_DEFAULT="1"
  @INC:
    /export/home/cpan/pit/rel/conf/perl-5.10.1/.cpanplus/5.10.1/build/Test-Tester-0.107/blib/lib
    /export/home/cpan/pit/rel/conf/perl-5.10.1/.cpanplus/5.10.1/build/Test-Tester-0.107/blib/arch
    /export/home/cpan/pit/rel/conf/perl-5.10.1/.cpanplus/5.10.1/build/Test-NoWarnings-1.01/blib/lib
    /export/home/cpan/pit/rel/conf/perl-5.10.1/.cpanplus/5.10.1/build/Test-NoWarnings-1.01/blib/arch
    /export/home/cpan/pit/rel/conf/perl-5.10.1/.cpanplus/5.10.1/build/Test-Deep-0.106/blib/lib
    /export/home/cpan/pit/rel/conf/perl-5.10.1/.cpanplus/5.10.1/build/Test-Deep-0.106/blib/arch
    /export/home/cpan/pit/rel/conf/perl-5.10.1/.cpanplus/5.10.1/build/Parse-Debian-PackageDesc-0.14/blib/lib
    /export/home/cpan/pit/rel/conf/perl-5.10.1/.cpanplus/5.10.1/build/Parse-Debian-PackageDesc-0.14/blib/arch
    /export/home/cpan/pit/rel/perl-5.10.1/lib/5.10.1/i86pc-solaris-thread-multi-64int
    /export/home/cpan/pit/rel/perl-5.10.1/lib/5.10.1
    /export/home/cpan/pit/rel/perl-5.10.1/lib/site_perl/5.10.1/i86pc-solaris-thread-multi-64int
    /export/home/cpan/pit/rel/perl-5.10.1/lib/site_perl/5.10.1
    .