Net-Async-WebService-lxd v0.03 Perl 5 v5.16.3 darwin-thread-multi-2level
- Status
- Fail
- From
- David Cantrell (DCANTRELL)
- Dist
-
Net-Async-WebService-lxd v0.03
- Platform
- Perl 5 v5.16.3 darwin-thread-multi-2level
- Date
- 2022-05-26 13:57:09
- ID
- bc00441a-dcfb-11ec-9c11-69538702a329
This distribution has been tested as part of the CPAN Testers
project, supporting the Perl programming language. See
http://wiki.cpantesters.org/ for more information or email
questions to cpan-testers-discuss@perl.org
--
Dear Robert Barta,
This is a computer-generated report for Net-Async-WebService-lxd-0.03
on perl 5.16.3, created by CPAN-Reporter-1.2018.
Thank you for uploading your work to CPAN. However, there was a problem
testing your distribution.
If you think this report is invalid, please consult the CPAN Testers Wiki
for suggestions on how to avoid getting FAIL reports for missing library
or binary dependencies, unsupported operating systems, and so on:
http://wiki.cpantesters.org/wiki/CPANAuthorNotes
Sections of this report:
* Tester comments
* Program output
* Prerequisites
* Environment and other context
------------------------------
TESTER COMMENTS
------------------------------
Additional comments from tester:
this report is from an automated smoke testing program
and was not reviewed by a human for accuracy
------------------------------
PROGRAM OUTPUT
------------------------------
Output from './Build test':
* WARNING: Configuration was initially created with Module::Build
version '0.3901' but we are now using version '0.4231'.
If errors occur, you must re-run the Build.PL or Makefile.PL script.
Unknown warnings category 'experimental' at /Users/cpantesting/cpantesting/perl-5.16.3/.cpan/build/Net-Async-WebService-lxd-0.03-ixFgKP/blib/lib/Net/Async/WebService/lxd.pm line 450.
BEGIN failed--compilation aborted at /Users/cpantesting/cpantesting/perl-5.16.3/.cpan/build/Net-Async-WebService-lxd-0.03-ixFgKP/blib/lib/Net/Async/WebService/lxd.pm line 450.
Compilation failed in require at t/01_images.t line 27.
BEGIN failed--compilation aborted at t/01_images.t line 27.
t/01_images.t .....
Dubious, test returned 255 (wstat 65280, 0xff00)
No subtests run
Unknown warnings category 'experimental' at /Users/cpantesting/cpantesting/perl-5.16.3/.cpan/build/Net-Async-WebService-lxd-0.03-ixFgKP/blib/lib/Net/Async/WebService/lxd.pm line 450.
BEGIN failed--compilation aborted at /Users/cpantesting/cpantesting/perl-5.16.3/.cpan/build/Net-Async-WebService-lxd-0.03-ixFgKP/blib/lib/Net/Async/WebService/lxd.pm line 450.
Compilation failed in require at t/01_projects.t line 27.
BEGIN failed--compilation aborted at t/01_projects.t line 27.
t/01_projects.t ...
Dubious, test returned 255 (wstat 65280, 0xff00)
No subtests run
Unknown warnings category 'experimental' at /Users/cpantesting/cpantesting/perl-5.16.3/.cpan/build/Net-Async-WebService-lxd-0.03-ixFgKP/blib/lib/Net/Async/WebService/lxd.pm line 450.
BEGIN failed--compilation aborted at /Users/cpantesting/cpantesting/perl-5.16.3/.cpan/build/Net-Async-WebService-lxd-0.03-ixFgKP/blib/lib/Net/Async/WebService/lxd.pm line 450.
Compilation failed in require at t/02_instances.t line 27.
BEGIN failed--compilation aborted at t/02_instances.t line 27.
t/02_instances.t ..
Dubious, test returned 255 (wstat 65280, 0xff00)
No subtests run
t/manifest.t ...... skipped: Author tests not required for installation
Test Summary Report
-------------------
t/01_images.t (Wstat: 65280 (exited 255) Tests: 0 Failed: 0)
Non-zero exit status: 255
Parse errors: No plan found in TAP output
t/01_projects.t (Wstat: 65280 (exited 255) Tests: 0 Failed: 0)
Non-zero exit status: 255
Parse errors: No plan found in TAP output
t/02_instances.t (Wstat: 65280 (exited 255) Tests: 0 Failed: 0)
Non-zero exit status: 255
Parse errors: No plan found in TAP output
Files=4, Tests=0, 3 wallclock secs ( 0.04 usr 0.02 sys + 2.31 cusr 0.29 csys = 2.66 CPU)
Result: FAIL
Failed 3/4 test programs. 0/0 subtests failed.
------------------------------
PREREQUISITES
------------------------------
Prerequisite modules loaded:
requires:
Module Need Have
------------------- ---- --------
Encode 0 3.17
HTTP::Cookies 0 6.10
HTTP::Request 0 6.36
HTTP::Response 0 6.36
HTTP::Status 0 6.36
IO::Async 0 0.801
JSON 0 4.06
Log::Log4perl 0 1.54
Moose 0 2.2201
Net::Async::HTTP 0 0.48
URI 0 5.05
YAML 0 1.30
build_requires:
Module Need Have
------------------- ---- --------
File::Slurp 0 9999.32
JSON 0 4.06
Test::CheckManifest 0 1.42
Test::Deep 0 1.130
Test::Exception 0 0.43
Test::More 0 1.302183
configure_requires:
Module Need Have
------------------- ---- --------
Module::Build 0 0.4231
------------------------------
ENVIRONMENT AND OTHER CONTEXT
------------------------------
Environment variables:
AUTOMATED_TESTING = 1
NONINTERACTIVE_TESTING = 1
PATH = /Users/cpantesting/perl5/perlbrew/bin:/Users/cpantesting/perl5/perlbrew/perls/perl-5.32.0/bin:/usr/local/bin:/usr/bin:/bin:/usr/sbin:/sbin:/Library/Apple/usr/bin
PERL = 5.16.3
PERL5LIB =
PERL5OPT =
PERL5_CPANPLUS_IS_RUNNING = 69742
PERL5_CPAN_IS_RUNNING = 69742
PERLBREW_HOME = /Users/cpantesting/.perlbrew
PERLBREW_MANPATH = /Users/cpantesting/perl5/perlbrew/perls/perl-5.32.0/man
PERLBREW_PATH = /Users/cpantesting/perl5/perlbrew/bin:/Users/cpantesting/perl5/perlbrew/perls/perl-5.32.0/bin
PERLBREW_PERL = perl-5.32.0
PERLBREW_ROOT = /Users/cpantesting/perl5/perlbrew
PERLBREW_SHELLRC_VERSION = 0.94
PERLBREW_VERSION = 0.94
PERLVER = 5.16.3
PERL_INLINE_DIRECTORY = /Users/cpantesting/.Inline-5.16.3
PERL_MM_USE_DEFAULT = 1
PERL_USE_UNSAFE_INC = 0
SHELL = /bin/bash
TERM = screen
Perl special variables (and OS-specific diagnostics, for MSWin32):
$^X = /Users/cpantesting/cpantesting/perl-5.16.3/bin/perl
$UID/$EUID = 503 / 503
$GID = 20 20 12 61 703 702 701 100
$EGID = 20 20 12 61 703 702 701 100
Perl module toolchain versions installed:
Module Have
------------------- --------
CPAN 1.9800
CPAN::Meta 2.143240
Cwd 3.75
ExtUtils::CBuilder 0.280235
ExtUtils::Command 7.58
ExtUtils::Install 2.06
ExtUtils::MakeMaker 7.58
ExtUtils::Manifest 1.70
ExtUtils::ParseXS 3.16
File::Spec 3.75
JSON 4.06
JSON::PP 4.05
Module::Build 0.4231
Module::Signature n/a
Parse::CPAN::Meta 1.4414
Test::Harness 3.44
Test::More 1.302183
YAML 1.30
YAML::Syck n/a
version 0.99
--
Summary of my perl5 (revision 5 version 16 subversion 3) configuration:
Platform:
osname=darwin, osvers=19.6.0, archname=darwin-thread-multi-2level
uname='darwin harrow.local 19.6.0 darwin kernel version 19.6.0: thu oct 29 22:56:45 pdt 2020; root:xnu-6153.141.2.2~1release_x86_64 x86_64 '
config_args='-de -Dusethreads -Dprefix=/Users/cpantesting/cpantesting/perl-5.16.3'
hint=recommended, useposix=true, d_sigaction=define
useithreads=define, usemultiplicity=define
useperlio=define, d_sfio=undef, uselargefiles=define, usesocks=undef
use64bitint=define, use64bitall=define, uselongdouble=undef
usemymalloc=n, bincompat5005=undef
Compiler:
cc='cc', ccflags ='-fno-common -DPERL_DARWIN -fno-strict-aliasing -pipe -fstack-protector -I/usr/local/include',
optimize='-O3',
cppflags='-fno-common -DPERL_DARWIN -fno-strict-aliasing -pipe -fstack-protector -I/usr/local/include'
ccversion='', gccversion='Apple LLVM 12.0.0 (clang-1200.0.32.27)', gccosandvers=''
intsize=4, longsize=8, ptrsize=8, doublesize=8, byteorder=12345678
d_longlong=define, longlongsize=8, d_longdbl=define, longdblsize=16
ivtype='long', ivsize=8, nvtype='double', nvsize=8, Off_t='off_t', lseeksize=8
alignbytes=8, prototype=define
Linker and Libraries:
ld='env MACOSX_DEPLOYMENT_TARGET=10.3 cc', ldflags =' -fstack-protector -L/usr/local/lib'
libpth=/usr/local/lib /usr/lib
libs=-lgdbm -ldbm -ldl -lm -lutil -lc
perllibs=-ldl -lm -lutil -lc
libc=, so=dylib, useshrplib=false, libperl=libperl.a
gnulibc_version=''
Dynamic Linking:
dlsrc=dl_dlopen.xs, dlext=bundle, d_dlsymun=undef, ccdlflags=' '
cccdlflags=' ', lddlflags=' -bundle -undefined dynamic_lookup -L/usr/local/lib -fstack-protector'
Characteristics of this binary (from libperl):
Compile-time options: HAS_TIMES MULTIPLICITY PERLIO_LAYERS
PERL_DONT_CREATE_GVSV PERL_IMPLICIT_CONTEXT
PERL_MALLOC_WRAP PERL_PRESERVE_IVUV USE_64_BIT_ALL
USE_64_BIT_INT USE_ITHREADS USE_LARGE_FILES
USE_LOCALE USE_LOCALE_COLLATE USE_LOCALE_CTYPE
USE_LOCALE_NUMERIC USE_PERLIO USE_PERL_ATOF
USE_REENTRANT_API
Built under darwin
Compiled at Dec 29 2020 22:52:51
%ENV:
PERL="5.16.3"
PERL5LIB=""
PERL5OPT=""
PERL5_CPANPLUS_IS_RUNNING="69742"
PERL5_CPAN_IS_RUNNING="69742"
PERLBREW_HOME="/Users/cpantesting/.perlbrew"
PERLBREW_MANPATH="/Users/cpantesting/perl5/perlbrew/perls/perl-5.32.0/man"
PERLBREW_PATH="/Users/cpantesting/perl5/perlbrew/bin:/Users/cpantesting/perl5/perlbrew/perls/perl-5.32.0/bin"
PERLBREW_PERL="perl-5.32.0"
PERLBREW_ROOT="/Users/cpantesting/perl5/perlbrew"
PERLBREW_SHELLRC_VERSION="0.94"
PERLBREW_VERSION="0.94"
PERLVER="5.16.3"
PERL_INLINE_DIRECTORY="/Users/cpantesting/.Inline-5.16.3"
PERL_MM_USE_DEFAULT="1"
PERL_USE_UNSAFE_INC="0"
@INC:
/Users/cpantesting/cpantesting/perl-5.16.3/lib/site_perl/5.16.3/darwin-thread-multi-2level
/Users/cpantesting/cpantesting/perl-5.16.3/lib/site_perl/5.16.3
/Users/cpantesting/cpantesting/perl-5.16.3/lib/5.16.3/darwin-thread-multi-2level
/Users/cpantesting/cpantesting/perl-5.16.3/lib/5.16.3
.