Strehler v1.6.8 Perl 5 v5.34.0 x86_64-linux-ld
- Status
- Fail
- From
- Andreas J. König (ANDK)
- Dist
-
Strehler v1.6.8
- Platform
- Perl 5 v5.34.0 x86_64-linux-ld
- Date
- 2022-02-23 02:53:09
- ID
- bbf39b16-9453-11ec-80d0-93bd911c6b3d
This distribution has been tested as part of the CPAN Testers
project, supporting the Perl programming language. See
http://wiki.cpantesters.org/ for more information or email
questions to cpan-testers-discuss@perl.org
--
Dear Simone Fare,
This is a computer-generated report for Strehler-1.6.8
on perl 5.34.0, created by CPAN-Reporter-1.2018.
Thank you for uploading your work to CPAN. However, there was a problem
testing your distribution.
If you think this report is invalid, please consult the CPAN Testers Wiki
for suggestions on how to avoid getting FAIL reports for missing library
or binary dependencies, unsupported operating systems, and so on:
http://wiki.cpantesters.org/wiki/CPANAuthorNotes
Sections of this report:
* Tester comments
* Program output
* Prerequisites
* Environment and other context
------------------------------
TESTER COMMENTS
------------------------------
Additional comments from tester:
this report is from an automated smoke testing program
and was not reviewed by a human for accuracy
------------------------------
PROGRAM OUTPUT
------------------------------
Output from '/usr/bin/make test':
PERL_DL_NONLAZY=1 "/tmp/basesmoker-reloperl-LsXZ/bin/perl" "-MExtUtils::Command::MM" "-MTest::Harness" "-e" "undef *Test::Harness::Switches; test_harness(0, 'blib/lib', 'blib/arch')" t/*.t
Plugin DSL method 'dancer_app' is deprecated. Use '$self->app' instead'.
at /home/sand/src/perl/repoperls/installed-perls/host/k93focal/v5.34.0/7dc8/lib/site_perl/5.34.0/Dancer2/Core/Hook.pm line 33.
Plugin DSL method 'request' is deprecated. Use '$self->app->request' instead'.
at /home/sand/src/perl/repoperls/installed-perls/host/k93focal/v5.34.0/7dc8/lib/site_perl/5.34.0/Dancer2/Core/Hook.pm line 33.
# Failed test 'Not logged user call is redirected'
# at t/001_login.t line 29.
# got: '200'
# expected: '302'
# Failed test 'Not logged user call is redirected on login page'
# at t/001_login.t line 34.
# got: undef
# expected: 'http://localhost/admin/login'
Plugin DSL method 'dancer_app' is deprecated. Use '$self->app' instead'.
at /home/sand/src/perl/repoperls/installed-perls/host/k93focal/v5.34.0/7dc8/lib/site_perl/5.34.0/Dancer2/Core/Hook.pm line 33.
Plugin DSL method 'request' is deprecated. Use '$self->app->request' instead'.
at /home/sand/src/perl/repoperls/installed-perls/host/k93focal/v5.34.0/7dc8/lib/site_perl/5.34.0/Dancer2/Core/Hook.pm line 33.
Plugin DSL method 'dancer_app' is deprecated. Use '$self->app' instead'.
at /home/sand/src/perl/repoperls/installed-perls/host/k93focal/v5.34.0/7dc8/lib/site_perl/5.34.0/Dancer2/Core/Hook.pm line 33.
Plugin DSL method 'request' is deprecated. Use '$self->app->request' instead'.
at /home/sand/src/perl/repoperls/installed-perls/host/k93focal/v5.34.0/7dc8/lib/site_perl/5.34.0/Dancer2/Core/Hook.pm line 33.
# Failed test 'Redirect on /admin/ lead to the correct /admin page'
# at t/001_login.t line 52.
# got: '/admin'
# expected: 'http://localhost/admin'
# Looks like you failed 3 tests of 6.
t/001_login.t ........
Dubious, test returned 3 (wstat 768, 0x300)
Failed 3/6 subtests
Plugin DSL method 'dancer_app' is deprecated. Use '$self->app' instead'.
at /home/sand/src/perl/repoperls/installed-perls/host/k93focal/v5.34.0/7dc8/lib/site_perl/5.34.0/Dancer2/Core/Hook.pm line 33.
Plugin DSL method 'request' is deprecated. Use '$self->app->request' instead'.
at /home/sand/src/perl/repoperls/installed-perls/host/k93focal/v5.34.0/7dc8/lib/site_perl/5.34.0/Dancer2/Core/Hook.pm line 33.
# Failed test 'Login as editor'
# at t/002_permissions.t line 27.
# '<!DOCTYPE html PUBLIC "-//W3C//DTD XHTML 1.0 Transitional//EN"
# "http://www.w3.org/TR/xhtml1/DTD/xhtml1-transitional.dtd">
# <html xmlns="http://www.w3.org/1999/xhtml">
# <head>
# <meta http-equiv="Content-type" content="text/html; charset=utf-8" />
# <title>Admin</title>
# <link rel="stylesheet" href="http://localhost/strehler/bootstrap/css/bootstrap.min.css" />
# <link rel="stylesheet" href="http://localhost/strehler/bootstrap/datepicker/css/datepicker.css" />
# <link rel="stylesheet" href="http://localhost/strehler/css/admin.css" />
# <script src="http://localhost/strehler/js/jquery.js"></script>
# <script src="http://localhost/strehler/js/jquery-ui-1.10.3.custom.min.js"></script>
# <script src="http://localhost/strehler/bootstrap/js/bootstrap.min.js"></script>
# <script src="http://localhost/strehler/bootstrap/datepicker/js/bootstrap-datepicker.js"></script>
# <script src="http://localhost/strehler/js/strehler.js"></script>
#
#
# </head>
# <body>
# <div class="navbar">
# <div class="navbar-inner">
# <ul class="nav">
#
# <li class="dropdown user"><a href="#" class="dropdown-toggle user-toggle" data-toggle="dropdown"><b class="icon-user"></b> admin<b class="caret"></b></a>
# <ul class="dropdown-menu">
# <li><a href="/">Site homepage</a></li>
# <li><a href="/admin/user/password">Change password</a></li>
# <li><a href="/admin/logout">Logout</a></li>
# </ul>
# </li>
#
#
# <li class="active"><a href="/admin">Home</a></li>
#
#
#
#
# <li class=""><a href="/admin/article">Articles</a></li>
#
#
#
# <li class=""><a href="/admin/image">Images</a></li>
#
#
#
# <li class=""><a href="/admin/dummy">Dummy</a></li>
#
#
#
# <li class=""><a href="/admin/puppet">Puppet</a></li>
#
#
#
# <li class=""><a href="/admin/foo">Dummy</a></li>
#
#
# <li class=" first-admin"><a href="/admin/category">Categories</a></li>
#
#
#
# <li class=""><a href="/admin/user">Users</a></li>
#
#
#
# <li class=""><a href="/admin/log">Logs</a></li>
#
#
# </ul>
# </div>
#
#
# <div class="alert alert-error">
# <strong>Warning</strong>: there're open issues. Go to <a href="/admin/sys/warnings">system messages</a>
# </div>
#
#
# </div>
# <div class="span10">
# <h1>Home</h1>
# </div>
# <div class="content homepage">
# <p class="lead span10 text-center">
# Select an entity from the navbar
# </p>
# </div>
#
# <div id="footer" class="span10">
# <p class="span5 offset8">
# Strehler 1.6.8, powered by <a href="http://perldancer.org/">Dancer2</a> 0.301004
# </p>
# </div>
# </body>
# </html>
# '
# doesn't match '(?^:<b class="icon-user"></b>.*editor)'
Plugin DSL method 'dancer_app' is deprecated. Use '$self->app' instead'.
at /home/sand/src/perl/repoperls/installed-perls/host/k93focal/v5.34.0/7dc8/lib/site_perl/5.34.0/Dancer2/Core/Hook.pm line 33.
Plugin DSL method 'request' is deprecated. Use '$self->app->request' instead'.
at /home/sand/src/perl/repoperls/installed-perls/host/k93focal/v5.34.0/7dc8/lib/site_perl/5.34.0/Dancer2/Core/Hook.pm line 33.
[Strehler::Admin:2231131] debug @2022-02-23 02:52:09> bless( ['file','403.tt: not found',undef], 'Template::Exception' ) in /home/sand/src/perl/repoperls/installed-perls/host/k93focal/v5.34.0/7dc8/lib/site_perl/5.34.0/Dancer2/Core/Error.pm l. 73
# Looks like you failed 1 test of 3.
t/002_permissions.t ..
Dubious, test returned 1 (wstat 256, 0x100)
Failed 1/3 subtests
Plugin DSL method 'dancer_app' is deprecated. Use '$self->app' instead'.
at /home/sand/src/perl/repoperls/installed-perls/host/k93focal/v5.34.0/7dc8/lib/site_perl/5.34.0/Dancer2/Core/Hook.pm line 33.
Plugin DSL method 'request' is deprecated. Use '$self->app->request' instead'.
at /home/sand/src/perl/repoperls/installed-perls/host/k93focal/v5.34.0/7dc8/lib/site_perl/5.34.0/Dancer2/Core/Hook.pm line 33.
Plugin DSL method 'dancer_app' is deprecated. Use '$self->app' instead'.
at /home/sand/src/perl/repoperls/installed-perls/host/k93focal/v5.34.0/7dc8/lib/site_perl/5.34.0/Dancer2/Core/Hook.pm line 33.
Plugin DSL method 'request' is deprecated. Use '$self->app->request' instead'.
at /home/sand/src/perl/repoperls/installed-perls/host/k93focal/v5.34.0/7dc8/lib/site_perl/5.34.0/Dancer2/Core/Hook.pm line 33.
Plugin DSL method 'dancer_app' is deprecated. Use '$self->app' instead'.
at /home/sand/src/perl/repoperls/installed-perls/host/k93focal/v5.34.0/7dc8/lib/site_perl/5.34.0/Dancer2/Core/Hook.pm line 33.
Plugin DSL method 'request' is deprecated. Use '$self->app->request' instead'.
at /home/sand/src/perl/repoperls/installed-perls/host/k93focal/v5.34.0/7dc8/lib/site_perl/5.34.0/Dancer2/Core/Hook.pm line 33.
Plugin DSL method 'dancer_app' is deprecated. Use '$self->app' instead'.
at /home/sand/src/perl/repoperls/installed-perls/host/k93focal/v5.34.0/7dc8/lib/site_perl/5.34.0/Dancer2/Core/Hook.pm line 33.
Plugin DSL method 'request' is deprecated. Use '$self->app->request' instead'.
at /home/sand/src/perl/repoperls/installed-perls/host/k93focal/v5.34.0/7dc8/lib/site_perl/5.34.0/Dancer2/Core/Hook.pm line 33.
Plugin DSL method 'dancer_app' is deprecated. Use '$self->app' instead'.
at /home/sand/src/perl/repoperls/installed-perls/host/k93focal/v5.34.0/7dc8/lib/site_perl/5.34.0/Dancer2/Core/Hook.pm line 33.
Plugin DSL method 'request' is deprecated. Use '$self->app->request' instead'.
at /home/sand/src/perl/repoperls/installed-perls/host/k93focal/v5.34.0/7dc8/lib/site_perl/5.34.0/Dancer2/Core/Hook.pm line 33.
Plugin DSL method 'dancer_app' is deprecated. Use '$self->app' instead'.
at /home/sand/src/perl/repoperls/installed-perls/host/k93focal/v5.34.0/7dc8/lib/site_perl/5.34.0/Dancer2/Core/Hook.pm line 33.
Plugin DSL method 'request' is deprecated. Use '$self->app->request' instead'.
at /home/sand/src/perl/repoperls/installed-perls/host/k93focal/v5.34.0/7dc8/lib/site_perl/5.34.0/Dancer2/Core/Hook.pm line 33.
t/004_categories.t ... ok
Plugin DSL method 'dancer_app' is deprecated. Use '$self->app' instead'.
at /home/sand/src/perl/repoperls/installed-perls/host/k93focal/v5.34.0/7dc8/lib/site_perl/5.34.0/Dancer2/Core/Hook.pm line 33.
Plugin DSL method 'request' is deprecated. Use '$self->app->request' instead'.
at /home/sand/src/perl/repoperls/installed-perls/host/k93focal/v5.34.0/7dc8/lib/site_perl/5.34.0/Dancer2/Core/Hook.pm line 33.
Plugin DSL method 'dancer_app' is deprecated. Use '$self->app' instead'.
at /home/sand/src/perl/repoperls/installed-perls/host/k93focal/v5.34.0/7dc8/lib/site_perl/5.34.0/Dancer2/Core/Hook.pm line 33.
Plugin DSL method 'request' is deprecated. Use '$self->app->request' instead'.
at /home/sand/src/perl/repoperls/installed-perls/host/k93focal/v5.34.0/7dc8/lib/site_perl/5.34.0/Dancer2/Core/Hook.pm line 33.
Plugin DSL method 'dancer_app' is deprecated. Use '$self->app' instead'.
at /home/sand/src/perl/repoperls/installed-perls/host/k93focal/v5.34.0/7dc8/lib/site_perl/5.34.0/Dancer2/Core/Hook.pm line 33.
Plugin DSL method 'request' is deprecated. Use '$self->app->request' instead'.
at /home/sand/src/perl/repoperls/installed-perls/host/k93focal/v5.34.0/7dc8/lib/site_perl/5.34.0/Dancer2/Core/Hook.pm line 33.
Plugin DSL method 'dancer_app' is deprecated. Use '$self->app' instead'.
at /home/sand/src/perl/repoperls/installed-perls/host/k93focal/v5.34.0/7dc8/lib/site_perl/5.34.0/Dancer2/Core/Hook.pm line 33.
Plugin DSL method 'request' is deprecated. Use '$self->app->request' instead'.
at /home/sand/src/perl/repoperls/installed-perls/host/k93focal/v5.34.0/7dc8/lib/site_perl/5.34.0/Dancer2/Core/Hook.pm line 33.
Plugin DSL method 'dancer_app' is deprecated. Use '$self->app' instead'.
at /home/sand/src/perl/repoperls/installed-perls/host/k93focal/v5.34.0/7dc8/lib/site_perl/5.34.0/Dancer2/Core/Hook.pm line 33.
Plugin DSL method 'request' is deprecated. Use '$self->app->request' instead'.
at /home/sand/src/perl/repoperls/installed-perls/host/k93focal/v5.34.0/7dc8/lib/site_perl/5.34.0/Dancer2/Core/Hook.pm line 33.
Plugin DSL method 'dancer_app' is deprecated. Use '$self->app' instead'.
at /home/sand/src/perl/repoperls/installed-perls/host/k93focal/v5.34.0/7dc8/lib/site_perl/5.34.0/Dancer2/Core/Hook.pm line 33.
Plugin DSL method 'request' is deprecated. Use '$self->app->request' instead'.
at /home/sand/src/perl/repoperls/installed-perls/host/k93focal/v5.34.0/7dc8/lib/site_perl/5.34.0/Dancer2/Core/Hook.pm line 33.
Plugin DSL method 'dancer_app' is deprecated. Use '$self->app' instead'.
at /home/sand/src/perl/repoperls/installed-perls/host/k93focal/v5.34.0/7dc8/lib/site_perl/5.34.0/Dancer2/Core/Hook.pm line 33.
Plugin DSL method 'request' is deprecated. Use '$self->app->request' instead'.
at /home/sand/src/perl/repoperls/installed-perls/host/k93focal/v5.34.0/7dc8/lib/site_perl/5.34.0/Dancer2/Core/Hook.pm line 33.
Plugin DSL method 'dancer_app' is deprecated. Use '$self->app' instead'.
at /home/sand/src/perl/repoperls/installed-perls/host/k93focal/v5.34.0/7dc8/lib/site_perl/5.34.0/Dancer2/Core/Hook.pm line 33.
Plugin DSL method 'request' is deprecated. Use '$self->app->request' instead'.
at /home/sand/src/perl/repoperls/installed-perls/host/k93focal/v5.34.0/7dc8/lib/site_perl/5.34.0/Dancer2/Core/Hook.pm line 33.
Plugin DSL method 'dancer_app' is deprecated. Use '$self->app' instead'.
at /home/sand/src/perl/repoperls/installed-perls/host/k93focal/v5.34.0/7dc8/lib/site_perl/5.34.0/Dancer2/Core/Hook.pm line 33.
Plugin DSL method 'request' is deprecated. Use '$self->app->request' instead'.
at /home/sand/src/perl/repoperls/installed-perls/host/k93focal/v5.34.0/7dc8/lib/site_perl/5.34.0/Dancer2/Core/Hook.pm line 33.
Plugin DSL method 'dancer_app' is deprecated. Use '$self->app' instead'.
at /home/sand/src/perl/repoperls/installed-perls/host/k93focal/v5.34.0/7dc8/lib/site_perl/5.34.0/Dancer2/Core/Hook.pm line 33.
Plugin DSL method 'request' is deprecated. Use '$self->app->request' instead'.
at /home/sand/src/perl/repoperls/installed-perls/host/k93focal/v5.34.0/7dc8/lib/site_perl/5.34.0/Dancer2/Core/Hook.pm line 33.
Plugin DSL method 'dancer_app' is deprecated. Use '$self->app' instead'.
at /home/sand/src/perl/repoperls/installed-perls/host/k93focal/v5.34.0/7dc8/lib/site_perl/5.34.0/Dancer2/Core/Hook.pm line 33.
Plugin DSL method 'request' is deprecated. Use '$self->app->request' instead'.
at /home/sand/src/perl/repoperls/installed-perls/host/k93focal/v5.34.0/7dc8/lib/site_perl/5.34.0/Dancer2/Core/Hook.pm line 33.
t/005_articles.t ..... ok
Subroutine dancer_app redefined at (eval 1116) line 5.
Subroutine request redefined at (eval 1116) line 14.
Subroutine var redefined at (eval 1116) line 23.
Subroutine hook redefined at (eval 1116) line 32.
String found where operator expected at t/testapp/lib/Site.pm line 13, near "slug '/ex/slug/:slug'"
(Do you need to predeclare slug?)
String found where operator expected at t/testapp/lib/Site.pm line 14, near "list '/ex/list/dummy'"
(Do you need to predeclare list?)
String found where operator expected at t/testapp/lib/Site.pm line 15, near "latest_page '/ex/mypage'"
(Do you need to predeclare latest_page?)
String found where operator expected at t/testapp/lib/Site.pm line 16, near "slug '/exref/slug/:slug'"
(Do you need to predeclare slug?)
String found where operator expected at t/testapp/lib/Site.pm line 17, near "list '/exref/list/dummy'"
(Do you need to predeclare list?)
String found where operator expected at t/testapp/lib/Site.pm line 18, near "latest_page '/exref/mypage'"
(Do you need to predeclare latest_page?)
syntax error at t/testapp/lib/Site.pm line 13, near "slug '/ex/slug/:slug'"
Compilation failed in require at t/006_frontend.t line 17.
t/006_frontend.t .....
Dubious, test returned 255 (wstat 65280, 0xff00)
No subtests run
Plugin DSL method 'dancer_app' is deprecated. Use '$self->app' instead'.
at /home/sand/src/perl/repoperls/installed-perls/host/k93focal/v5.34.0/7dc8/lib/site_perl/5.34.0/Dancer2/Core/Hook.pm line 33.
Plugin DSL method 'request' is deprecated. Use '$self->app->request' instead'.
at /home/sand/src/perl/repoperls/installed-perls/host/k93focal/v5.34.0/7dc8/lib/site_perl/5.34.0/Dancer2/Core/Hook.pm line 33.
Plugin DSL method 'dancer_app' is deprecated. Use '$self->app' instead'.
at /home/sand/src/perl/repoperls/installed-perls/host/k93focal/v5.34.0/7dc8/lib/site_perl/5.34.0/Dancer2/Core/Hook.pm line 33.
Plugin DSL method 'request' is deprecated. Use '$self->app->request' instead'.
at /home/sand/src/perl/repoperls/installed-perls/host/k93focal/v5.34.0/7dc8/lib/site_perl/5.34.0/Dancer2/Core/Hook.pm line 33.
Plugin DSL method 'dancer_app' is deprecated. Use '$self->app' instead'.
at /home/sand/src/perl/repoperls/installed-perls/host/k93focal/v5.34.0/7dc8/lib/site_perl/5.34.0/Dancer2/Core/Hook.pm line 33.
Plugin DSL method 'request' is deprecated. Use '$self->app->request' instead'.
at /home/sand/src/perl/repoperls/installed-perls/host/k93focal/v5.34.0/7dc8/lib/site_perl/5.34.0/Dancer2/Core/Hook.pm line 33.
Plugin DSL method 'dancer_app' is deprecated. Use '$self->app' instead'.
at /home/sand/src/perl/repoperls/installed-perls/host/k93focal/v5.34.0/7dc8/lib/site_perl/5.34.0/Dancer2/Core/Hook.pm line 33.
Plugin DSL method 'request' is deprecated. Use '$self->app->request' instead'.
at /home/sand/src/perl/repoperls/installed-perls/host/k93focal/v5.34.0/7dc8/lib/site_perl/5.34.0/Dancer2/Core/Hook.pm line 33.
Plugin DSL method 'dancer_app' is deprecated. Use '$self->app' instead'.
at /home/sand/src/perl/repoperls/installed-perls/host/k93focal/v5.34.0/7dc8/lib/site_perl/5.34.0/Dancer2/Core/Hook.pm line 33.
Plugin DSL method 'request' is deprecated. Use '$self->app->request' instead'.
at /home/sand/src/perl/repoperls/installed-perls/host/k93focal/v5.34.0/7dc8/lib/site_perl/5.34.0/Dancer2/Core/Hook.pm line 33.
Plugin DSL method 'dancer_app' is deprecated. Use '$self->app' instead'.
at /home/sand/src/perl/repoperls/installed-perls/host/k93focal/v5.34.0/7dc8/lib/site_perl/5.34.0/Dancer2/Core/Hook.pm line 33.
Plugin DSL method 'request' is deprecated. Use '$self->app->request' instead'.
at /home/sand/src/perl/repoperls/installed-perls/host/k93focal/v5.34.0/7dc8/lib/site_perl/5.34.0/Dancer2/Core/Hook.pm line 33.
t/007_images.t ....... ok
Subroutine dancer_app redefined at (eval 1116) line 5.
Subroutine request redefined at (eval 1116) line 14.
Subroutine var redefined at (eval 1116) line 23.
Subroutine hook redefined at (eval 1116) line 32.
String found where operator expected at t/testapp/lib/Site.pm line 13, near "slug '/ex/slug/:slug'"
(Do you need to predeclare slug?)
String found where operator expected at t/testapp/lib/Site.pm line 14, near "list '/ex/list/dummy'"
(Do you need to predeclare list?)
String found where operator expected at t/testapp/lib/Site.pm line 15, near "latest_page '/ex/mypage'"
(Do you need to predeclare latest_page?)
String found where operator expected at t/testapp/lib/Site.pm line 16, near "slug '/exref/slug/:slug'"
(Do you need to predeclare slug?)
String found where operator expected at t/testapp/lib/Site.pm line 17, near "list '/exref/list/dummy'"
(Do you need to predeclare list?)
String found where operator expected at t/testapp/lib/Site.pm line 18, near "latest_page '/exref/mypage'"
(Do you need to predeclare latest_page?)
syntax error at t/testapp/lib/Site.pm line 13, near "slug '/ex/slug/:slug'"
Compilation failed in require at t/008_tags.t line 16.
t/008_tags.t .........
Dubious, test returned 255 (wstat 65280, 0xff00)
No subtests run
Subroutine dancer_app redefined at (eval 1116) line 5.
Subroutine request redefined at (eval 1116) line 14.
Subroutine var redefined at (eval 1116) line 23.
Subroutine hook redefined at (eval 1116) line 32.
String found where operator expected at t/testapp/lib/Site.pm line 13, near "slug '/ex/slug/:slug'"
(Do you need to predeclare slug?)
String found where operator expected at t/testapp/lib/Site.pm line 14, near "list '/ex/list/dummy'"
(Do you need to predeclare list?)
String found where operator expected at t/testapp/lib/Site.pm line 15, near "latest_page '/ex/mypage'"
(Do you need to predeclare latest_page?)
String found where operator expected at t/testapp/lib/Site.pm line 16, near "slug '/exref/slug/:slug'"
(Do you need to predeclare slug?)
String found where operator expected at t/testapp/lib/Site.pm line 17, near "list '/exref/list/dummy'"
(Do you need to predeclare list?)
String found where operator expected at t/testapp/lib/Site.pm line 18, near "latest_page '/exref/mypage'"
(Do you need to predeclare latest_page?)
syntax error at t/testapp/lib/Site.pm line 13, near "slug '/ex/slug/:slug'"
Compilation failed in require at t/009_extra.t line 16.
t/009_extra.t ........
Dubious, test returned 255 (wstat 65280, 0xff00)
No subtests run
[Strehler::API:2231139] debug @2022-02-23 02:52:25> bless( ['file','404.tt: not found',undef], 'Template::Exception' ) in /home/sand/src/perl/repoperls/installed-perls/host/k93focal/v5.34.0/7dc8/lib/site_perl/5.34.0/Dancer2/Core/Error.pm l. 73
[Strehler::API:2231139] debug @2022-02-23 02:52:25> bless( ['file','404.tt: not found',undef], 'Template::Exception' ) in /home/sand/src/perl/repoperls/installed-perls/host/k93focal/v5.34.0/7dc8/lib/site_perl/5.34.0/Dancer2/Core/Error.pm l. 73
t/010_api.t .......... ok
Subroutine dancer_app redefined at (eval 317) line 5.
Subroutine request redefined at (eval 317) line 14.
Subroutine var redefined at (eval 317) line 23.
Subroutine hook redefined at (eval 317) line 32.
String found where operator expected at t/testapp/lib/Site.pm line 13, near "slug '/ex/slug/:slug'"
(Do you need to predeclare slug?)
String found where operator expected at t/testapp/lib/Site.pm line 14, near "list '/ex/list/dummy'"
(Do you need to predeclare list?)
String found where operator expected at t/testapp/lib/Site.pm line 15, near "latest_page '/ex/mypage'"
(Do you need to predeclare latest_page?)
String found where operator expected at t/testapp/lib/Site.pm line 16, near "slug '/exref/slug/:slug'"
(Do you need to predeclare slug?)
String found where operator expected at t/testapp/lib/Site.pm line 17, near "list '/exref/list/dummy'"
(Do you need to predeclare list?)
String found where operator expected at t/testapp/lib/Site.pm line 18, near "latest_page '/exref/mypage'"
(Do you need to predeclare latest_page?)
syntax error at t/testapp/lib/Site.pm line 13, near "slug '/ex/slug/:slug'"
Compilation failed in require at t/011_ex.t line 15.
t/011_ex.t ...........
Dubious, test returned 255 (wstat 65280, 0xff00)
No subtests run
Plugin DSL method 'dancer_app' is deprecated. Use '$self->app' instead'.
at /home/sand/src/perl/repoperls/installed-perls/host/k93focal/v5.34.0/7dc8/lib/site_perl/5.34.0/Dancer2/Core/Hook.pm line 33.
Plugin DSL method 'request' is deprecated. Use '$self->app->request' instead'.
at /home/sand/src/perl/repoperls/installed-perls/host/k93focal/v5.34.0/7dc8/lib/site_perl/5.34.0/Dancer2/Core/Hook.pm line 33.
Plugin DSL method 'dancer_app' is deprecated. Use '$self->app' instead'.
at /home/sand/src/perl/repoperls/installed-perls/host/k93focal/v5.34.0/7dc8/lib/site_perl/5.34.0/Dancer2/Core/Hook.pm line 33.
Plugin DSL method 'request' is deprecated. Use '$self->app->request' instead'.
at /home/sand/src/perl/repoperls/installed-perls/host/k93focal/v5.34.0/7dc8/lib/site_perl/5.34.0/Dancer2/Core/Hook.pm line 33.
Plugin DSL method 'dancer_app' is deprecated. Use '$self->app' instead'.
at /home/sand/src/perl/repoperls/installed-perls/host/k93focal/v5.34.0/7dc8/lib/site_perl/5.34.0/Dancer2/Core/Hook.pm line 33.
Plugin DSL method 'request' is deprecated. Use '$self->app->request' instead'.
at /home/sand/src/perl/repoperls/installed-perls/host/k93focal/v5.34.0/7dc8/lib/site_perl/5.34.0/Dancer2/Core/Hook.pm line 33.
Plugin DSL method 'dancer_app' is deprecated. Use '$self->app' instead'.
at /home/sand/src/perl/repoperls/installed-perls/host/k93focal/v5.34.0/7dc8/lib/site_perl/5.34.0/Dancer2/Core/Hook.pm line 33.
Plugin DSL method 'request' is deprecated. Use '$self->app->request' instead'.
at /home/sand/src/perl/repoperls/installed-perls/host/k93focal/v5.34.0/7dc8/lib/site_perl/5.34.0/Dancer2/Core/Hook.pm line 33.
Plugin DSL method 'dancer_app' is deprecated. Use '$self->app' instead'.
at /home/sand/src/perl/repoperls/installed-perls/host/k93focal/v5.34.0/7dc8/lib/site_perl/5.34.0/Dancer2/Core/Hook.pm line 33.
Plugin DSL method 'request' is deprecated. Use '$self->app->request' instead'.
at /home/sand/src/perl/repoperls/installed-perls/host/k93focal/v5.34.0/7dc8/lib/site_perl/5.34.0/Dancer2/Core/Hook.pm line 33.
# Failed test 'Logged as dummy'
# at t/012_users.t line 64.
# '<!DOCTYPE html PUBLIC "-//W3C//DTD XHTML 1.0 Transitional//EN"
# "http://www.w3.org/TR/xhtml1/DTD/xhtml1-transitional.dtd">
# <html xmlns="http://www.w3.org/1999/xhtml">
# <head>
# <meta http-equiv="Content-type" content="text/html; charset=utf-8" />
# <title>Admin</title>
# <link rel="stylesheet" href="http://localhost/strehler/bootstrap/css/bootstrap.min.css" />
# <link rel="stylesheet" href="http://localhost/strehler/bootstrap/datepicker/css/datepicker.css" />
# <link rel="stylesheet" href="http://localhost/strehler/css/admin.css" />
# <script src="http://localhost/strehler/js/jquery.js"></script>
# <script src="http://localhost/strehler/js/jquery-ui-1.10.3.custom.min.js"></script>
# <script src="http://localhost/strehler/bootstrap/js/bootstrap.min.js"></script>
# <script src="http://localhost/strehler/bootstrap/datepicker/js/bootstrap-datepicker.js"></script>
# <script src="http://localhost/strehler/js/strehler.js"></script>
#
#
# </head>
# <body>
# <div class="navbar">
# <div class="navbar-inner">
# <ul class="nav">
#
# <li class="dropdown user"><a href="#" class="dropdown-toggle user-toggle" data-toggle="dropdown"><b class="icon-user"></b> admin<b class="caret"></b></a>
# <ul class="dropdown-menu">
# <li><a href="/">Site homepage</a></li>
# <li><a href="/admin/user/password">Change password</a></li>
# <li><a href="/admin/logout">Logout</a></li>
# </ul>
# </li>
#
#
# <li class="active"><a href="/admin">Home</a></li>
#
#
#
#
# <li class=""><a href="/admin/article">Articles</a></li>
#
#
#
# <li class=""><a href="/admin/image">Images</a></li>
#
#
#
# <li class=""><a href="/admin/puppet">Puppet</a></li>
#
#
#
# <li class=""><a href="/admin/foo">Dummy</a></li>
#
#
#
# <li class=""><a href="/admin/dummy">Dummy</a></li>
#
#
# <li class=" first-admin"><a href="/admin/category">Categories</a></li>
#
#
#
# <li class=""><a href="/admin/user">Users</a></li>
#
#
#
# <li class=""><a href="/admin/log">Logs</a></li>
#
#
# </ul>
# </div>
#
#
# <div class="alert alert-error">
# <strong>Warning</strong>: there're open issues. Go to <a href="/admin/sys/warnings">system messages</a>
# </div>
#
#
# </div>
# <div class="span10">
# <h1>Home</h1>
# </div>
# <div class="content homepage">
# <p class="lead span10 text-center">
# Select an entity from the navbar
# </p>
# </div>
#
# <div id="footer" class="span10">
# <p class="span5 offset8">
# Strehler 1.6.8, powered by <a href="http://perldancer.org/">Dancer2</a> 0.301004
# </p>
# </div>
# </body>
# </html>
# '
# doesn't match '(?^:<b class="icon-user"></b>.*dummy)'
Plugin DSL method 'dancer_app' is deprecated. Use '$self->app' instead'.
at /home/sand/src/perl/repoperls/installed-perls/host/k93focal/v5.34.0/7dc8/lib/site_perl/5.34.0/Dancer2/Core/Hook.pm line 33.
Plugin DSL method 'request' is deprecated. Use '$self->app->request' instead'.
at /home/sand/src/perl/repoperls/installed-perls/host/k93focal/v5.34.0/7dc8/lib/site_perl/5.34.0/Dancer2/Core/Hook.pm line 33.
Plugin DSL method 'dancer_app' is deprecated. Use '$self->app' instead'.
at /home/sand/src/perl/repoperls/installed-perls/host/k93focal/v5.34.0/7dc8/lib/site_perl/5.34.0/Dancer2/Core/Hook.pm line 33.
Plugin DSL method 'request' is deprecated. Use '$self->app->request' instead'.
at /home/sand/src/perl/repoperls/installed-perls/host/k93focal/v5.34.0/7dc8/lib/site_perl/5.34.0/Dancer2/Core/Hook.pm line 33.
# Failed test 'Logged as dummy with the new password'
# at t/012_users.t line 75.
# '<!DOCTYPE html PUBLIC "-//W3C//DTD XHTML 1.0 Transitional//EN"
# "http://www.w3.org/TR/xhtml1/DTD/xhtml1-transitional.dtd">
# <html xmlns="http://www.w3.org/1999/xhtml">
# <head>
# <meta http-equiv="Content-type" content="text/html; charset=utf-8" />
# <title>Admin</title>
# <link rel="stylesheet" href="http://localhost/strehler/bootstrap/css/bootstrap.min.css" />
# <link rel="stylesheet" href="http://localhost/strehler/bootstrap/datepicker/css/datepicker.css" />
# <link rel="stylesheet" href="http://localhost/strehler/css/admin.css" />
# <script src="http://localhost/strehler/js/jquery.js"></script>
# <script src="http://localhost/strehler/js/jquery-ui-1.10.3.custom.min.js"></script>
# <script src="http://localhost/strehler/bootstrap/js/bootstrap.min.js"></script>
# <script src="http://localhost/strehler/bootstrap/datepicker/js/bootstrap-datepicker.js"></script>
# <script src="http://localhost/strehler/js/strehler.js"></script>
#
#
# </head>
# <body>
# <div class="navbar">
# <div class="navbar-inner">
# <ul class="nav">
#
# <li class="dropdown user"><a href="#" class="dropdown-toggle user-toggle" data-toggle="dropdown"><b class="icon-user"></b> admin<b class="caret"></b></a>
# <ul class="dropdown-menu">
# <li><a href="/">Site homepage</a></li>
# <li><a href="/admin/user/password">Change password</a></li>
# <li><a href="/admin/logout">Logout</a></li>
# </ul>
# </li>
#
#
# <li class="active"><a href="/admin">Home</a></li>
#
#
#
#
# <li class=""><a href="/admin/article">Articles</a></li>
#
#
#
# <li class=""><a href="/admin/image">Images</a></li>
#
#
#
# <li class=""><a href="/admin/puppet">Puppet</a></li>
#
#
#
# <li class=""><a href="/admin/foo">Dummy</a></li>
#
#
#
# <li class=""><a href="/admin/dummy">Dummy</a></li>
#
#
# <li class=" first-admin"><a href="/admin/category">Categories</a></li>
#
#
#
# <li class=""><a href="/admin/user">Users</a></li>
#
#
#
# <li class=""><a href="/admin/log">Logs</a></li>
#
#
# </ul>
# </div>
#
#
# <div class="alert alert-error">
# <strong>Warning</strong>: there're open issues. Go to <a href="/admin/sys/warnings">system messages</a>
# </div>
#
#
# </div>
# <div class="span10">
# <h1>Home</h1>
# </div>
# <div class="content homepage">
# <p class="lead span10 text-center">
# Select an entity from the navbar
# </p>
# </div>
#
# <div id="footer" class="span10">
# <p class="span5 offset8">
# Strehler 1.6.8, powered by <a href="http://perldancer.org/">Dancer2</a> 0.301004
# </p>
# </div>
# </body>
# </html>
# '
# doesn't match '(?^:<b class="icon-user"></b>.*dummy)'
# Looks like you failed 2 tests of 7.
t/012_users.t ........
Dubious, test returned 2 (wstat 512, 0x200)
Failed 2/7 subtests
Plugin DSL method 'dancer_app' is deprecated. Use '$self->app' instead'.
at /home/sand/src/perl/repoperls/installed-perls/host/k93focal/v5.34.0/7dc8/lib/site_perl/5.34.0/Dancer2/Core/Hook.pm line 33.
Plugin DSL method 'request' is deprecated. Use '$self->app->request' instead'.
at /home/sand/src/perl/repoperls/installed-perls/host/k93focal/v5.34.0/7dc8/lib/site_perl/5.34.0/Dancer2/Core/Hook.pm line 33.
Plugin DSL method 'dancer_app' is deprecated. Use '$self->app' instead'.
at /home/sand/src/perl/repoperls/installed-perls/host/k93focal/v5.34.0/7dc8/lib/site_perl/5.34.0/Dancer2/Core/Hook.pm line 33.
Plugin DSL method 'request' is deprecated. Use '$self->app->request' instead'.
at /home/sand/src/perl/repoperls/installed-perls/host/k93focal/v5.34.0/7dc8/lib/site_perl/5.34.0/Dancer2/Core/Hook.pm line 33.
[Strehler::Admin:2231142] debug @2022-02-23 02:52:32> bless( ['file','404.tt: not found',undef], 'Template::Exception' ) in /home/sand/src/perl/repoperls/installed-perls/host/k93focal/v5.34.0/7dc8/lib/site_perl/5.34.0/Dancer2/Core/Error.pm l. 73
t/013_dashboard.t .... ok
t/author-critic.t .... skipped: these tests are for testing by the author
Test Summary Report
-------------------
t/001_login.t (Wstat: 768 Tests: 6 Failed: 3)
Failed tests: 1-2, 6
Non-zero exit status: 3
t/002_permissions.t (Wstat: 256 Tests: 3 Failed: 1)
Failed test: 1
Non-zero exit status: 1
t/006_frontend.t (Wstat: 65280 Tests: 0 Failed: 0)
Non-zero exit status: 255
Parse errors: No plan found in TAP output
t/008_tags.t (Wstat: 65280 Tests: 0 Failed: 0)
Non-zero exit status: 255
Parse errors: No plan found in TAP output
t/009_extra.t (Wstat: 65280 Tests: 0 Failed: 0)
Non-zero exit status: 255
Parse errors: No plan found in TAP output
t/011_ex.t (Wstat: 65280 Tests: 0 Failed: 0)
Non-zero exit status: 255
Parse errors: No plan found in TAP output
t/012_users.t (Wstat: 512 Tests: 7 Failed: 2)
Failed tests: 5, 7
Non-zero exit status: 2
Files=13, Tests=97, 26 wallclock secs ( 0.08 usr 0.08 sys + 17.84 cusr 2.34 csys = 20.34 CPU)
Result: FAIL
Failed 7/13 test programs. 6/97 subtests failed.
make: *** [Makefile:1216: test_dynamic] Error 255
------------------------------
PREREQUISITES
------------------------------
Prerequisite modules loaded:
requires:
Module Need Have
------------------------------------ -------- --------
Authen::Passphrase::BlowfishCrypt 0 0.008
Carp 0 1.52
Cwd 0 3.80
Dancer2 0.166001 0.301004
Dancer2::Core::App 0 0.301004
Dancer2::Core::Runner 0 0.301004
Dancer2::Plugin 0 0.301004
Dancer2::Plugin::Ajax 0 0.400000
Dancer2::Plugin::DBIC 0 0.0100
Dancer2::Serializer::JSON 0 0.301004
DateTime::Format::SQLite 0 0.11
DateTime::Format::Strptime 0 1.79
DBI 0 1.643
DBIx::Class::Core 0 0
DBIx::Class::Schema 0 0
DBIx::Class::Schema::Loader 0 0.07049
DBIx::Class::TimeStamp 0 0.14
File::Copy 0 2.35
File::Copy::Recursive 0 0.45
File::Path 0 2.18
HTML::FormFu 1.00 2.07
HTML::FormFu::Element::Block 0 2.07
HTML::FormFu::Element::Fieldset 0 2.07
HTML::FormFu::Element::Label 0 2.07
HTML::FormFu::Element::Select 0 2.07
HTML::FormFu::Element::Text 0 2.07
HTML::FormFu::Validator 0 2.07
IO::Prompt 0 0.997004
Lingua::EN::Inflect 0 1.905
Module::Load 0 0.36
Moo 0 2.005004
Moo::Role 0 2.005004
Moose 0 2.2201
SQL::Translator 0 1.62
SQL::Translator::Parser::DBIx::Class 0 1.10
Term::ReadKey 0 2.38
Text::Unidecode 0 1.30
Time::localtime 0 1.03
Try::Tiny 0 0.31
Unicode::Normalize 0 1.28
YAML::XS 0 0.83
build_requires:
Module Need Have
------------------------------------ -------- --------
ExtUtils::MakeMaker 0 7.64
FindBin 0 1.52
HTTP::Cookies 0 6.10
HTTP::Request 0 6.36
HTTP::Request::Common 0 6.36
JSON 0 4.05
Plack::Builder 0 0
Plack::Test 0 0
Test::More 0 1.302188
configure_requires:
Module Need Have
------------------------------------ -------- --------
ExtUtils::MakeMaker 0 7.64
------------------------------
ENVIRONMENT AND OTHER CONTEXT
------------------------------
Environment variables:
AUTOMATED_TESTING = 1
LANG = en_US.utf8
PATH = /home/sand/bin:/usr/local/bin:/usr/local/sbin:/usr/sbin:/usr/bin:/sbin:/bin:/usr/games:/usr/local/games:/snap/bin:/usr/local/perl/bin:/usr/X11/bin
PERL = /tmp/basesmoker-reloperl-LsXZ/bin/perl
PERL5LIB = /tmp/loop_over_bdir-81669-LzuWFr/Lingua-BioYaTeA-0.11-0/blib/arch:/tmp/loop_over_bdir-81669-LzuWFr/Lingua-BioYaTeA-0.11-0/blib/lib:/tmp/loop_over_bdir-81669-LzuWFr/Lingua-YaTeA-0.626-0/blib/arch:/tmp/loop_over_bdir-81669-LzuWFr/Lingua-YaTeA-0.626-0/blib/lib:/tmp/loop_over_bdir-81669-LzuWFr/App-oo_modulino_zsh_completion_helper-0.04-0/blib/arch:/tmp/loop_over_bdir-81669-LzuWFr/App-oo_modulino_zsh_completion_helper-0.04-0/blib/lib:/tmp/loop_over_bdir-81669-LzuWFr/shishi-0.0.1-0/blib/arch:/tmp/loop_over_bdir-81669-LzuWFr/shishi-0.0.1-0/blib/lib:/tmp/loop_over_bdir-81669-LzuWFr/dta-tokwrap-0.98-0/blib/arch:/tmp/loop_over_bdir-81669-LzuWFr/dta-tokwrap-0.98-0/blib/lib:/tmp/loop_over_bdir-81669-LzuWFr/Lemonldap-NG-Cli-0.2-0/blib/arch:/tmp/loop_over_bdir-81669-LzuWFr/Lemonldap-NG-Cli-0.2-0/blib/lib:/tmp/loop_over_bdir-81669-LzuWFr/EJBCA-CrlPublish-0.60-0/blib/arch:/tmp/loop_over_bdir-81669-LzuWFr/EJBCA-CrlPublish-0.60-0/blib/lib
PERL5OPT =
PERL5_CPANPLUS_IS_RUNNING = 81677
PERL5_CPAN_IS_RUNNING = 81677
PERL_CANARY_STABILITY_NOPROMPT = 1
PERL_MM_USE_DEFAULT = 1
PERL_USE_UNSAFE_INC = 1
SHELL = /usr/bin/zsh
TERM = screen
Perl special variables (and OS-specific diagnostics, for MSWin32):
$^X = /tmp/basesmoker-reloperl-LsXZ/bin/perl
$UID/$EUID = 1005 / 1005
$GID = 1005 1005
$EGID = 1005 1005
Perl module toolchain versions installed:
Module Have
------------------- --------
CPAN 2.33
CPAN::Meta 2.150010
Cwd 3.80
ExtUtils::CBuilder 0.280236
ExtUtils::Command 7.64
ExtUtils::Install 2.20
ExtUtils::MakeMaker 7.64
ExtUtils::Manifest 1.73
ExtUtils::ParseXS 3.43
File::Spec 3.80
JSON 4.05
JSON::PP 4.07
Module::Build 0.4231
Module::Signature 0.88
Parse::CPAN::Meta 2.150010
Test::Harness 3.43
Test::More 1.302188
YAML 1.30
YAML::Syck 1.34
version 0.9929
--
Summary of my perl5 (revision 5 version 34 subversion 0) configuration:
Commit id: 79a7b254d85a10b65126ad99bf10e70480569d68
Platform:
osname=linux
osvers=5.4.0-100-generic
archname=x86_64-linux-ld
uname='linux k93focal 5.4.0-100-generic #113-ubuntu smp thu feb 3 18:43:29 utc 2022 x86_64 x86_64 x86_64 gnulinux '
config_args='-Dprefix=/home/sand/src/perl/repoperls/installed-perls/host/k93focal/v5.34.0/7dc8 -Dmyhostname=k93focal -Dinstallusrbinperl=n -Uversiononly -Dusedevel -des -Ui_db -Dlibswanted=cl pthread socket inet nsl gdbm dbm malloc dl ld sun m crypt sec util c cposix posix ucb BSD gdbm_compat -Uuseithreads -Duselongdouble -DEBUGGING=-g'
hint=recommended
useposix=true
d_sigaction=define
useithreads=undef
usemultiplicity=undef
use64bitint=define
use64bitall=define
uselongdouble=define
usemymalloc=n
default_inc_excludes_dot=define
Compiler:
cc='cc'
ccflags ='-fwrapv -fno-strict-aliasing -pipe -fstack-protector-strong -I/usr/local/include -D_LARGEFILE_SOURCE -D_FILE_OFFSET_BITS=64'
optimize='-O2 -g'
cppflags='-fwrapv -fno-strict-aliasing -pipe -fstack-protector-strong -I/usr/local/include'
ccversion=''
gccversion='9.3.0'
gccosandvers=''
intsize=4
longsize=8
ptrsize=8
doublesize=8
byteorder=12345678
doublekind=3
d_longlong=define
longlongsize=8
d_longdbl=define
longdblsize=16
longdblkind=3
ivtype='long'
ivsize=8
nvtype='long double'
nvsize=16
Off_t='off_t'
lseeksize=8
alignbytes=16
prototype=define
Linker and Libraries:
ld='cc'
ldflags =' -fstack-protector-strong -L/usr/local/lib'
libpth=/usr/local/lib /usr/lib/x86_64-linux-gnu /usr/lib /usr/lib64
libs=-lpthread -lnsl -ldl -lm -lcrypt -lutil -lc
perllibs=-lpthread -lnsl -ldl -lm -lcrypt -lutil -lc
libc=libc-2.31.so
so=so
useshrplib=false
libperl=libperl.a
gnulibc_version='2.31'
Dynamic Linking:
dlsrc=dl_dlopen.xs
dlext=so
d_dlsymun=undef
ccdlflags='-Wl,-E'
cccdlflags='-fPIC'
lddlflags='-shared -O2 -g -L/usr/local/lib -fstack-protector-strong'
Characteristics of this binary (from libperl):
Compile-time options:
HAS_TIMES
PERLIO_LAYERS
PERL_COPY_ON_WRITE
PERL_DONT_CREATE_GVSV
PERL_MALLOC_WRAP
PERL_OP_PARENT
PERL_PRESERVE_IVUV
PERL_USE_DEVEL
USE_64_BIT_ALL
USE_64_BIT_INT
USE_LARGE_FILES
USE_LOCALE
USE_LOCALE_COLLATE
USE_LOCALE_CTYPE
USE_LOCALE_NUMERIC
USE_LOCALE_TIME
USE_LONG_DOUBLE
USE_PERLIO
USE_PERL_ATOF
Built under linux
Compiled at Feb 20 2022 20:10:42
%ENV:
PERL="/tmp/basesmoker-reloperl-LsXZ/bin/perl"
PERL5LIB="/tmp/loop_over_bdir-81669-LzuWFr/Lingua-BioYaTeA-0.11-0/blib/arch:/tmp/loop_over_bdir-81669-LzuWFr/Lingua-BioYaTeA-0.11-0/blib/lib:/tmp/loop_over_bdir-81669-LzuWFr/Lingua-YaTeA-0.626-0/blib/arch:/tmp/loop_over_bdir-81669-LzuWFr/Lingua-YaTeA-0.626-0/blib/lib:/tmp/loop_over_bdir-81669-LzuWFr/App-oo_modulino_zsh_completion_helper-0.04-0/blib/arch:/tmp/loop_over_bdir-81669-LzuWFr/App-oo_modulino_zsh_completion_helper-0.04-0/blib/lib:/tmp/loop_over_bdir-81669-LzuWFr/shishi-0.0.1-0/blib/arch:/tmp/loop_over_bdir-81669-LzuWFr/shishi-0.0.1-0/blib/lib:/tmp/loop_over_bdir-81669-LzuWFr/dta-tokwrap-0.98-0/blib/arch:/tmp/loop_over_bdir-81669-LzuWFr/dta-tokwrap-0.98-0/blib/lib:/tmp/loop_over_bdir-81669-LzuWFr/Lemonldap-NG-Cli-0.2-0/blib/arch:/tmp/loop_over_bdir-81669-LzuWFr/Lemonldap-NG-Cli-0.2-0/blib/lib:/tmp/loop_over_bdir-81669-LzuWFr/EJBCA-CrlPublish-0.60-0/blib/arch:/tmp/loop_over_bdir-81669-LzuWFr/EJBCA-CrlPublish-0.60-0/blib/lib"
PERL5OPT=""
PERL5_CPANPLUS_IS_RUNNING="81677"
PERL5_CPAN_IS_RUNNING="81677"
PERL_CANARY_STABILITY_NOPROMPT="1"
PERL_MM_USE_DEFAULT="1"
PERL_USE_UNSAFE_INC="1"
@INC:
/tmp/loop_over_bdir-81669-LzuWFr/Lingua-BioYaTeA-0.11-0/blib/arch
/tmp/loop_over_bdir-81669-LzuWFr/Lingua-BioYaTeA-0.11-0/blib/lib
/tmp/loop_over_bdir-81669-LzuWFr/Lingua-YaTeA-0.626-0/blib/arch
/tmp/loop_over_bdir-81669-LzuWFr/Lingua-YaTeA-0.626-0/blib/lib
/tmp/loop_over_bdir-81669-LzuWFr/App-oo_modulino_zsh_completion_helper-0.04-0/blib/arch
/tmp/loop_over_bdir-81669-LzuWFr/App-oo_modulino_zsh_completion_helper-0.04-0/blib/lib
/tmp/loop_over_bdir-81669-LzuWFr/shishi-0.0.1-0/blib/arch
/tmp/loop_over_bdir-81669-LzuWFr/shishi-0.0.1-0/blib/lib
/tmp/loop_over_bdir-81669-LzuWFr/dta-tokwrap-0.98-0/blib/arch
/tmp/loop_over_bdir-81669-LzuWFr/dta-tokwrap-0.98-0/blib/lib
/tmp/loop_over_bdir-81669-LzuWFr/Lemonldap-NG-Cli-0.2-0/blib/arch
/tmp/loop_over_bdir-81669-LzuWFr/Lemonldap-NG-Cli-0.2-0/blib/lib
/tmp/loop_over_bdir-81669-LzuWFr/EJBCA-CrlPublish-0.60-0/blib/arch
/tmp/loop_over_bdir-81669-LzuWFr/EJBCA-CrlPublish-0.60-0/blib/lib
/home/sand/src/perl/repoperls/installed-perls/host/k93focal/v5.34.0/7dc8/lib/site_perl/5.34.0/x86_64-linux-ld
/home/sand/src/perl/repoperls/installed-perls/host/k93focal/v5.34.0/7dc8/lib/site_perl/5.34.0
/home/sand/src/perl/repoperls/installed-perls/host/k93focal/v5.34.0/7dc8/lib/5.34.0/x86_64-linux-ld
/home/sand/src/perl/repoperls/installed-perls/host/k93focal/v5.34.0/7dc8/lib/5.34.0
.