HTTP-Async v0.33 Perl 5 v5.32.1 MSWin32-x86-multi-thread-64int

Status
Fail
From
gregor herrmann
Dist
HTTP-Async v0.33
Platform
Perl 5 v5.32.1 MSWin32-x86-multi-thread-64int
Date
2023-04-10 21:55:04
ID
bbbb61d7-6c10-1014-8029-86aa9be31650
This distribution has been tested as part of the CPAN Testers
project, supporting the Perl programming language.  See
http://wiki.cpantesters.org/ for more information or email
questions to cpan-testers-discuss@perl.org


--
Dear Alex Balhatchet,

This is a computer-generated report for HTTP-Async-0.33
on perl 5.32.1, created by CPAN-Reporter-1.2018.

Thank you for uploading your work to CPAN.  However, there was a problem
testing your distribution.

If you think this report is invalid, please consult the CPAN Testers Wiki
for suggestions on how to avoid getting FAIL reports for missing library
or binary dependencies, unsupported operating systems, and so on:

http://wiki.cpantesters.org/wiki/CPANAuthorNotes

Sections of this report:

    * Tester comments
    * Program output
    * Prerequisites
    * Environment and other context

------------------------------
TESTER COMMENTS
------------------------------

Additional comments from tester:

this report is from an automated smoke testing program
and was not reviewed by a human for accuracy

------------------------------
PROGRAM OUTPUT
------------------------------

Output from 'C:\strawberry\c\bin\gmake.EXE test':

"C:\Strawberry\perl\bin\perl.exe" "-MExtUtils::Command::MM" "-MTest::Harness" "-e" "undef *Test::Harness::Switches; test_harness(0, 'blib\lib', 'blib\arch')" t/*.t

#   Failed test 'Got a '504' response'
#   at t/bad-connections.t line 27.
#          got: '503'
#     expected: '504'

#   Failed test 'Got a '200' response'
#   at t/bad-connections.t line 27.
#          got: '503'
#     expected: '200'
# Looks like you failed 2 tests of 5.
t/bad-connections.t ....... 
Dubious, test returned 2 (wstat 512, 0x200)
Failed 2/5 subtests 

#   Failed test 'Got a response'
#   at t/bad-headers.t line 26.
#          got: '503'
#     expected: '200'
# Looks like you failed 1 test of 3.
t/bad-headers.t ........... 
Dubious, test returned 1 (wstat 256, 0x100)
Failed 1/3 subtests 
t/bad-hosts.t ............. ok
Use of uninitialized value $response_cookie in pattern match (m//) at t/cookies.t line 31, <DATA> line 16.
Use of uninitialized value $response_cookie in concatenation (.) or string at t/cookies.t line 31, <DATA> line 16.

#   Failed test 'Got cookie in response '''
#   at t/cookies.t line 31.

#   Failed test 'Got cookie from cookie jar '''
#   at t/cookies.t line 34.
# Looks like you failed 2 tests of 4.
t/cookies.t ............... 
Dubious, test returned 2 (wstat 512, 0x200)
Failed 2/4 subtests 

#   Failed test 'got faked up timeout response'
#   at t/dead-connection.t line 57.
#          got: '503'
#     expected: '504'

#   Failed test 'got faked up timeout response'
#   at t/dead-connection.t line 57.
#          got: '503'
#     expected: '504'
# Looks like you failed 2 tests of 10.
t/dead-connection.t ....... 
Dubious, test returned 2 (wstat 512, 0x200)
Failed 2/10 subtests 

#   Failed test 'Got a response'
#   at t/headers.t line 24.
#          got: '503'
#     expected: '200'
# Looks like you failed 1 test of 3.
t/headers.t ............... 
Dubious, test returned 1 (wstat 256, 0x100)
Failed 1/3 subtests 
t/invalid-options.t ....... ok
t/key_aliases.t ........... ok
t/local-addr.t ............ skipped: test requires Sys::HostIP to be installed
t/make-url-absolute.t ..... ok

#   Failed test '304 Not modified'
#   at t/not-modified.t line 24.
#          got: '503'
#     expected: '304'
# Looks like you failed 1 test of 4.
t/not-modified.t .......... 
Dubious, test returned 1 (wstat 256, 0x100)
Failed 1/4 subtests 

#   Failed test 'Got a response'
#   at t/peer-addr.t line 32.
#          got: '503'
#     expected: '200'

#   Failed test 'Got expected response'
#   at t/peer-addr.t line 33.
#                   ''
#     doesn't match '(?^:Delayed for)'
# Looks like you failed 2 tests of 4.
t/peer-addr.t ............. 
Dubious, test returned 2 (wstat 512, 0x200)
Failed 2/4 subtests 
t/pod-coverage.t .......... ok
t/pod.t ................... ok
Use of uninitialized value $id in split at t/polite.t line 58, <DATA> line 16.
Use of uninitialized value $number in numeric gt (>) at t/polite.t line 61, <DATA> line 16.
Use of uninitialized value $_ in substitution (s///) at t/polite.t line 63, <DATA> line 16.
Use of uninitialized value $_ in substitution (s///) at t/polite.t line 63, <DATA> line 16.
Use of uninitialized value $_ in substitution (s///) at t/polite.t line 63, <DATA> line 16.
Use of uninitialized value $port in hash element at t/polite.t line 64, <DATA> line 16.
Use of uninitialized value $number in hash element at t/polite.t line 64, <DATA> line 16.
Use of uninitialized value $id in split at t/polite.t line 58, <DATA> line 16.
Use of uninitialized value $number in numeric gt (>) at t/polite.t line 61, <DATA> line 16.
Use of uninitialized value $_ in substitution (s///) at t/polite.t line 63, <DATA> line 16.
Use of uninitialized value $_ in substitution (s///) at t/polite.t line 63, <DATA> line 16.
Use of uninitialized value $_ in substitution (s///) at t/polite.t line 63, <DATA> line 16.
Use of uninitialized value $port in hash element at t/polite.t line 64, <DATA> line 16.
Use of uninitialized value $number in hash element at t/polite.t line 64, <DATA> line 16.
Use of uninitialized value $id in split at t/polite.t line 58, <DATA> line 16.
Use of uninitialized value $number in numeric gt (>) at t/polite.t line 61, <DATA> line 16.
Use of uninitialized value $_ in substitution (s///) at t/polite.t line 63, <DATA> line 16.
Use of uninitialized value $_ in substitution (s///) at t/polite.t line 63, <DATA> line 16.
Use of uninitialized value $_ in substitution (s///) at t/polite.t line 63, <DATA> line 16.
Use of uninitialized value $port in hash element at t/polite.t line 64, <DATA> line 16.
Use of uninitialized value $number in hash element at t/polite.t line 64, <DATA> line 16.
Use of uninitialized value $id in split at t/polite.t line 58, <DATA> line 16.
Use of uninitialized value $number in numeric gt (>) at t/polite.t line 61, <DATA> line 16.
Use of uninitialized value $_ in substitution (s///) at t/polite.t line 63, <DATA> line 16.
Use of uninitialized value $_ in substitution (s///) at t/polite.t line 63, <DATA> line 16.
Use of uninitialized value $_ in substitution (s///) at t/polite.t line 63, <DATA> line 16.
Use of uninitialized value $port in hash element at t/polite.t line 64, <DATA> line 16.
Use of uninitialized value $number in hash element at t/polite.t line 64, <DATA> line 16.
Use of uninitialized value $id in split at t/polite.t line 58, <DATA> line 16.
Use of uninitialized value $number in numeric gt (>) at t/polite.t line 61, <DATA> line 16.
Use of uninitialized value $_ in substitution (s///) at t/polite.t line 63, <DATA> line 16.
Use of uninitialized value $_ in substitution (s///) at t/polite.t line 63, <DATA> line 16.
Use of uninitialized value $_ in substitution (s///) at t/polite.t line 63, <DATA> line 16.
Use of uninitialized value $port in hash element at t/polite.t line 64, <DATA> line 16.
Use of uninitialized value $number in hash element at t/polite.t line 64, <DATA> line 16.
Use of uninitialized value $id in split at t/polite.t line 58, <DATA> line 16.
Use of uninitialized value $number in numeric gt (>) at t/polite.t line 61, <DATA> line 16.
Use of uninitialized value $_ in substitution (s///) at t/polite.t line 63, <DATA> line 16.
Use of uninitialized value $_ in substitution (s///) at t/polite.t line 63, <DATA> line 16.
Use of uninitialized value $_ in substitution (s///) at t/polite.t line 63, <DATA> line 16.
Use of uninitialized value $port in hash element at t/polite.t line 64, <DATA> line 16.
Use of uninitialized value $number in hash element at t/polite.t line 64, <DATA> line 16.
Use of uninitialized value $id in split at t/polite.t line 58, <DATA> line 16.
Use of uninitialized value $number in numeric gt (>) at t/polite.t line 61, <DATA> line 16.
Use of uninitialized value $_ in substitution (s///) at t/polite.t line 63, <DATA> line 16.
Use of uninitialized value $_ in substitution (s///) at t/polite.t line 63, <DATA> line 16.
Use of uninitialized value $_ in substitution (s///) at t/polite.t line 63, <DATA> line 16.
Use of uninitialized value $port in hash element at t/polite.t line 64, <DATA> line 16.
Use of uninitialized value $number in hash element at t/polite.t line 64, <DATA> line 16.
Use of uninitialized value in sort at t/polite.t line 73, <DATA> line 16.
Use of uninitialized value in subtraction (-) at t/polite.t line 88, <DATA> line 16.
Use of uninitialized value $first_times[0] in subtraction (-) at t/polite.t line 88, <DATA> line 16.
# Looks like you planned 14 tests but ran 10.
t/polite.t ................ 
Dubious, test returned 255 (wstat 65280, 0xff00)
Failed 4/14 subtests 

#   Failed test 'next_response returns at once'
#   at t/poll-interval.t line 43.

#   Failed test 'Returned quickly (less than 0.4 secs) (2.09 < 0.40)'
#   at t/test-utils.pl line 22.
#     '2.09447312355042'
#         <
#     '0.4'

#   Failed test 'Returned quickly (less than 0.4 secs) (2.10 < 0.40)'
#   at t/test-utils.pl line 22.
#     '2.09564614295959'
#         <
#     '0.4'

#   Failed test 'Returned before 1.4 sec delay (2.10 < 1.40)'
#   at t/test-utils.pl line 22.
#     '2.09700107574463'
#         <
#     '1.4'

#   Failed test 'wait_for_next_response got the response'
#   at t/poll-interval.t line 57.

#   Failed test 'Returned after 3 sec delay (2.10 > 3.00)'
#   at t/test-utils.pl line 22.
#     '2.09866905212402'
#         >
#     '3'
Can't call method "code" on an undefined value at t/poll-interval.t line 60, <DATA> line 16.
# Looks like your test exited with 9 just after 14.
t/poll-interval.t ......... 
Dubious, test returned 9 (wstat 2304, 0x900)
Failed 16/24 subtests 
t/proxy-with-https.t ...... skipped: enable these tests by setting REAL_SERVERS

#   Failed test 'Got a '200' response'
#   at t/proxy.t line 46.
#          got: '503'
#     expected: '200'
# 503 Service Unavailable
# 

#   Failed test 'Got a '200' response'
#   at t/proxy.t line 46.
#          got: '503'
#     expected: '200'
# 503 Service Unavailable
# 

#   Failed test 'check for proxy header 'yes''
#   at t/proxy.t line 52.
#          got: ''
#     expected: 'yes'
# 200 Assumed OK
# 
# 500 Can't connect to localhost:49998 (Bad address)
# Content-Type: text/plain
# Client-Date: Mon, 10 Apr 2023 21:54:13 GMT
# Client-Warning: Internal response
# WasProxied: yes
# 
# Can't connect to localhost:49998 (Bad address)
# 
# Bad address at C:/Strawberry/perl/site/lib/LWP/Protocol/http.pm line 50, <DATA> line 16.

#   Failed test 'check for proxy header 'yes''
#   at t/proxy.t line 52.
#          got: ''
#     expected: 'yes'
# 200 Assumed OK
# 
# 500 Can't connect to localhost:49998 (Bad address)
# Content-Type: text/plain
# Client-Date: Mon, 10 Apr 2023 21:54:15 GMT
# Client-Warning: Internal response
# WasProxied: yes
# 
# Can't connect to localhost:49998 (Bad address)
# 
# Bad address at C:/Strawberry/perl/site/lib/LWP/Protocol/http.pm line 50, <DATA> line 16.
# Looks like you failed 4 tests of 16.
t/proxy.t ................. 
Dubious, test returned 4 (wstat 1024, 0x400)
Failed 4/16 subtests 
t/real-servers.t .......... skipped: enable these tests by setting REAL_SERVERS

#   Failed test 'No longer a redirect'
#   at t/redirects.t line 40.
#          got: '503'
#     expected: '200'

#   Failed test 'Has a previous reponse'
#   at t/redirects.t line 41.
Can't call method "code" on an undefined value at t/redirects.t line 42, <DATA> line 16.
# Looks like your test exited with 9 just after 5.
t/redirects.t ............. 
Dubious, test returned 9 (wstat 2304, 0x900)
Failed 18/21 subtests 
t/release-cpan-changes.t .. skipped: install Test::CPAN::Changes to run this test

#   Failed test 'in_progress_count is one'
#   at t/remove.t line 102.
#          got: '0'
#     expected: '1'

#   Failed test 'in_progress_count is one'
#   at t/remove.t line 102.
#          got: '0'
#     expected: '1'
# Looks like you failed 2 tests of 21.
t/remove.t ................ 
Dubious, test returned 2 (wstat 512, 0x200)
Failed 2/21 subtests 
t/setup.t ................. ok
t/strip-host-from-uri.t ... ok
t/template.t .............. skipped: just a template to base other tests on

#   Failed test 'Not timed out (200)'
#   at t/timeout.t line 26.
#          got: '503'
#     expected: '200'

#   Failed test 'timed out (504)'
#   at t/timeout.t line 36.
#          got: '503'
#     expected: '504'

#   Failed test 'timed out (504)'
#   at t/timeout.t line 57.
#          got: '503'
#     expected: '504'

#   Failed test 'Not timed out (200)'
#   at t/timeout.t line 69.
#          got: '503'
#     expected: '200'
# Looks like you failed 4 tests of 20.
t/timeout.t ............... 
Dubious, test returned 4 (wstat 1024, 0x400)
Failed 4/20 subtests 

Test Summary Report
-------------------
t/bad-connections.t     (Wstat: 512 Tests: 5 Failed: 2)
  Failed tests:  3, 5
  Non-zero exit status: 2
t/bad-headers.t         (Wstat: 256 Tests: 3 Failed: 1)
  Failed test:  3
  Non-zero exit status: 1
t/cookies.t             (Wstat: 512 Tests: 4 Failed: 2)
  Failed tests:  3-4
  Non-zero exit status: 2
t/dead-connection.t     (Wstat: 512 Tests: 10 Failed: 2)
  Failed tests:  5, 10
  Non-zero exit status: 2
t/headers.t             (Wstat: 256 Tests: 3 Failed: 1)
  Failed test:  3
  Non-zero exit status: 1
t/not-modified.t        (Wstat: 256 Tests: 4 Failed: 1)
  Failed test:  3
  Non-zero exit status: 1
t/peer-addr.t           (Wstat: 512 Tests: 4 Failed: 2)
  Failed tests:  3-4
  Non-zero exit status: 2
t/polite.t              (Wstat: 65280 Tests: 10 Failed: 0)
  Non-zero exit status: 255
  Parse errors: Bad plan.  You planned 14 tests but ran 10.
t/poll-interval.t       (Wstat: 2304 Tests: 14 Failed: 6)
  Failed tests:  6-7, 9, 12-14
  Non-zero exit status: 9
  Parse errors: Bad plan.  You planned 24 tests but ran 14.
t/proxy.t               (Wstat: 1024 Tests: 16 Failed: 4)
  Failed tests:  6, 9, 13, 16
  Non-zero exit status: 4
t/redirects.t           (Wstat: 2304 Tests: 5 Failed: 2)
  Failed tests:  4-5
  Non-zero exit status: 9
  Parse errors: Bad plan.  You planned 21 tests but ran 5.
t/remove.t              (Wstat: 512 Tests: 21 Failed: 2)
  Failed tests:  6, 17
  Non-zero exit status: 2
t/timeout.t             (Wstat: 1024 Tests: 20 Failed: 4)
  Failed tests:  4, 7, 15, 20
  Non-zero exit status: 4
Files=26, Tests=163, 136 wallclock secs ( 0.20 usr +  0.17 sys =  0.38 CPU)
Result: FAIL
Failed 13/26 test programs. 29/163 subtests failed.
gmake.EXE: *** [Makefile:888: test_dynamic] Error 4

------------------------------
PREREQUISITES
------------------------------

Prerequisite modules loaded:

requires:

    Module                     Need  Have    
    -------------------------- ----- --------
    Carp                       0     1.50    
    Data::Dumper               0     2.174_01
    HTTP::Request              0     6.27    
    HTTP::Response             0     6.27    
    HTTP::Server::Simple::CGI  0     0       
    HTTP::Status               0     6.27    
    IO::Select                 0     1.45    
    LWP::UserAgent             0     6.68    
    Net::EmptyPort             0     0       
    Net::HTTP                  0     6.20    
    Net::HTTP::NB              0     6.20    
    Net::HTTPS::NB             0.13  0.15    
    perl                       5.006 5.032001
    Test::Fatal                0     0.016   
    Test::HTTP::Server::Simple 0     0.11    
    Test::More                 0     1.302183
    Time::HiRes                0     1.9764  
    URI                        0     5.17    
    URI::Escape                0     5.17    

build_requires:

    Module                     Need  Have    
    -------------------------- ----- --------
    ExtUtils::MakeMaker        0     7.58    

configure_requires:

    Module                     Need  Have    
    -------------------------- ----- --------
    ExtUtils::MakeMaker        0     7.58    


------------------------------
ENVIRONMENT AND OTHER CONTEXT
------------------------------

Environment variables:

    AUTOMATED_TESTING = 1
    COMSPEC = C:\WINDOWS\system32\cmd.exe
    NONINTERACTIVE_TESTING = 1
    NUMBER_OF_PROCESSORS = 2
    PATH = C:\WINDOWS\system32;C:\strawberry\c\bin;C:\strawberry\perl\site\bin;C:\strawberry\perl\bin
    PERL5LIB = 
    PERL5OPT = 
    PERL5_CPANPLUS_IS_RUNNING = 5924
    PERL5_CPAN_IS_RUNNING = 5924
    PERL5_CPAN_IS_RUNNING_IN_RECURSION = 9000,5924
    PERL_CR_SMOKER_CURRENT = Net-OpenStack-Attack-1.0500
    PERL_EXTUTILS_AUTOINSTALL = --defaultdeps
    PERL_MM_USE_DEFAULT = 1
    PERL_USE_UNSAFE_INC = 1
    PROCESSOR_IDENTIFIER = x86 Family 6 Model 15 Stepping 11, GenuineIntel
    TEMP = C:\Users\smoker\AppData\Local\Temp

Perl special variables (and OS-specific diagnostics, for MSWin32):

    $^X = C:\Strawberry\perl\bin\perl.exe
    $UID/$EUID = 0 / 0
    $GID = 0
    $EGID = 0
    Win32::GetOSName = Win10
    Win32::GetOSVersion = , 10, 0, 19045, 2, 0, 0, 256, 1
    Win32::FsType = NTFS
    Win32::IsAdminUser = 0

Perl module toolchain versions installed:

    Module              Have    
    ------------------- --------
    CPAN                2.34    
    CPAN::Meta          2.150010
    Cwd                 3.78    
    ExtUtils::CBuilder  0.280235
    ExtUtils::Command   7.58    
    ExtUtils::Install   2.20    
    ExtUtils::MakeMaker 7.58    
    ExtUtils::Manifest  1.73    
    ExtUtils::ParseXS   3.40    
    File::Spec          3.78    
    JSON                4.03    
    JSON::PP            4.06    
    Module::Build       0.4232  
    Module::Signature   n/a     
    Parse::CPAN::Meta   2.150010
    Test::Harness       3.42    
    Test::More          1.302183
    YAML                1.30    
    YAML::Syck          n/a     
    version             0.9928  


--

Summary of my perl5 (revision 5 version 32 subversion 1) configuration:
   
  Platform:
    osname=MSWin32
    osvers=10.0.19042.746
    archname=MSWin32-x86-multi-thread-64int
    uname='Win32 strawberry-perl 5.32.1.1 #1 Sun Jan 24 12:17:47 2021 i386'
    config_args='undef'
    hint=recommended
    useposix=true
    d_sigaction=undef
    useithreads=define
    usemultiplicity=define
    use64bitint=define
    use64bitall=undef
    uselongdouble=undef
    usemymalloc=n
    default_inc_excludes_dot=define
    bincompat5005=undef
  Compiler:
    cc='gcc'
    ccflags =' -DWIN32 -D__USE_MINGW_ANSI_STDIO -DPERL_TEXTMODE_SCRIPTS -DPERL_IMPLICIT_CONTEXT -DPERL_IMPLICIT_SYS -DUSE_PERLIO -fwrapv -fno-strict-aliasing -mms-bitfields'
    optimize='-s -O2'
    cppflags='-DWIN32'
    ccversion=''
    gccversion='8.3.0'
    gccosandvers=''
    intsize=4
    longsize=4
    ptrsize=4
    doublesize=8
    byteorder=12345678
    doublekind=3
    d_longlong=define
    longlongsize=8
    d_longdbl=define
    longdblsize=12
    longdblkind=3
    ivtype='long long'
    ivsize=8
    nvtype='double'
    nvsize=8
    Off_t='long long'
    lseeksize=8
    alignbytes=8
    prototype=define
  Linker and Libraries:
    ld='g++'
    ldflags ='-s -L"C:\STRAWB~1\perl\lib\CORE" -L"C:\STRAWB~1\c\lib"'
    libpth=C:\STRAWB~1\c\lib C:\STRAWB~1\c\i686-w64-mingw32\lib C:\STRAWB~1\c\lib\gcc\i686-w64-mingw32\8.3.0
    libs= -lmoldname -lkernel32 -luser32 -lgdi32 -lwinspool -lcomdlg32 -ladvapi32 -lshell32 -lole32 -loleaut32 -lnetapi32 -luuid -lws2_32 -lmpr -lwinmm -lversion -lodbc32 -lodbccp32 -lcomctl32
    perllibs= -lmoldname -lkernel32 -luser32 -lgdi32 -lwinspool -lcomdlg32 -ladvapi32 -lshell32 -lole32 -loleaut32 -lnetapi32 -luuid -lws2_32 -lmpr -lwinmm -lversion -lodbc32 -lodbccp32 -lcomctl32
    libc=
    so=dll
    useshrplib=true
    libperl=libperl532.a
    gnulibc_version=''
  Dynamic Linking:
    dlsrc=dl_win32.xs
    dlext=xs.dll
    d_dlsymun=undef
    ccdlflags=' '
    cccdlflags=' '
    lddlflags='-mdll -s -L"C:\STRAWB~1\perl\lib\CORE" -L"C:\STRAWB~1\c\lib"'


Characteristics of this binary (from libperl): 
  Compile-time options:
    HAS_TIMES
    HAVE_INTERP_INTERN
    MULTIPLICITY
    PERLIO_LAYERS
    PERL_COPY_ON_WRITE
    PERL_DONT_CREATE_GVSV
    PERL_IMPLICIT_CONTEXT
    PERL_IMPLICIT_SYS
    PERL_MALLOC_WRAP
    PERL_OP_PARENT
    PERL_PRESERVE_IVUV
    USE_64_BIT_INT
    USE_ITHREADS
    USE_LARGE_FILES
    USE_LOCALE
    USE_LOCALE_COLLATE
    USE_LOCALE_CTYPE
    USE_LOCALE_NUMERIC
    USE_LOCALE_TIME
    USE_PERLIO
    USE_PERL_ATOF
  Built under MSWin32
  Compiled at Jan 24 2021 12:22:49
  %ENV:
    PERL5_CPANPLUS_IS_RUNNING="5924"
    PERL5_CPAN_IS_RUNNING="5924"
    PERL5_CPAN_IS_RUNNING_IN_RECURSION="9000,5924"
    PERL_CR_SMOKER_CURRENT="Net-OpenStack-Attack-1.0500"
    PERL_EXTUTILS_AUTOINSTALL="--defaultdeps"
    PERL_MM_USE_DEFAULT="1"
    PERL_USE_UNSAFE_INC="1"
  @INC:
    C:/Strawberry/perl/site/lib/MSWin32-x86-multi-thread-64int
    C:/Strawberry/perl/site/lib
    C:/Strawberry/perl/vendor/lib
    C:/Strawberry/perl/lib
    .