Back
From: metabase:user:320bfe00-2aae-11df-837a-5e0a49663a4f
Subject: FAIL Catalyst-Plugin-StackTrace-0.11 v5.17.2 GNU/Linux
Date: 2012-06-30T15:24:50Z
This distribution has been tested as part of the CPAN Testers
project, supporting the Perl programming language. See
http://wiki.cpantesters.org/ for more information or email
questions to cpan-testers-discuss@perl.org
--
Dear Matt S Trout,
This is a computer-generated report for Catalyst-Plugin-StackTrace-0.11
on perl 5.17.2, created by CPAN-Reporter-1.2006.
Thank you for uploading your work to CPAN. However, there was a problem
testing your distribution.
If you think this report is invalid, please consult the CPAN Testers Wiki
for suggestions on how to avoid getting FAIL reports for missing library
or binary dependencies, unsupported operating systems, and so on:
http://wiki.cpantesters.org/wiki/CPANAuthorNotes
Sections of this report:
* Tester comments
* Program output
* Prerequisites
* Environment and other context
------------------------------
TESTER COMMENTS
------------------------------
Additional comments from tester:
this report is from an automated smoke testing program
and was not reviewed by a human for accuracy
------------------------------
PROGRAM OUTPUT
------------------------------
Output from '/usr/bin/make test':
PERL_DL_NONLAZY=1 /mnt/k75/homesand/src/perl/repoperls/installed-perls/perl/v5.17.1-263-g1b5aaca/127e/bin/perl "-MExtUtils::Command::MM" "-e" "test_harness(0, 'inc', 'blib/lib', 'blib/arch')" t/*.t
t/01use.t .......... ok
t/02pod.t .......... skipped: set TEST_POD to enable this test
t/03podcoverage.t .. skipped: set TEST_POD to enable this test
t/04critic.t ....... skipped: Critic test only for developers.
Name "Catalyst::Exception::Detach::OVERLOAD" used only once: possible typo at /home/src/perl/repoperls/installed-perls/perl/v5.17.1-263-g1b5aaca/127e/lib/site_perl/5.17.2/x86_64-linux-ld/Class/MOP/Package.pm line 243.
Name "Catalyst::Exception::Go::OVERLOAD" used only once: possible typo at /home/src/perl/repoperls/installed-perls/perl/v5.17.1-263-g1b5aaca/127e/lib/site_perl/5.17.2/x86_64-linux-ld/Class/MOP/Package.pm line 243.
Name "Catalyst::Exception::Base::OVERLOAD" used only once: possible typo at /home/src/perl/repoperls/installed-perls/perl/v5.17.1-263-g1b5aaca/127e/lib/site_perl/5.17.2/x86_64-linux-ld/Class/MOP/Package.pm line 243.
Name "Catalyst::Exception::Basic::OVERLOAD" used only once: possible typo at /home/src/perl/repoperls/installed-perls/perl/v5.17.1-263-g1b5aaca/127e/lib/site_perl/5.17.2/x86_64-linux-ld/Class/MOP/Package.pm line 243.
# Looks like you planned 10 tests but ran 2.
# Looks like your test exited with 25 just after 2.
t/04trace.t ........
Dubious, test returned 25 (wstat 6400, 0x1900)
Failed 8/10 subtests
Name "Catalyst::Exception::Detach::OVERLOAD" used only once: possible typo at /home/src/perl/repoperls/installed-perls/perl/v5.17.1-263-g1b5aaca/127e/lib/site_perl/5.17.2/x86_64-linux-ld/Class/MOP/Package.pm line 243.
Name "Catalyst::Exception::Go::OVERLOAD" used only once: possible typo at /home/src/perl/repoperls/installed-perls/perl/v5.17.1-263-g1b5aaca/127e/lib/site_perl/5.17.2/x86_64-linux-ld/Class/MOP/Package.pm line 243.
Name "Catalyst::Exception::Base::OVERLOAD" used only once: possible typo at /home/src/perl/repoperls/installed-perls/perl/v5.17.1-263-g1b5aaca/127e/lib/site_perl/5.17.2/x86_64-linux-ld/Class/MOP/Package.pm line 243.
Name "Catalyst::Exception::Basic::OVERLOAD" used only once: possible typo at /home/src/perl/repoperls/installed-perls/perl/v5.17.1-263-g1b5aaca/127e/lib/site_perl/5.17.2/x86_64-linux-ld/Class/MOP/Package.pm line 243.
# Looks like your test exited with 25 before it could output anything.
t/05verbose1.t .....
Dubious, test returned 25 (wstat 6400, 0x1900)
Failed 3/3 subtests
Name "Catalyst::Exception::Detach::OVERLOAD" used only once: possible typo at /home/src/perl/repoperls/installed-perls/perl/v5.17.1-263-g1b5aaca/127e/lib/site_perl/5.17.2/x86_64-linux-ld/Class/MOP/Package.pm line 243.
Name "Catalyst::Exception::Go::OVERLOAD" used only once: possible typo at /home/src/perl/repoperls/installed-perls/perl/v5.17.1-263-g1b5aaca/127e/lib/site_perl/5.17.2/x86_64-linux-ld/Class/MOP/Package.pm line 243.
Name "Catalyst::Exception::Base::OVERLOAD" used only once: possible typo at /home/src/perl/repoperls/installed-perls/perl/v5.17.1-263-g1b5aaca/127e/lib/site_perl/5.17.2/x86_64-linux-ld/Class/MOP/Package.pm line 243.
Name "Catalyst::Exception::Basic::OVERLOAD" used only once: possible typo at /home/src/perl/repoperls/installed-perls/perl/v5.17.1-263-g1b5aaca/127e/lib/site_perl/5.17.2/x86_64-linux-ld/Class/MOP/Package.pm line 243.
# Looks like your test exited with 25 before it could output anything.
t/06verbose2.t .....
Dubious, test returned 25 (wstat 6400, 0x1900)
Failed 3/3 subtests
Name "Catalyst::Exception::Detach::OVERLOAD" used only once: possible typo at /home/src/perl/repoperls/installed-perls/perl/v5.17.1-263-g1b5aaca/127e/lib/site_perl/5.17.2/x86_64-linux-ld/Class/MOP/Package.pm line 243.
Name "Catalyst::Exception::Go::OVERLOAD" used only once: possible typo at /home/src/perl/repoperls/installed-perls/perl/v5.17.1-263-g1b5aaca/127e/lib/site_perl/5.17.2/x86_64-linux-ld/Class/MOP/Package.pm line 243.
Name "Catalyst::Exception::Base::OVERLOAD" used only once: possible typo at /home/src/perl/repoperls/installed-perls/perl/v5.17.1-263-g1b5aaca/127e/lib/site_perl/5.17.2/x86_64-linux-ld/Class/MOP/Package.pm line 243.
Name "Catalyst::Exception::Basic::OVERLOAD" used only once: possible typo at /home/src/perl/repoperls/installed-perls/perl/v5.17.1-263-g1b5aaca/127e/lib/site_perl/5.17.2/x86_64-linux-ld/Class/MOP/Package.pm line 243.
# Looks like your test exited with 25 before it could output anything.
t/07reverse.t ......
Dubious, test returned 25 (wstat 6400, 0x1900)
Failed 6/6 subtests
Name "Catalyst::Exception::Detach::OVERLOAD" used only once: possible typo at /home/src/perl/repoperls/installed-perls/perl/v5.17.1-263-g1b5aaca/127e/lib/site_perl/5.17.2/x86_64-linux-ld/Class/MOP/Package.pm line 243.
Name "Catalyst::Exception::Go::OVERLOAD" used only once: possible typo at /home/src/perl/repoperls/installed-perls/perl/v5.17.1-263-g1b5aaca/127e/lib/site_perl/5.17.2/x86_64-linux-ld/Class/MOP/Package.pm line 243.
Name "Catalyst::Exception::Base::OVERLOAD" used only once: possible typo at /home/src/perl/repoperls/installed-perls/perl/v5.17.1-263-g1b5aaca/127e/lib/site_perl/5.17.2/x86_64-linux-ld/Class/MOP/Package.pm line 243.
Name "Catalyst::Exception::Basic::OVERLOAD" used only once: possible typo at /home/src/perl/repoperls/installed-perls/perl/v5.17.1-263-g1b5aaca/127e/lib/site_perl/5.17.2/x86_64-linux-ld/Class/MOP/Package.pm line 243.
# Looks like your test exited with 255 before it could output anything.
t/08die_handler.t ..
Dubious, test returned 255 (wstat 65280, 0xff00)
Failed 4/4 subtests
Test Summary Report
-------------------
t/04trace.t (Wstat: 6400 Tests: 2 Failed: 0)
Non-zero exit status: 25
Parse errors: Bad plan. You planned 10 tests but ran 2.
t/05verbose1.t (Wstat: 6400 Tests: 0 Failed: 0)
Non-zero exit status: 25
Parse errors: Bad plan. You planned 3 tests but ran 0.
t/06verbose2.t (Wstat: 6400 Tests: 0 Failed: 0)
Non-zero exit status: 25
Parse errors: Bad plan. You planned 3 tests but ran 0.
t/07reverse.t (Wstat: 6400 Tests: 0 Failed: 0)
Non-zero exit status: 25
Parse errors: Bad plan. You planned 6 tests but ran 0.
t/08die_handler.t (Wstat: 65280 Tests: 0 Failed: 0)
Non-zero exit status: 255
Parse errors: Bad plan. You planned 4 tests but ran 0.
Files=9, Tests=3, 3 wallclock secs ( 0.02 usr 0.02 sys + 2.78 cusr 0.17 csys = 2.99 CPU)
Result: FAIL
Failed 5/9 test programs. 0/3 subtests failed.
make: *** [test_dynamic] Error 255
------------------------------
PREREQUISITES
------------------------------
Prerequisite modules loaded:
requires:
Module Need Have
------------------- ---- -------
Catalyst 5.70 5.90014
Devel::StackTrace 0 1.27
ExtUtils::MakeMaker 6.42 6.63_02
MRO::Compat 0.10 0.11
build_requires:
Module Need Have
------------------- ---- -------
ExtUtils::MakeMaker 0 6.63_02
configure_requires:
Module Need Have
------------------- ---- -------
ExtUtils::MakeMaker 6.42 6.63_02
------------------------------
ENVIRONMENT AND OTHER CONTEXT
------------------------------
Environment variables:
AUTOMATED_TESTING = 1
LANG = en_US.UTF-8
LANGUAGE = en_US:en
PATH = /home/sand/bin:/usr/local/bin:/usr/bin:/bin:/usr/bin/X11:/usr/games:/usr/local/perl/bin:/usr/X11/bin:/sbin:/usr/sbin
PERL5LIB =
PERL5OPT =
PERL5_CPANPLUS_IS_RUNNING = 7226
PERL5_CPAN_IS_RUNNING = 7226
PERL_MM_USE_DEFAULT = 1
SHELL = /usr/bin/zsh
TERM = screen
Perl special variables (and OS-specific diagnostics, for MSWin32):
$^X = /mnt/k75/homesand/src/perl/repoperls/installed-perls/perl/v5.17.1-263-g1b5aaca/127e/bin/perl
$UID/$EUID = 1005 / 1005
$GID = 1005 1005
$EGID = 1005 1005
Perl module toolchain versions installed:
Module Have
------------------- --------
CPAN 1.9800
CPAN::Meta 2.120921
Cwd 3.39_02
ExtUtils::CBuilder 0.280208
ExtUtils::Command 1.17
ExtUtils::Install 1.58
ExtUtils::MakeMaker 6.63_02
ExtUtils::Manifest 1.61
ExtUtils::ParseXS 3.17
File::Spec 3.39_02
JSON 2.53
JSON::PP 2.27200
Module::Build 0.4001
Module::Signature 0.68
Parse::CPAN::Meta 1.4404
Test::Harness 3.25
Test::More 0.98
YAML 0.81
YAML::Syck 1.20
version 0.99
--
Summary of my perl5 (revision 5 version 17 subversion 2) configuration:
Commit id: 1b5aaca661f906a9b324afb51b7af8727497f276
Platform:
osname=linux, osvers=3.2.0-2-amd64, archname=x86_64-linux-ld
uname='linux k83 3.2.0-2-amd64 #1 smp mon jun 11 17:24:18 utc 2012 x86_64 gnulinux '
config_args='-Dprefix=/home/src/perl/repoperls/installed-perls/perl/v5.17.1-263-g1b5aaca/127e -Dmyhostname=k83 -Dinstallusrbinperl=n -Uversiononly -Dusedevel -des -Ui_db -Uuseithreads -Duselongdouble -DDEBUGGING=-g'
hint=recommended, useposix=true, d_sigaction=define
useithreads=undef, usemultiplicity=undef
useperlio=define, d_sfio=undef, uselargefiles=define, usesocks=undef
use64bitint=define, use64bitall=define, uselongdouble=define
usemymalloc=n, bincompat5005=undef
Compiler:
cc='cc', ccflags ='-fno-strict-aliasing -pipe -fstack-protector -I/usr/local/include -D_LARGEFILE_SOURCE -D_FILE_OFFSET_BITS=64',
optimize='-O2 -g',
cppflags='-fno-strict-aliasing -pipe -fstack-protector -I/usr/local/include'
ccversion='', gccversion='4.7.0', gccosandvers=''
intsize=4, longsize=8, ptrsize=8, doublesize=8, byteorder=12345678
d_longlong=define, longlongsize=8, d_longdbl=define, longdblsize=16
ivtype='long', ivsize=8, nvtype='long double', nvsize=16, Off_t='off_t', lseeksize=8
alignbytes=16, prototype=define
Linker and Libraries:
ld='cc', ldflags =' -fstack-protector -L/usr/local/lib'
libpth=/usr/local/lib /lib/x86_64-linux-gnu /lib/../lib /usr/lib/x86_64-linux-gnu /usr/lib/../lib /lib /usr/lib
libs=-lnsl -ldb -ldl -lm -lcrypt -lutil -lc
perllibs=-lnsl -ldl -lm -lcrypt -lutil -lc
libc=, so=so, useshrplib=false, libperl=libperl.a
gnulibc_version='2.13'
Dynamic Linking:
dlsrc=dl_dlopen.xs, dlext=so, d_dlsymun=undef, ccdlflags='-Wl,-E'
cccdlflags='-fPIC', lddlflags='-shared -O2 -g -L/usr/local/lib -fstack-protector'
Characteristics of this binary (from libperl):
Compile-time options: HAS_TIMES PERLIO_LAYERS PERL_DONT_CREATE_GVSV
PERL_MALLOC_WRAP PERL_PRESERVE_IVUV PERL_USE_DEVEL
USE_64_BIT_ALL USE_64_BIT_INT USE_LARGE_FILES
USE_LOCALE USE_LOCALE_COLLATE USE_LOCALE_CTYPE
USE_LOCALE_NUMERIC USE_LONG_DOUBLE USE_PERLIO
USE_PERL_ATOF
Built under linux
Compiled at Jun 30 2012 07:40:41
%ENV:
PERL5LIB=""
PERL5OPT=""
PERL5_CPANPLUS_IS_RUNNING="7226"
PERL5_CPAN_IS_RUNNING="7226"
PERL_MM_USE_DEFAULT="1"
@INC:
/home/src/perl/repoperls/installed-perls/perl/v5.17.1-263-g1b5aaca/127e/lib/site_perl/5.17.2/x86_64-linux-ld
/home/src/perl/repoperls/installed-perls/perl/v5.17.1-263-g1b5aaca/127e/lib/site_perl/5.17.2
/home/src/perl/repoperls/installed-perls/perl/v5.17.1-263-g1b5aaca/127e/lib/5.17.2/x86_64-linux-ld
/home/src/perl/repoperls/installed-perls/perl/v5.17.1-263-g1b5aaca/127e/lib/5.17.2
.