Report for DBI-Test-0.001

Back
From: metabase:user:314402c4-2aae-11df-837a-5e0a49663a4f
Subject: FAIL DBI-Test-0.001 v5.14.4 FreeBSD
Date: 2015-03-20T18:05:46Z

This distribution has been tested as part of the CPAN Testers
project, supporting the Perl programming language.  See
http://wiki.cpantesters.org/ for more information or email
questions to cpan-testers-discuss@perl.org


--
Dear Jens Rehsack,

This is a computer-generated report for DBI-Test-0.001
on perl 5.14.4, created by CPAN-Reporter-1.2011.

Thank you for uploading your work to CPAN.  However, there was a problem
testing your distribution.

If you think this report is invalid, please consult the CPAN Testers Wiki
for suggestions on how to avoid getting FAIL reports for missing library
or binary dependencies, unsupported operating systems, and so on:

http://wiki.cpantesters.org/wiki/CPANAuthorNotes

Sections of this report:

    * Tester comments
    * Program output
    * Prerequisites
    * Environment and other context

------------------------------
TESTER COMMENTS
------------------------------

Additional comments from tester:

none provided

------------------------------
PROGRAM OUTPUT
------------------------------

Output from '/usr/bin/make test':

PERL_DL_NONLAZY=1 "/usr/perl5.14.4/bin/perl" "-MExtUtils::Command::MM" "-MTest::Harness" "-e" "undef *Test::Harness::Switches; test_harness(0, 'blib/lib', 'blib/arch')" xt/*.t t/basic/*.t
t/basic/dvc_connect.t ......... ok
t/basic/dvc_disconnect.t ...... ok
t/basic/dvd_connect.t ......... ok
t/basic/dvd_disconnect.t ...... ok
t/basic/dve_connect.t ......... ok
t/basic/dve_disconnect.t ...... ok
t/basic/dvf_connect.t ......... ok
t/basic/dvf_disconnect.t ...... ok
install_driver(mysql) failed: Attempt to reload DBD/mysql.pm aborted.
Compilation failed in require at (eval 167) line 3.

 at /usr/home/eserte/.cpan/build/DBI-Test-0.001-ElHwfz/blib/lib/DBI/Test.pm line 31.
t/basic/dvm_connect.t ......... 
Dubious, test returned 2 (wstat 512, 0x200)
No subtests run 
install_driver(mysql) failed: Attempt to reload DBD/mysql.pm aborted.
Compilation failed in require at (eval 167) line 3.

 at /usr/home/eserte/.cpan/build/DBI-Test-0.001-ElHwfz/blib/lib/DBI/Test.pm line 31.
t/basic/dvm_disconnect.t ...... 
Dubious, test returned 2 (wstat 512, 0x200)
No subtests run 
t/basic/dvn_connect.t ......... ok
t/basic/dvn_disconnect.t ...... ok
install_driver(ODBC) failed: Attempt to reload DBD/ODBC.pm aborted.
Compilation failed in require at (eval 167) line 3.

 at /usr/home/eserte/.cpan/build/DBI-Test-0.001-ElHwfz/blib/lib/DBI/Test.pm line 31.
t/basic/dvo_connect.t ......... 
Dubious, test returned 2 (wstat 512, 0x200)
No subtests run 
install_driver(ODBC) failed: Attempt to reload DBD/ODBC.pm aborted.
Compilation failed in require at (eval 167) line 3.

 at /usr/home/eserte/.cpan/build/DBI-Test-0.001-ElHwfz/blib/lib/DBI/Test.pm line 31.
t/basic/dvo_disconnect.t ...... 
Dubious, test returned 2 (wstat 512, 0x200)
No subtests run 
install_driver(Pg) failed: Attempt to reload DBD/Pg.pm aborted.
Compilation failed in require at (eval 168) line 3.

 at /usr/home/eserte/.cpan/build/DBI-Test-0.001-ElHwfz/blib/lib/DBI/Test.pm line 31.
t/basic/dvp_connect.t ......... 
Dubious, test returned 2 (wstat 512, 0x200)
No subtests run 
install_driver(Pg) failed: Attempt to reload DBD/Pg.pm aborted.
Compilation failed in require at (eval 168) line 3.

 at /usr/home/eserte/.cpan/build/DBI-Test-0.001-ElHwfz/blib/lib/DBI/Test.pm line 31.
t/basic/dvp_disconnect.t ...... 
Dubious, test returned 2 (wstat 512, 0x200)
No subtests run 
install_driver(SQLite) failed: Attempt to reload DBD/SQLite.pm aborted.
Compilation failed in require at (eval 167) line 3.

 at /usr/home/eserte/.cpan/build/DBI-Test-0.001-ElHwfz/blib/lib/DBI/Test.pm line 31.
t/basic/dvs_connect.t ......... 
Dubious, test returned 2 (wstat 512, 0x200)
No subtests run 
install_driver(SQLite) failed: Attempt to reload DBD/SQLite.pm aborted.
Compilation failed in require at (eval 167) line 3.

 at /usr/home/eserte/.cpan/build/DBI-Test-0.001-ElHwfz/blib/lib/DBI/Test.pm line 31.
t/basic/dvs_disconnect.t ...... 
Dubious, test returned 2 (wstat 512, 0x200)
No subtests run 

#   Failed test 'dbh is active'
#   at /usr/home/eserte/.cpan/build/DBI-Test-0.001-ElHwfz/blib/lib/DBI/Test/Case/basic/connect.pm line 20.
# Looks like you failed 1 test of 16.
t/basic/dvx_connect.t ......... 
Dubious, test returned 1 (wstat 256, 0x100)
Failed 1/16 subtests 
	(4 TODO tests unexpectedly succeeded)
t/basic/dvx_disconnect.t ...... ok
t/basic/mvb_dvn_connect.t ..... ok
t/basic/mvb_dvn_disconnect.t .. ok

Test Summary Report
-------------------
t/basic/dvc_disconnect.t    (Wstat: 0 Tests: 19 Failed: 0)
  TODO passed:   8-9, 14-15, 18
t/basic/dvd_disconnect.t    (Wstat: 0 Tests: 19 Failed: 0)
  TODO passed:   8-9, 14-15, 18
t/basic/dve_disconnect.t    (Wstat: 0 Tests: 19 Failed: 0)
  TODO passed:   8-9, 14-15, 18
t/basic/dvf_disconnect.t    (Wstat: 0 Tests: 19 Failed: 0)
  TODO passed:   8-9, 14-15, 18
t/basic/dvm_connect.t       (Wstat: 512 Tests: 0 Failed: 0)
  Non-zero exit status: 2
  Parse errors: No plan found in TAP output
t/basic/dvm_disconnect.t    (Wstat: 512 Tests: 0 Failed: 0)
  Non-zero exit status: 2
  Parse errors: No plan found in TAP output
t/basic/dvn_disconnect.t    (Wstat: 0 Tests: 19 Failed: 0)
  TODO passed:   8-9, 14-15, 18
t/basic/dvo_connect.t       (Wstat: 512 Tests: 0 Failed: 0)
  Non-zero exit status: 2
  Parse errors: No plan found in TAP output
t/basic/dvo_disconnect.t    (Wstat: 512 Tests: 0 Failed: 0)
  Non-zero exit status: 2
  Parse errors: No plan found in TAP output
t/basic/dvp_connect.t       (Wstat: 512 Tests: 0 Failed: 0)
  Non-zero exit status: 2
  Parse errors: No plan found in TAP output
t/basic/dvp_disconnect.t    (Wstat: 512 Tests: 0 Failed: 0)
  Non-zero exit status: 2
  Parse errors: No plan found in TAP output
t/basic/dvs_connect.t       (Wstat: 512 Tests: 0 Failed: 0)
  Non-zero exit status: 2
  Parse errors: No plan found in TAP output
t/basic/dvs_disconnect.t    (Wstat: 512 Tests: 0 Failed: 0)
  Non-zero exit status: 2
  Parse errors: No plan found in TAP output
t/basic/dvx_connect.t       (Wstat: 256 Tests: 16 Failed: 1)
  Failed test:  3
  TODO passed:   13-16
  Non-zero exit status: 1
t/basic/dvx_disconnect.t    (Wstat: 0 Tests: 19 Failed: 0)
  TODO passed:   8-9, 14-15, 18
t/basic/mvb_dvn_connect.t   (Wstat: 0 Tests: 16 Failed: 0)
  TODO passed:   12
t/basic/mvb_dvn_disconnect.t (Wstat: 0 Tests: 19 Failed: 0)
  TODO passed:   8-9, 14-15, 18
Files=22, Tests=251, 31 wallclock secs ( 0.21 usr  0.13 sys +  9.73 cusr  1.47 csys = 11.55 CPU)
Result: FAIL
Failed 9/22 test programs. 1/251 subtests failed.
*** [test_dynamic] Error code 255

Stop in /usr/home/eserte/.cpan/build/DBI-Test-0.001-ElHwfz.

------------------------------
PREREQUISITES
------------------------------

Prerequisite modules loaded:

requires:

    Module              Need     Have    
    ------------------- -------- --------
    perl                5.008001 5.014004

build_requires:

    Module              Need     Have    
    ------------------- -------- --------
    Test::Simple        0.90     1.001014

configure_requires:

    Module              Need     Have    
    ------------------- -------- --------
    ExtUtils::MakeMaker 0        7.04    


------------------------------
ENVIRONMENT AND OTHER CONTEXT
------------------------------

Environment variables:

    DBIC_NO_WARN_BAD_PERL = 1
    LC_ALL = de_DE.ISO8859-1
    PATH = /usr/local/bin:/usr/bin:/bin:/usr/local/sbin:/usr/sbin:/sbin:/home/cpansand/bin/freebsd9.1:/home/cpansand/bin/sh:/home/cpansand/bin:/usr/games:/home/cpansand/devel:/usr/home/eserte/src/srezic-misc/scripts
    PERL5LIB = 
    PERL5OPT = 
    PERL5_CPANPLUS_IS_RUNNING = 8165
    PERL5_CPAN_IS_RUNNING = 8165
    PERL5_CPAN_IS_RUNNING_IN_RECURSION = 7508,8165
    PERLDOC = -MPod::Perldoc::ToTextOverstrike
    PERL_BATCH = yes
    PERL_CPAN_REPORTER_CONFIG = /var/tmp/cpansmoker-1023/DO0h230_mu_config.ini
    PERL_EXTUTILS_AUTOINSTALL = --defaultdeps
    PERL_HTML_DISPLAY_CLASS = HTML::Display::Mozilla
    SHELL = /usr/local/bin/zsh
    TERM = screen
    TMPDIR = /var/tmp/cpansmoker-1023

Perl special variables (and OS-specific diagnostics, for MSWin32):

    $^X = /usr/perl5.14.4/bin/perl
    $UID/$EUID = 1023 / 1023
    $GID = 1023 1023
    $EGID = 1023 1023

Perl module toolchain versions installed:

    Module              Have    
    ------------------- --------
    CPAN                2.10    
    CPAN::Meta          2.150001
    Cwd                 3.47    
    ExtUtils::CBuilder  0.280220
    ExtUtils::Command   1.20    
    ExtUtils::Install   2.04    
    ExtUtils::MakeMaker 7.04    
    ExtUtils::Manifest  1.69    
    ExtUtils::ParseXS   3.24    
    File::Spec          3.47    
    JSON                2.90    
    JSON::PP            2.27300 
    Module::Build       0.4211  
    Module::Signature   0.73    
    Parse::CPAN::Meta   1.4414  
    Test::Harness       3.35    
    Test::More          1.001014
    YAML                1.14    
    YAML::Syck          1.29    
    version             0.9912  


--

Summary of my perl5 (revision 5 version 14 subversion 4) configuration:
   
  Platform:
    osname=freebsd, osvers=9.2-release-p4, archname=amd64-freebsd
    uname='freebsd cvrsnica-freebsd-92 9.2-release-p4 freebsd 9.2-release-p4 #0: tue apr 8 18:08:22 utc 2014 root@amd64-builder.daemonology.net:usrobjusrsrcsysgeneric amd64 '
    config_args='-ds -e -Dprefix=/usr/perl5.14.4'
    hint=recommended, useposix=true, d_sigaction=define
    useithreads=undef, usemultiplicity=undef
    useperlio=define, d_sfio=undef, uselargefiles=define, usesocks=undef
    use64bitint=define, use64bitall=define, uselongdouble=undef
    usemymalloc=n, bincompat5005=undef
  Compiler:
    cc='cc', ccflags ='-DHAS_FPSETMASK -DHAS_FLOATINGPOINT_H -fno-strict-aliasing -pipe -fstack-protector -I/usr/local/include',
    optimize='-O',
    cppflags='-DHAS_FPSETMASK -DHAS_FLOATINGPOINT_H -fno-strict-aliasing -pipe -fstack-protector -I/usr/local/include'
    ccversion='', gccversion='4.2.1 20070831 patched [FreeBSD]', gccosandvers=''
    intsize=4, longsize=8, ptrsize=8, doublesize=8, byteorder=12345678
    d_longlong=define, longlongsize=8, d_longdbl=define, longdblsize=16
    ivtype='long', ivsize=8, nvtype='double', nvsize=8, Off_t='off_t', lseeksize=8
    alignbytes=8, prototype=define
  Linker and Libraries:
    ld='cc', ldflags ='-Wl,-E  -fstack-protector -L/usr/local/lib'
    libpth=/usr/lib /usr/local/lib
    libs=-lgdbm -lm -lcrypt -lutil -lc
    perllibs=-lm -lcrypt -lutil -lc
    libc=, so=so, useshrplib=false, libperl=libperl.a
    gnulibc_version=''
  Dynamic Linking:
    dlsrc=dl_dlopen.xs, dlext=so, d_dlsymun=undef, ccdlflags=' '
    cccdlflags='-DPIC -fPIC', lddlflags='-shared  -L/usr/local/lib -fstack-protector'


Characteristics of this binary (from libperl): 
  Compile-time options: PERL_DONT_CREATE_GVSV PERL_MALLOC_WRAP
                        PERL_PRESERVE_IVUV USE_64_BIT_ALL USE_64_BIT_INT
                        USE_LARGE_FILES USE_PERLIO USE_PERL_ATOF
  Built under freebsd
  Compiled at May 16 2014 00:20:44
  %ENV:
    PERL5LIB=""
    PERL5OPT=""
    PERL5_CPANPLUS_IS_RUNNING="8165"
    PERL5_CPAN_IS_RUNNING="8165"
    PERL5_CPAN_IS_RUNNING_IN_RECURSION="7508,8165"
    PERLDOC="-MPod::Perldoc::ToTextOverstrike"
    PERL_BATCH="yes"
    PERL_CPAN_REPORTER_CONFIG="/var/tmp/cpansmoker-1023/DO0h230_mu_config.ini"
    PERL_EXTUTILS_AUTOINSTALL="--defaultdeps"
    PERL_HTML_DISPLAY_CLASS="HTML::Display::Mozilla"
  @INC:
    /usr/perl5.14.4/lib/site_perl/5.14.4/amd64-freebsd
    /usr/perl5.14.4/lib/site_perl/5.14.4
    /usr/perl5.14.4/lib/5.14.4/amd64-freebsd
    /usr/perl5.14.4/lib/5.14.4
    .