Report for Google-Client-Collection-0.003

Back
From: metabase:user:30ae4450-2aae-11df-837a-5e0a49663a4f
Subject: FAIL Google-Client-Collection-0.003 v5.16.1 
Date: 2016-03-20T21:39:53Z

This distribution has been tested as part of the CPAN Testers
project, supporting the Perl programming language.  See
http://wiki.cpantesters.org/ for more information or email
questions to cpan-testers-discuss@perl.org


--
Dear Ali Zia,

This is a computer-generated report for Google-Client-Collection-0.003
on perl 5.16.1, created by CPAN-Reporter-1.2015.

Thank you for uploading your work to CPAN.  However, there was a problem
testing your distribution.

If you think this report is invalid, please consult the CPAN Testers Wiki
for suggestions on how to avoid getting FAIL reports for missing library
or binary dependencies, unsupported operating systems, and so on:

http://wiki.cpantesters.org/wiki/CPANAuthorNotes

Sections of this report:

    * Tester comments
    * Program output
    * Prerequisites
    * Environment and other context

------------------------------
TESTER COMMENTS
------------------------------

Additional comments from tester:

this report is from an automated smoke testing program
and was not reviewed by a human for accuracy

------------------------------
PROGRAM OUTPUT
------------------------------

Output from 'C:\strawberry5161\c\bin\dmake.exe test':

C:\strawberry5161\perl\bin\perl.exe "-MExtUtils::Command::MM" "-e" "test_harness(0, 'blib\lib', 'blib\arch')" t/*.t t/files/*.t
t/01-use.t ....................... ok
t/02-request.t ................... ok
t/03-request-exceptions.t ........ ok
`Google::Client::Collection.pm' is not a module name
t/04-roles.t ..................... 
Dubious, test returned 255 (wstat 65280, 0xff00)
No subtests run 
t/files/00-api.t ................. ok
t/files/01-copy.t ................ ok
t/files/02-create-media-files.t .. ok
t/files/03-create.t .............. ok
t/files/04-delete.t .............. ok
t/files/05-empty-trash.t ......... ok
t/files/06-export.t .............. ok
t/files/07-generate-ids.t ........ ok
t/files/08-get.t ................. ok
t/files/09-list.t ................ ok
t/files/10-update-media-files.t .. ok
t/files/11-update.t .............. ok
t/files/12-watch.t ............... ok

Test Summary Report
-------------------
t/04-roles.t                   (Wstat: 65280 Tests: 0 Failed: 0)
  Non-zero exit status: 255
  Parse errors: No plan found in TAP output
Files=17, Tests=61, 12 wallclock secs ( 0.15 usr +  0.09 sys =  0.24 CPU)
Result: FAIL
Failed 1/17 test programs. 0/61 subtests failed.
dmake.exe:  Error code 255, while making 'test_dynamic'

------------------------------
PREREQUISITES
------------------------------

Prerequisite modules loaded:

requires:

    Module              Need  Have    
    ------------------- ----- --------
    Carp                1.38  1.38    
    Class::Load         0     0.20    
    Cpanel::JSON::XS    0     3.0213  
    Furl                0     3.08    
    Moo                 0     1.003001
    Moo::Role           0     1.003001
    Path::Tiny          0     0.040   
    perl                5.006 5.016001
    Test::Mock::Furl    0     0.05    
    Test::Most          0     0.31    

build_requires:

    Module              Need  Have    
    ------------------- ----- --------
    ExtUtils::MakeMaker 0     7.10    

configure_requires:

    Module              Need  Have    
    ------------------- ----- --------
    ExtUtils::MakeMaker 0     7.10    
    perl                5.006 5.016001


------------------------------
ENVIRONMENT AND OTHER CONTEXT
------------------------------

Environment variables:

    AUTOMATED_TESTING = 1
    COMSPEC = C:\WINDOWS\system32\cmd.exe
    NUMBER_OF_PROCESSORS = 1
    PATH = C:\WINDOWS\system32;C:\WINDOWS;C:\WINDOWS\System32\Wbem;C:\strawberry5161\c\bin;C:\strawberry5161\perl\site\bin;C:\strawberry5161\perl\bin
    PERL5LIB = C:\strawberry5161\cpan\build\Test-Mock-Furl-0.05-aqsYIh/blib/arch;C:\strawberry5161\cpan\build\Test-Mock-Furl-0.05-aqsYIh/blib/lib;C:\strawberry5161\cpan\build\Test-AllModules-0.15-cmkMtr/blib/arch;C:\strawberry5161\cpan\build\Test-AllModules-0.15-cmkMtr/blib/lib;C:\strawberry5161\cpan\build\Furl-3.08-7Zcxzh/blib/arch;C:\strawberry5161\cpan\build\Furl-3.08-7Zcxzh/blib/lib;C:\strawberry5161\cpan\build\Test-TCP-2.15-jPtF9m/blib/arch;C:\strawberry5161\cpan\build\Test-TCP-2.15-jPtF9m/blib/lib;C:\strawberry5161\cpan\build\Test-SharedFork-0.35-onshAw/blib/arch;C:\strawberry5161\cpan\build\Test-SharedFork-0.35-onshAw/blib/lib;C:\strawberry5161\cpan\build\ExtUtils-MakeMaker-7.10-UVRyD0/blib/arch;C:\strawberry5161\cpan\build\ExtUtils-MakeMaker-7.10-UVRyD0/blib/lib;C:\strawberry5161\cpan\build\HTTP-Parser-XS-0.17-kXUT2S/blib/arch;C:\strawberry5161\cpan\build\HTTP-Parser-XS-0.17-kXUT2S/blib/lib;C:\strawberry5161\cpan\build\Carp-1.38-F2M_UQ/blib/arch;C:\strawberry5161\cpan\build\Carp-1.38-F2M_UQ/blib/lib;C:\strawberry5161\cpan\build\Cpanel-JSON-XS-3.0213-zKTS3i/blib/arch;C:\strawberry5161\cpan\build\Cpanel-JSON-XS-3.0213-zKTS3i/blib/lib
    PERL5OPT = 
    PERL5_CPANPLUS_IS_RUNNING = 15240
    PERL5_CPAN_IS_RUNNING = 15240
    PERL5_CPAN_IS_RUNNING_IN_RECURSION = 352,15240
    PERL_CR_SMOKER_CURRENT = Google-Client-Collection-0.003
    PERL_CR_SMOKER_RUNONCE = 1
    PERL_EXTUTILS_AUTOINSTALL = --defaultdeps
    PERL_MM_USE_DEFAULT = 1
    PROCESSOR_IDENTIFIER = x86 Family 18 Model 1 Stepping 0, AuthenticAMD
    TEMP = C:\DOCUME~1\c\LOCALS~1\Temp
    TERM = dumb

Perl special variables (and OS-specific diagnostics, for MSWin32):

    $^X = C:\strawberry5161\perl\bin\perl.exe
    $UID/$EUID = 0 / 0
    $GID = 0
    $EGID = 0
    Win32::GetOSName = WinXP/.Net
    Win32::GetOSVersion = Service Pack 3, 5, 1, 2600, 2, 3, 0, 256, 1
    Win32::FsType = NTFS
    Win32::IsAdminUser = 1

Perl module toolchain versions installed:

    Module              Have    
    ------------------- --------
    CPAN                2.00    
    CPAN::Meta          2.132661
    Cwd                 3.40    
    ExtUtils::CBuilder  0.280206
    ExtUtils::Command   7.10    
    ExtUtils::Install   1.58    
    ExtUtils::MakeMaker 7.10    
    ExtUtils::Manifest  1.65    
    ExtUtils::ParseXS   3.16    
    File::Spec          3.40    
    JSON                2.59    
    JSON::PP            2.27203 
    Module::Build       0.4007  
    Module::Signature   0.68    
    Parse::CPAN::Meta   1.4405  
    Test::Harness       3.29    
    Test::More          0.98    
    YAML                0.84    
    YAML::Syck          1.27    
    version             0.9904  


--

Summary of my perl5 (revision 5 version 16 subversion 1) configuration:
   
  Platform:
    osname=MSWin32, osvers=4.0, archname=MSWin32-x86-multi-thread
    uname='Win32 strawberry-perl 5.16.1.1 #1 Thu Aug  9 09:54:46 2012 i386'
    config_args='undef'
    hint=recommended, useposix=true, d_sigaction=undef
    useithreads=define, usemultiplicity=define
    useperlio=define, d_sfio=undef, uselargefiles=define, usesocks=undef
    use64bitint=undef, use64bitall=undef, uselongdouble=undef
    usemymalloc=n, bincompat5005=undef
  Compiler:
    cc='gcc', ccflags =' -s -O2 -DWIN32  -DPERL_TEXTMODE_SCRIPTS -DPERL_IMPLICIT_CONTEXT -DPERL_IMPLICIT_SYS -fno-strict-aliasing -mms-bitfields',
    optimize='-s -O2',
    cppflags='-DWIN32'
    ccversion='', gccversion='4.6.3', gccosandvers=''
    intsize=4, longsize=4, ptrsize=4, doublesize=8, byteorder=1234
    d_longlong=undef, longlongsize=8, d_longdbl=define, longdblsize=12
    ivtype='long', ivsize=4, nvtype='double', nvsize=8, Off_t='long long', lseeksize=8
    alignbytes=8, prototype=define
  Linker and Libraries:
    ld='g++', ldflags ='-s -L"C:\strawberry5161\perl\lib\CORE" -L"C:\strawberry5161\c\lib"'
    libpth=C:\strawberry5161\c\lib C:\strawberry5161\c\i686-w64-mingw32\lib
    libs=-lmoldname -lkernel32 -luser32 -lgdi32 -lwinspool -lcomdlg32 -ladvapi32 -lshell32 -lole32 -loleaut32 -lnetapi32 -luuid -lws2_32 -lmpr -lwinmm -lversion -lodbc32 -lodbccp32 -lcomctl32
    perllibs=-lmoldname -lkernel32 -luser32 -lgdi32 -lwinspool -lcomdlg32 -ladvapi32 -lshell32 -lole32 -loleaut32 -lnetapi32 -luuid -lws2_32 -lmpr -lwinmm -lversion -lodbc32 -lodbccp32 -lcomctl32
    libc=, so=dll, useshrplib=true, libperl=libperl516.a
    gnulibc_version=''
  Dynamic Linking:
    dlsrc=dl_win32.xs, dlext=dll, d_dlsymun=undef, ccdlflags=' '
    cccdlflags=' ', lddlflags='-mdll -s -L"C:\strawberry5161\perl\lib\CORE" -L"C:\strawberry5161\c\lib"'


Characteristics of this binary (from libperl): 
  Compile-time options: HAS_TIMES HAVE_INTERP_INTERN MULTIPLICITY
                        PERLIO_LAYERS PERL_DONT_CREATE_GVSV
                        PERL_IMPLICIT_CONTEXT PERL_IMPLICIT_SYS
                        PERL_MALLOC_WRAP PERL_PRESERVE_IVUV PL_OP_SLAB_ALLOC
                        USE_ITHREADS USE_LARGE_FILES USE_LOCALE
                        USE_LOCALE_COLLATE USE_LOCALE_CTYPE
                        USE_LOCALE_NUMERIC USE_PERLIO USE_PERL_ATOF
  Built under MSWin32
  Compiled at Aug  9 2012 10:03:09
  %ENV:
    PERL5LIB="C:\strawberry5161\cpan\build\Test-Mock-Furl-0.05-aqsYIh/blib/arch;C:\strawberry5161\cpan\build\Test-Mock-Furl-0.05-aqsYIh/blib/lib;C:\strawberry5161\cpan\build\Test-AllModules-0.15-cmkMtr/blib/arch;C:\strawberry5161\cpan\build\Test-AllModules-0.15-cmkMtr/blib/lib;C:\strawberry5161\cpan\build\Furl-3.08-7Zcxzh/blib/arch;C:\strawberry5161\cpan\build\Furl-3.08-7Zcxzh/blib/lib;C:\strawberry5161\cpan\build\Test-TCP-2.15-jPtF9m/blib/arch;C:\strawberry5161\cpan\build\Test-TCP-2.15-jPtF9m/blib/lib;C:\strawberry5161\cpan\build\Test-SharedFork-0.35-onshAw/blib/arch;C:\strawberry5161\cpan\build\Test-SharedFork-0.35-onshAw/blib/lib;C:\strawberry5161\cpan\build\ExtUtils-MakeMaker-7.10-UVRyD0/blib/arch;C:\strawberry5161\cpan\build\ExtUtils-MakeMaker-7.10-UVRyD0/blib/lib;C:\strawberry5161\cpan\build\HTTP-Parser-XS-0.17-kXUT2S/blib/arch;C:\strawberry5161\cpan\build\HTTP-Parser-XS-0.17-kXUT2S/blib/lib;C:\strawberry5161\cpan\build\Carp-1.38-F2M_UQ/blib/arch;C:\strawberry5161\cpan\build\Carp-1.38-F2M_UQ/blib/lib;C:\strawberry5161\cpan\build\Cpanel-JSON-XS-3.0213-zKTS3i/blib/arch;C:\strawberry5161\cpan\build\Cpanel-JSON-XS-3.0213-zKTS3i/blib/lib"
    PERL5_CPANPLUS_IS_RUNNING="15240"
    PERL5_CPAN_IS_RUNNING="15240"
    PERL5_CPAN_IS_RUNNING_IN_RECURSION="352,15240"
    PERL_CR_SMOKER_CURRENT="Google-Client-Collection-0.003"
    PERL_CR_SMOKER_RUNONCE="1"
    PERL_EXTUTILS_AUTOINSTALL="--defaultdeps"
    PERL_MM_USE_DEFAULT="1"
  @INC:
    C:\strawberry5161\cpan\build\Test-Mock-Furl-0.05-aqsYIh/blib/arch
    C:\strawberry5161\cpan\build\Test-Mock-Furl-0.05-aqsYIh/blib/lib
    C:\strawberry5161\cpan\build\Test-AllModules-0.15-cmkMtr/blib/arch
    C:\strawberry5161\cpan\build\Test-AllModules-0.15-cmkMtr/blib/lib
    C:\strawberry5161\cpan\build\Furl-3.08-7Zcxzh/blib/arch
    C:\strawberry5161\cpan\build\Furl-3.08-7Zcxzh/blib/lib
    C:\strawberry5161\cpan\build\Test-TCP-2.15-jPtF9m/blib/arch
    C:\strawberry5161\cpan\build\Test-TCP-2.15-jPtF9m/blib/lib
    C:\strawberry5161\cpan\build\Test-SharedFork-0.35-onshAw/blib/arch
    C:\strawberry5161\cpan\build\Test-SharedFork-0.35-onshAw/blib/lib
    C:\strawberry5161\cpan\build\ExtUtils-MakeMaker-7.10-UVRyD0/blib/arch
    C:\strawberry5161\cpan\build\ExtUtils-MakeMaker-7.10-UVRyD0/blib/lib
    C:\strawberry5161\cpan\build\HTTP-Parser-XS-0.17-kXUT2S/blib/arch
    C:\strawberry5161\cpan\build\HTTP-Parser-XS-0.17-kXUT2S/blib/lib
    C:\strawberry5161\cpan\build\Carp-1.38-F2M_UQ/blib/arch
    C:\strawberry5161\cpan\build\Carp-1.38-F2M_UQ/blib/lib
    C:\strawberry5161\cpan\build\Cpanel-JSON-XS-3.0213-zKTS3i/blib/arch
    C:\strawberry5161\cpan\build\Cpanel-JSON-XS-3.0213-zKTS3i/blib/lib
    C:/strawberry5161/perl/site/lib
    C:/strawberry5161/perl/vendor/lib
    C:/strawberry5161/perl/lib
    .