SDL2-FFI v0.06 Perl 5 v5.20.0 x86_64-linux

Status
Fail
From
Slaven Rezić
Dist
SDL2-FFI v0.06
Platform
Perl 5 v5.20.0 x86_64-linux
Date
2021-09-05 12:06:41
ID
bac24b5e-0e41-11ec-b045-a6671f24ea8f
This distribution has been tested as part of the CPAN Testers
project, supporting the Perl programming language.  See
http://wiki.cpantesters.org/ for more information or email
questions to cpan-testers-discuss@perl.org


--
Dear Sanko Robinson,

This is a computer-generated report for SDL2-FFI-0.06
on perl 5.20.0, created by CPAN-Reporter-1.2018.

Thank you for uploading your work to CPAN.  However, there was a problem
testing your distribution.

If you think this report is invalid, please consult the CPAN Testers Wiki
for suggestions on how to avoid getting FAIL reports for missing library
or binary dependencies, unsupported operating systems, and so on:

http://wiki.cpantesters.org/wiki/CPANAuthorNotes

Sections of this report:

    * Tester comments
    * Program output
    * Prerequisites
    * Environment and other context

------------------------------
TESTER COMMENTS
------------------------------

Additional comments from tester:

none provided

------------------------------
PROGRAM OUTPUT
------------------------------

Output from './Build test':

# 
# Versions for all modules listed in MYMETA.json (including optional ones):
# 
# === Configure Requires ===
# 
#     Module               Want  Have
#     ------------------- ----- -----
#     Alien::libsdl2       1.06  1.07
#     Devel::CheckBin       any  0.04
#     Module::Build::Tiny 0.039 0.039
# 
# === Test Requires ===
# 
#     Module             Want     Have
#     ------------------ ---- --------
#     Test2::V0           any 0.000141
#     Test::More         0.98 1.302186
#     Test::NeedsDisplay 1.07     1.07
# 
# === Runtime Requires ===
# 
#     Module                Want     Have
#     --------------------- ---- --------
#     Alien::libsdl2        1.07     1.07
#     Data::Dump             any     1.23
#     Exporter::Tiny         any    0.042
#     FFI::Build            1.04     1.55
#     FFI::C                 any     0.10
#     FFI::Platypus         1.55     1.55
#     File::Share            any     0.25
#     File::Spec::Functions  any     3.62
#     Path::Tiny             any    0.096
#     Try::Tiny              any     0.27
#     strictures               2 2.000003
# 
# === Runtime Recommends ===
# 
#     Module     Want Have
#     ---------- ---- ----
#     B::Deparse  any 1.26
# 
t/00-report-prereqs.t .. ok
# dist_dir: /home/cpansand/.cpan/build/2021090505/Alien-libsdl2-1.07-0/blib/lib/auto/share/dist/Alien-libsdl2/lib
# libs: -Wl,-rpath,/opt/perl-5.20.0/lib/site_perl/5.20.0/x86_64-linux/auto/share/dist/Alien-libsdl2/lib -Wl,--enable-new-dtags -L/home/cpansand/.cpan/build/2021090505/Alien-libsdl2-1.07-0/blib/lib/auto/share/dist/Alien-libsdl2/lib -lSDL2
# cflags: -D_REENTRANT -I/home/cpansand/.cpan/build/2021090505/Alien-libsdl2-1.07-0/blib/lib/auto/share/dist/Alien-libsdl2/include/SDL2
# cflags static: -D_REENTRANT -I/home/cpansand/.cpan/build/2021090505/Alien-libsdl2-1.07-0/blib/lib/auto/share/dist/Alien-libsdl2/include/SDL2
# Dynamic libs: /home/cpansand/.cpan/build/2021090505/Alien-libsdl2-1.07-0/blib/lib/auto/share/dist/Alien-libsdl2/dynamic/libSDL2-2.0.so.0.16.0:/home/cpansand/.cpan/build/2021090505/Alien-libsdl2-1.07-0/blib/lib/auto/share/dist/Alien-libsdl2/dynamic/libSDL2-2.0.so.0:/home/cpansand/.cpan/build/2021090505/Alien-libsdl2-1.07-0/blib/lib/auto/share/dist/Alien-libsdl2/dynamic/libSDL2.so
# bin dir: /home/cpansand/.cpan/build/2021090505/Alien-libsdl2-1.07-0/blib/lib/auto/share/dist/Alien-libsdl2/bin
error building /home/cpansand/.cpan/build/2021090505/SDL2-FFI-0.06-0/share/libbundle.so from /home/cpansand/.cpan/build/2021090505/SDL2-FFI-0.06-0/ffi/_build/bundle.c.o at /home/cpansand/.cpan/build/2021090505/FFI-Platypus-1.55-0/blib/lib/FFI/Build.pm line 269.
Compilation failed in require at /home/cpansand/.cpan/build/2021090505/SDL2-FFI-0.06-0/blib/lib/SDL2/FFI.pm line 8.
BEGIN failed--compilation aborted at /home/cpansand/.cpan/build/2021090505/SDL2-FFI-0.06-0/blib/lib/SDL2/FFI.pm line 8.
Compilation failed in require at t/00_compile.t line 4.
BEGIN failed--compilation aborted at t/00_compile.t line 4.
# No tests run!
# Looks like your test exited with 1 after test #0.
# Seeded srand with seed '20210905' from local date.
t/00_compile.t ......... 
Dubious, test returned 1 (wstat 256, 0x100)
No subtests run 
# dist_dir: /home/cpansand/.cpan/build/2021090505/Alien-libsdl2-1.07-0/blib/lib/auto/share/dist/Alien-libsdl2/lib
# libs: -Wl,-rpath,/opt/perl-5.20.0/lib/site_perl/5.20.0/x86_64-linux/auto/share/dist/Alien-libsdl2/lib -Wl,--enable-new-dtags -L/home/cpansand/.cpan/build/2021090505/Alien-libsdl2-1.07-0/blib/lib/auto/share/dist/Alien-libsdl2/lib -lSDL2
# cflags: -D_REENTRANT -I/home/cpansand/.cpan/build/2021090505/Alien-libsdl2-1.07-0/blib/lib/auto/share/dist/Alien-libsdl2/include/SDL2
# cflags static: -D_REENTRANT -I/home/cpansand/.cpan/build/2021090505/Alien-libsdl2-1.07-0/blib/lib/auto/share/dist/Alien-libsdl2/include/SDL2
# Dynamic libs: /home/cpansand/.cpan/build/2021090505/Alien-libsdl2-1.07-0/blib/lib/auto/share/dist/Alien-libsdl2/dynamic/libSDL2-2.0.so.0.16.0:/home/cpansand/.cpan/build/2021090505/Alien-libsdl2-1.07-0/blib/lib/auto/share/dist/Alien-libsdl2/dynamic/libSDL2-2.0.so.0:/home/cpansand/.cpan/build/2021090505/Alien-libsdl2-1.07-0/blib/lib/auto/share/dist/Alien-libsdl2/dynamic/libSDL2.so
# bin dir: /home/cpansand/.cpan/build/2021090505/Alien-libsdl2-1.07-0/blib/lib/auto/share/dist/Alien-libsdl2/bin
error building /home/cpansand/.cpan/build/2021090505/SDL2-FFI-0.06-0/share/libbundle.so from /home/cpansand/.cpan/build/2021090505/SDL2-FFI-0.06-0/ffi/_build/bundle.c.o at /home/cpansand/.cpan/build/2021090505/FFI-Platypus-1.55-0/blib/lib/FFI/Build.pm line 269.
Compilation failed in require at /home/cpansand/.cpan/build/2021090505/SDL2-FFI-0.06-0/blib/lib/SDL2/FFI.pm line 8.
BEGIN failed--compilation aborted at /home/cpansand/.cpan/build/2021090505/SDL2-FFI-0.06-0/blib/lib/SDL2/FFI.pm line 8.
Compilation failed in require at t/01_hello.t line 4.
BEGIN failed--compilation aborted at t/01_hello.t line 4.
# No tests run!
# Looks like your test exited with 1 after test #0.
# Seeded srand with seed '20210905' from local date.
t/01_hello.t ........... 
Dubious, test returned 1 (wstat 256, 0x100)
No subtests run 
# dist_dir: /home/cpansand/.cpan/build/2021090505/Alien-libsdl2-1.07-0/blib/lib/auto/share/dist/Alien-libsdl2/lib
# libs: -Wl,-rpath,/opt/perl-5.20.0/lib/site_perl/5.20.0/x86_64-linux/auto/share/dist/Alien-libsdl2/lib -Wl,--enable-new-dtags -L/home/cpansand/.cpan/build/2021090505/Alien-libsdl2-1.07-0/blib/lib/auto/share/dist/Alien-libsdl2/lib -lSDL2
# cflags: -D_REENTRANT -I/home/cpansand/.cpan/build/2021090505/Alien-libsdl2-1.07-0/blib/lib/auto/share/dist/Alien-libsdl2/include/SDL2
# cflags static: -D_REENTRANT -I/home/cpansand/.cpan/build/2021090505/Alien-libsdl2-1.07-0/blib/lib/auto/share/dist/Alien-libsdl2/include/SDL2
# Dynamic libs: /home/cpansand/.cpan/build/2021090505/Alien-libsdl2-1.07-0/blib/lib/auto/share/dist/Alien-libsdl2/dynamic/libSDL2-2.0.so.0.16.0:/home/cpansand/.cpan/build/2021090505/Alien-libsdl2-1.07-0/blib/lib/auto/share/dist/Alien-libsdl2/dynamic/libSDL2-2.0.so.0:/home/cpansand/.cpan/build/2021090505/Alien-libsdl2-1.07-0/blib/lib/auto/share/dist/Alien-libsdl2/dynamic/libSDL2.so
# bin dir: /home/cpansand/.cpan/build/2021090505/Alien-libsdl2-1.07-0/blib/lib/auto/share/dist/Alien-libsdl2/bin
error building /home/cpansand/.cpan/build/2021090505/SDL2-FFI-0.06-0/share/libbundle.so from /home/cpansand/.cpan/build/2021090505/SDL2-FFI-0.06-0/ffi/_build/bundle.c.o at /home/cpansand/.cpan/build/2021090505/FFI-Platypus-1.55-0/blib/lib/FFI/Build.pm line 269.
Compilation failed in require at /home/cpansand/.cpan/build/2021090505/SDL2-FFI-0.06-0/blib/lib/SDL2/FFI.pm line 8.
BEGIN failed--compilation aborted at /home/cpansand/.cpan/build/2021090505/SDL2-FFI-0.06-0/blib/lib/SDL2/FFI.pm line 8.
Compilation failed in require at t/02_timer.t line 5.
BEGIN failed--compilation aborted at t/02_timer.t line 5.
# No tests run!
# Looks like your test exited with 1 after test #0.
# Seeded srand with seed '20210905' from local date.
t/02_timer.t ........... 
Dubious, test returned 1 (wstat 256, 0x100)
No subtests run 

Test Summary Report
-------------------
t/00_compile.t       (Wstat: 256 Tests: 0 Failed: 0)
  Non-zero exit status: 1
  Parse errors: No plan found in TAP output
t/01_hello.t         (Wstat: 256 Tests: 0 Failed: 0)
  Non-zero exit status: 1
  Parse errors: No plan found in TAP output
t/02_timer.t         (Wstat: 256 Tests: 0 Failed: 0)
  Non-zero exit status: 1
  Parse errors: No plan found in TAP output
Files=4, Tests=1,  1 wallclock secs ( 0.02 usr  0.00 sys +  0.48 cusr  0.14 csys =  0.64 CPU)
Result: FAIL

------------------------------
PREREQUISITES
------------------------------

Prerequisite modules loaded:

requires:

    Module                Need    Have    
    --------------------- ------- --------
    Alien::libsdl2        1.07    1.07    
    Data::Dump            0       1.23    
    Exporter::Tiny        0       0.042   
    FFI::Build            1.04    1.55    
    FFI::C                0       0.10    
    FFI::Platypus         1.55    1.55    
    File::Share           0       0.25    
    File::Spec::Functions 0       3.62    
    Path::Tiny            0       0.096   
    perl                  5.02000 5.020000
    strictures            2       2.000003
    Try::Tiny             0       0.27    

build_requires:

    Module                Need    Have    
    --------------------- ------- --------
    Test2::V0             0       0.000141
    Test::More            0.98    1.302186
    Test::NeedsDisplay    1.07    1.07    

configure_requires:

    Module                Need    Have    
    --------------------- ------- --------
    Alien::libsdl2        1.06    1.07    
    Devel::CheckBin       0       0.04    
    Module::Build::Tiny   0.039   0.039   


------------------------------
ENVIRONMENT AND OTHER CONTEXT
------------------------------

Environment variables:

    LANG = en_US.UTF-8
    LANGUAGE = en_US:en
    LC_ALL = en_US.UTF-8
    PATH = /usr/local/bin:/usr/bin:/bin:/usr/local/sbin:/usr/sbin:/sbin:/home/cpansand/bin/linux-gnu:/home/cpansand/bin/sh:/home/cpansand/bin:/usr/games:/home/cpansand/devel:/home/eserte/src/srezic-misc/scripts
    PERL5LIB = /home/cpansand/.cpan/build/2021090505/FFI-C-0.10-0/blib/arch:/home/cpansand/.cpan/build/2021090505/FFI-C-0.10-0/blib/lib:/home/cpansand/.cpan/build/2021090505/FFI-Platypus-Type-Enum-0.06-0/blib/arch:/home/cpansand/.cpan/build/2021090505/FFI-Platypus-Type-Enum-0.06-0/blib/lib:/home/cpansand/.cpan/build/2021090505/FFI-Platypus-1.55-0/blib/arch:/home/cpansand/.cpan/build/2021090505/FFI-Platypus-1.55-0/blib/lib:/home/cpansand/.cpan/build/2021090505/Alien-libsdl2-1.07-0/blib/arch:/home/cpansand/.cpan/build/2021090505/Alien-libsdl2-1.07-0/blib/lib:/home/cpansand/.cpan/build/2021090505/ExtUtils-MakeMaker-7.62-0/blib/arch:/home/cpansand/.cpan/build/2021090505/ExtUtils-MakeMaker-7.62-0/blib/lib:/home/cpansand/.cpan/build/2021090505/Alien-Build-2.41-0/blib/arch:/home/cpansand/.cpan/build/2021090505/Alien-Build-2.41-0/blib/lib:/home/cpansand/.cpan/build/2021090505/Test2-Suite-0.000141-0/blib/arch:/home/cpansand/.cpan/build/2021090505/Test2-Suite-0.000141-0/blib/lib:/home/cpansand/.cpan/build/2021090505/Term-Table-0.015-0/blib/arch:/home/cpansand/.cpan/build/2021090505/Term-Table-0.015-0/blib/lib:/home/cpansand/.cpan/build/2021090505/Sub-Info-0.002-0/blib/arch:/home/cpansand/.cpan/build/2021090505/Sub-Info-0.002-0/blib/lib:/home/cpansand/.cpan/build/2021090505/Importer-0.026-0/blib/arch:/home/cpansand/.cpan/build/2021090505/Importer-0.026-0/blib/lib:/home/cpansand/.cpan/build/2021090505/Test-Simple-1.302186-3/blib/arch:/home/cpansand/.cpan/build/2021090505/Test-Simple-1.302186-3/blib/lib:/home/cpansand/.cpan/build/2021090505/ExtUtils-ParseXS-3.35-0/blib/arch:/home/cpansand/.cpan/build/2021090505/ExtUtils-ParseXS-3.35-0/blib/lib
    PERL5OPT = 
    PERL5_CPANPLUS_IS_RUNNING = 8683
    PERL5_CPAN_IS_RUNNING = 8683
    PERL5_CPAN_IS_RUNNING_IN_RECURSION = 8569,8683
    PERLDOC = -MPod::Perldoc::ToTextOverstrike
    PERL_BATCH = yes
    PERL_CANARY_STABILITY_NOPROMPT = 1
    PERL_CPAN_REPORTER_CONFIG = /var/tmp/cpansmoker-1023/2021090505/cpanreporter_000_config.ini
    PERL_EXTUTILS_AUTOINSTALL = --defaultdeps
    PERL_USE_UNSAFE_INC = 1
    SHELL = /bin/zsh
    TERM = screen
    TMPDIR = /var/tmp/cpansmoker-1023/2021090505

Perl special variables (and OS-specific diagnostics, for MSWin32):

    $^X = /opt/perl-5.20.0/bin/perl
    $UID/$EUID = 1023 / 1023
    $GID = 1023 1023
    $EGID = 1023 1023

Perl module toolchain versions installed:

    Module              Have    
    ------------------- --------
    CPAN                2.16    
    CPAN::Meta          2.150010
    Cwd                 3.62    
    ExtUtils::CBuilder  0.280216
    ExtUtils::Command   7.62    
    ExtUtils::Install   2.06    
    ExtUtils::MakeMaker 7.62    
    ExtUtils::Manifest  1.70    
    ExtUtils::ParseXS   3.35    
    File::Spec          3.62    
    JSON                2.90    
    JSON::PP            2.27400 
    Module::Build       0.4220  
    Module::Signature   0.81    
    Parse::CPAN::Meta   2.150010
    Test::Harness       3.30    
    Test::More          1.302186
    YAML                1.17    
    YAML::Syck          1.29    
    version             0.9917  


--

Summary of my perl5 (revision 5 version 20 subversion 0) configuration:
   
  Platform:
    osname=linux, osvers=3.2.0-4-amd64, archname=x86_64-linux
    uname='linux cvrsnica-wheezy 3.2.0-4-amd64 #1 smp debian 3.2.54-2 x86_64 gnulinux '
    config_args='-ds -e -Dprefix=/opt/perl-5.20.0'
    hint=recommended, useposix=true, d_sigaction=define
    useithreads=undef, usemultiplicity=undef
    use64bitint=define, use64bitall=define, uselongdouble=undef
    usemymalloc=n, bincompat5005=undef
  Compiler:
    cc='cc', ccflags ='-fwrapv -fno-strict-aliasing -pipe -fstack-protector -I/usr/local/include -D_LARGEFILE_SOURCE -D_FILE_OFFSET_BITS=64',
    optimize='-O2',
    cppflags='-fwrapv -fno-strict-aliasing -pipe -fstack-protector -I/usr/local/include'
    ccversion='', gccversion='4.7.2', gccosandvers=''
    intsize=4, longsize=8, ptrsize=8, doublesize=8, byteorder=12345678
    d_longlong=define, longlongsize=8, d_longdbl=define, longdblsize=16
    ivtype='long', ivsize=8, nvtype='double', nvsize=8, Off_t='off_t', lseeksize=8
    alignbytes=8, prototype=define
  Linker and Libraries:
    ld='cc', ldflags =' -fstack-protector -L/usr/local/lib'
    libpth=/usr/local/lib /usr/lib/gcc/x86_64-linux-gnu/4.7/include-fixed /usr/include/x86_64-linux-gnu /usr/lib /lib/x86_64-linux-gnu /lib/../lib /usr/lib/x86_64-linux-gnu /usr/lib/../lib /lib
    libs=-lnsl -ldb -ldl -lm -lcrypt -lutil -lc
    perllibs=-lnsl -ldl -lm -lcrypt -lutil -lc
    libc=libc-2.13.so, so=so, useshrplib=false, libperl=libperl.a
    gnulibc_version='2.13'
  Dynamic Linking:
    dlsrc=dl_dlopen.xs, dlext=so, d_dlsymun=undef, ccdlflags='-Wl,-E'
    cccdlflags='-fPIC', lddlflags='-shared -O2 -L/usr/local/lib -fstack-protector'


Characteristics of this binary (from libperl): 
  Compile-time options: HAS_TIMES PERLIO_LAYERS PERL_DONT_CREATE_GVSV
                        PERL_HASH_FUNC_ONE_AT_A_TIME_HARD PERL_MALLOC_WRAP
                        PERL_NEW_COPY_ON_WRITE PERL_PRESERVE_IVUV
                        USE_64_BIT_ALL USE_64_BIT_INT USE_LARGE_FILES
                        USE_LOCALE USE_LOCALE_COLLATE USE_LOCALE_CTYPE
                        USE_LOCALE_NUMERIC USE_PERLIO USE_PERL_ATOF
  Built under linux
  Compiled at Jul 19 2014 07:43:18
  %ENV:
    PERL5LIB="/home/cpansand/.cpan/build/2021090505/FFI-C-0.10-0/blib/arch:/home/cpansand/.cpan/build/2021090505/FFI-C-0.10-0/blib/lib:/home/cpansand/.cpan/build/2021090505/FFI-Platypus-Type-Enum-0.06-0/blib/arch:/home/cpansand/.cpan/build/2021090505/FFI-Platypus-Type-Enum-0.06-0/blib/lib:/home/cpansand/.cpan/build/2021090505/FFI-Platypus-1.55-0/blib/arch:/home/cpansand/.cpan/build/2021090505/FFI-Platypus-1.55-0/blib/lib:/home/cpansand/.cpan/build/2021090505/Alien-libsdl2-1.07-0/blib/arch:/home/cpansand/.cpan/build/2021090505/Alien-libsdl2-1.07-0/blib/lib:/home/cpansand/.cpan/build/2021090505/ExtUtils-MakeMaker-7.62-0/blib/arch:/home/cpansand/.cpan/build/2021090505/ExtUtils-MakeMaker-7.62-0/blib/lib:/home/cpansand/.cpan/build/2021090505/Alien-Build-2.41-0/blib/arch:/home/cpansand/.cpan/build/2021090505/Alien-Build-2.41-0/blib/lib:/home/cpansand/.cpan/build/2021090505/Test2-Suite-0.000141-0/blib/arch:/home/cpansand/.cpan/build/2021090505/Test2-Suite-0.000141-0/blib/lib:/home/cpansand/.cpan/build/2021090505/Term-Table-0.015-0/blib/arch:/home/cpansand/.cpan/build/2021090505/Term-Table-0.015-0/blib/lib:/home/cpansand/.cpan/build/2021090505/Sub-Info-0.002-0/blib/arch:/home/cpansand/.cpan/build/2021090505/Sub-Info-0.002-0/blib/lib:/home/cpansand/.cpan/build/2021090505/Importer-0.026-0/blib/arch:/home/cpansand/.cpan/build/2021090505/Importer-0.026-0/blib/lib:/home/cpansand/.cpan/build/2021090505/Test-Simple-1.302186-3/blib/arch:/home/cpansand/.cpan/build/2021090505/Test-Simple-1.302186-3/blib/lib:/home/cpansand/.cpan/build/2021090505/ExtUtils-ParseXS-3.35-0/blib/arch:/home/cpansand/.cpan/build/2021090505/ExtUtils-ParseXS-3.35-0/blib/lib"
    PERL5OPT=""
    PERL5_CPANPLUS_IS_RUNNING="8683"
    PERL5_CPAN_IS_RUNNING="8683"
    PERL5_CPAN_IS_RUNNING_IN_RECURSION="8569,8683"
    PERLDOC="-MPod::Perldoc::ToTextOverstrike"
    PERL_BATCH="yes"
    PERL_CANARY_STABILITY_NOPROMPT="1"
    PERL_CPAN_REPORTER_CONFIG="/var/tmp/cpansmoker-1023/2021090505/cpanreporter_000_config.ini"
    PERL_EXTUTILS_AUTOINSTALL="--defaultdeps"
    PERL_USE_UNSAFE_INC="1"
  @INC:
    /home/cpansand/.cpan/build/2021090505/FFI-C-0.10-0/blib/arch
    /home/cpansand/.cpan/build/2021090505/FFI-C-0.10-0/blib/lib
    /home/cpansand/.cpan/build/2021090505/FFI-Platypus-Type-Enum-0.06-0/blib/arch
    /home/cpansand/.cpan/build/2021090505/FFI-Platypus-Type-Enum-0.06-0/blib/lib
    /home/cpansand/.cpan/build/2021090505/FFI-Platypus-1.55-0/blib/arch
    /home/cpansand/.cpan/build/2021090505/FFI-Platypus-1.55-0/blib/lib
    /home/cpansand/.cpan/build/2021090505/Alien-libsdl2-1.07-0/blib/arch
    /home/cpansand/.cpan/build/2021090505/Alien-libsdl2-1.07-0/blib/lib
    /home/cpansand/.cpan/build/2021090505/ExtUtils-MakeMaker-7.62-0/blib/arch
    /home/cpansand/.cpan/build/2021090505/ExtUtils-MakeMaker-7.62-0/blib/lib
    /home/cpansand/.cpan/build/2021090505/Alien-Build-2.41-0/blib/arch
    /home/cpansand/.cpan/build/2021090505/Alien-Build-2.41-0/blib/lib
    /home/cpansand/.cpan/build/2021090505/Test2-Suite-0.000141-0/blib/arch
    /home/cpansand/.cpan/build/2021090505/Test2-Suite-0.000141-0/blib/lib
    /home/cpansand/.cpan/build/2021090505/Term-Table-0.015-0/blib/arch
    /home/cpansand/.cpan/build/2021090505/Term-Table-0.015-0/blib/lib
    /home/cpansand/.cpan/build/2021090505/Sub-Info-0.002-0/blib/arch
    /home/cpansand/.cpan/build/2021090505/Sub-Info-0.002-0/blib/lib
    /home/cpansand/.cpan/build/2021090505/Importer-0.026-0/blib/arch
    /home/cpansand/.cpan/build/2021090505/Importer-0.026-0/blib/lib
    /home/cpansand/.cpan/build/2021090505/Test-Simple-1.302186-3/blib/arch
    /home/cpansand/.cpan/build/2021090505/Test-Simple-1.302186-3/blib/lib
    /home/cpansand/.cpan/build/2021090505/ExtUtils-ParseXS-3.35-0/blib/arch
    /home/cpansand/.cpan/build/2021090505/ExtUtils-ParseXS-3.35-0/blib/lib
    /opt/perl-5.20.0/lib/site_perl/5.20.0/x86_64-linux
    /opt/perl-5.20.0/lib/site_perl/5.20.0
    /opt/perl-5.20.0/lib/5.20.0/x86_64-linux
    /opt/perl-5.20.0/lib/5.20.0
    .