Report for App-Prove-Plugin-Cluster-0.02

Back
From: metabase:user:0d96120c-29e2-11e5-b049-ede3035d37de
Subject: FAIL App-Prove-Plugin-Cluster-0.02 v5.23.1 GNU/Linux
Date: 2015-08-07T14:22:26Z

This distribution has been tested as part of the CPAN Testers
project, supporting the Perl programming language.  See
http://wiki.cpantesters.org/ for more information or email
questions to cpan-testers-discuss@perl.org


--
Dear Anthony Brummett,

This is a computer-generated report for App-Prove-Plugin-Cluster-0.02
on perl 5.23.1, created by CPAN-Reporter-1.2015.

Thank you for uploading your work to CPAN.  However, there was a problem
testing your distribution.

If you think this report is invalid, please consult the CPAN Testers Wiki
for suggestions on how to avoid getting FAIL reports for missing library
or binary dependencies, unsupported operating systems, and so on:

http://wiki.cpantesters.org/wiki/CPANAuthorNotes

Sections of this report:

    * Tester comments
    * Program output
    * Prerequisites
    * Environment and other context

------------------------------
TESTER COMMENTS
------------------------------

Additional comments from tester:

this report is from an automated smoke testing program
and was not reviewed by a human for accuracy

CPU            : Intel(R) Xeon(R) CPU E5-2680 v2 @ 2.80GHz
MEMORY         : 1.94 GB
ARCH           : x86_64
OS             : CentOS 7.1.1503
KERNEL         : Linux 4.1.0-x86_64-linode59
VIRTUALIZATION : xen0

------------------------------
PROGRAM OUTPUT
------------------------------

Output from '/usr/bin/make test':

PERL_DL_NONLAZY=1 "/home/jmaslak/perl5/perlbrew/perls/perl-5.23.1/bin/perl5.23.1" "-MExtUtils::Command::MM" "-MTest::Harness" "-e" "undef *Test::Harness::Switches; test_harness(0, 'blib/lib', 'blib/arch')" t/*.t t/fake_t/*.t
t/fake_t/01-test.t ............... ok
t/fake_t/02-test.t ............... ok
t/fake_t/03-test.t ............... ok
t/fake_t/04-test.t ............... ok
t/fake_t/05-test.t ............... ok
t/fake_t/06-test.t ............... ok
t/fake_t/07-test.t ............... ok
t/fake_t/08-test.t ............... ok
t/fake_t/09-test.t ............... ok
t/fake_t/10-test.t ............... ok

#   Failed test 'Received test message for (number)-test.t'
#   at t/huge_data.t line 63.
#                   '{
#   'switches' => [],
#   'source' => 't/fake_t/01-test.t'
# }
# '
#     doesn't match '(?^:\s*\{
# \s*'source' => 't/fake_t/\d+-test.t',
# \s*'switches' => \[\]
# \s*\}
# )'

#   Failed test 'Received test message for (number)-test.t'
#   at t/huge_data.t line 63.
#                   '{
#   'switches' => [],
#   'source' => 't/fake_t/01-test.t'
# }
# '
#     doesn't match '(?^:\s*\{
# \s*'source' => 't/fake_t/\d+-test.t',
# \s*'switches' => \[\]
# \s*\}
# )'
# Looks like you failed 2 tests of 13.
t/huge_data.t .................... 
Dubious, test returned 2 (wstat 512, 0x200)
Failed 2/13 subtests 

#   Failed test 'Received well-formed test message'
#   at t/multiple_clients.t line 93.
#                   '{
#   'switches' => [],
#   'source' => 't/fake_t/01-test.t'
# }
# '
#     doesn't match '(?^:\s*\{
# \s*'source' => 't/fake_t/(\d+)-test\.t',
# \s*'switches' => \[\]
# \s*\})'
Use of uninitialized value $test_number in concatenation (.) or string at t/multiple_clients.t line 95, <GEN22> line 6.

#   Failed test 'Received well-formed test message'
#   at t/multiple_clients.t line 93.
#                   '{
#   'switches' => [],
#   'source' => 't/fake_t/02-test.t'
# }
# '
#     doesn't match '(?^:\s*\{
# \s*'source' => 't/fake_t/(\d+)-test\.t',
# \s*'switches' => \[\]
# \s*\})'
Use of uninitialized value $test_number in string eq at t/multiple_clients.t line 95, <GEN23> line 6.
Use of uninitialized value $_ in string eq at t/multiple_clients.t line 95, <GEN23> line 6.
Use of uninitialized value $test_number in concatenation (.) or string at t/multiple_clients.t line 95, <GEN23> line 6.

#   Failed test 'Found new test: '
#   at t/multiple_clients.t line 95.
Use of uninitialized value $_ in string eq at t/multiple_clients.t line 95, <GEN24> line 6.
Use of uninitialized value $_ in string eq at t/multiple_clients.t line 95, <GEN24> line 6.
# (1) Finishing sock0 and grabbing new test
Use of uninitialized value $_ in string eq at t/multiple_clients.t line 95, <GEN22> line 12.
Use of uninitialized value $_ in string eq at t/multiple_clients.t line 95, <GEN22> line 12.
# (2) Finishing sock0 again before other sockets and grabbing new test

#   Failed test 'Received well-formed test message'
#   at t/multiple_clients.t line 93.
#                   '{
#   'switches' => [],
#   'source' => 't/fake_t/05-test.t'
# }
# '
#     doesn't match '(?^:\s*\{
# \s*'source' => 't/fake_t/(\d+)-test\.t',
# \s*'switches' => \[\]
# \s*\})'
Use of uninitialized value $test_number in string eq at t/multiple_clients.t line 95, <GEN22> line 18.
Use of uninitialized value $_ in string eq at t/multiple_clients.t line 95, <GEN22> line 18.
Use of uninitialized value $test_number in string eq at t/multiple_clients.t line 95, <GEN22> line 18.
Use of uninitialized value $_ in string eq at t/multiple_clients.t line 95, <GEN22> line 18.
Use of uninitialized value $test_number in string eq at t/multiple_clients.t line 95, <GEN22> line 18.
Use of uninitialized value $test_number in string eq at t/multiple_clients.t line 95, <GEN22> line 18.
Use of uninitialized value $test_number in concatenation (.) or string at t/multiple_clients.t line 95, <GEN22> line 18.

#   Failed test 'Found new test: '
#   at t/multiple_clients.t line 95.
# (3) Finishing sock2 and grabbing new test

#   Failed test 'Received well-formed test message'
#   at t/multiple_clients.t line 93.
#                   '{
#   'switches' => [],
#   'source' => 't/fake_t/06-test.t'
# }
# '
#     doesn't match '(?^:\s*\{
# \s*'source' => 't/fake_t/(\d+)-test\.t',
# \s*'switches' => \[\]
# \s*\})'
Use of uninitialized value $test_number in string eq at t/multiple_clients.t line 95, <GEN24> line 12.
Use of uninitialized value $_ in string eq at t/multiple_clients.t line 95, <GEN24> line 12.
Use of uninitialized value $test_number in string eq at t/multiple_clients.t line 95, <GEN24> line 12.
Use of uninitialized value $_ in string eq at t/multiple_clients.t line 95, <GEN24> line 12.
Use of uninitialized value $test_number in string eq at t/multiple_clients.t line 95, <GEN24> line 12.
Use of uninitialized value $test_number in string eq at t/multiple_clients.t line 95, <GEN24> line 12.
Use of uninitialized value $test_number in string eq at t/multiple_clients.t line 95, <GEN24> line 12.
Use of uninitialized value $_ in string eq at t/multiple_clients.t line 95, <GEN24> line 12.
Use of uninitialized value $test_number in concatenation (.) or string at t/multiple_clients.t line 95, <GEN24> line 12.

#   Failed test 'Found new test: '
#   at t/multiple_clients.t line 95.
# (4) Finishing sock1 and grabbing new test
Use of uninitialized value $_ in string eq at t/multiple_clients.t line 95, <GEN23> line 12.
Use of uninitialized value $_ in string eq at t/multiple_clients.t line 95, <GEN23> line 12.
Use of uninitialized value $_ in string eq at t/multiple_clients.t line 95, <GEN23> line 12.
Use of uninitialized value $_ in string eq at t/multiple_clients.t line 95, <GEN23> line 12.
# (5) Finishing sock0 and grabbing new test

#   Failed test 'Received well-formed test message'
#   at t/multiple_clients.t line 93.
#                   '{
#   'switches' => [],
#   'source' => 't/fake_t/08-test.t'
# }
# '
#     doesn't match '(?^:\s*\{
# \s*'source' => 't/fake_t/(\d+)-test\.t',
# \s*'switches' => \[\]
# \s*\})'
Use of uninitialized value $test_number in string eq at t/multiple_clients.t line 95, <GEN22> line 24.
Use of uninitialized value $_ in string eq at t/multiple_clients.t line 95, <GEN22> line 24.
Use of uninitialized value $test_number in string eq at t/multiple_clients.t line 95, <GEN22> line 24.
Use of uninitialized value $_ in string eq at t/multiple_clients.t line 95, <GEN22> line 24.
Use of uninitialized value $test_number in string eq at t/multiple_clients.t line 95, <GEN22> line 24.
Use of uninitialized value $test_number in string eq at t/multiple_clients.t line 95, <GEN22> line 24.
Use of uninitialized value $test_number in string eq at t/multiple_clients.t line 95, <GEN22> line 24.
Use of uninitialized value $_ in string eq at t/multiple_clients.t line 95, <GEN22> line 24.
Use of uninitialized value $test_number in string eq at t/multiple_clients.t line 95, <GEN22> line 24.
Use of uninitialized value $_ in string eq at t/multiple_clients.t line 95, <GEN22> line 24.
Use of uninitialized value $test_number in string eq at t/multiple_clients.t line 95, <GEN22> line 24.
Use of uninitialized value $test_number in concatenation (.) or string at t/multiple_clients.t line 95, <GEN22> line 24.

#   Failed test 'Found new test: '
#   at t/multiple_clients.t line 95.
# (6) Finishing sock0 again and grabbing new test

#   Failed test 'Received well-formed test message'
#   at t/multiple_clients.t line 93.
#                   '{
#   'switches' => [],
#   'source' => 't/fake_t/09-test.t'
# }
# '
#     doesn't match '(?^:\s*\{
# \s*'source' => 't/fake_t/(\d+)-test\.t',
# \s*'switches' => \[\]
# \s*\})'
Use of uninitialized value $test_number in string eq at t/multiple_clients.t line 95, <GEN22> line 30.
Use of uninitialized value $_ in string eq at t/multiple_clients.t line 95, <GEN22> line 30.
Use of uninitialized value $test_number in string eq at t/multiple_clients.t line 95, <GEN22> line 30.
Use of uninitialized value $_ in string eq at t/multiple_clients.t line 95, <GEN22> line 30.
Use of uninitialized value $test_number in string eq at t/multiple_clients.t line 95, <GEN22> line 30.
Use of uninitialized value $test_number in string eq at t/multiple_clients.t line 95, <GEN22> line 30.
Use of uninitialized value $test_number in string eq at t/multiple_clients.t line 95, <GEN22> line 30.
Use of uninitialized value $_ in string eq at t/multiple_clients.t line 95, <GEN22> line 30.
Use of uninitialized value $test_number in string eq at t/multiple_clients.t line 95, <GEN22> line 30.
Use of uninitialized value $_ in string eq at t/multiple_clients.t line 95, <GEN22> line 30.
Use of uninitialized value $test_number in string eq at t/multiple_clients.t line 95, <GEN22> line 30.
Use of uninitialized value $test_number in string eq at t/multiple_clients.t line 95, <GEN22> line 30.
Use of uninitialized value $_ in string eq at t/multiple_clients.t line 95, <GEN22> line 30.
Use of uninitialized value $test_number in concatenation (.) or string at t/multiple_clients.t line 95, <GEN22> line 30.

#   Failed test 'Found new test: '
#   at t/multiple_clients.t line 95.
# (7) Finishing sock1 and grabbing new test

#   Failed test 'Received well-formed test message'
#   at t/multiple_clients.t line 93.
#                   '{
#   'switches' => [],
#   'source' => 't/fake_t/10-test.t'
# }
# '
#     doesn't match '(?^:\s*\{
# \s*'source' => 't/fake_t/(\d+)-test\.t',
# \s*'switches' => \[\]
# \s*\})'
Use of uninitialized value $test_number in string eq at t/multiple_clients.t line 95, <GEN23> line 18.
Use of uninitialized value $_ in string eq at t/multiple_clients.t line 95, <GEN23> line 18.
Use of uninitialized value $test_number in string eq at t/multiple_clients.t line 95, <GEN23> line 18.
Use of uninitialized value $_ in string eq at t/multiple_clients.t line 95, <GEN23> line 18.
Use of uninitialized value $test_number in string eq at t/multiple_clients.t line 95, <GEN23> line 18.
Use of uninitialized value $test_number in string eq at t/multiple_clients.t line 95, <GEN23> line 18.
Use of uninitialized value $test_number in string eq at t/multiple_clients.t line 95, <GEN23> line 18.
Use of uninitialized value $_ in string eq at t/multiple_clients.t line 95, <GEN23> line 18.
Use of uninitialized value $test_number in string eq at t/multiple_clients.t line 95, <GEN23> line 18.
Use of uninitialized value $_ in string eq at t/multiple_clients.t line 95, <GEN23> line 18.
Use of uninitialized value $test_number in string eq at t/multiple_clients.t line 95, <GEN23> line 18.
Use of uninitialized value $test_number in string eq at t/multiple_clients.t line 95, <GEN23> line 18.
Use of uninitialized value $_ in string eq at t/multiple_clients.t line 95, <GEN23> line 18.
Use of uninitialized value $test_number in string eq at t/multiple_clients.t line 95, <GEN23> line 18.
Use of uninitialized value $_ in string eq at t/multiple_clients.t line 95, <GEN23> line 18.
Use of uninitialized value $test_number in concatenation (.) or string at t/multiple_clients.t line 95, <GEN23> line 18.

#   Failed test 'Found new test: '
#   at t/multiple_clients.t line 95.
# (8) Wrapping up all sockets
# (1) Finishing sock0 and grabbing new test
# (2) Finishing sock0 again before other sockets and grabbing new test
# (3) Finishing sock2 and grabbing new test

#   Failed test 'Received well-formed test message'
#   at t/multiple_clients.t line 93.
#                   '{
#   'switches' => [],
#   'source' => 't/fake_t/06-test.t'
# }
# '
#     doesn't match '(?^:\s*\{
# \s*'source' => 't/fake_t/(\d+)-test\.t',
# \s*'switches' => \[\]
# \s*\})'
Use of uninitialized value $test_number in string eq at t/multiple_clients.t line 95, <GEN60> line 12.
Use of uninitialized value $test_number in string eq at t/multiple_clients.t line 95, <GEN60> line 12.
Use of uninitialized value $test_number in string eq at t/multiple_clients.t line 95, <GEN60> line 12.
Use of uninitialized value $test_number in string eq at t/multiple_clients.t line 95, <GEN60> line 12.
Use of uninitialized value $test_number in string eq at t/multiple_clients.t line 95, <GEN60> line 12.
Use of uninitialized value $test_number in concatenation (.) or string at t/multiple_clients.t line 95, <GEN60> line 12.
# (4) Finishing sock1 and grabbing new test

#   Failed test 'Received well-formed test message'
#   at t/multiple_clients.t line 93.
#                   '{
#   'switches' => [],
#   'source' => 't/fake_t/07-test.t'
# }
# '
#     doesn't match '(?^:\s*\{
# \s*'source' => 't/fake_t/(\d+)-test\.t',
# \s*'switches' => \[\]
# \s*\})'
Use of uninitialized value $test_number in string eq at t/multiple_clients.t line 95, <GEN59> line 12.
Use of uninitialized value $test_number in string eq at t/multiple_clients.t line 95, <GEN59> line 12.
Use of uninitialized value $test_number in string eq at t/multiple_clients.t line 95, <GEN59> line 12.
Use of uninitialized value $test_number in string eq at t/multiple_clients.t line 95, <GEN59> line 12.
Use of uninitialized value $test_number in string eq at t/multiple_clients.t line 95, <GEN59> line 12.
Use of uninitialized value $test_number in string eq at t/multiple_clients.t line 95, <GEN59> line 12.
Use of uninitialized value $_ in string eq at t/multiple_clients.t line 95, <GEN59> line 12.
Use of uninitialized value $test_number in concatenation (.) or string at t/multiple_clients.t line 95, <GEN59> line 12.

#   Failed test 'Found new test: '
#   at t/multiple_clients.t line 95.
# (5) Finishing sock0 and grabbing new test

#   Failed test 'Received well-formed test message'
#   at t/multiple_clients.t line 93.
#                   '{
#   'switches' => [],
#   'source' => 't/fake_t/08-test.t'
# }
# '
#     doesn't match '(?^:\s*\{
# \s*'source' => 't/fake_t/(\d+)-test\.t',
# \s*'switches' => \[\]
# \s*\})'
Use of uninitialized value $test_number in string eq at t/multiple_clients.t line 95, <GEN58> line 24.
Use of uninitialized value $test_number in string eq at t/multiple_clients.t line 95, <GEN58> line 24.
Use of uninitialized value $test_number in string eq at t/multiple_clients.t line 95, <GEN58> line 24.
Use of uninitialized value $test_number in string eq at t/multiple_clients.t line 95, <GEN58> line 24.
Use of uninitialized value $test_number in string eq at t/multiple_clients.t line 95, <GEN58> line 24.
Use of uninitialized value $test_number in string eq at t/multiple_clients.t line 95, <GEN58> line 24.
Use of uninitialized value $_ in string eq at t/multiple_clients.t line 95, <GEN58> line 24.
Use of uninitialized value $test_number in string eq at t/multiple_clients.t line 95, <GEN58> line 24.
Use of uninitialized value $_ in string eq at t/multiple_clients.t line 95, <GEN58> line 24.
Use of uninitialized value $test_number in concatenation (.) or string at t/multiple_clients.t line 95, <GEN58> line 24.

#   Failed test 'Found new test: '
#   at t/multiple_clients.t line 95.
# (6) Finishing sock0 again and grabbing new test
Use of uninitialized value $_ in string eq at t/multiple_clients.t line 95, <GEN58> line 30.
Use of uninitialized value $_ in string eq at t/multiple_clients.t line 95, <GEN58> line 30.
Use of uninitialized value $_ in string eq at t/multiple_clients.t line 95, <GEN58> line 30.
# (7) Finishing sock1 and grabbing new test

#   Failed test 'Received well-formed test message'
#   at t/multiple_clients.t line 93.
#                   '{
#   'switches' => [],
#   'source' => 't/fake_t/10-test.t'
# }
# '
#     doesn't match '(?^:\s*\{
# \s*'source' => 't/fake_t/(\d+)-test\.t',
# \s*'switches' => \[\]
# \s*\})'
Use of uninitialized value $test_number in string eq at t/multiple_clients.t line 95, <GEN59> line 18.
Use of uninitialized value $test_number in string eq at t/multiple_clients.t line 95, <GEN59> line 18.
Use of uninitialized value $test_number in string eq at t/multiple_clients.t line 95, <GEN59> line 18.
Use of uninitialized value $test_number in string eq at t/multiple_clients.t line 95, <GEN59> line 18.
Use of uninitialized value $test_number in string eq at t/multiple_clients.t line 95, <GEN59> line 18.
Use of uninitialized value $test_number in string eq at t/multiple_clients.t line 95, <GEN59> line 18.
Use of uninitialized value $_ in string eq at t/multiple_clients.t line 95, <GEN59> line 18.
Use of uninitialized value $test_number in string eq at t/multiple_clients.t line 95, <GEN59> line 18.
Use of uninitialized value $_ in string eq at t/multiple_clients.t line 95, <GEN59> line 18.
Use of uninitialized value $test_number in string eq at t/multiple_clients.t line 95, <GEN59> line 18.
Use of uninitialized value $_ in string eq at t/multiple_clients.t line 95, <GEN59> line 18.
Use of uninitialized value $test_number in string eq at t/multiple_clients.t line 95, <GEN59> line 18.
Use of uninitialized value $test_number in concatenation (.) or string at t/multiple_clients.t line 95, <GEN59> line 18.

#   Failed test 'Found new test: '
#   at t/multiple_clients.t line 95.
# (8) Wrapping up all sockets
# Looks like you failed 20 tests of 89.
t/multiple_clients.t ............. 
Dubious, test returned 20 (wstat 5120, 0x1400)
Failed 20/89 subtests 

#   Failed test 'Received well-formed test message'
#   at t/multiple_clients_with_death.t line 101.
#                   '{
#   'switches' => [],
#   'source' => 't/fake_t/03-test.t'
# }
# '
#     doesn't match '(?^:\s*\{
# \s*'source' => 't/fake_t/(\d+)-test\.t',
# \s*'switches' => \[\]
# \s*\})'
Use of uninitialized value $test_number in string eq at t/multiple_clients_with_death.t line 103, <GEN24> line 6.
Use of uninitialized value $test_number in string eq at t/multiple_clients_with_death.t line 103, <GEN24> line 6.
Use of uninitialized value $test_number in concatenation (.) or string at t/multiple_clients_with_death.t line 103, <GEN24> line 6.
# (1) Finishing sock0 and grabbing new test

#   Failed test 'Received well-formed test message'
#   at t/multiple_clients_with_death.t line 101.
#                   '{
#   'switches' => [],
#   'source' => 't/fake_t/04-test.t'
# }
# '
#     doesn't match '(?^:\s*\{
# \s*'source' => 't/fake_t/(\d+)-test\.t',
# \s*'switches' => \[\]
# \s*\})'
Use of uninitialized value $test_number in string eq at t/multiple_clients_with_death.t line 103, <GEN22> line 12.
Use of uninitialized value $test_number in string eq at t/multiple_clients_with_death.t line 103, <GEN22> line 12.
Use of uninitialized value $test_number in string eq at t/multiple_clients_with_death.t line 103, <GEN22> line 12.
Use of uninitialized value $_ in string eq at t/multiple_clients_with_death.t line 103, <GEN22> line 12.
Use of uninitialized value $test_number in concatenation (.) or string at t/multiple_clients_with_death.t line 103, <GEN22> line 12.

#   Failed test 'Found new test: '
#   at t/multiple_clients_with_death.t line 103.
# (2) Finishing sock0 again before other sockets and grabbing new test

#   Failed test 'Received well-formed test message'
#   at t/multiple_clients_with_death.t line 101.
#                   '{
#   'switches' => [],
#   'source' => 't/fake_t/05-test.t'
# }
# '
#     doesn't match '(?^:\s*\{
# \s*'source' => 't/fake_t/(\d+)-test\.t',
# \s*'switches' => \[\]
# \s*\})'
Use of uninitialized value $test_number in string eq at t/multiple_clients_with_death.t line 103, <GEN22> line 18.
Use of uninitialized value $test_number in string eq at t/multiple_clients_with_death.t line 103, <GEN22> line 18.
Use of uninitialized value $test_number in string eq at t/multiple_clients_with_death.t line 103, <GEN22> line 18.
Use of uninitialized value $_ in string eq at t/multiple_clients_with_death.t line 103, <GEN22> line 18.
Use of uninitialized value $test_number in string eq at t/multiple_clients_with_death.t line 103, <GEN22> line 18.
Use of uninitialized value $_ in string eq at t/multiple_clients_with_death.t line 103, <GEN22> line 18.
Use of uninitialized value $test_number in concatenation (.) or string at t/multiple_clients_with_death.t line 103, <GEN22> line 18.

#   Failed test 'Found new test: '
#   at t/multiple_clients_with_death.t line 103.
# (3) Finishing sock2 and grabbing new test
Use of uninitialized value $_ in string eq at t/multiple_clients_with_death.t line 103, <GEN24> line 12.
Use of uninitialized value $_ in string eq at t/multiple_clients_with_death.t line 103, <GEN24> line 12.
Use of uninitialized value $_ in string eq at t/multiple_clients_with_death.t line 103, <GEN24> line 12.
# (4) Closing sock1 prematurely
# (5) Finishing sock0 and grabbing new test

#   Failed test 'Received well-formed test message'
#   at t/multiple_clients_with_death.t line 101.
#                   '{
#   'switches' => [],
#   'source' => 't/fake_t/07-test.t'
# }
# '
#     doesn't match '(?^:\s*\{
# \s*'source' => 't/fake_t/(\d+)-test\.t',
# \s*'switches' => \[\]
# \s*\})'
Use of uninitialized value $test_number in string eq at t/multiple_clients_with_death.t line 103, <GEN22> line 24.
Use of uninitialized value $test_number in string eq at t/multiple_clients_with_death.t line 103, <GEN22> line 24.
Use of uninitialized value $test_number in string eq at t/multiple_clients_with_death.t line 103, <GEN22> line 24.
Use of uninitialized value $_ in string eq at t/multiple_clients_with_death.t line 103, <GEN22> line 24.
Use of uninitialized value $test_number in string eq at t/multiple_clients_with_death.t line 103, <GEN22> line 24.
Use of uninitialized value $_ in string eq at t/multiple_clients_with_death.t line 103, <GEN22> line 24.
Use of uninitialized value $test_number in string eq at t/multiple_clients_with_death.t line 103, <GEN22> line 24.
Use of uninitialized value $_ in string eq at t/multiple_clients_with_death.t line 103, <GEN22> line 24.
Use of uninitialized value $test_number in string eq at t/multiple_clients_with_death.t line 103, <GEN22> line 24.
Use of uninitialized value $test_number in concatenation (.) or string at t/multiple_clients_with_death.t line 103, <GEN22> line 24.

#   Failed test 'Found new test: '
#   at t/multiple_clients_with_death.t line 103.
# (6a) Finishing sock0 again and grabbing new test
Use of uninitialized value $_ in string eq at t/multiple_clients_with_death.t line 103, <GEN22> line 30.
Use of uninitialized value $_ in string eq at t/multiple_clients_with_death.t line 103, <GEN22> line 30.
Use of uninitialized value $_ in string eq at t/multiple_clients_with_death.t line 103, <GEN22> line 30.
Use of uninitialized value $_ in string eq at t/multiple_clients_with_death.t line 103, <GEN22> line 30.
# (7) Finishing sock2 and grabbing new test
Use of uninitialized value $_ in string eq at t/multiple_clients_with_death.t line 103, <GEN24> line 18.
Use of uninitialized value $_ in string eq at t/multiple_clients_with_death.t line 103, <GEN24> line 18.
Use of uninitialized value $_ in string eq at t/multiple_clients_with_death.t line 103, <GEN24> line 18.
Use of uninitialized value $_ in string eq at t/multiple_clients_with_death.t line 103, <GEN24> line 18.
# (8) Finishing sock0 and grabbing new test
Use of uninitialized value $_ in string eq at t/multiple_clients_with_death.t line 103, <GEN22> line 36.
Use of uninitialized value $_ in string eq at t/multiple_clients_with_death.t line 103, <GEN22> line 36.
Use of uninitialized value $_ in string eq at t/multiple_clients_with_death.t line 103, <GEN22> line 36.
Use of uninitialized value $_ in string eq at t/multiple_clients_with_death.t line 103, <GEN22> line 36.
# (9) Wrapping up all sockets

#   Failed test 'Received well-formed test message'
#   at t/multiple_clients_with_death.t line 101.
#                   '{
#   'switches' => [],
#   'source' => 't/fake_t/01-test.t'
# }
# '
#     doesn't match '(?^:\s*\{
# \s*'source' => 't/fake_t/(\d+)-test\.t',
# \s*'switches' => \[\]
# \s*\})'
Use of uninitialized value $test_number in concatenation (.) or string at t/multiple_clients_with_death.t line 103, <GEN60> line 6.

#   Failed test 'Received well-formed test message'
#   at t/multiple_clients_with_death.t line 101.
#                   '{
#   'switches' => [],
#   'source' => 't/fake_t/02-test.t'
# }
# '
#     doesn't match '(?^:\s*\{
# \s*'source' => 't/fake_t/(\d+)-test\.t',
# \s*'switches' => \[\]
# \s*\})'
Use of uninitialized value $test_number in string eq at t/multiple_clients_with_death.t line 103, <GEN61> line 6.
Use of uninitialized value $_ in string eq at t/multiple_clients_with_death.t line 103, <GEN61> line 6.
Use of uninitialized value $test_number in concatenation (.) or string at t/multiple_clients_with_death.t line 103, <GEN61> line 6.

#   Failed test 'Found new test: '
#   at t/multiple_clients_with_death.t line 103.

#   Failed test 'Received well-formed test message'
#   at t/multiple_clients_with_death.t line 101.
#                   '{
#   'switches' => [],
#   'source' => 't/fake_t/03-test.t'
# }
# '
#     doesn't match '(?^:\s*\{
# \s*'source' => 't/fake_t/(\d+)-test\.t',
# \s*'switches' => \[\]
# \s*\})'
Use of uninitialized value $test_number in string eq at t/multiple_clients_with_death.t line 103, <GEN62> line 6.
Use of uninitialized value $_ in string eq at t/multiple_clients_with_death.t line 103, <GEN62> line 6.
Use of uninitialized value $test_number in string eq at t/multiple_clients_with_death.t line 103, <GEN62> line 6.
Use of uninitialized value $_ in string eq at t/multiple_clients_with_death.t line 103, <GEN62> line 6.
Use of uninitialized value $test_number in concatenation (.) or string at t/multiple_clients_with_death.t line 103, <GEN62> line 6.

#   Failed test 'Found new test: '
#   at t/multiple_clients_with_death.t line 103.
# (1) Finishing sock0 and grabbing new test
Use of uninitialized value $_ in string eq at t/multiple_clients_with_death.t line 103, <GEN60> line 12.
Use of uninitialized value $_ in string eq at t/multiple_clients_with_death.t line 103, <GEN60> line 12.
Use of uninitialized value $_ in string eq at t/multiple_clients_with_death.t line 103, <GEN60> line 12.
# (2) Finishing sock0 again before other sockets and grabbing new test

#   Failed test 'Received well-formed test message'
#   at t/multiple_clients_with_death.t line 101.
#                   '{
#   'switches' => [],
#   'source' => 't/fake_t/05-test.t'
# }
# '
#     doesn't match '(?^:\s*\{
# \s*'source' => 't/fake_t/(\d+)-test\.t',
# \s*'switches' => \[\]
# \s*\})'
Use of uninitialized value $test_number in string eq at t/multiple_clients_with_death.t line 103, <GEN60> line 18.
Use of uninitialized value $_ in string eq at t/multiple_clients_with_death.t line 103, <GEN60> line 18.
Use of uninitialized value $test_number in string eq at t/multiple_clients_with_death.t line 103, <GEN60> line 18.
Use of uninitialized value $_ in string eq at t/multiple_clients_with_death.t line 103, <GEN60> line 18.
Use of uninitialized value $test_number in string eq at t/multiple_clients_with_death.t line 103, <GEN60> line 18.
Use of uninitialized value $_ in string eq at t/multiple_clients_with_death.t line 103, <GEN60> line 18.
Use of uninitialized value $test_number in string eq at t/multiple_clients_with_death.t line 103, <GEN60> line 18.
Use of uninitialized value $test_number in concatenation (.) or string at t/multiple_clients_with_death.t line 103, <GEN60> line 18.

#   Failed test 'Found new test: '
#   at t/multiple_clients_with_death.t line 103.
# (3) Finishing sock2 and grabbing new test
Use of uninitialized value $_ in string eq at t/multiple_clients_with_death.t line 103, <GEN62> line 12.
Use of uninitialized value $_ in string eq at t/multiple_clients_with_death.t line 103, <GEN62> line 12.
Use of uninitialized value $_ in string eq at t/multiple_clients_with_death.t line 103, <GEN62> line 12.
Use of uninitialized value $_ in string eq at t/multiple_clients_with_death.t line 103, <GEN62> line 12.
# (4) Closing sock1 prematurely
# (5) Finishing sock0 and grabbing new test

#   Failed test 'Received well-formed test message'
#   at t/multiple_clients_with_death.t line 101.
#                   '{
#   'switches' => [],
#   'source' => 't/fake_t/07-test.t'
# }
# '
#     doesn't match '(?^:\s*\{
# \s*'source' => 't/fake_t/(\d+)-test\.t',
# \s*'switches' => \[\]
# \s*\})'
Use of uninitialized value $test_number in string eq at t/multiple_clients_with_death.t line 103, <GEN60> line 24.
Use of uninitialized value $_ in string eq at t/multiple_clients_with_death.t line 103, <GEN60> line 24.
Use of uninitialized value $test_number in string eq at t/multiple_clients_with_death.t line 103, <GEN60> line 24.
Use of uninitialized value $_ in string eq at t/multiple_clients_with_death.t line 103, <GEN60> line 24.
Use of uninitialized value $test_number in string eq at t/multiple_clients_with_death.t line 103, <GEN60> line 24.
Use of uninitialized value $_ in string eq at t/multiple_clients_with_death.t line 103, <GEN60> line 24.
Use of uninitialized value $test_number in string eq at t/multiple_clients_with_death.t line 103, <GEN60> line 24.
Use of uninitialized value $test_number in string eq at t/multiple_clients_with_death.t line 103, <GEN60> line 24.
Use of uninitialized value $_ in string eq at t/multiple_clients_with_death.t line 103, <GEN60> line 24.
Use of uninitialized value $test_number in string eq at t/multiple_clients_with_death.t line 103, <GEN60> line 24.
Use of uninitialized value $test_number in concatenation (.) or string at t/multiple_clients_with_death.t line 103, <GEN60> line 24.

#   Failed test 'Found new test: '
#   at t/multiple_clients_with_death.t line 103.
# (6a) Finishing sock0 again and grabbing new test

#   Failed test 'Received well-formed test message'
#   at t/multiple_clients_with_death.t line 101.
#                   '{
#   'switches' => [],
#   'source' => 't/fake_t/08-test.t'
# }
# '
#     doesn't match '(?^:\s*\{
# \s*'source' => 't/fake_t/(\d+)-test\.t',
# \s*'switches' => \[\]
# \s*\})'
Use of uninitialized value $test_number in string eq at t/multiple_clients_with_death.t line 103, <GEN60> line 30.
Use of uninitialized value $_ in string eq at t/multiple_clients_with_death.t line 103, <GEN60> line 30.
Use of uninitialized value $test_number in string eq at t/multiple_clients_with_death.t line 103, <GEN60> line 30.
Use of uninitialized value $_ in string eq at t/multiple_clients_with_death.t line 103, <GEN60> line 30.
Use of uninitialized value $test_number in string eq at t/multiple_clients_with_death.t line 103, <GEN60> line 30.
Use of uninitialized value $_ in string eq at t/multiple_clients_with_death.t line 103, <GEN60> line 30.
Use of uninitialized value $test_number in string eq at t/multiple_clients_with_death.t line 103, <GEN60> line 30.
Use of uninitialized value $test_number in string eq at t/multiple_clients_with_death.t line 103, <GEN60> line 30.
Use of uninitialized value $_ in string eq at t/multiple_clients_with_death.t line 103, <GEN60> line 30.
Use of uninitialized value $test_number in string eq at t/multiple_clients_with_death.t line 103, <GEN60> line 30.
Use of uninitialized value $test_number in string eq at t/multiple_clients_with_death.t line 103, <GEN60> line 30.
Use of uninitialized value $_ in string eq at t/multiple_clients_with_death.t line 103, <GEN60> line 30.
Use of uninitialized value $test_number in concatenation (.) or string at t/multiple_clients_with_death.t line 103, <GEN60> line 30.

#   Failed test 'Found new test: '
#   at t/multiple_clients_with_death.t line 103.
# (7) Finishing sock2 and grabbing new test
Use of uninitialized value $_ in string eq at t/multiple_clients_with_death.t line 103, <GEN62> line 18.
Use of uninitialized value $_ in string eq at t/multiple_clients_with_death.t line 103, <GEN62> line 18.
Use of uninitialized value $_ in string eq at t/multiple_clients_with_death.t line 103, <GEN62> line 18.
Use of uninitialized value $_ in string eq at t/multiple_clients_with_death.t line 103, <GEN62> line 18.
Use of uninitialized value $_ in string eq at t/multiple_clients_with_death.t line 103, <GEN62> line 18.
Use of uninitialized value $_ in string eq at t/multiple_clients_with_death.t line 103, <GEN62> line 18.
# (8) Finishing sock0 and grabbing new test
Use of uninitialized value $_ in string eq at t/multiple_clients_with_death.t line 103, <GEN60> line 36.
Use of uninitialized value $_ in string eq at t/multiple_clients_with_death.t line 103, <GEN60> line 36.
Use of uninitialized value $_ in string eq at t/multiple_clients_with_death.t line 103, <GEN60> line 36.
Use of uninitialized value $_ in string eq at t/multiple_clients_with_death.t line 103, <GEN60> line 36.
Use of uninitialized value $_ in string eq at t/multiple_clients_with_death.t line 103, <GEN60> line 36.
Use of uninitialized value $_ in string eq at t/multiple_clients_with_death.t line 103, <GEN60> line 36.
# (9) Wrapping up all sockets

#   Failed test 'Received well-formed test message'
#   at t/multiple_clients_with_death.t line 101.
#                   '{
#   'switches' => [],
#   'source' => 't/fake_t/02-test.t'
# }
# '
#     doesn't match '(?^:\s*\{
# \s*'source' => 't/fake_t/(\d+)-test\.t',
# \s*'switches' => \[\]
# \s*\})'
Use of uninitialized value $test_number in string eq at t/multiple_clients_with_death.t line 103, <GEN133> line 6.
Use of uninitialized value $test_number in concatenation (.) or string at t/multiple_clients_with_death.t line 103, <GEN133> line 6.
Use of uninitialized value $_ in string eq at t/multiple_clients_with_death.t line 103, <GEN134> line 6.
# (1) Finishing sock0 and grabbing new test
Use of uninitialized value $_ in string eq at t/multiple_clients_with_death.t line 103, <GEN132> line 12.
# (2) Finishing sock0 again before other sockets and grabbing new test

#   Failed test 'Received well-formed test message'
#   at t/multiple_clients_with_death.t line 101.
#                   '{
#   'switches' => [],
#   'source' => 't/fake_t/05-test.t'
# }
# '
#     doesn't match '(?^:\s*\{
# \s*'source' => 't/fake_t/(\d+)-test\.t',
# \s*'switches' => \[\]
# \s*\})'
Use of uninitialized value $test_number in string eq at t/multiple_clients_with_death.t line 103, <GEN132> line 18.
Use of uninitialized value $test_number in string eq at t/multiple_clients_with_death.t line 103, <GEN132> line 18.
Use of uninitialized value $_ in string eq at t/multiple_clients_with_death.t line 103, <GEN132> line 18.
Use of uninitialized value $test_number in string eq at t/multiple_clients_with_death.t line 103, <GEN132> line 18.
Use of uninitialized value $test_number in string eq at t/multiple_clients_with_death.t line 103, <GEN132> line 18.
Use of uninitialized value $test_number in concatenation (.) or string at t/multiple_clients_with_death.t line 103, <GEN132> line 18.

#   Failed test 'Found new test: '
#   at t/multiple_clients_with_death.t line 103.
# (3) Finishing sock2 and grabbing new test

#   Failed test 'Received well-formed test message'
#   at t/multiple_clients_with_death.t line 101.
#                   '{
#   'switches' => [],
#   'source' => 't/fake_t/06-test.t'
# }
# '
#     doesn't match '(?^:\s*\{
# \s*'source' => 't/fake_t/(\d+)-test\.t',
# \s*'switches' => \[\]
# \s*\})'
Use of uninitialized value $test_number in string eq at t/multiple_clients_with_death.t line 103, <GEN134> line 12.
Use of uninitialized value $test_number in string eq at t/multiple_clients_with_death.t line 103, <GEN134> line 12.
Use of uninitialized value $_ in string eq at t/multiple_clients_with_death.t line 103, <GEN134> line 12.
Use of uninitialized value $test_number in string eq at t/multiple_clients_with_death.t line 103, <GEN134> line 12.
Use of uninitialized value $test_number in string eq at t/multiple_clients_with_death.t line 103, <GEN134> line 12.
Use of uninitialized value $test_number in string eq at t/multiple_clients_with_death.t line 103, <GEN134> line 12.
Use of uninitialized value $_ in string eq at t/multiple_clients_with_death.t line 103, <GEN134> line 12.
Use of uninitialized value $test_number in concatenation (.) or string at t/multiple_clients_with_death.t line 103, <GEN134> line 12.

#   Failed test 'Found new test: '
#   at t/multiple_clients_with_death.t line 103.
# (4) Closing sock1 prematurely
# (5) Finishing sock0 and grabbing new test

#   Failed test 'Received well-formed test message'
#   at t/multiple_clients_with_death.t line 101.
#                   '{
#   'switches' => [],
#   'source' => 't/fake_t/07-test.t'
# }
# '
#     doesn't match '(?^:\s*\{
# \s*'source' => 't/fake_t/(\d+)-test\.t',
# \s*'switches' => \[\]
# \s*\})'
Use of uninitialized value $test_number in string eq at t/multiple_clients_with_death.t line 103, <GEN132> line 24.
Use of uninitialized value $test_number in string eq at t/multiple_clients_with_death.t line 103, <GEN132> line 24.
Use of uninitialized value $_ in string eq at t/multiple_clients_with_death.t line 103, <GEN132> line 24.
Use of uninitialized value $test_number in string eq at t/multiple_clients_with_death.t line 103, <GEN132> line 24.
Use of uninitialized value $test_number in string eq at t/multiple_clients_with_death.t line 103, <GEN132> line 24.
Use of uninitialized value $test_number in string eq at t/multiple_clients_with_death.t line 103, <GEN132> line 24.
Use of uninitialized value $_ in string eq at t/multiple_clients_with_death.t line 103, <GEN132> line 24.
Use of uninitialized value $test_number in string eq at t/multiple_clients_with_death.t line 103, <GEN132> line 24.
Use of uninitialized value $_ in string eq at t/multiple_clients_with_death.t line 103, <GEN132> line 24.
Use of uninitialized value $test_number in concatenation (.) or string at t/multiple_clients_with_death.t line 103, <GEN132> line 24.

#   Failed test 'Found new test: '
#   at t/multiple_clients_with_death.t line 103.
# (6b) Closing all sockets

#   Failed test 'Received well-formed test message'
#   at t/multiple_clients_with_death.t line 101.
#                   '{
#   'switches' => [],
#   'source' => 't/fake_t/02-test.t'
# }
# '
#     doesn't match '(?^:\s*\{
# \s*'source' => 't/fake_t/(\d+)-test\.t',
# \s*'switches' => \[\]
# \s*\})'
Use of uninitialized value $test_number in string eq at t/multiple_clients_with_death.t line 103, <GEN170> line 6.
Use of uninitialized value $test_number in concatenation (.) or string at t/multiple_clients_with_death.t line 103, <GEN170> line 6.
Use of uninitialized value $_ in string eq at t/multiple_clients_with_death.t line 103, <GEN171> line 6.
# (1) Finishing sock0 and grabbing new test
Use of uninitialized value $_ in string eq at t/multiple_clients_with_death.t line 103, <GEN169> line 12.
# (2) Finishing sock0 again before other sockets and grabbing new test
Use of uninitialized value $_ in string eq at t/multiple_clients_with_death.t line 103, <GEN169> line 18.
# (3) Finishing sock2 and grabbing new test

#   Failed test 'Received well-formed test message'
#   at t/multiple_clients_with_death.t line 101.
#                   '{
#   'switches' => [],
#   'source' => 't/fake_t/06-test.t'
# }
# '
#     doesn't match '(?^:\s*\{
# \s*'source' => 't/fake_t/(\d+)-test\.t',
# \s*'switches' => \[\]
# \s*\})'
Use of uninitialized value $test_number in string eq at t/multiple_clients_with_death.t line 103, <GEN171> line 12.
Use of uninitialized value $test_number in string eq at t/multiple_clients_with_death.t line 103, <GEN171> line 12.
Use of uninitialized value $_ in string eq at t/multiple_clients_with_death.t line 103, <GEN171> line 12.
Use of uninitialized value $test_number in string eq at t/multiple_clients_with_death.t line 103, <GEN171> line 12.
Use of uninitialized value $test_number in string eq at t/multiple_clients_with_death.t line 103, <GEN171> line 12.
Use of uninitialized value $test_number in string eq at t/multiple_clients_with_death.t line 103, <GEN171> line 12.
Use of uninitialized value $test_number in concatenation (.) or string at t/multiple_clients_with_death.t line 103, <GEN171> line 12.

#   Failed test 'Found new test: '
#   at t/multiple_clients_with_death.t line 103.
# (4) Closing sock1 prematurely
# (5) Finishing sock0 and grabbing new test

#   Failed test 'Received well-formed test message'
#   at t/multiple_clients_with_death.t line 101.
#                   '{
#   'switches' => [],
#   'source' => 't/fake_t/07-test.t'
# }
# '
#     doesn't match '(?^:\s*\{
# \s*'source' => 't/fake_t/(\d+)-test\.t',
# \s*'switches' => \[\]
# \s*\})'
Use of uninitialized value $test_number in string eq at t/multiple_clients_with_death.t line 103, <GEN169> line 24.
Use of uninitialized value $test_number in string eq at t/multiple_clients_with_death.t line 103, <GEN169> line 24.
Use of uninitialized value $_ in string eq at t/multiple_clients_with_death.t line 103, <GEN169> line 24.
Use of uninitialized value $test_number in string eq at t/multiple_clients_with_death.t line 103, <GEN169> line 24.
Use of uninitialized value $test_number in string eq at t/multiple_clients_with_death.t line 103, <GEN169> line 24.
Use of uninitialized value $test_number in string eq at t/multiple_clients_with_death.t line 103, <GEN169> line 24.
Use of uninitialized value $test_number in string eq at t/multiple_clients_with_death.t line 103, <GEN169> line 24.
Use of uninitialized value $_ in string eq at t/multiple_clients_with_death.t line 103, <GEN169> line 24.
Use of uninitialized value $test_number in concatenation (.) or string at t/multiple_clients_with_death.t line 103, <GEN169> line 24.

#   Failed test 'Found new test: '
#   at t/multiple_clients_with_death.t line 103.
# (6b) Closing all sockets
# Looks like you failed 30 tests of 143.
t/multiple_clients_with_death.t .. 
Dubious, test returned 30 (wstat 7680, 0x1e00)
Failed 30/143 subtests 

#   Failed test 'Received test message for 01-test.t'
#   at t/single_client.t line 68.
#                   '{
#   'switches' => [],
#   'source' => 't/fake_t/01-test.t'
# }
# '
#     doesn't match '(?^:\s*\{
# \s*'source' => 't/fake_t/01-test.t',
# \s*'switches' => \[\]
# \s*\}
# )'

#   Failed test 'Received test message for 04-test.t'
#   at t/single_client.t line 68.
#                   '{
#   'switches' => [],
#   'source' => 't/fake_t/04-test.t'
# }
# '
#     doesn't match '(?^:\s*\{
# \s*'source' => 't/fake_t/04-test.t',
# \s*'switches' => \[\]
# \s*\}
# )'

#   Failed test 'Received test message for 05-test.t'
#   at t/single_client.t line 68.
#                   '{
#   'switches' => [],
#   'source' => 't/fake_t/05-test.t'
# }
# '
#     doesn't match '(?^:\s*\{
# \s*'source' => 't/fake_t/05-test.t',
# \s*'switches' => \[\]
# \s*\}
# )'

#   Failed test 'Received test message for 06-test.t'
#   at t/single_client.t line 68.
#                   '{
#   'switches' => [],
#   'source' => 't/fake_t/06-test.t'
# }
# '
#     doesn't match '(?^:\s*\{
# \s*'source' => 't/fake_t/06-test.t',
# \s*'switches' => \[\]
# \s*\}
# )'

#   Failed test 'Received test message for 07-test.t'
#   at t/single_client.t line 68.
#                   '{
#   'switches' => [],
#   'source' => 't/fake_t/07-test.t'
# }
# '
#     doesn't match '(?^:\s*\{
# \s*'source' => 't/fake_t/07-test.t',
# \s*'switches' => \[\]
# \s*\}
# )'

#   Failed test 'Received test message for 09-test.t'
#   at t/single_client.t line 68.
#                   '{
#   'switches' => [],
#   'source' => 't/fake_t/09-test.t'
# }
# '
#     doesn't match '(?^:\s*\{
# \s*'source' => 't/fake_t/09-test.t',
# \s*'switches' => \[\]
# \s*\}
# )'

#   Failed test 'Received test message for 03-test.t'
#   at t/single_client.t line 68.
#                   '{
#   'switches' => [],
#   'source' => 't/fake_t/03-test.t'
# }
# '
#     doesn't match '(?^:\s*\{
# \s*'source' => 't/fake_t/03-test.t',
# \s*'switches' => \[\]
# \s*\}
# )'

#   Failed test 'Received test message for 05-test.t'
#   at t/single_client.t line 68.
#                   '{
#   'switches' => [],
#   'source' => 't/fake_t/05-test.t'
# }
# '
#     doesn't match '(?^:\s*\{
# \s*'source' => 't/fake_t/05-test.t',
# \s*'switches' => \[\]
# \s*\}
# )'

#   Failed test 'Received test message for 08-test.t'
#   at t/single_client.t line 68.
#                   '{
#   'switches' => [],
#   'source' => 't/fake_t/08-test.t'
# }
# '
#     doesn't match '(?^:\s*\{
# \s*'source' => 't/fake_t/08-test.t',
# \s*'switches' => \[\]
# \s*\}
# )'

#   Failed test 'Received test message for 10-test.t'
#   at t/single_client.t line 68.
#                   '{
#   'switches' => [],
#   'source' => 't/fake_t/10-test.t'
# }
# '
#     doesn't match '(?^:\s*\{
# \s*'source' => 't/fake_t/10-test.t',
# \s*'switches' => \[\]
# \s*\}
# )'
# Looks like you failed 10 tests of 55.
t/single_client.t ................ 
Dubious, test returned 10 (wstat 2560, 0xa00)
Failed 10/55 subtests 
Can't exec "doesnt_exist": No such file or directory at /home/jmaslak/.cpan/build/App-Prove-Plugin-Cluster-0.02-ws0122/blib/lib/App/Prove/Plugin/ClusterSlave.pm line 67.
t/slave_startup_death.t .......... ok

Test Summary Report
-------------------
t/huge_data.t                  (Wstat: 512 Tests: 13 Failed: 2)
  Failed tests:  4, 10
  Non-zero exit status: 2
t/multiple_clients.t           (Wstat: 5120 Tests: 89 Failed: 20)
  Failed tests:  7, 10-11, 19-20, 22-23, 28-29, 31-32, 34-35
                66, 69-70, 72-73, 78-79
  Non-zero exit status: 20
t/multiple_clients_with_death.t (Wstat: 7680 Tests: 143 Failed: 30)
  Failed tests:  13, 16-17, 19-20, 25-26, 49, 52-53, 55-56
                61-62, 67-68, 70-71, 94, 103-104, 106-107
                109-110, 123, 135-136, 138-139
  Non-zero exit status: 30
t/single_client.t              (Wstat: 2560 Tests: 55 Failed: 10)
  Failed tests:  4, 10, 12, 14, 16, 20, 35, 39, 45, 49
  Non-zero exit status: 10
Files=15, Tests=314, 60 wallclock secs ( 0.07 usr  0.08 sys + 34.99 cusr  5.01 csys = 40.15 CPU)
Result: FAIL
Failed 4/15 test programs. 62/314 subtests failed.
make: *** [test_dynamic] Error 255

------------------------------
PREREQUISITES
------------------------------

Prerequisite modules loaded:

requires:

    Module              Need Have   
    ------------------- ---- -------
    Test::Harness       3.23 3.35   

build_requires:

    Module              Need Have   
    ------------------- ---- -------
    Test::Most          0.21 0.34   
    Try::Tiny           0.09 0.22   

configure_requires:

    Module              Need Have   
    ------------------- ---- -------
    ExtUtils::MakeMaker 6.31 7.04_01


------------------------------
ENVIRONMENT AND OTHER CONTEXT
------------------------------

Environment variables:

    AUTOMATED_TESTING = 1
    LANG = en_US.UTF-8
    NONINTERACTIVE_TESTING = 1
    PATH = /home/jmaslak/perl5/perlbrew/bin:/home/jmaslak/perl5/perlbrew/perls/perl-5.23.1/bin:/home/jmaslak/perltest/bin:/home/jmaslak/perltest/bin:/home/jmaslak/perltest/bin:/home/jmaslak/perl5/perlbrew/bin:/home/jmaslak/perl5/perlbrew/perls/perl-5.23.1/bin:/usr/local/bin:/usr/bin:/usr/local/sbin:/usr/sbin:/usr/sbin:~/perltest/bin
    PERL5LIB = 
    PERL5OPT = 
    PERL5_CPANPLUS_IS_RUNNING = 16811
    PERL5_CPAN_IS_RUNNING = 16811
    PERL5_CPAN_IS_RUNNING_IN_RECURSION = 13074,16811
    PERLBREW_BASHRC_VERSION = 0.73
    PERLBREW_HOME = /home/jmaslak/.perlbrew
    PERLBREW_LIB = 
    PERLBREW_MANPATH = /home/jmaslak/perl5/perlbrew/perls/perl-5.23.1/man
    PERLBREW_PATH = /home/jmaslak/perl5/perlbrew/bin:/home/jmaslak/perl5/perlbrew/perls/perl-5.23.1/bin
    PERLBREW_PERL = perl-5.23.1
    PERLBREW_ROOT = /home/jmaslak/perl5/perlbrew
    PERLBREW_VERSION = 0.73
    PERL_CR_SMOKER_CURRENT = App-Prove-Plugin-Cluster-0.02
    PERL_EXTUTILS_AUTOINSTALL = --defaultdeps
    PERL_LOCAL_LIB_ROOT = 
    PERL_MM_USE_DEFAULT = 1
    SHELL = /bin/bash
    TERM = screen

Perl special variables (and OS-specific diagnostics, for MSWin32):

    $^X = /home/jmaslak/perl5/perlbrew/perls/perl-5.23.1/bin/perl5.23.1
    $UID/$EUID = 1000 / 1000
    $GID = 1000 10 1000
    $EGID = 1000 10 1000

Perl module toolchain versions installed:

    Module              Have    
    ------------------- --------
    CPAN                2.11    
    CPAN::Meta          2.150005
    Cwd                 3.56    
    ExtUtils::CBuilder  0.280223
    ExtUtils::Command   1.20    
    ExtUtils::Install   2.04    
    ExtUtils::MakeMaker 7.04_01 
    ExtUtils::Manifest  1.70    
    ExtUtils::ParseXS   3.28    
    File::Spec          3.56    
    JSON                2.90    
    JSON::PP            2.27300 
    Module::Build       0.4214  
    Module::Signature   n/a     
    Parse::CPAN::Meta   1.4417  
    Test::Harness       3.35    
    Test::More          1.001014
    YAML                1.15    
    YAML::Syck          n/a     
    version             0.9909  


--

Summary of my perl5 (revision 5 version 23 subversion 1) configuration:
   
  Platform:
    osname=linux, osvers=4.1.0-x86_64-linode59, archname=x86_64-linux
    uname='linux cpantest.antelope.net 4.1.0-x86_64-linode59 #1 smp mon jun 22 10:39:23 edt 2015 x86_64 x86_64 x86_64 gnulinux '
    config_args='-de -Dprefix=/home/jmaslak/perl5/perlbrew/perls/perl-5.23.1 -Dusedevel -Aeval:scriptdir=/home/jmaslak/perl5/perlbrew/perls/perl-5.23.1/bin'
    hint=recommended, useposix=true, d_sigaction=define
    useithreads=undef, usemultiplicity=undef
    use64bitint=define, use64bitall=define, uselongdouble=undef
    usemymalloc=n, bincompat5005=undef
  Compiler:
    cc='cc', ccflags ='-fwrapv -fno-strict-aliasing -pipe -fstack-protector-strong -I/usr/local/include -D_LARGEFILE_SOURCE -D_FILE_OFFSET_BITS=64 -D_FORTIFY_SOURCE=2',
    optimize='-O2',
    cppflags='-fwrapv -fno-strict-aliasing -pipe -fstack-protector-strong -I/usr/local/include'
    ccversion='', gccversion='4.8.3 20140911 (Red Hat 4.8.3-9)', gccosandvers=''
    intsize=4, longsize=8, ptrsize=8, doublesize=8, byteorder=12345678, doublekind=3
    d_longlong=define, longlongsize=8, d_longdbl=define, longdblsize=16, longdblkind=3
    ivtype='long', ivsize=8, nvtype='double', nvsize=8, Off_t='off_t', lseeksize=8
    alignbytes=8, prototype=define
  Linker and Libraries:
    ld='cc', ldflags =' -fstack-protector-strong -L/usr/local/lib'
    libpth=/usr/local/lib /usr/lib /lib/../lib64 /usr/lib/../lib64 /lib /lib64 /usr/lib64 /usr/local/lib64
    libs=-lpthread -lnsl -ldl -lm -lcrypt -lutil -lc
    perllibs=-lpthread -lnsl -ldl -lm -lcrypt -lutil -lc
    libc=libc-2.17.so, so=so, useshrplib=false, libperl=libperl.a
    gnulibc_version='2.17'
  Dynamic Linking:
    dlsrc=dl_dlopen.xs, dlext=so, d_dlsymun=undef, ccdlflags='-Wl,-E'
    cccdlflags='-fPIC', lddlflags='-shared -O2 -L/usr/local/lib -fstack-protector-strong'


Characteristics of this binary (from libperl): 
  Compile-time options: HAS_TIMES PERLIO_LAYERS PERL_COPY_ON_WRITE
                        PERL_DONT_CREATE_GVSV
                        PERL_HASH_FUNC_ONE_AT_A_TIME_HARD PERL_MALLOC_WRAP
                        PERL_PRESERVE_IVUV PERL_USE_DEVEL USE_64_BIT_ALL
                        USE_64_BIT_INT USE_LARGE_FILES USE_LOCALE
                        USE_LOCALE_COLLATE USE_LOCALE_CTYPE
                        USE_LOCALE_NUMERIC USE_LOCALE_TIME USE_PERLIO
                        USE_PERL_ATOF
  Locally applied patches:
	Devel::PatchPerl 1.38
  Built under linux
  Compiled at Jul 26 2015 04:37:54
  %ENV:
    PERL5LIB=""
    PERL5OPT=""
    PERL5_CPANPLUS_IS_RUNNING="16811"
    PERL5_CPAN_IS_RUNNING="16811"
    PERL5_CPAN_IS_RUNNING_IN_RECURSION="13074,16811"
    PERLBREW_BASHRC_VERSION="0.73"
    PERLBREW_HOME="/home/jmaslak/.perlbrew"
    PERLBREW_LIB=""
    PERLBREW_MANPATH="/home/jmaslak/perl5/perlbrew/perls/perl-5.23.1/man"
    PERLBREW_PATH="/home/jmaslak/perl5/perlbrew/bin:/home/jmaslak/perl5/perlbrew/perls/perl-5.23.1/bin"
    PERLBREW_PERL="perl-5.23.1"
    PERLBREW_ROOT="/home/jmaslak/perl5/perlbrew"
    PERLBREW_VERSION="0.73"
    PERL_CR_SMOKER_CURRENT="App-Prove-Plugin-Cluster-0.02"
    PERL_EXTUTILS_AUTOINSTALL="--defaultdeps"
    PERL_LOCAL_LIB_ROOT=""
    PERL_MM_USE_DEFAULT="1"
  @INC:
    /home/jmaslak/perl5/perlbrew/perls/perl-5.23.1/lib/site_perl/5.23.1/x86_64-linux
    /home/jmaslak/perl5/perlbrew/perls/perl-5.23.1/lib/site_perl/5.23.1
    /home/jmaslak/perl5/perlbrew/perls/perl-5.23.1/lib/5.23.1/x86_64-linux
    /home/jmaslak/perl5/perlbrew/perls/perl-5.23.1/lib/5.23.1
    .