Report for App-CatalystStarter-Bloated-v0.9.3

Back
From: metabase:user:320bfe00-2aae-11df-837a-5e0a49663a4f
Subject: FAIL App-CatalystStarter-Bloated-v0.9.3 v5.22.1 GNU/Linux
Date: 2016-01-01T15:17:10Z

This distribution has been tested as part of the CPAN Testers
project, supporting the Perl programming language.  See
http://wiki.cpantesters.org/ for more information or email
questions to cpan-testers-discuss@perl.org


--
Dear Torbjorn Lindahl,

This is a computer-generated report for App-CatalystStarter-Bloated-v0.9.3
on perl 5.22.1, created by CPAN-Reporter-1.2015.

Thank you for uploading your work to CPAN.  However, there was a problem
testing your distribution.

If you think this report is invalid, please consult the CPAN Testers Wiki
for suggestions on how to avoid getting FAIL reports for missing library
or binary dependencies, unsupported operating systems, and so on:

http://wiki.cpantesters.org/wiki/CPANAuthorNotes

Sections of this report:

    * Tester comments
    * Program output
    * Prerequisites
    * Environment and other context

------------------------------
TESTER COMMENTS
------------------------------

Additional comments from tester:

this report is from an automated smoke testing program
and was not reviewed by a human for accuracy

------------------------------
PROGRAM OUTPUT
------------------------------

Output from './Build test':

t/00.load.t ........................ ok
2016/01/01 16:16:48 system call died. It definitely shouldn't have.
2016/01/01 16:16:48 command was: catalyst.pl TestCat6682249289
Error open (>) on '/tmp/RUcF1Y4RVv/TestCat6682249289/lib/TestCat6682249289/Controller/Foo.pm': No such file or directory at t/catalyst_path.t line 28.
# Tests were run but no plan was declared and done_testing() was not seen.
# Looks like your test exited with 2 just after 1.
t/catalyst_path.t .................. 
Dubious, test returned 2 (wstat 512, 0x200)
All 1 subtests passed 
t/complete_dsn_from_pgpass_data.t .. ok
2016/01/01 16:16:49 system call died. It definitely shouldn't have.
2016/01/01 16:16:49 command was: catalyst.pl TestCat6447817293
Error opendir on 'TestCat6447817293/script': No such file or directory at /tmp/loop_over_bdir-24005-QtESCy/App-CatalystStarter-Bloated-v0.9.3-eVfsdL/blib/lib/App/CatalystStarter/Bloated.pm line 81.
# Tests were run but no plan was declared and done_testing() was not seen.
# Looks like your test exited with 2 just after 1.
t/create_json.t .................... 
Dubious, test returned 2 (wstat 512, 0x200)
All 1 subtests passed 
2016/01/01 16:16:50 system call died. It definitely shouldn't have.
2016/01/01 16:16:50 command was: catalyst.pl TestCat6453124926
Error opendir on 'TestCat6453124926/script': No such file or directory at /tmp/loop_over_bdir-24005-QtESCy/App-CatalystStarter-Bloated-v0.9.3-eVfsdL/blib/lib/App/CatalystStarter/Bloated.pm line 81.
# Tests were run but no plan was declared and done_testing() was not seen.
# Looks like your test exited with 2 just after 1.
t/create_tt.t ...................... 
Dubious, test returned 2 (wstat 512, 0x200)
All 1 subtests passed 
2016/01/01 16:16:51 system call died. It definitely shouldn't have.
2016/01/01 16:16:51 command was: catalyst.pl TestCat63351016581
Error opendir on 'TestCat63351016581/script': No such file or directory at /tmp/loop_over_bdir-24005-QtESCy/App-CatalystStarter-Bloated-v0.9.3-eVfsdL/blib/lib/App/CatalystStarter/Bloated.pm line 81.
# Tests were run but no plan was declared and done_testing() was not seen.
# Looks like your test exited with 2 just after 1.
t/creater.t ........................ 
Dubious, test returned 2 (wstat 512, 0x200)
All 1 subtests passed 
t/dsn.t ............................ ok
t/finalize_argv.t .................. ok
t/fix_dbi_driver_case.t ............ ok
2016/01/01 16:16:53 system call died. It definitely shouldn't have.
2016/01/01 16:16:53 command was: catalyst.pl MyCatApp

#   Failed test 'create app without verbose'
#   at t/mk_app.t line 29.
# STDOUT is:
# To use the Catalyst development tools including catalyst.pl and the
# generated script/myapp_create.pl you need Catalyst::Helper, which is
# part of the Catalyst-Devel distribution. Please install this via a
# vendor package or by running one of -
# 
#   perl -MCPAN -e 'install Catalyst::Devel'
#   perl -MCPANPLUS -e 'install Catalyst::Devel'
# BEGIN failed--compilation aborted at /usr/bin/catalyst.pl line 24.
# 
# not:
# 
# as expected

#   Failed test 'test app created'
#   at t/mk_app.t line 32.
To use the Catalyst development tools including catalyst.pl and the
generated script/myapp_create.pl you need Catalyst::Helper, which is
part of the Catalyst-Devel distribution. Please install this via a
vendor package or by running one of -

  perl -MCPAN -e 'install Catalyst::Devel'
  perl -MCPANPLUS -e 'install Catalyst::Devel'
BEGIN failed--compilation aborted at /usr/bin/catalyst.pl line 24.
2016/01/01 16:16:53 system call died. It definitely shouldn't have.
2016/01/01 16:16:53 command was: catalyst.pl MyCatApp2

#   Failed test 'create app with verbose'
#   at t/mk_app.t line 41.
# STDOUT:
# 
# doesn't match:
# (?^:CatApp2)
# as expected

#   Failed test 'test app created'
#   at t/mk_app.t line 44.
# Looks like you failed 4 tests of 5.
t/mk_app.t ......................... 
Dubious, test returned 4 (wstat 1024, 0x400)
Failed 4/5 subtests 
t/pgpass.t ......................... ok
t/verify_json.t .................... ok
t/verify_root.t .................... ok
t/verify_tt.t ...................... ok

Test Summary Report
-------------------
t/catalyst_path.t                (Wstat: 512 Tests: 1 Failed: 0)
  Non-zero exit status: 2
  Parse errors: No plan found in TAP output
t/create_json.t                  (Wstat: 512 Tests: 1 Failed: 0)
  Non-zero exit status: 2
  Parse errors: No plan found in TAP output
t/create_tt.t                    (Wstat: 512 Tests: 1 Failed: 0)
  Non-zero exit status: 2
  Parse errors: No plan found in TAP output
t/creater.t                      (Wstat: 512 Tests: 1 Failed: 0)
  Non-zero exit status: 2
  Parse errors: No plan found in TAP output
t/mk_app.t                       (Wstat: 1024 Tests: 5 Failed: 4)
  Failed tests:  2-5
  Non-zero exit status: 4
Files=14, Tests=81, 10 wallclock secs ( 0.07 usr  0.12 sys +  6.06 cusr  1.22 csys =  7.47 CPU)
Result: FAIL
Failed 5/14 test programs. 4/81 subtests failed.

------------------------------
PREREQUISITES
------------------------------

Prerequisite modules loaded:

requires:

    Module               Need   Have    
    -------------------- ------ --------
    Archive::Zip         1.30   1.56    
    Capture::Tiny        0.23   0.30    
    Catalyst::View::JSON 0.30   0.36    
    Catalyst::View::TT   0.41   0.44    
    DBI                  1.63   1.634   
    File::ShareDir       1.03   1.102   
    File::Which          1.09   1.19    
    HTML::TreeBuilder    5.03   5.03    
    IO::All              0.53   0.86    
    List::MoreUtils      0.33   0.413   
    Log::Log4perl        1.42   1.46    
    Moose                2.1005 2.1604  
    namespace::autoclean 0.13   0.28    
    Path::Tiny           0.051  0.076   
    Test::FailWarnings   0.008  0.008   
    Test::File::ShareDir v0.3.1 1.001001
    Test::Most           0.31   0.34    
    Test::Output         1.02   1.03    
    Test::Perl::Critic   1.02   1.03    
    Test::Pod            1.48   1.51    
    Test::Pod::Coverage  1.08   1.10    
    utf8::all            0.011  0.017   

configure_requires:

    Module               Need   Have    
    -------------------- ------ --------
    Module::Build        0.42   0.4214  


------------------------------
ENVIRONMENT AND OTHER CONTEXT
------------------------------

Environment variables:

    AUTOMATED_TESTING = 1
    LANG = en_US.UTF-8
    LANGUAGE = en_US:en
    PATH = /home/sand/bin:/usr/local/bin:/usr/bin:/bin:/usr/games:/usr/local/perl/bin:/usr/X11/bin:/sbin:/usr/sbin
    PERL5LIB = 
    PERL5OPT = 
    PERL5_CPANPLUS_IS_RUNNING = 24006
    PERL5_CPAN_IS_RUNNING = 24006
    PERL_MM_USE_DEFAULT = 1
    SHELL = /usr/bin/zsh
    TERM = screen

Perl special variables (and OS-specific diagnostics, for MSWin32):

    $^X = /home/sand/src/perl/repoperls/installed-perls/perl/v5.22.1/8005/bin/perl
    $UID/$EUID = 1005 / 1005
    $GID = 1005 1005
    $EGID = 1005 1005

Perl module toolchain versions installed:

    Module              Have        
    ------------------- ------------
    CPAN                2.11        
    CPAN::Meta          2.150005    
    Cwd                 3.60        
    ExtUtils::CBuilder  0.280224    
    ExtUtils::Command   7.10        
    ExtUtils::Install   2.04        
    ExtUtils::MakeMaker 7.10        
    ExtUtils::Manifest  1.70        
    ExtUtils::ParseXS   3.28        
    File::Spec          3.60        
    JSON                2.90        
    JSON::PP            2.27300     
    Module::Build       0.4214      
    Module::Signature   n/a         
    Parse::CPAN::Meta   1.4417      
    Test::Harness       3.36        
    Test::More          1.302013_005
    YAML                1.15        
    YAML::Syck          1.29        
    version             0.9909      


--

Summary of my perl5 (revision 5 version 22 subversion 1) configuration:
  Commit id: 0ab152a1d10861997fe3e1b985cc92f142f4cec7
  Platform:
    osname=linux, osvers=4.3.0-1-amd64, archname=x86_64-linux-thread-multi
    uname='linux k83 4.3.0-1-amd64 #1 smp debian 4.3.3-2 (2015-12-17) x86_64 gnulinux '
    config_args='-Dprefix=/home/sand/src/perl/repoperls/installed-perls/perl/v5.22.1/8005 -Dmyhostname=k83 -Dinstallusrbinperl=n -Uversiononly -Dusedevel -des -Ui_db -Duseithreads -Uuselongdouble'
    hint=recommended, useposix=true, d_sigaction=define
    useithreads=define, usemultiplicity=define
    use64bitint=define, use64bitall=define, uselongdouble=undef
    usemymalloc=n, bincompat5005=undef
  Compiler:
    cc='cc', ccflags ='-D_REENTRANT -D_GNU_SOURCE -fwrapv -fno-strict-aliasing -pipe -fstack-protector-strong -I/usr/local/include -D_LARGEFILE_SOURCE -D_FILE_OFFSET_BITS=64',
    optimize='-O2',
    cppflags='-D_REENTRANT -D_GNU_SOURCE -fwrapv -fno-strict-aliasing -pipe -fstack-protector-strong -I/usr/local/include'
    ccversion='', gccversion='5.3.1 20151219', gccosandvers=''
    intsize=4, longsize=8, ptrsize=8, doublesize=8, byteorder=12345678, doublekind=3
    d_longlong=define, longlongsize=8, d_longdbl=define, longdblsize=16, longdblkind=3
    ivtype='long', ivsize=8, nvtype='double', nvsize=8, Off_t='off_t', lseeksize=8
    alignbytes=8, prototype=define
  Linker and Libraries:
    ld='cc', ldflags =' -fstack-protector-strong -L/usr/local/lib'
    libpth=/usr/local/lib /usr/lib/gcc/x86_64-linux-gnu/5/include-fixed /usr/include/x86_64-linux-gnu /usr/lib /lib/x86_64-linux-gnu /lib/../lib /usr/lib/x86_64-linux-gnu /usr/lib/../lib /lib
    libs=-lpthread -lnsl -lnm -lgdbm -ldb -ldl -lm -lcrypt -lutil -lc -lgdbm_compat
    perllibs=-lpthread -lnsl -lnm -ldl -lm -lcrypt -lutil -lc
    libc=libc-2.21.so, so=so, useshrplib=false, libperl=libperl.a
    gnulibc_version='2.21'
  Dynamic Linking:
    dlsrc=dl_dlopen.xs, dlext=so, d_dlsymun=undef, ccdlflags='-Wl,-E'
    cccdlflags='-fPIC', lddlflags='-shared -O2 -L/usr/local/lib -fstack-protector-strong'


Characteristics of this binary (from libperl): 
  Compile-time options: HAS_TIMES MULTIPLICITY PERLIO_LAYERS
                        PERL_DONT_CREATE_GVSV
                        PERL_HASH_FUNC_ONE_AT_A_TIME_HARD
                        PERL_IMPLICIT_CONTEXT PERL_MALLOC_WRAP
                        PERL_NEW_COPY_ON_WRITE PERL_PRESERVE_IVUV
                        PERL_USE_DEVEL USE_64_BIT_ALL USE_64_BIT_INT
                        USE_ITHREADS USE_LARGE_FILES USE_LOCALE
                        USE_LOCALE_COLLATE USE_LOCALE_CTYPE
                        USE_LOCALE_NUMERIC USE_LOCALE_TIME USE_PERLIO
                        USE_PERL_ATOF USE_REENTRANT_API
  Built under linux
  Compiled at Dec 29 2015 15:03:14
  %ENV:
    PERL5LIB=""
    PERL5OPT=""
    PERL5_CPANPLUS_IS_RUNNING="24006"
    PERL5_CPAN_IS_RUNNING="24006"
    PERL_MM_USE_DEFAULT="1"
  @INC:
    /home/sand/src/perl/repoperls/installed-perls/perl/v5.22.1/8005/lib/site_perl/5.22.1/x86_64-linux-thread-multi
    /home/sand/src/perl/repoperls/installed-perls/perl/v5.22.1/8005/lib/site_perl/5.22.1
    /home/sand/src/perl/repoperls/installed-perls/perl/v5.22.1/8005/lib/5.22.1/x86_64-linux-thread-multi
    /home/sand/src/perl/repoperls/installed-perls/perl/v5.22.1/8005/lib/5.22.1
    .