Back
From: metabase:user:322078bc-2aae-11df-837a-5e0a49663a4f
Subject: FAIL HTTP-Server-Simple-0.45_02 v5.12.2 FreeBSD
Date: 2012-05-21T18:13:55Z
This distribution has been tested as part of the CPAN Testers
project, supporting the Perl programming language. See
http://wiki.cpantesters.org/ for more information or email
questions to cpan-testers-discuss@perl.org
--
Dear JESSE,
This is a computer-generated error report created automatically by
CPANPLUS, version 0.9129. Testers personal comments may appear
at the end of this report.
Thank you for uploading your work to CPAN. However, it appears that
there were some problems testing your distribution.
TEST RESULTS:
Below is the error stack from stage 'make test':
PERL_DL_NONLAZY=1 /usr/home/cpan/pit/thr/perl-5.12.2/bin/perl "-MExtUtils::Command::MM" "-e" "test_harness(0, 'inc', 'blib/lib', 'blib/arch')" t/*.t
t/00signature.t .... ok
# Failed test 'use HTTP::Server::Simple;'
# at t/00smoke.t line 3.
# Tried to use 'HTTP::Server::Simple'.
# Error: Bareword "Socket::IN6ADDR_ANY" not allowed while "strict subs" in use at /usr/home/cpan/pit/thr/conf/perl-5.12.2/.cpanplus/5.12.2/build/HTTP-Server-Simple-0.45_02/blib/lib/HTTP/Server/Simple.pm line 718.
# Compilation failed in require at (eval 4) line 2.
# BEGIN failed--compilation aborted at (eval 4) line 2.
Attempt to reload HTTP/Server/Simple.pm aborted.
Compilation failed in require at /usr/home/cpan/pit/thr/conf/perl-5.12.2/.cpanplus/5.12.2/build/HTTP-Server-Simple-0.45_02/blib/lib/HTTP/Server/Simple/CGI/Environment.pm line 6.
BEGIN failed--compilation aborted at /usr/home/cpan/pit/thr/conf/perl-5.12.2/.cpanplus/5.12.2/build/HTTP-Server-Simple-0.45_02/blib/lib/HTTP/Server/Simple/CGI/Environment.pm line 6.
Compilation failed in require at (eval 10) line 2.
...propagated at /usr/home/cpan/pit/thr/perl-5.12.2/lib/5.12.2/base.pm line 94.
BEGIN failed--compilation aborted at /usr/home/cpan/pit/thr/conf/perl-5.12.2/.cpanplus/5.12.2/build/HTTP-Server-Simple-0.45_02/blib/lib/HTTP/Server/Simple/CGI.pm line 4.
Compilation failed in require at /usr/home/cpan/pit/thr/conf/perl-5.12.2/.cpanplus/5.12.2/build/HTTP-Server-Simple-0.45_02/blib/lib/HTTP/Server/Simple.pm line 141.
# Looks like you planned 8 tests but ran 2.
# Looks like you failed 1 test of 2 run.
# Looks like your test exited with 255 just after 2.
t/00smoke.t ........
Dubious, test returned 255 (wstat 65280, 0xff00)
Failed 7/8 subtests
Bareword "Socket::IN6ADDR_ANY" not allowed while "strict subs" in use at /usr/home/cpan/pit/thr/conf/perl-5.12.2/.cpanplus/5.12.2/build/HTTP-Server-Simple-0.45_02/blib/lib/HTTP/Server/Simple.pm line 718.
Compilation failed in require at t/01live.t line 13.
BEGIN failed--compilation aborted at t/01live.t line 13.
# Looks like your test exited with 255 before it could output anything.
t/01live.t .........
Dubious, test returned 255 (wstat 65280, 0xff00)
Failed 34/34 subtests
t/02pod.t .......... skipped: Test::Pod 1.14 required for testing POD
t/03podcoverage.t .. skipped: Test::Pod::Coverage 1.04 required for testing POD coverage
Bareword "Socket::IN6ADDR_ANY" not allowed while "strict subs" in use at /usr/home/cpan/pit/thr/conf/perl-5.12.2/.cpanplus/5.12.2/build/HTTP-Server-Simple-0.45_02/blib/lib/HTTP/Server/Simple.pm line 718.
Compilation failed in require at (eval 6) line 2.
...propagated at /usr/home/cpan/pit/thr/perl-5.12.2/lib/5.12.2/base.pm line 94.
BEGIN failed--compilation aborted at /usr/home/cpan/pit/thr/conf/perl-5.12.2/.cpanplus/5.12.2/build/HTTP-Server-Simple-0.45_02/blib/lib/HTTP/Server/Simple/CGI.pm line 4.
Compilation failed in require at (eval 5) line 2.
...propagated at /usr/home/cpan/pit/thr/perl-5.12.2/lib/5.12.2/base.pm line 94.
BEGIN failed--compilation aborted at t/04cgi.t line 183.
t/04cgi.t ..........
Dubious, test returned 255 (wstat 65280, 0xff00)
No subtests run
Test Summary Report
-------------------
t/00smoke.t (Wstat: 65280 Tests: 2 Failed: 1)
Failed test: 1
Non-zero exit status: 255
Parse errors: Bad plan. You planned 8 tests but ran 2.
t/01live.t (Wstat: 65280 Tests: 0 Failed: 0)
Non-zero exit status: 255
Parse errors: Bad plan. You planned 34 tests but ran 0.
t/04cgi.t (Wstat: 65280 Tests: 0 Failed: 0)
Non-zero exit status: 255
Parse errors: No plan found in TAP output
Files=6, Tests=3, 0 wallclock secs ( 0.02 usr 0.01 sys + 0.13 cusr 0.04 csys = 0.20 CPU)
Result: FAIL
Failed 3/6 test programs. 1/3 subtests failed.
*** Error code 255
Stop in /usr/home/cpan/pit/thr/conf/perl-5.12.2/.cpanplus/5.12.2/build/HTTP-Server-Simple-0.45_02.
PREREQUISITES:
Here is a list of prerequisites you specified and versions we
managed to load:
Module Name Have Want
CGI 3.49 0
ExtUtils::MakeMaker 6.62 6.36
Socket 1.87 0
Test::More 0.98 0
Perl module toolchain versions installed:
Module Name Have
CPANPLUS 0.9129
CPANPLUS::Dist::Build 0.62
Cwd 3.33
ExtUtils::CBuilder 0.280205
ExtUtils::Command 1.16
ExtUtils::Install 1.55
ExtUtils::MakeMaker 6.62
ExtUtils::Manifest 1.60
ExtUtils::ParseXS 3.15
File::Spec 3.33
Module::Build 0.40
Test::Harness 3.23
Test::More 0.98
version 0.99
******************************** NOTE ********************************
The comments above are created mechanically, possibly without manual
checking by the sender. As there are many people performing automatic
tests on each upload to CPAN, it is likely that you will receive
identical messages about the same problem.
If you believe that the message is mistaken, please reply to the first
one with correction and/or additional informations, and do not take
it personally. We appreciate your patience. :)
**********************************************************************
Additional comments:
This report was machine-generated by CPANPLUS::Dist::YACSmoke 0.80.
Powered by minismokebox version 0.54
------------------------------
ENVIRONMENT AND OTHER CONTEXT
------------------------------
Environment variables:
AUTOMATED_TESTING = 1
PATH = /sbin:/bin:/usr/sbin:/usr/bin:/usr/games:/usr/local/sbin:/usr/local/bin:/home/cpan/bin
PERL5LIB = :/usr/home/cpan/pit/thr/conf/perl-5.12.2/.cpanplus/5.12.2/build/HTTP-Server-Simple-0.45_02/blib/lib:/usr/home/cpan/pit/thr/conf/perl-5.12.2/.cpanplus/5.12.2/build/HTTP-Server-Simple-0.45_02/blib/arch
PERL5_CPANPLUS_IS_RUNNING = 17417
PERL5_CPANPLUS_IS_VERSION = 0.9129
PERL5_MINISMOKEBOX = 0.54
PERL5_YACSMOKE_BASE = /usr/home/cpan/pit/thr/conf/perl-5.12.2
PERL_EXTUTILS_AUTOINSTALL = --defaultdeps
PERL_MM_USE_DEFAULT = 1
SHELL = /usr/local/bin/bash
TERM = screen
Perl special variables (and OS-specific diagnostics, for MSWin32):
Perl: $^X = /usr/home/cpan/pit/thr/perl-5.12.2/bin/perl
UID: $< = 1002
EUID: $> = 1002
GID: $( = 1002 1002
EGID: $) = 1002 1002
-------------------------------
--
Summary of my perl5 (revision 5 version 12 subversion 2) configuration:
Platform:
osname=freebsd, osvers=9.0-release, archname=amd64-freebsd-thread-multi
uname='freebsd fremen 9.0-release freebsd 9.0-release #0: tue jan 3 07:46:30 utc 2012 root@farrell.cse.buffalo.edu:usrobjusrsrcsysgeneric amd64 '
config_args='-des -Dprefix=/usr/home/cpan/pit/thr/perl-5.12.2 -Dusethreads'
hint=recommended, useposix=true, d_sigaction=define
useithreads=define, usemultiplicity=define
useperlio=define, d_sfio=undef, uselargefiles=define, usesocks=undef
use64bitint=define, use64bitall=define, uselongdouble=undef
usemymalloc=n, bincompat5005=undef
Compiler:
cc='cc', ccflags ='-DHAS_FPSETMASK -DHAS_FLOATINGPOINT_H -fno-strict-aliasing -pipe -fstack-protector -I/usr/local/include',
optimize='-O',
cppflags='-DHAS_FPSETMASK -DHAS_FLOATINGPOINT_H -fno-strict-aliasing -pipe -fstack-protector -I/usr/local/include'
ccversion='', gccversion='4.2.1 20070831 patched [FreeBSD]', gccosandvers=''
intsize=4, longsize=8, ptrsize=8, doublesize=8, byteorder=12345678
d_longlong=define, longlongsize=8, d_longdbl=define, longdblsize=16
ivtype='long', ivsize=8, nvtype='double', nvsize=8, Off_t='off_t', lseeksize=8
alignbytes=8, prototype=define
Linker and Libraries:
ld='cc', ldflags ='-pthread -Wl,-E -fstack-protector -L/usr/local/lib'
libpth=/usr/lib /usr/local/lib
libs=-lgdbm -lm -lcrypt
perllibs=-lm -lcrypt
libc=, so=so, useshrplib=false, libperl=libperl.a
gnulibc_version=''
Dynamic Linking:
dlsrc=dl_dlopen.xs, dlext=so, d_dlsymun=undef, ccdlflags=' '
cccdlflags='-DPIC -fPIC', lddlflags='-shared -L/usr/local/lib -fstack-protector'
Characteristics of this binary (from libperl):
Compile-time options: MULTIPLICITY PERL_DONT_CREATE_GVSV
PERL_IMPLICIT_CONTEXT PERL_MALLOC_WRAP USE_64_BIT_ALL
USE_64_BIT_INT USE_ITHREADS USE_LARGE_FILES
USE_PERLIO USE_PERL_ATOF USE_REENTRANT_API
Built under freebsd
Compiled at Jan 12 2012 00:21:24
%ENV:
PERL5LIB=":/usr/home/cpan/pit/thr/conf/perl-5.12.2/.cpanplus/5.12.2/build/HTTP-Server-Simple-0.45_02/blib/lib:/usr/home/cpan/pit/thr/conf/perl-5.12.2/.cpanplus/5.12.2/build/HTTP-Server-Simple-0.45_02/blib/arch"
PERL5_CPANPLUS_IS_RUNNING="17417"
PERL5_CPANPLUS_IS_VERSION="0.9129"
PERL5_MINISMOKEBOX="0.54"
PERL5_YACSMOKE_BASE="/usr/home/cpan/pit/thr/conf/perl-5.12.2"
PERL_EXTUTILS_AUTOINSTALL="--defaultdeps"
PERL_MM_USE_DEFAULT="1"
@INC:
/usr/home/cpan/pit/thr/conf/perl-5.12.2/.cpanplus/5.12.2/build/HTTP-Server-Simple-0.45_02/blib/lib
/usr/home/cpan/pit/thr/conf/perl-5.12.2/.cpanplus/5.12.2/build/HTTP-Server-Simple-0.45_02/blib/arch
/usr/home/cpan/pit/thr/perl-5.12.2/lib/site_perl/5.12.2/amd64-freebsd-thread-multi
/usr/home/cpan/pit/thr/perl-5.12.2/lib/site_perl/5.12.2
/usr/home/cpan/pit/thr/perl-5.12.2/lib/5.12.2/amd64-freebsd-thread-multi
/usr/home/cpan/pit/thr/perl-5.12.2/lib/5.12.2
.