Report for Perl-Tags-0.3

Back
From: metabase:user:320bfe00-2aae-11df-837a-5e0a49663a4f
Subject: FAIL Perl-Tags-0.3 v5.19.11 GNU/Linux
Date: 2014-04-27T20:44:28Z

This distribution has been tested as part of the CPAN Testers
project, supporting the Perl programming language.  See
http://wiki.cpantesters.org/ for more information or email
questions to cpan-testers-discuss@perl.org


--
Dear osfameron,

This is a computer-generated report for Perl-Tags-0.3
on perl 5.19.11, created by CPAN-Reporter-1.2011.

Thank you for uploading your work to CPAN.  However, there was a problem
testing your distribution.

If you think this report is invalid, please consult the CPAN Testers Wiki
for suggestions on how to avoid getting FAIL reports for missing library
or binary dependencies, unsupported operating systems, and so on:

http://wiki.cpantesters.org/wiki/CPANAuthorNotes

Sections of this report:

    * Tester comments
    * Program output
    * Prerequisites
    * Environment and other context

------------------------------
TESTER COMMENTS
------------------------------

Additional comments from tester:

this report is from an automated smoke testing program
and was not reviewed by a human for accuracy

------------------------------
PROGRAM OUTPUT
------------------------------

Output from '/usr/bin/make test':

PERL_DL_NONLAZY=1 /home/sand/src/perl/repoperls/installed-perls/perl/v5.19.11/a2da/bin/perl "-MExtUtils::Command::MM" "-MTest::Harness" "-e" "undef *Test::Harness::Switches; test_harness(0, 'inc', 'blib/lib', 'blib/arch')" t/00-load.t t/01_basic.t t/02_subclass.t t/03_exuberant.t t/04_ppi.t t/05_vim.t t/06_moose.t t/07_hybrid.t t/08_clean_output.t t/09_bin.t t/10_load_fatpacked.t
# Testing Perl::Tags 0.3, Perl 5.019011, /home/sand/src/perl/repoperls/installed-perls/perl/v5.19.11/a2da/bin/perl
t/00-load.t ............ ok
t/01_basic.t ........... ok
t/02_subclass.t ........ ok
t/03_exuberant.t ....... ok
t/04_ppi.t ............. ok
t/05_vim.t ............. ok
t/06_moose.t ........... ok
t/07_hybrid.t .......... ok
t/08_clean_output.t .... ok
    
    #   Failed test 'command successful'
    #   at t/09_bin.t line 12.
    
    #   Failed test 'Usage displayed as expected'
    #   at t/09_bin.t line 13.
    #                   ''
    #     doesn't match '(?^:Usage: perl-tags <options>)'
    
    #   Failed test 'No stderr'
    #   at t/09_bin.t line 14.
    #          got: 'Can't locate Module/Locate.pm in @INC (you may need to install the Module::Locate module) (@INC contains: /tmp/loop_over_bdir-26814-j6ah7p/Perl-Tags-0.3-BdO8z4/bin/../lib /tmp/loop_over_bdir-26814-j6ah7p/Perl-Tags-0.3-BdO8z4/inc /tmp/loop_over_bdir-26814-j6ah7p/Perl-Tags-0.3-BdO8z4/blib/lib /tmp/loop_over_bdir-26814-j6ah7p/Perl-Tags-0.3-BdO8z4/blib/arch /etc/perl /usr/local/lib/perl/5.18.2 /usr/local/share/perl/5.18.2 /usr/lib/perl5 /usr/share/perl5 /usr/lib/perl/5.18 /usr/share/perl/5.18 /usr/local/lib/site_perl .) at /tmp/loop_over_bdir-26814-j6ah7p/Perl-Tags-0.3-BdO8z4/bin/../lib/Perl/Tags/Tag.pm line 220.
    # BEGIN failed--compilation aborted at /tmp/loop_over_bdir-26814-j6ah7p/Perl-Tags-0.3-BdO8z4/bin/../lib/Perl/Tags/Tag.pm line 220.
    # Compilation failed in require at /tmp/loop_over_bdir-26814-j6ah7p/Perl-Tags-0.3-BdO8z4/bin/../lib/Perl/Tags.pm line 104.
    # BEGIN failed--compilation aborted at /tmp/loop_over_bdir-26814-j6ah7p/Perl-Tags-0.3-BdO8z4/bin/../lib/Perl/Tags.pm line 104.
    # Compilation failed in require at /tmp/loop_over_bdir-26814-j6ah7p/Perl-Tags-0.3-BdO8z4/bin/../lib/App/Perl/Tags.pm line 10.
    # BEGIN failed--compilation aborted at /tmp/loop_over_bdir-26814-j6ah7p/Perl-Tags-0.3-BdO8z4/bin/../lib/App/Perl/Tags.pm line 10.
    # Compilation failed in require at /tmp/loop_over_bdir-26814-j6ah7p/Perl-Tags-0.3-BdO8z4/t/../bin/perl-tags line 30.
    # BEGIN failed--compilation aborted at /tmp/loop_over_bdir-26814-j6ah7p/Perl-Tags-0.3-BdO8z4/t/../bin/perl-tags line 30.
    # '
    #     expected: ''
    
    #   Failed test 'command successful'
    #   at t/09_bin.t line 19.
    
    #   Failed test 'No stderr'
    #   at t/09_bin.t line 20.
    #          got: 'Can't locate Module/Locate.pm in @INC (you may need to install the Module::Locate module) (@INC contains: /tmp/loop_over_bdir-26814-j6ah7p/Perl-Tags-0.3-BdO8z4/bin/../lib /tmp/loop_over_bdir-26814-j6ah7p/Perl-Tags-0.3-BdO8z4/inc /tmp/loop_over_bdir-26814-j6ah7p/Perl-Tags-0.3-BdO8z4/blib/lib /tmp/loop_over_bdir-26814-j6ah7p/Perl-Tags-0.3-BdO8z4/blib/arch /etc/perl /usr/local/lib/perl/5.18.2 /usr/local/share/perl/5.18.2 /usr/lib/perl5 /usr/share/perl5 /usr/lib/perl/5.18 /usr/share/perl/5.18 /usr/local/lib/site_perl .) at /tmp/loop_over_bdir-26814-j6ah7p/Perl-Tags-0.3-BdO8z4/bin/../lib/Perl/Tags/Tag.pm line 220.
    # BEGIN failed--compilation aborted at /tmp/loop_over_bdir-26814-j6ah7p/Perl-Tags-0.3-BdO8z4/bin/../lib/Perl/Tags/Tag.pm line 220.
    # Compilation failed in require at /tmp/loop_over_bdir-26814-j6ah7p/Perl-Tags-0.3-BdO8z4/bin/../lib/Perl/Tags.pm line 104.
    # BEGIN failed--compilation aborted at /tmp/loop_over_bdir-26814-j6ah7p/Perl-Tags-0.3-BdO8z4/bin/../lib/Perl/Tags.pm line 104.
    # Compilation failed in require at /tmp/loop_over_bdir-26814-j6ah7p/Perl-Tags-0.3-BdO8z4/bin/../lib/App/Perl/Tags.pm line 10.
    # BEGIN failed--compilation aborted at /tmp/loop_over_bdir-26814-j6ah7p/Perl-Tags-0.3-BdO8z4/bin/../lib/App/Perl/Tags.pm line 10.
    # Compilation failed in require at /tmp/loop_over_bdir-26814-j6ah7p/Perl-Tags-0.3-BdO8z4/t/../bin/perl-tags line 30.
    # BEGIN failed--compilation aborted at /tmp/loop_over_bdir-26814-j6ah7p/Perl-Tags-0.3-BdO8z4/t/../bin/perl-tags line 30.
    # '
    #     expected: ''
    
    #   Failed test 'Version command as expected'
    #   at t/09_bin.t line 21.
    #                   ''
    #     doesn't match '(?^:perl-tags v. [0-9.]+ \(Perl Tags v. [0-9.]+\))'
    # Looks like you failed 6 tests of 6.

#   Failed test 'Command line ok'
#   at t/09_bin.t line 22.
# Looks like you failed 1 test of 2.
t/09_bin.t ............. 
Dubious, test returned 1 (wstat 256, 0x100)
Failed 1/2 subtests 
Useless use of a constant ("required fatpacked file") in void context at t/10_load_fatpacked.t line 7.
t/10_load_fatpacked.t .. ok

Test Summary Report
-------------------
t/09_bin.t           (Wstat: 256 Tests: 2 Failed: 1)
  Failed test:  1
  Non-zero exit status: 1
Files=11, Tests=64,  4 wallclock secs ( 0.04 usr  0.02 sys +  1.11 cusr  0.13 csys =  1.30 CPU)
Result: FAIL
Failed 1/11 test programs. 1/64 subtests failed.
make: *** [test_dynamic] Error 255

------------------------------
PREREQUISITES
------------------------------

Prerequisite modules loaded:

requires:

    Module              Need Have    
    ------------------- ---- --------
    Capture::Tiny       0    0.24    
    Data::Dumper        0    2.151   
    File::Find::Rule    0    0.33    
    File::Spec          0    3.47    
    File::Temp          0    0.2304  
    Module::Locate      0    1.79    
    Path::Tiny          0    0.052   
    PPI                 0    1.215   
    Test::Builder       0.42 1.001003
    Test::Exception     0    0.32    
    Test::LongString    0    0.15    
    Test::More          0.42 1.001003
    Test::Strict        0    0.23    

build_requires:

    Module              Need Have    
    ------------------- ---- --------
    Capture::Tiny       0    0.24    
    Data::Dumper        0    2.151   
    ExtUtils::MakeMaker 6.36 6.97_01 
    Test::Builder       0.42 1.001003
    Test::Exception     0    0.32    
    Test::LongString    0    0.15    
    Test::More          0.42 1.001003
    Test::Strict        0    0.23    

configure_requires:

    Module              Need Have    
    ------------------- ---- --------
    ExtUtils::MakeMaker 6.36 6.97_01 


------------------------------
ENVIRONMENT AND OTHER CONTEXT
------------------------------

Environment variables:

    AUTOMATED_TESTING = 1
    LANG = en_US.UTF-8
    LANGUAGE = en_US:en
    PATH = /usr/lib/ccache:/home/sand/bin:/usr/local/bin:/usr/bin:/bin:/usr/games:/usr/local/perl/bin:/usr/X11/bin:/sbin:/usr/sbin
    PERL5LIB = 
    PERL5OPT = 
    PERL5_CPANPLUS_IS_RUNNING = 26816
    PERL5_CPAN_IS_RUNNING = 26816
    PERL_MM_USE_DEFAULT = 1
    SHELL = /usr/bin/zsh
    TERM = screen

Perl special variables (and OS-specific diagnostics, for MSWin32):

    $^X = /home/sand/src/perl/repoperls/installed-perls/perl/v5.19.11/a2da/bin/perl
    $UID/$EUID = 1005 / 1005
    $GID = 1005 1005
    $EGID = 1005 1005

Perl module toolchain versions installed:

    Module              Have    
    ------------------- --------
    CPAN                2.05    
    CPAN::Meta          2.141170
    Cwd                 3.47    
    ExtUtils::CBuilder  0.280216
    ExtUtils::Command   1.18    
    ExtUtils::Install   1.67    
    ExtUtils::MakeMaker 6.97_01 
    ExtUtils::Manifest  1.63    
    ExtUtils::ParseXS   3.24    
    File::Spec          3.47    
    JSON                2.90    
    JSON::PP            2.27203 
    Module::Build       0.4205  
    Module::Signature   0.73    
    Parse::CPAN::Meta   1.4414  
    Test::Harness       3.30    
    Test::More          1.001003
    YAML                0.90    
    YAML::Syck          1.27    
    version             0.9908  


--

Summary of my perl5 (revision 5 version 19 subversion 11) configuration:
  Commit id: 09b22ff5e949c1b74e695a3ae0f8676cfb37be39
  Platform:
    osname=linux, osvers=3.13-1-amd64, archname=x86_64-linux-thread-multi-ld
    uname='linux k83 3.13-1-amd64 #1 smp debian 3.13.7-1 (2014-03-25) x86_64 gnulinux '
    config_args='-Dprefix=/home/sand/src/perl/repoperls/installed-perls/perl/v5.19.11/a2da -Dmyhostname=k83 -Dinstallusrbinperl=n -Uversiononly -Dusedevel -des -Ui_db -Duseithreads -Duselongdouble -DDEBUGGING=-g'
    hint=recommended, useposix=true, d_sigaction=define
    useithreads=define, usemultiplicity=define
    use64bitint=define, use64bitall=define, uselongdouble=define
    usemymalloc=n, bincompat5005=undef
  Compiler:
    cc='cc', ccflags ='-D_REENTRANT -D_GNU_SOURCE -fwrapv -fno-strict-aliasing -pipe -fstack-protector -I/usr/local/include -D_LARGEFILE_SOURCE -D_FILE_OFFSET_BITS=64',
    optimize='-O2 -g',
    cppflags='-D_REENTRANT -D_GNU_SOURCE -fwrapv -fno-strict-aliasing -pipe -fstack-protector -I/usr/local/include'
    ccversion='', gccversion='4.8.2', gccosandvers=''
    intsize=4, longsize=8, ptrsize=8, doublesize=8, byteorder=12345678
    d_longlong=define, longlongsize=8, d_longdbl=define, longdblsize=16
    ivtype='long', ivsize=8, nvtype='long double', nvsize=16, Off_t='off_t', lseeksize=8
    alignbytes=16, prototype=define
  Linker and Libraries:
    ld='cc', ldflags =' -fstack-protector -L/usr/local/lib'
    libpth=/usr/local/lib /usr/lib/gcc/x86_64-linux-gnu/4.8/include-fixed /usr/include/x86_64-linux-gnu /usr/lib /lib/x86_64-linux-gnu /lib/../lib /usr/lib/x86_64-linux-gnu /usr/lib/../lib /lib
    libs=-lnsl -lgdbm -ldb -ldl -lm -lcrypt -lutil -lpthread -lc -lgdbm_compat
    perllibs=-lnsl -ldl -lm -lcrypt -lutil -lpthread -lc
    libc=libc-2.18.so, so=so, useshrplib=false, libperl=libperl.a
    gnulibc_version='2.18'
  Dynamic Linking:
    dlsrc=dl_dlopen.xs, dlext=so, d_dlsymun=undef, ccdlflags='-Wl,-E'
    cccdlflags='-fPIC', lddlflags='-shared -O2 -g -L/usr/local/lib -fstack-protector'


Characteristics of this binary (from libperl): 
  Compile-time options: HAS_TIMES MULTIPLICITY PERLIO_LAYERS
                        PERL_DONT_CREATE_GVSV
                        PERL_HASH_FUNC_ONE_AT_A_TIME_HARD
                        PERL_IMPLICIT_CONTEXT PERL_MALLOC_WRAP
                        PERL_NEW_COPY_ON_WRITE PERL_PRESERVE_IVUV
                        PERL_USE_DEVEL USE_64_BIT_ALL USE_64_BIT_INT
                        USE_ITHREADS USE_LARGE_FILES USE_LOCALE
                        USE_LOCALE_COLLATE USE_LOCALE_CTYPE
                        USE_LOCALE_NUMERIC USE_LONG_DOUBLE USE_PERLIO
                        USE_PERL_ATOF USE_REENTRANT_API
  Built under linux
  Compiled at Apr 21 2014 06:00:38
  %ENV:
    PERL5LIB=""
    PERL5OPT=""
    PERL5_CPANPLUS_IS_RUNNING="26816"
    PERL5_CPAN_IS_RUNNING="26816"
    PERL_MM_USE_DEFAULT="1"
  @INC:
    /home/sand/src/perl/repoperls/installed-perls/perl/v5.19.11/a2da/lib/site_perl/5.19.11/x86_64-linux-thread-multi-ld
    /home/sand/src/perl/repoperls/installed-perls/perl/v5.19.11/a2da/lib/site_perl/5.19.11
    /home/sand/src/perl/repoperls/installed-perls/perl/v5.19.11/a2da/lib/5.19.11/x86_64-linux-thread-multi-ld
    /home/sand/src/perl/repoperls/installed-perls/perl/v5.19.11/a2da/lib/5.19.11
    .