Report for Reaction-0.002005

Back
From: metabase:user:314402c4-2aae-11df-837a-5e0a49663a4f
Subject: FAIL Reaction-0.002005 v5.22.2 FreeBSD
Date: 2016-09-03T20:33:52Z

This distribution has been tested as part of the CPAN Testers
project, supporting the Perl programming language.  See
http://wiki.cpantesters.org/ for more information or email
questions to cpan-testers-discuss@perl.org


--
Dear Justin Hunter,

This is a computer-generated report for Reaction-0.002005
on perl 5.22.2, created by CPAN-Reporter-1.2017.

Thank you for uploading your work to CPAN.  However, there was a problem
testing your distribution.

If you think this report is invalid, please consult the CPAN Testers Wiki
for suggestions on how to avoid getting FAIL reports for missing library
or binary dependencies, unsupported operating systems, and so on:

http://wiki.cpantesters.org/wiki/CPANAuthorNotes

Sections of this report:

    * Tester comments
    * Program output
    * Prerequisites
    * Environment and other context

------------------------------
TESTER COMMENTS
------------------------------

Additional comments from tester:

none provided

------------------------------
PROGRAM OUTPUT
------------------------------

Output from '/usr/bin/make test':

PERL_DL_NONLAZY=1 "/usr/perl5.22.2t/bin/perl" "-MExtUtils::Command::MM" "-MTest::Harness" "-e" "undef *Test::Harness::Switches; test_harness(0, 'inc', 'blib/lib', 'blib/arch')" t/00componentui_compiles.t t/01app.t t/04load_all.t t/05reflect_attr_from.t t/im_dbic.t t/ui_focus_stack.t t/ui_view.t t/ui_viewport.t t/uncheck_bool_field.t
Class::MOP::load_class is deprecated at /usr/perl5.22.2t/lib/site_perl/5.22.2/amd64-freebsd-thread-multi/Class/MOP.pm line 69.
	Class::MOP::load_class("ComponentUI::TestModel") called at /home/cpansand/.cpan/build/2016090321/Reaction-0.002005-eKiEh4/blib/lib/Catalyst/Model/Reaction/InterfaceModel/DBIC.pm line 24
	Catalyst::Model::Reaction::InterfaceModel::DBIC::COMPONENT("ComponentUI::Model::TestModel", "ComponentUI", HASH(0x4cd12660)) called at /home/cpansand/.cpan/build/2016090321/Catalyst-Runtime-5.90112-zUw6zS/blib/lib/Catalyst.pm line 3206
	eval {...} called at /home/cpansand/.cpan/build/2016090321/Catalyst-Runtime-5.90112-zUw6zS/blib/lib/Catalyst.pm line 3207
	Catalyst::setup_component("ComponentUI", "ComponentUI::Model::TestModel") called at /home/cpansand/.cpan/build/2016090321/Catalyst-Runtime-5.90112-zUw6zS/blib/lib/Catalyst.pm line 3184
	Catalyst::__ANON__() called at /home/cpansand/.cpan/build/2016090321/Catalyst-Runtime-5.90112-zUw6zS/blib/lib/Catalyst.pm line 3031
	Catalyst::setup_components("ComponentUI") called at /home/cpansand/.cpan/build/2016090321/Catalyst-Runtime-5.90112-zUw6zS/blib/lib/Catalyst.pm line 1426
	Catalyst::setup("ComponentUI") called at /home/cpansand/.cpan/build/2016090321/Reaction-0.002005-eKiEh4/blib/lib/ComponentUI.pm line 32
	require ComponentUI.pm called at t/00componentui_compiles.t line 7
	main::BEGIN() called at /home/cpansand/.cpan/build/2016090321/Reaction-0.002005-eKiEh4/blib/lib/ComponentUI.pm line 0
	eval {...} called at /home/cpansand/.cpan/build/2016090321/Reaction-0.002005-eKiEh4/blib/lib/ComponentUI.pm line 0
	eval 'package main;

#line 7 t/00componentui_compiles.t
use ComponentUI @{$args[0]};
1;
' called at /usr/perl5.22.2t/lib/site_perl/5.22.2/Test/More.pm line 1014
	Test::More::_eval("package main;\x{a}\x{a}#line 7 t/00componentui_compiles.t\x{a}use Compone"..., ARRAY(0x41d37810)) called at /usr/perl5.22.2t/lib/site_perl/5.22.2/Test/More.pm line 989
	Test::More::use_ok("ComponentUI") called at t/00componentui_compiles.t line 7
Class::MOP::load_class is deprecated at /usr/perl5.22.2t/lib/site_perl/5.22.2/amd64-freebsd-thread-multi/Class/MOP.pm line 69.
	Class::MOP::load_class("Reaction::InterfaceModel::Object") called at /home/cpansand/.cpan/build/2016090321/Reaction-0.002005-eKiEh4/blib/lib/Reaction/InterfaceModel/Reflector/DBIC.pm line 149
	Reaction::InterfaceModel::Reflector::DBIC::reflect_schema(Reaction::InterfaceModel::Reflector::DBIC=HASH(0x4e2134e0), "model_class", "ComponentUI::TestModel", "schema_class", "RTest::TestDB", "sources", ARRAY(0x4e0ae1e0)) called at /home/cpansand/.cpan/build/2016090321/Reaction-0.002005-eKiEh4/blib/lib/ComponentUI/TestModel.pm line 10
	require ComponentUI/TestModel.pm called at /usr/perl5.22.2t/lib/site_perl/5.22.2/Module/Runtime.pm line 317
	Module::Runtime::require_module("ComponentUI::TestModel") called at /usr/perl5.22.2t/lib/site_perl/5.22.2/Class/Load.pm line 174
	Class::Load::try {...} () called at /usr/perl5.22.2t/lib/site_perl/5.22.2/Try/Tiny.pm line 88
	eval {...} called at /usr/perl5.22.2t/lib/site_perl/5.22.2/Try/Tiny.pm line 83
	Try::Tiny::try(CODE(0x4cc84a50), Try::Tiny::Catch=REF(0x4cdf0630)) called at /usr/perl5.22.2t/lib/site_perl/5.22.2/Class/Load.pm line 180
	Class::Load::try_load_class("ComponentUI::TestModel", undef) called at /usr/perl5.22.2t/lib/site_perl/5.22.2/Class/Load.pm line 35
	Class::Load::load_class("ComponentUI::TestModel") called at /home/cpansand/.cpan/build/2016090321/Reaction-0.002005-eKiEh4/blib/lib/Catalyst/Model/Reaction/InterfaceModel/DBIC.pm line 24
	Catalyst::Model::Reaction::InterfaceModel::DBIC::COMPONENT("ComponentUI::Model::TestModel", "ComponentUI", HASH(0x4cd12660)) called at /home/cpansand/.cpan/build/2016090321/Catalyst-Runtime-5.90112-zUw6zS/blib/lib/Catalyst.pm line 3206
	eval {...} called at /home/cpansand/.cpan/build/2016090321/Catalyst-Runtime-5.90112-zUw6zS/blib/lib/Catalyst.pm line 3207
	Catalyst::setup_component("ComponentUI", "ComponentUI::Model::TestModel") called at /home/cpansand/.cpan/build/2016090321/Catalyst-Runtime-5.90112-zUw6zS/blib/lib/Catalyst.pm line 3184
	Catalyst::__ANON__() called at /home/cpansand/.cpan/build/2016090321/Catalyst-Runtime-5.90112-zUw6zS/blib/lib/Catalyst.pm line 3031
	Catalyst::setup_components("ComponentUI") called at /home/cpansand/.cpan/build/2016090321/Catalyst-Runtime-5.90112-zUw6zS/blib/lib/Catalyst.pm line 1426
	Catalyst::setup("ComponentUI") called at /home/cpansand/.cpan/build/2016090321/Reaction-0.002005-eKiEh4/blib/lib/ComponentUI.pm line 32
	require ComponentUI.pm called at t/00componentui_compiles.t line 7
	main::BEGIN() called at /home/cpansand/.cpan/build/2016090321/Reaction-0.002005-eKiEh4/blib/lib/ComponentUI/TestModel.pm line 0
	eval {...} called at /home/cpansand/.cpan/build/2016090321/Reaction-0.002005-eKiEh4/blib/lib/ComponentUI/TestModel.pm line 0
	eval 'package main;

#line 7 t/00componentui_compiles.t
use ComponentUI @{$args[0]};
1;
' called at /usr/perl5.22.2t/lib/site_perl/5.22.2/Test/More.pm line 1014
	Test::More::_eval("package main;\x{a}\x{a}#line 7 t/00componentui_compiles.t\x{a}use Compone"..., ARRAY(0x41d37810)) called at /usr/perl5.22.2t/lib/site_perl/5.22.2/Test/More.pm line 989
	Test::More::use_ok("ComponentUI") called at t/00componentui_compiles.t line 7
Class::MOP::load_class is deprecated at /usr/perl5.22.2t/lib/site_perl/5.22.2/amd64-freebsd-thread-multi/Class/MOP.pm line 69.
	Class::MOP::load_class("Reaction::InterfaceModel::Object") called at /home/cpansand/.cpan/build/2016090321/Reaction-0.002005-eKiEh4/blib/lib/Reaction/Class.pm line 123
	Reaction::Class::do_class_sub("Reaction::Class", "ComponentUI::TestModel::Foo", "ComponentUI::TestModel::Foo", "is", "Reaction::InterfaceModel::Object", "which", CODE(0x4e494b58)) called at /home/cpansand/.cpan/build/2016090321/Reaction-0.002005-eKiEh4/blib/lib/Reaction/Class.pm line 86
	Reaction::Class::("ComponentUI::TestModel::Foo", "is", "Reaction::InterfaceModel::Object", "which", CODE(0x4e494b58)) called at /home/cpansand/.cpan/build/2016090321/Reaction-0.002005-eKiEh4/blib/lib/ComponentUI/TestModel/Foo.pm line 8
	require ComponentUI/TestModel/Foo.pm called at /usr/perl5.22.2t/lib/site_perl/5.22.2/Module/Runtime.pm line 317
	Module::Runtime::require_module("ComponentUI::TestModel::Foo") called at /usr/perl5.22.2t/lib/site_perl/5.22.2/Class/Load.pm line 174
	Class::Load::try {...} () called at /usr/perl5.22.2t/lib/site_perl/5.22.2/Try/Tiny.pm line 88
	eval {...} called at /usr/perl5.22.2t/lib/site_perl/5.22.2/Try/Tiny.pm line 83
	Try::Tiny::try(CODE(0x4e4294e0), Try::Tiny::Catch=REF(0x4e3cc0d8)) called at /usr/perl5.22.2t/lib/site_perl/5.22.2/Class/Load.pm line 180
	Class::Load::try_load_class("ComponentUI::TestModel::Foo", undef) called at /usr/perl5.22.2t/lib/site_perl/5.22.2/Class/Load.pm line 35
	Class::Load::load_class("ComponentUI::TestModel::Foo") called at /home/cpansand/.cpan/build/2016090321/Reaction-0.002005-eKiEh4/blib/lib/Reaction/InterfaceModel/Reflector/DBIC.pm line 892
	eval {...} called at /home/cpansand/.cpan/build/2016090321/Reaction-0.002005-eKiEh4/blib/lib/Reaction/InterfaceModel/Reflector/DBIC.pm line 892
	Reaction::InterfaceModel::Reflector::DBIC::_maybe_load_class(Reaction::InterfaceModel::Reflector::DBIC=HASH(0x4e2134e0), "ComponentUI::TestModel::Foo") called at /home/cpansand/.cpan/build/2016090321/Reaction-0.002005-eKiEh4/blib/lib/Reaction/InterfaceModel/Reflector/DBIC.pm line 876
	Reaction::InterfaceModel::Reflector::DBIC::_load_or_create(Reaction::InterfaceModel::Reflector::DBIC=HASH(0x4e2134e0), "ComponentUI::TestModel::Foo", "superclasses", ARRAY(0x4e429e88)) called at /home/cpansand/.cpan/build/2016090321/Reaction-0.002005-eKiEh4/blib/lib/Reaction/InterfaceModel/Reflector/DBIC.pm line 448
	Reaction::InterfaceModel::Reflector::DBIC::reflect_source_object(Reaction::InterfaceModel::Reflector::DBIC=HASH(0x4e2134e0), "source_class", "RTest::TestDB::Foo", "schema_class", "RTest::TestDB", "parent_class", "ComponentUI::TestModel", "parent_domain_model_name", "_rtest_test_db_store", ...) called at /home/cpansand/.cpan/build/2016090321/Reaction-0.002005-eKiEh4/blib/lib/Reaction/InterfaceModel/Reflector/DBIC.pm line 323
	Reaction::InterfaceModel::Reflector::DBIC::reflect_source(Reaction::InterfaceModel::Reflector::DBIC=HASH(0x4e2134e0), "source_name", "Foo", "parent_class", "ComponentUI::TestModel", "schema_class", "RTest::TestDB", "source_class", "RTest::TestDB::Foo", ...) called at /home/cpansand/.cpan/build/2016090321/Reaction-0.002005-eKiEh4/blib/lib/Reaction/InterfaceModel/Reflector/DBIC.pm line 185
	Reaction::InterfaceModel::Reflector::DBIC::reflect_schema(Reaction::InterfaceModel::Reflector::DBIC=HASH(0x4e2134e0), "model_class", "ComponentUI::TestModel", "schema_class", "RTest::TestDB", "sources", ARRAY(0x4e0ae1e0)) called at /home/cpansand/.cpan/build/2016090321/Reaction-0.002005-eKiEh4/blib/lib/ComponentUI/TestModel.pm line 10
	require ComponentUI/TestModel.pm called at /usr/perl5.22.2t/lib/site_perl/5.22.2/Module/Runtime.pm line 317
	Module::Runtime::require_module("ComponentUI::TestModel") called at /usr/perl5.22.2t/lib/site_perl/5.22.2/Class/Load.pm line 174
	Class::Load::try {...} () called at /usr/perl5.22.2t/lib/site_perl/5.22.2/Try/Tiny.pm line 88
	eval {...} called at /usr/perl5.22.2t/lib/site_perl/5.22.2/Try/Tiny.pm line 83
	Try::Tiny::try(CODE(0x4cc84a50), Try::Tiny::Catch=REF(0x4cdf0630)) called at /usr/perl5.22.2t/lib/site_perl/5.22.2/Class/Load.pm line 180
	Class::Load::try_load_class("ComponentUI::TestModel", undef) called at /usr/perl5.22.2t/lib/site_perl/5.22.2/Class/Load.pm line 35
	Class::Load::load_class("ComponentUI::TestModel") called at /home/cpansand/.cpan/build/2016090321/Reaction-0.002005-eKiEh4/blib/lib/Catalyst/Model/Reaction/InterfaceModel/DBIC.pm line 24
	Catalyst::Model::Reaction::InterfaceModel::DBIC::COMPONENT("ComponentUI::Model::TestModel", "ComponentUI", HASH(0x4cd12660)) called at /home/cpansand/.cpan/build/2016090321/Catalyst-Runtime-5.90112-zUw6zS/blib/lib/Catalyst.pm line 3206
	eval {...} called at /home/cpansand/.cpan/build/2016090321/Catalyst-Runtime-5.90112-zUw6zS/blib/lib/Catalyst.pm line 3207
	Catalyst::setup_component("ComponentUI", "ComponentUI::Model::TestModel") called at /home/cpansand/.cpan/build/2016090321/Catalyst-Runtime-5.90112-zUw6zS/blib/lib/Catalyst.pm line 3184
	Catalyst::__ANON__() called at /home/cpansand/.cpan/build/2016090321/Catalyst-Runtime-5.90112-zUw6zS/blib/lib/Catalyst.pm line 3031
	Catalyst::setup_components("ComponentUI") called at /home/cpansand/.cpan/build/2016090321/Catalyst-Runtime-5.90112-zUw6zS/blib/lib/Catalyst.pm line 1426
	Catalyst::setup("ComponentUI") called at /home/cpansand/.cpan/build/2016090321/Reaction-0.002005-eKiEh4/blib/lib/ComponentUI.pm line 32
	require ComponentUI.pm called at t/00componentui_compiles.t line 7
	main::BEGIN() called at /home/cpansand/.cpan/build/2016090321/Reaction-0.002005-eKiEh4/blib/lib/ComponentUI/TestModel/Foo.pm line 0
	eval {...} called at /home/cpansand/.cpan/build/2016090321/Reaction-0.002005-eKiEh4/blib/lib/ComponentUI/TestModel/Foo.pm line 0
	eval 'package main;

#line 7 t/00componentui_compiles.t
use ComponentUI @{$args[0]};
1;
' called at /usr/perl5.22.2t/lib/site_perl/5.22.2/Test/More.pm line 1014
	Test::More::_eval("package main;\x{a}\x{a}#line 7 t/00componentui_compiles.t\x{a}use Compone"..., ARRAY(0x41d37810)) called at /usr/perl5.22.2t/lib/site_perl/5.22.2/Test/More.pm line 989
	Test::More::use_ok("ComponentUI") called at t/00componentui_compiles.t line 7
t/00componentui_compiles.t .. ok
Class::MOP::load_class is deprecated at /usr/perl5.22.2t/lib/site_perl/5.22.2/amd64-freebsd-thread-multi/Class/MOP.pm line 69.
	Class::MOP::load_class("ComponentUI::TestModel") called at /home/cpansand/.cpan/build/2016090321/Reaction-0.002005-eKiEh4/blib/lib/Catalyst/Model/Reaction/InterfaceModel/DBIC.pm line 24
	Catalyst::Model::Reaction::InterfaceModel::DBIC::COMPONENT("ComponentUI::Model::TestModel", "ComponentUI", HASH(0x4d174d38)) called at /home/cpansand/.cpan/build/2016090321/Catalyst-Runtime-5.90112-zUw6zS/blib/lib/Catalyst.pm line 3206
	eval {...} called at /home/cpansand/.cpan/build/2016090321/Catalyst-Runtime-5.90112-zUw6zS/blib/lib/Catalyst.pm line 3207
	Catalyst::setup_component("ComponentUI", "ComponentUI::Model::TestModel") called at /home/cpansand/.cpan/build/2016090321/Catalyst-Runtime-5.90112-zUw6zS/blib/lib/Catalyst.pm line 3184
	Catalyst::__ANON__() called at /home/cpansand/.cpan/build/2016090321/Catalyst-Runtime-5.90112-zUw6zS/blib/lib/Catalyst.pm line 3031
	Catalyst::setup_components("ComponentUI") called at /home/cpansand/.cpan/build/2016090321/Catalyst-Runtime-5.90112-zUw6zS/blib/lib/Catalyst.pm line 1426
	Catalyst::setup("ComponentUI") called at /home/cpansand/.cpan/build/2016090321/Reaction-0.002005-eKiEh4/blib/lib/ComponentUI.pm line 32
	require ComponentUI.pm called at /usr/perl5.22.2t/lib/site_perl/5.22.2/Module/Runtime.pm line 317
	Module::Runtime::require_module("ComponentUI") called at /usr/perl5.22.2t/lib/site_perl/5.22.2/Class/Load.pm line 174
	Class::Load::try {...} () called at /usr/perl5.22.2t/lib/site_perl/5.22.2/Try/Tiny.pm line 88
	eval {...} called at /usr/perl5.22.2t/lib/site_perl/5.22.2/Try/Tiny.pm line 83
	Try::Tiny::try(CODE(0x450c0498), Try::Tiny::Catch=REF(0x450bf078)) called at /usr/perl5.22.2t/lib/site_perl/5.22.2/Class/Load.pm line 180
	Class::Load::try_load_class("ComponentUI", undef) called at /usr/perl5.22.2t/lib/site_perl/5.22.2/Class/Load.pm line 35
	Class::Load::load_class("ComponentUI") called at /home/cpansand/.cpan/build/2016090321/Catalyst-Runtime-5.90112-zUw6zS/blib/lib/Catalyst/Test.pm line 29
	Catalyst::Test::_build_request_export("Catalyst::Test", HASH(0x41d11f48)) called at /home/cpansand/.cpan/build/2016090321/Catalyst-Runtime-5.90112-zUw6zS/blib/lib/Catalyst/Test.pm line 95
	Catalyst::Test::__ANON__("Catalyst::Test", "all", HASH(0x41d11f18), HASH(0x41d11c90)) called at /usr/perl5.22.2t/lib/site_perl/5.22.2/Sub/Exporter.pm line 108
	Sub::Exporter::_expand_group("Catalyst::Test", HASH(0x4616ec60), ARRAY(0x41d11c78), HASH(0x41d11c90), HASH(0x41d11f78), HASH(0x41fc2630)) called at /usr/perl5.22.2t/lib/site_perl/5.22.2/Sub/Exporter.pm line 39
	Sub::Exporter::_expand_groups("Catalyst::Test", HASH(0x4616ec60), ARRAY(0x461e64c8), HASH(0x41d11c90)) called at /usr/perl5.22.2t/lib/site_perl/5.22.2/Sub/Exporter.pm line 323
	Sub::Exporter::__ANON__("Catalyst::Test", "-all", HASH(0x41d11a08)) called at /home/cpansand/.cpan/build/2016090321/Catalyst-Runtime-5.90112-zUw6zS/blib/lib/Catalyst/Test.pm line 155
	Catalyst::Test::import("Catalyst::Test", "ComponentUI") called at t/01app.t line 7
	main::BEGIN() called at /home/cpansand/.cpan/build/2016090321/Reaction-0.002005-eKiEh4/blib/lib/ComponentUI.pm line 0
	eval {...} called at /home/cpansand/.cpan/build/2016090321/Reaction-0.002005-eKiEh4/blib/lib/ComponentUI.pm line 0
	eval 'package main;

#line 7 t/01app.t
use Catalyst::Test @{$args[0]};
1;
' called at /usr/perl5.22.2t/lib/site_perl/5.22.2/Test/More.pm line 1014
	Test::More::_eval("package main;\x{a}\x{a}#line 7 t/01app.t\x{a}use Catalyst::Test \@{\$args[0"..., ARRAY(0x41d3e810)) called at /usr/perl5.22.2t/lib/site_perl/5.22.2/Test/More.pm line 989
	Test::More::use_ok("Catalyst::Test", "ComponentUI") called at t/01app.t line 7
	main::BEGIN() called at /home/cpansand/.cpan/build/2016090321/Reaction-0.002005-eKiEh4/blib/lib/ComponentUI.pm line 0
	eval {...} called at /home/cpansand/.cpan/build/2016090321/Reaction-0.002005-eKiEh4/blib/lib/ComponentUI.pm line 0
Class::MOP::load_class is deprecated at /usr/perl5.22.2t/lib/site_perl/5.22.2/amd64-freebsd-thread-multi/Class/MOP.pm line 69.
	Class::MOP::load_class("Reaction::InterfaceModel::Object") called at /home/cpansand/.cpan/build/2016090321/Reaction-0.002005-eKiEh4/blib/lib/Reaction/InterfaceModel/Reflector/DBIC.pm line 149
	Reaction::InterfaceModel::Reflector::DBIC::reflect_schema(Reaction::InterfaceModel::Reflector::DBIC=HASH(0x4e628588), "model_class", "ComponentUI::TestModel", "schema_class", "RTest::TestDB", "sources", ARRAY(0x4e62c528)) called at /home/cpansand/.cpan/build/2016090321/Reaction-0.002005-eKiEh4/blib/lib/ComponentUI/TestModel.pm line 10
	require ComponentUI/TestModel.pm called at /usr/perl5.22.2t/lib/site_perl/5.22.2/Module/Runtime.pm line 317
	Module::Runtime::require_module("ComponentUI::TestModel") called at /usr/perl5.22.2t/lib/site_perl/5.22.2/Class/Load.pm line 174
	Class::Load::try {...} () called at /usr/perl5.22.2t/lib/site_perl/5.22.2/Try/Tiny.pm line 88
	eval {...} called at /usr/perl5.22.2t/lib/site_perl/5.22.2/Try/Tiny.pm line 83
	Try::Tiny::try(CODE(0x4d133e58), Try::Tiny::Catch=REF(0x4d195e70)) called at /usr/perl5.22.2t/lib/site_perl/5.22.2/Class/Load.pm line 180
	Class::Load::try_load_class("ComponentUI::TestModel", undef) called at /usr/perl5.22.2t/lib/site_perl/5.22.2/Class/Load.pm line 35
	Class::Load::load_class("ComponentUI::TestModel") called at /home/cpansand/.cpan/build/2016090321/Reaction-0.002005-eKiEh4/blib/lib/Catalyst/Model/Reaction/InterfaceModel/DBIC.pm line 24
	Catalyst::Model::Reaction::InterfaceModel::DBIC::COMPONENT("ComponentUI::Model::TestModel", "ComponentUI", HASH(0x4d174d38)) called at /home/cpansand/.cpan/build/2016090321/Catalyst-Runtime-5.90112-zUw6zS/blib/lib/Catalyst.pm line 3206
	eval {...} called at /home/cpansand/.cpan/build/2016090321/Catalyst-Runtime-5.90112-zUw6zS/blib/lib/Catalyst.pm line 3207
	Catalyst::setup_component("ComponentUI", "ComponentUI::Model::TestModel") called at /home/cpansand/.cpan/build/2016090321/Catalyst-Runtime-5.90112-zUw6zS/blib/lib/Catalyst.pm line 3184
	Catalyst::__ANON__() called at /home/cpansand/.cpan/build/2016090321/Catalyst-Runtime-5.90112-zUw6zS/blib/lib/Catalyst.pm line 3031
	Catalyst::setup_components("ComponentUI") called at /home/cpansand/.cpan/build/2016090321/Catalyst-Runtime-5.90112-zUw6zS/blib/lib/Catalyst.pm line 1426
	Catalyst::setup("ComponentUI") called at /home/cpansand/.cpan/build/2016090321/Reaction-0.002005-eKiEh4/blib/lib/ComponentUI.pm line 32
	require ComponentUI.pm called at /usr/perl5.22.2t/lib/site_perl/5.22.2/Module/Runtime.pm line 317
	Module::Runtime::require_module("ComponentUI") called at /usr/perl5.22.2t/lib/site_perl/5.22.2/Class/Load.pm line 174
	Class::Load::try {...} () called at /usr/perl5.22.2t/lib/site_perl/5.22.2/Try/Tiny.pm line 88
	eval {...} called at /usr/perl5.22.2t/lib/site_perl/5.22.2/Try/Tiny.pm line 83
	Try::Tiny::try(CODE(0x450c0498), Try::Tiny::Catch=REF(0x450bf078)) called at /usr/perl5.22.2t/lib/site_perl/5.22.2/Class/Load.pm line 180
	Class::Load::try_load_class("ComponentUI", undef) called at /usr/perl5.22.2t/lib/site_perl/5.22.2/Class/Load.pm line 35
	Class::Load::load_class("ComponentUI") called at /home/cpansand/.cpan/build/2016090321/Catalyst-Runtime-5.90112-zUw6zS/blib/lib/Catalyst/Test.pm line 29
	Catalyst::Test::_build_request_export("Catalyst::Test", HASH(0x41d11f48)) called at /home/cpansand/.cpan/build/2016090321/Catalyst-Runtime-5.90112-zUw6zS/blib/lib/Catalyst/Test.pm line 95
	Catalyst::Test::__ANON__("Catalyst::Test", "all", HASH(0x41d11f18), HASH(0x41d11c90)) called at /usr/perl5.22.2t/lib/site_perl/5.22.2/Sub/Exporter.pm line 108
	Sub::Exporter::_expand_group("Catalyst::Test", HASH(0x4616ec60), ARRAY(0x41d11c78), HASH(0x41d11c90), HASH(0x41d11f78), HASH(0x41fc2630)) called at /usr/perl5.22.2t/lib/site_perl/5.22.2/Sub/Exporter.pm line 39
	Sub::Exporter::_expand_groups("Catalyst::Test", HASH(0x4616ec60), ARRAY(0x461e64c8), HASH(0x41d11c90)) called at /usr/perl5.22.2t/lib/site_perl/5.22.2/Sub/Exporter.pm line 323
	Sub::Exporter::__ANON__("Catalyst::Test", "-all", HASH(0x41d11a08)) called at /home/cpansand/.cpan/build/2016090321/Catalyst-Runtime-5.90112-zUw6zS/blib/lib/Catalyst/Test.pm line 155
	Catalyst::Test::import("Catalyst::Test", "ComponentUI") called at t/01app.t line 7
	main::BEGIN() called at /home/cpansand/.cpan/build/2016090321/Reaction-0.002005-eKiEh4/blib/lib/ComponentUI/TestModel.pm line 0
	eval {...} called at /home/cpansand/.cpan/build/2016090321/Reaction-0.002005-eKiEh4/blib/lib/ComponentUI/TestModel.pm line 0
	eval 'package main;

#line 7 t/01app.t
use Catalyst::Test @{$args[0]};
1;
' called at /usr/perl5.22.2t/lib/site_perl/5.22.2/Test/More.pm line 1014
	Test::More::_eval("package main;\x{a}\x{a}#line 7 t/01app.t\x{a}use Catalyst::Test \@{\$args[0"..., ARRAY(0x41d3e810)) called at /usr/perl5.22.2t/lib/site_perl/5.22.2/Test/More.pm line 989
	Test::More::use_ok("Catalyst::Test", "ComponentUI") called at t/01app.t line 7
	main::BEGIN() called at /home/cpansand/.cpan/build/2016090321/Reaction-0.002005-eKiEh4/blib/lib/ComponentUI/TestModel.pm line 0
	eval {...} called at /home/cpansand/.cpan/build/2016090321/Reaction-0.002005-eKiEh4/blib/lib/ComponentUI/TestModel.pm line 0
Class::MOP::load_class is deprecated at /usr/perl5.22.2t/lib/site_perl/5.22.2/amd64-freebsd-thread-multi/Class/MOP.pm line 69.
	Class::MOP::load_class("Reaction::InterfaceModel::Object") called at /home/cpansand/.cpan/build/2016090321/Reaction-0.002005-eKiEh4/blib/lib/Reaction/Class.pm line 123
	Reaction::Class::do_class_sub("Reaction::Class", "ComponentUI::TestModel::Foo", "ComponentUI::TestModel::Foo", "is", "Reaction::InterfaceModel::Object", "which", CODE(0x4ea144e0)) called at /home/cpansand/.cpan/build/2016090321/Reaction-0.002005-eKiEh4/blib/lib/Reaction/Class.pm line 86
	Reaction::Class::("ComponentUI::TestModel::Foo", "is", "Reaction::InterfaceModel::Object", "which", CODE(0x4ea144e0)) called at /home/cpansand/.cpan/build/2016090321/Reaction-0.002005-eKiEh4/blib/lib/ComponentUI/TestModel/Foo.pm line 8
	require ComponentUI/TestModel/Foo.pm called at /usr/perl5.22.2t/lib/site_perl/5.22.2/Module/Runtime.pm line 317
	Module::Runtime::require_module("ComponentUI::TestModel::Foo") called at /usr/perl5.22.2t/lib/site_perl/5.22.2/Class/Load.pm line 174
	Class::Load::try {...} () called at /usr/perl5.22.2t/lib/site_perl/5.22.2/Try/Tiny.pm line 88
	eval {...} called at /usr/perl5.22.2t/lib/site_perl/5.22.2/Try/Tiny.pm line 83
	Try::Tiny::try(CODE(0x4e725660), Try::Tiny::Catch=REF(0x4e90d6a8)) called at /usr/perl5.22.2t/lib/site_perl/5.22.2/Class/Load.pm line 180
	Class::Load::try_load_class("ComponentUI::TestModel::Foo", undef) called at /usr/perl5.22.2t/lib/site_perl/5.22.2/Class/Load.pm line 35
	Class::Load::load_class("ComponentUI::TestModel::Foo") called at /home/cpansand/.cpan/build/2016090321/Reaction-0.002005-eKiEh4/blib/lib/Reaction/InterfaceModel/Reflector/DBIC.pm line 892
	eval {...} called at /home/cpansand/.cpan/build/2016090321/Reaction-0.002005-eKiEh4/blib/lib/Reaction/InterfaceModel/Reflector/DBIC.pm line 892
	Reaction::InterfaceModel::Reflector::DBIC::_maybe_load_class(Reaction::InterfaceModel::Reflector::DBIC=HASH(0x4e628588), "ComponentUI::TestModel::Foo") called at /home/cpansand/.cpan/build/2016090321/Reaction-0.002005-eKiEh4/blib/lib/Reaction/InterfaceModel/Reflector/DBIC.pm line 876
	Reaction::InterfaceModel::Reflector::DBIC::_load_or_create(Reaction::InterfaceModel::Reflector::DBIC=HASH(0x4e628588), "ComponentUI::TestModel::Foo", "superclasses", ARRAY(0x4e946828)) called at /home/cpansand/.cpan/build/2016090321/Reaction-0.002005-eKiEh4/blib/lib/Reaction/InterfaceModel/Reflector/DBIC.pm line 448
	Reaction::InterfaceModel::Reflector::DBIC::reflect_source_object(Reaction::InterfaceModel::Reflector::DBIC=HASH(0x4e628588), "source_name", "Foo", "parent_class", "ComponentUI::TestModel", "schema_class", "RTest::TestDB", "parent_domain_model_name", "_rtest_test_db_store", ...) called at /home/cpansand/.cpan/build/2016090321/Reaction-0.002005-eKiEh4/blib/lib/Reaction/InterfaceModel/Reflector/DBIC.pm line 323
	Reaction::InterfaceModel::Reflector::DBIC::reflect_source(Reaction::InterfaceModel::Reflector::DBIC=HASH(0x4e628588), "source_name", "Foo", "parent_class", "ComponentUI::TestModel", "schema_class", "RTest::TestDB", "source_class", "RTest::TestDB::Foo", ...) called at /home/cpansand/.cpan/build/2016090321/Reaction-0.002005-eKiEh4/blib/lib/Reaction/InterfaceModel/Reflector/DBIC.pm line 185
	Reaction::InterfaceModel::Reflector::DBIC::reflect_schema(Reaction::InterfaceModel::Reflector::DBIC=HASH(0x4e628588), "model_class", "ComponentUI::TestModel", "schema_class", "RTest::TestDB", "sources", ARRAY(0x4e62c528)) called at /home/cpansand/.cpan/build/2016090321/Reaction-0.002005-eKiEh4/blib/lib/ComponentUI/TestModel.pm line 10
	require ComponentUI/TestModel.pm called at /usr/perl5.22.2t/lib/site_perl/5.22.2/Module/Runtime.pm line 317
	Module::Runtime::require_module("ComponentUI::TestModel") called at /usr/perl5.22.2t/lib/site_perl/5.22.2/Class/Load.pm line 174
	Class::Load::try {...} () called at /usr/perl5.22.2t/lib/site_perl/5.22.2/Try/Tiny.pm line 88
	eval {...} called at /usr/perl5.22.2t/lib/site_perl/5.22.2/Try/Tiny.pm line 83
	Try::Tiny::try(CODE(0x4d133e58), Try::Tiny::Catch=REF(0x4d195e70)) called at /usr/perl5.22.2t/lib/site_perl/5.22.2/Class/Load.pm line 180
	Class::Load::try_load_class("ComponentUI::TestModel", undef) called at /usr/perl5.22.2t/lib/site_perl/5.22.2/Class/Load.pm line 35
	Class::Load::load_class("ComponentUI::TestModel") called at /home/cpansand/.cpan/build/2016090321/Reaction-0.002005-eKiEh4/blib/lib/Catalyst/Model/Reaction/InterfaceModel/DBIC.pm line 24
	Catalyst::Model::Reaction::InterfaceModel::DBIC::COMPONENT("ComponentUI::Model::TestModel", "ComponentUI", HASH(0x4d174d38)) called at /home/cpansand/.cpan/build/2016090321/Catalyst-Runtime-5.90112-zUw6zS/blib/lib/Catalyst.pm line 3206
	eval {...} called at /home/cpansand/.cpan/build/2016090321/Catalyst-Runtime-5.90112-zUw6zS/blib/lib/Catalyst.pm line 3207
	Catalyst::setup_component("ComponentUI", "ComponentUI::Model::TestModel") called at /home/cpansand/.cpan/build/2016090321/Catalyst-Runtime-5.90112-zUw6zS/blib/lib/Catalyst.pm line 3184
	Catalyst::__ANON__() called at /home/cpansand/.cpan/build/2016090321/Catalyst-Runtime-5.90112-zUw6zS/blib/lib/Catalyst.pm line 3031
	Catalyst::setup_components("ComponentUI") called at /home/cpansand/.cpan/build/2016090321/Catalyst-Runtime-5.90112-zUw6zS/blib/lib/Catalyst.pm line 1426
	Catalyst::setup("ComponentUI") called at /home/cpansand/.cpan/build/2016090321/Reaction-0.002005-eKiEh4/blib/lib/ComponentUI.pm line 32
	require ComponentUI.pm called at /usr/perl5.22.2t/lib/site_perl/5.22.2/Module/Runtime.pm line 317
	Module::Runtime::require_module("ComponentUI") called at /usr/perl5.22.2t/lib/site_perl/5.22.2/Class/Load.pm line 174
	Class::Load::try {...} () called at /usr/perl5.22.2t/lib/site_perl/5.22.2/Try/Tiny.pm line 88
	eval {...} called at /usr/perl5.22.2t/lib/site_perl/5.22.2/Try/Tiny.pm line 83
	Try::Tiny::try(CODE(0x450c0498), Try::Tiny::Catch=REF(0x450bf078)) called at /usr/perl5.22.2t/lib/site_perl/5.22.2/Class/Load.pm line 180
	Class::Load::try_load_class("ComponentUI", undef) called at /usr/perl5.22.2t/lib/site_perl/5.22.2/Class/Load.pm line 35
	Class::Load::load_class("ComponentUI") called at /home/cpansand/.cpan/build/2016090321/Catalyst-Runtime-5.90112-zUw6zS/blib/lib/Catalyst/Test.pm line 29
	Catalyst::Test::_build_request_export("Catalyst::Test", HASH(0x41d11f48)) called at /home/cpansand/.cpan/build/2016090321/Catalyst-Runtime-5.90112-zUw6zS/blib/lib/Catalyst/Test.pm line 95
	Catalyst::Test::__ANON__("Catalyst::Test", "all", HASH(0x41d11f18), HASH(0x41d11c90)) called at /usr/perl5.22.2t/lib/site_perl/5.22.2/Sub/Exporter.pm line 108
	Sub::Exporter::_expand_group("Catalyst::Test", HASH(0x4616ec60), ARRAY(0x41d11c78), HASH(0x41d11c90), HASH(0x41d11f78), HASH(0x41fc2630)) called at /usr/perl5.22.2t/lib/site_perl/5.22.2/Sub/Exporter.pm line 39
	Sub::Exporter::_expand_groups("Catalyst::Test", HASH(0x4616ec60), ARRAY(0x461e64c8), HASH(0x41d11c90)) called at /usr/perl5.22.2t/lib/site_perl/5.22.2/Sub/Exporter.pm line 323
	Sub::Exporter::__ANON__("Catalyst::Test", "-all", HASH(0x41d11a08)) called at /home/cpansand/.cpan/build/2016090321/Catalyst-Runtime-5.90112-zUw6zS/blib/lib/Catalyst/Test.pm line 155
	Catalyst::Test::import("Catalyst::Test", "ComponentUI") called at t/01app.t line 7
	main::BEGIN() called at /home/cpansand/.cpan/build/2016090321/Reaction-0.002005-eKiEh4/blib/lib/ComponentUI/TestModel/Foo.pm line 0
	eval {...} called at /home/cpansand/.cpan/build/2016090321/Reaction-0.002005-eKiEh4/blib/lib/ComponentUI/TestModel/Foo.pm line 0
	eval 'package main;

#line 7 t/01app.t
use Catalyst::Test @{$args[0]};
1;
' called at /usr/perl5.22.2t/lib/site_perl/5.22.2/Test/More.pm line 1014
	Test::More::_eval("package main;\x{a}\x{a}#line 7 t/01app.t\x{a}use Catalyst::Test \@{\$args[0"..., ARRAY(0x41d3e810)) called at /usr/perl5.22.2t/lib/site_perl/5.22.2/Test/More.pm line 989
	Test::More::use_ok("Catalyst::Test", "ComponentUI") called at t/01app.t line 7
	main::BEGIN() called at /home/cpansand/.cpan/build/2016090321/Reaction-0.002005-eKiEh4/blib/lib/ComponentUI/TestModel/Foo.pm line 0
	eval {...} called at /home/cpansand/.cpan/build/2016090321/Reaction-0.002005-eKiEh4/blib/lib/ComponentUI/TestModel/Foo.pm line 0
Class::MOP::load_class is deprecated at /usr/perl5.22.2t/lib/site_perl/5.22.2/amd64-freebsd-thread-multi/Class/MOP.pm line 69.
	Class::MOP::load_class("ComponentUI::RenderingContext::Site") called at /home/cpansand/.cpan/build/2016090321/Reaction-0.002005-eKiEh4/blib/lib/Reaction/UI/View.pm line 125
	eval {...} called at /home/cpansand/.cpan/build/2016090321/Reaction-0.002005-eKiEh4/blib/lib/Reaction/UI/View.pm line 125
	Reaction::UI::View::find_related_class(ComponentUI::View::Site=HASH(0x4ce8a9c0), "RenderingContext") called at /home/cpansand/.cpan/build/2016090321/Reaction-0.002005-eKiEh4/blib/lib/Reaction/UI/View.pm line 43
	Reaction::UI::View::_build_rendering_context_class(ComponentUI::View::Site=HASH(0x4ce8a9c0)) called at reader Reaction::UI::View::rendering_context_class (defined at /home/cpansand/.cpan/build/2016090321/Reaction-0.002005-eKiEh4/blib/lib/Reaction/UI/View.pm line 29) line 8
	Reaction::UI::View::rendering_context_class(ComponentUI::View::Site=HASH(0x4ce8a9c0)) called at /home/cpansand/.cpan/build/2016090321/Reaction-0.002005-eKiEh4/blib/lib/Reaction/UI/View.pm line 134
	Reaction::UI::View::create_rendering_context(ComponentUI::View::Site=HASH(0x4ce8a9c0)) called at /home/cpansand/.cpan/build/2016090321/Reaction-0.002005-eKiEh4/blib/lib/Reaction/UI/View.pm line 60
	Reaction::UI::View::render_window(ComponentUI::View::Site=HASH(0x4ce8a9c0), Reaction::UI::Window=HASH(0x4ef410a8)) called at /home/cpansand/.cpan/build/2016090321/Reaction-0.002005-eKiEh4/blib/lib/Reaction/UI/Window.pm line 74
	Reaction::UI::Window::flush_view(Reaction::UI::Window=HASH(0x4ef410a8)) called at /home/cpansand/.cpan/build/2016090321/Reaction-0.002005-eKiEh4/blib/lib/Reaction/UI/Window.pm line 36
	Reaction::UI::Window::flush(Reaction::UI::Window=HASH(0x4ef410a8)) called at /home/cpansand/.cpan/build/2016090321/Reaction-0.002005-eKiEh4/blib/lib/Reaction/UI/Controller/Root.pm line 38
	Reaction::UI::Controller::Root::end(ComponentUI::Controller::Root=HASH(0x4ef41210), ComponentUI=HASH(0x4ef2dc48)) called at /home/cpansand/.cpan/build/2016090321/Catalyst-Runtime-5.90112-zUw6zS/blib/lib/Catalyst/Action.pm line 358
	Catalyst::Action::execute(Catalyst::Action=HASH(0x4ec92618), ComponentUI::Controller::Root=HASH(0x4ef41210), ComponentUI=HASH(0x4ef2dc48)) called at /home/cpansand/.cpan/build/2016090321/Catalyst-Runtime-5.90112-zUw6zS/blib/lib/Catalyst.pm line 2056
	eval {...} called at /home/cpansand/.cpan/build/2016090321/Catalyst-Runtime-5.90112-zUw6zS/blib/lib/Catalyst.pm line 2056
	Catalyst::execute(ComponentUI=HASH(0x4ef2dc48), "ComponentUI::Controller::Root", Catalyst::Action=HASH(0x4ec92618)) called at /home/cpansand/.cpan/build/2016090321/Catalyst-Runtime-5.90112-zUw6zS/blib/lib/Catalyst/Action.pm line 353
	Catalyst::Action::dispatch(Catalyst::Action=HASH(0x4ec92618), ComponentUI=HASH(0x4ef2dc48)) called at /home/cpansand/.cpan/build/2016090321/Catalyst-Runtime-5.90112-zUw6zS/blib/lib/Catalyst/Controller.pm line 189
	Catalyst::Controller::_END("ComponentUI", ComponentUI=HASH(0x4ef2dc48)) called at /home/cpansand/.cpan/build/2016090321/Catalyst-Runtime-5.90112-zUw6zS/blib/lib/Catalyst/Action.pm line 358
	Catalyst::Action::execute(Catalyst::Action=HASH(0x4ee26d08), "ComponentUI", ComponentUI=HASH(0x4ef2dc48)) called at /home/cpansand/.cpan/build/2016090321/Catalyst-Runtime-5.90112-zUw6zS/blib/lib/Catalyst.pm line 2056
	eval {...} called at /home/cpansand/.cpan/build/2016090321/Catalyst-Runtime-5.90112-zUw6zS/blib/lib/Catalyst.pm line 2056
	Catalyst::execute(ComponentUI=HASH(0x4ef2dc48), "ComponentUI", Catalyst::Action=HASH(0x4ee26d08)) called at /home/cpansand/.cpan/build/2016090321/Catalyst-Runtime-5.90112-zUw6zS/blib/lib/Catalyst/Action.pm line 353
	Catalyst::Action::dispatch(Catalyst::Action=HASH(0x4ee26d08), ComponentUI=HASH(0x4ef2dc48)) called at /home/cpansand/.cpan/build/2016090321/Catalyst-Runtime-5.90112-zUw6zS/blib/lib/Catalyst/Dispatcher.pm line 262
	Catalyst::Dispatcher::_do_forward(Catalyst::Dispatcher=HASH(0x461efb10), "forward", ComponentUI=HASH(0x4ef2dc48), "_END") called at /home/cpansand/.cpan/build/2016090321/Catalyst-Runtime-5.90112-zUw6zS/blib/lib/Catalyst/Dispatcher.pm line 242
	Catalyst::Dispatcher::forward(Catalyst::Dispatcher=HASH(0x461efb10), ComponentUI=HASH(0x4ef2dc48), "_END") called at /home/cpansand/.cpan/build/2016090321/Catalyst-Runtime-5.90112-zUw6zS/blib/lib/Catalyst.pm line 481
	Catalyst::forward(ComponentUI=HASH(0x4ef2dc48), "_END") called at /home/cpansand/.cpan/build/2016090321/Catalyst-Runtime-5.90112-zUw6zS/blib/lib/Catalyst/Controller.pm line 138
	Catalyst::Controller::_DISPATCH("ComponentUI", ComponentUI=HASH(0x4ef2dc48)) called at /home/cpansand/.cpan/build/2016090321/Catalyst-Runtime-5.90112-zUw6zS/blib/lib/Catalyst/Action.pm line 358
	Catalyst::Action::execute(Catalyst::Action=HASH(0x4ee26c30), "ComponentUI", ComponentUI=HASH(0x4ef2dc48)) called at /home/cpansand/.cpan/build/2016090321/Catalyst-Runtime-5.90112-zUw6zS/blib/lib/Catalyst.pm line 2056
	eval {...} called at /home/cpansand/.cpan/build/2016090321/Catalyst-Runtime-5.90112-zUw6zS/blib/lib/Catalyst.pm line 2056
	Catalyst::execute(ComponentUI=HASH(0x4ef2dc48), "ComponentUI", Catalyst::Action=HASH(0x4ee26c30)) called at /home/cpansand/.cpan/build/2016090321/Catalyst-Runtime-5.90112-zUw6zS/blib/lib/Catalyst/Action.pm line 353
	Catalyst::Action::dispatch(Catalyst::Action=HASH(0x4ee26c30), ComponentUI=HASH(0x4ef2dc48)) called at /home/cpansand/.cpan/build/2016090321/Catalyst-Runtime-5.90112-zUw6zS/blib/lib/Catalyst/Dispatcher.pm line 262
	Catalyst::Dispatcher::_do_forward(Catalyst::Dispatcher=HASH(0x461efb10), "forward", ComponentUI=HASH(0x4ef2dc48), "//_DISPATCH") called at /home/cpansand/.cpan/build/2016090321/Catalyst-Runtime-5.90112-zUw6zS/blib/lib/Catalyst/Dispatcher.pm line 242
	Catalyst::Dispatcher::forward(Catalyst::Dispatcher=HASH(0x461efb10), ComponentUI=HASH(0x4ef2dc48), "//_DISPATCH") called at /home/cpansand/.cpan/build/2016090321/Catalyst-Runtime-5.90112-zUw6zS/blib/lib/Catalyst.pm line 481
	Catalyst::forward(ComponentUI=HASH(0x4ef2dc48), "//_DISPATCH") called at /home/cpansand/.cpan/build/2016090321/Catalyst-Runtime-5.90112-zUw6zS/blib/lib/Catalyst/Dispatcher.pm line 108
	Catalyst::Dispatcher::dispatch(Catalyst::Dispatcher=HASH(0x461efb10), ComponentUI=HASH(0x4ef2dc48)) called at /home/cpansand/.cpan/build/2016090321/Catalyst-Runtime-5.90112-zUw6zS/blib/lib/Catalyst.pm line 2002
	Catalyst::dispatch(ComponentUI=HASH(0x4ef2dc48)) called at /home/cpansand/.cpan/build/2016090321/Catalyst-Plugin-Static-Simple-0.33-DAr8_p/blib/lib/Catalyst/Plugin/Static/Simple.pm line 86
	Class::MOP::Class:::around(CODE(0x46171918), ComponentUI=HASH(0x4ef2dc48)) called at /usr/perl5.22.2t/lib/site_perl/5.22.2/amd64-freebsd-thread-multi/Class/MOP/Method/Wrapped.pm line 164
	ComponentUI::_wrapped_dispatch(ComponentUI=HASH(0x4ef2dc48)) called at /usr/perl5.22.2t/lib/site_perl/5.22.2/amd64-freebsd-thread-multi/Class/MOP/Method/Wrapped.pm line 95
	ComponentUI::dispatch(ComponentUI=HASH(0x4ef2dc48)) called at /home/cpansand/.cpan/build/2016090321/Catalyst-Runtime-5.90112-zUw6zS/blib/lib/Catalyst.pm line 2393
	Catalyst::try {...} () called at /usr/perl5.22.2t/lib/site_perl/5.22.2/Try/Tiny.pm line 92
	eval {...} called at /usr/perl5.22.2t/lib/site_perl/5.22.2/Try/Tiny.pm line 83
	Try::Tiny::try(CODE(0x4ef269d8), Try::Tiny::Catch=REF(0x45200cc0)) called at /home/cpansand/.cpan/build/2016090321/Catalyst-Runtime-5.90112-zUw6zS/blib/lib/Catalyst.pm line 2402
	Catalyst::handle_request("ComponentUI", "env", HASH(0x41d150a8), "response_cb", CODE(0x45200cf0)) called at /home/cpansand/.cpan/build/2016090321/Catalyst-Runtime-5.90112-zUw6zS/blib/lib/Catalyst/Engine.pm line 800
	Catalyst::Engine::__ANON__(CODE(0x45200cf0)) called at /usr/perl5.22.2t/lib/site_perl/5.22.2/Plack/Middleware/HTTPExceptions.pm line 32
	Plack::Middleware::HTTPExceptions::try {...} () called at /usr/perl5.22.2t/lib/site_perl/5.22.2/Try/Tiny.pm line 92
	eval {...} called at /usr/perl5.22.2t/lib/site_perl/5.22.2/Try/Tiny.pm line 83
	Try::Tiny::try(CODE(0x45200b58), Try::Tiny::Catch=REF(0x41d158b8)) called at /usr/perl5.22.2t/lib/site_perl/5.22.2/Plack/Middleware/HTTPExceptions.pm line 41
	Plack::Middleware::HTTPExceptions::__ANON__(CODE(0x45200a68)) called at /usr/perl5.22.2t/lib/site_perl/5.22.2/Plack/Util.pm line 339
	Plack::Util::__ANON__(CODE(0x45200978)) called at /usr/perl5.22.2t/lib/site_perl/5.22.2/Plack/Util.pm line 339
	Plack::Util::__ANON__(CODE(0x45200888)) called at /usr/perl5.22.2t/lib/site_perl/5.22.2/Plack/Util.pm line 339
	Plack::Util::__ANON__(CODE(0x45200810)) called at /usr/perl5.22.2t/lib/site_perl/5.22.2/HTTP/Message/PSGI.pm line 100
	HTTP::Message::PSGI::res_from_psgi(CODE(0x41d15768)) called at /usr/perl5.22.2t/lib/site_perl/5.22.2/HTTP/Message/PSGI.pm line 156
	HTTP::Response::from_psgi("HTTP::Response", CODE(0x41d15768)) called at /usr/perl5.22.2t/lib/site_perl/5.22.2/Plack/Test/MockHTTP.pm line 24
	Plack::Test::MockHTTP::try {...} () called at /usr/perl5.22.2t/lib/site_perl/5.22.2/Try/Tiny.pm line 90
	eval {...} called at /usr/perl5.22.2t/lib/site_perl/5.22.2/Try/Tiny.pm line 83
	Try::Tiny::try(CODE(0x41d13618), Try::Tiny::Catch=REF(0x4ed5d1b0)) called at /usr/perl5.22.2t/lib/site_perl/5.22.2/Plack/Test/MockHTTP.pm line 27
	Plack::Test::MockHTTP::request(Plack::Test::MockHTTP=HASH(0x41d13a80), HTTP::Request=HASH(0x41d13588)) called at /usr/perl5.22.2t/lib/site_perl/5.22.2/Plack/Test.pm line 38
	Plack::Test::__ANON__(HTTP::Request=HASH(0x41d13588)) called at /home/cpansand/.cpan/build/2016090321/Catalyst-Runtime-5.90112-zUw6zS/blib/lib/Catalyst/Test.pm line 281
	Catalyst::Test::__ANON__(CODE(0x41d13930)) called at /usr/perl5.22.2t/lib/site_perl/5.22.2/Plack/Test.pm line 38
	Plack::Test::test_psgi("mangle_response", CODE(0x4508c0c0), "app", CODE(0x41d131e0), "app", CODE(0x41d137b0), "client", CODE(0x41d13828)) called at /home/cpansand/.cpan/build/2016090321/Catalyst-Runtime-5.90112-zUw6zS/blib/lib/Catalyst/Test.pm line 284
	Catalyst::Test::_request(HASH(0x41cd6600), "/") called at /home/cpansand/.cpan/build/2016090321/Catalyst-Runtime-5.90112-zUw6zS/blib/lib/Catalyst/Test.pm line 327
	Catalyst::Test::_local_request("ComponentUI", "/") called at /home/cpansand/.cpan/build/2016090321/Catalyst-Runtime-5.90112-zUw6zS/blib/lib/Catalyst/Test.pm line 32
	Catalyst::Test::__ANON__("/") called at t/01app.t line 10
Class::MOP::is_class_loaded is deprecated at /usr/perl5.22.2t/lib/site_perl/5.22.2/amd64-freebsd-thread-multi/Class/MOP.pm line 87.
	Class::MOP::is_class_loaded("ComponentUI::UI::Widget::SiteLayout") called at /home/cpansand/.cpan/build/2016090321/Reaction-0.002005-eKiEh4/blib/lib/Reaction/UI/Skin.pm line 178
	Reaction::UI::Skin::widget_class_for(Reaction::UI::Skin=HASH(0x4eb03498), Reaction::UI::LayoutSet::TT=HASH(0x4efc9258)) called at /home/cpansand/.cpan/build/2016090321/Reaction-0.002005-eKiEh4/blib/lib/Reaction/UI/LayoutSet.pm line 29
	Reaction::UI::LayoutSet::BUILD(Reaction::UI::LayoutSet::TT=HASH(0x4efc9258), HASH(0x4efc9240)) called at constructor Reaction::UI::LayoutSet::TT::new (defined at /home/cpansand/.cpan/build/2016090321/Reaction-0.002005-eKiEh4/blib/lib/Reaction/UI/LayoutSet/TT.pm line 43) line 69
	Reaction::UI::LayoutSet::TT::new("Reaction::UI::LayoutSet::TT", "name", "site_layout", "skin", Reaction::UI::Skin=HASH(0x4eb03498), "tt_object", Template=HASH(0x4d174f18), "source_file", Path::Class::File=HASH(0x4ed6f540), ...) called at /home/cpansand/.cpan/build/2016090321/Reaction-0.002005-eKiEh4/blib/lib/Reaction/UI/Skin.pm line 115
	Reaction::UI::Skin::_create_layout_set(Reaction::UI::Skin=HASH(0x4eb03498), "site_layout", ARRAY(0x41c41d08), Reaction::UI::Skin=HASH(0x4eb03498)) called at /home/cpansand/.cpan/build/2016090321/Reaction-0.002005-eKiEh4/blib/lib/Reaction/UI/Skin.pm line 110
	Reaction::UI::Skin::create_layout_set(Reaction::UI::Skin=HASH(0x4eb03498), "site_layout") called at /home/cpansand/.cpan/build/2016090321/Reaction-0.002005-eKiEh4/blib/lib/Reaction/UI/LayoutSet.pm line 83
	Reaction::UI::LayoutSet::_load_file(Reaction::UI::LayoutSet::TT=HASH(0x41c42390), Path::Class::File=HASH(0x41c414c8), HASH(0x41c41018)) called at /home/cpansand/.cpan/build/2016090321/Reaction-0.002005-eKiEh4/blib/lib/Reaction/UI/LayoutSet.pm line 27
	Reaction::UI::LayoutSet::BUILD(Reaction::UI::LayoutSet::TT=HASH(0x41c42390), HASH(0x41c41018)) called at constructor Reaction::UI::LayoutSet::TT::new (defined at /home/cpansand/.cpan/build/2016090321/Reaction-0.002005-eKiEh4/blib/lib/Reaction/UI/LayoutSet/TT.pm line 43) line 69
	Reaction::UI::LayoutSet::TT::new("Reaction::UI::LayoutSet::TT", "name", "site_layout", "skin", Reaction::UI::Skin=HASH(0x4efa4420), "next_skin", Reaction::UI::Skin=HASH(0x4eb03498), "tt_object", Template=HASH(0x4d174f18), ...) called at /home/cpansand/.cpan/build/2016090321/Reaction-0.002005-eKiEh4/blib/lib/Reaction/UI/Skin.pm line 115
	Reaction::UI::Skin::_create_layout_set(Reaction::UI::Skin=HASH(0x4efa4420), "site_layout", ARRAY(0x4eb69210), Reaction::UI::Skin=HASH(0x4efa4420)) called at /home/cpansand/.cpan/build/2016090321/Reaction-0.002005-eKiEh4/blib/lib/Reaction/UI/Skin.pm line 110
	Reaction::UI::Skin::create_layout_set(Reaction::UI::Skin=HASH(0x4efa4420), "site_layout") called at /home/cpansand/.cpan/build/2016090321/Reaction-0.002005-eKiEh4/blib/lib/Reaction/UI/LayoutSet.pm line 83
	Reaction::UI::LayoutSet::_load_file(Reaction::UI::LayoutSet::TT=HASH(0x4ef487b0), Path::Class::File=HASH(0x4ef41ee8), HASH(0x4ef44690)) called at /home/cpansand/.cpan/build/2016090321/Reaction-0.002005-eKiEh4/blib/lib/Reaction/UI/LayoutSet.pm line 27
	Reaction::UI::LayoutSet::BUILD(Reaction::UI::LayoutSet::TT=HASH(0x4ef487b0), HASH(0x4ef44690)) called at constructor Reaction::UI::LayoutSet::TT::new (defined at /home/cpansand/.cpan/build/2016090321/Reaction-0.002005-eKiEh4/blib/lib/Reaction/UI/LayoutSet/TT.pm line 43) line 69
	Reaction::UI::LayoutSet::TT::new("Reaction::UI::LayoutSet::TT", "name", "site_layout", "skin", Reaction::UI::Skin=HASH(0x4e60fc30), "next_skin", Reaction::UI::Skin=HASH(0x4efa4420), "tt_object", Template=HASH(0x4d174f18), ...) called at /home/cpansand/.cpan/build/2016090321/Reaction-0.002005-eKiEh4/blib/lib/Reaction/UI/Skin.pm line 115
	Reaction::UI::Skin::_create_layout_set(Reaction::UI::Skin=HASH(0x4e60fc30), "site_layout", ARRAY(0x41d11ea0), Reaction::UI::Skin=HASH(0x4e60fc30)) called at /home/cpansand/.cpan/build/2016090321/Reaction-0.002005-eKiEh4/blib/lib/Reaction/UI/Skin.pm line 110
	Reaction::UI::Skin::create_layout_set(Reaction::UI::Skin=HASH(0x4e60fc30), "site_layout") called at /usr/perl5.22.2t/lib/site_perl/5.22.2/amd64-freebsd-thread-multi/Moose/Meta/Method/Delegation.pm line 110
	Reaction::UI::View::create_layout_set(ComponentUI::View::Site=HASH(0x4ce8a9c0), "site_layout") called at /home/cpansand/.cpan/build/2016090321/Reaction-0.002005-eKiEh4/blib/lib/Reaction/UI/View.pm line 99
	Reaction::UI::View::layout_set_for(ComponentUI::View::Site=HASH(0x4ce8a9c0), Reaction::UI::ViewPort::SiteLayout=HASH(0x4ef418b8)) called at /home/cpansand/.cpan/build/2016090321/Reaction-0.002005-eKiEh4/blib/lib/Reaction/UI/View.pm line 78
	Reaction::UI::View::render_viewport_args(ComponentUI::View::Site=HASH(0x4ce8a9c0), Reaction::UI::ViewPort::SiteLayout=HASH(0x4ef418b8)) called at /home/cpansand/.cpan/build/2016090321/Reaction-0.002005-eKiEh4/blib/lib/Reaction/UI/View.pm line 61
	Reaction::UI::View::render_window(ComponentUI::View::Site=HASH(0x4ce8a9c0), Reaction::UI::Window=HASH(0x4ef410a8)) called at /home/cpansand/.cpan/build/2016090321/Reaction-0.002005-eKiEh4/blib/lib/Reaction/UI/Window.pm line 74
	Reaction::UI::Window::flush_view(Reaction::UI::Window=HASH(0x4ef410a8)) called at /home/cpansand/.cpan/build/2016090321/Reaction-0.002005-eKiEh4/blib/lib/Reaction/UI/Window.pm line 36
	Reaction::UI::Window::flush(Reaction::UI::Window=HASH(0x4ef410a8)) called at /home/cpansand/.cpan/build/2016090321/Reaction-0.002005-eKiEh4/blib/lib/Reaction/UI/Controller/Root.pm line 38
	Reaction::UI::Controller::Root::end(ComponentUI::Controller::Root=HASH(0x4ef41210), ComponentUI=HASH(0x4ef2dc48)) called at /home/cpansand/.cpan/build/2016090321/Catalyst-Runtime-5.90112-zUw6zS/blib/lib/Catalyst/Action.pm line 358
	Catalyst::Action::execute(Catalyst::Action=HASH(0x4ec92618), ComponentUI::Controller::Root=HASH(0x4ef41210), ComponentUI=HASH(0x4ef2dc48)) called at /home/cpansand/.cpan/build/2016090321/Catalyst-Runtime-5.90112-zUw6zS/blib/lib/Catalyst.pm line 2056
	eval {...} called at /home/cpansand/.cpan/build/2016090321/Catalyst-Runtime-5.90112-zUw6zS/blib/lib/Catalyst.pm line 2056
	Catalyst::execute(ComponentUI=HASH(0x4ef2dc48), "ComponentUI::Controller::Root", Catalyst::Action=HASH(0x4ec92618)) called at /home/cpansand/.cpan/build/2016090321/Catalyst-Runtime-5.90112-zUw6zS/blib/lib/Catalyst/Action.pm line 353
	Catalyst::Action::dispatch(Catalyst::Action=HASH(0x4ec92618), ComponentUI=HASH(0x4ef2dc48)) called at /home/cpansand/.cpan/build/2016090321/Catalyst-Runtime-5.90112-zUw6zS/blib/lib/Catalyst/Controller.pm line 189
	Catalyst::Controller::_END("ComponentUI", ComponentUI=HASH(0x4ef2dc48)) called at /home/cpansand/.cpan/build/2016090321/Catalyst-Runtime-5.90112-zUw6zS/blib/lib/Catalyst/Action.pm line 358
	Catalyst::Action::execute(Catalyst::Action=HASH(0x4ee26d08), "ComponentUI", ComponentUI=HASH(0x4ef2dc48)) called at /home/cpansand/.cpan/build/2016090321/Catalyst-Runtime-5.90112-zUw6zS/blib/lib/Catalyst.pm line 2056
	eval {...} called at /home/cpansand/.cpan/build/2016090321/Catalyst-Runtime-5.90112-zUw6zS/blib/lib/Catalyst.pm line 2056
	Catalyst::execute(ComponentUI=HASH(0x4ef2dc48), "ComponentUI", Catalyst::Action=HASH(0x4ee26d08)) called at /home/cpansand/.cpan/build/2016090321/Catalyst-Runtime-5.90112-zUw6zS/blib/lib/Catalyst/Action.pm line 353
	Catalyst::Action::dispatch(Catalyst::Action=HASH(0x4ee26d08), ComponentUI=HASH(0x4ef2dc48)) called at /home/cpansand/.cpan/build/2016090321/Catalyst-Runtime-5.90112-zUw6zS/blib/lib/Catalyst/Dispatcher.pm line 262
	Catalyst::Dispatcher::_do_forward(Catalyst::Dispatcher=HASH(0x461efb10), "forward", ComponentUI=HASH(0x4ef2dc48), "_END") called at /home/cpansand/.cpan/build/2016090321/Catalyst-Runtime-5.90112-zUw6zS/blib/lib/Catalyst/Dispatcher.pm line 242
	Catalyst::Dispatcher::forward(Catalyst::Dispatcher=HASH(0x461efb10), ComponentUI=HASH(0x4ef2dc48), "_END") called at /home/cpansand/.cpan/build/2016090321/Catalyst-Runtime-5.90112-zUw6zS/blib/lib/Catalyst.pm line 481
	Catalyst::forward(ComponentUI=HASH(0x4ef2dc48), "_END") called at /home/cpansand/.cpan/build/2016090321/Catalyst-Runtime-5.90112-zUw6zS/blib/lib/Catalyst/Controller.pm line 138
	Catalyst::Controller::_DISPATCH("ComponentUI", ComponentUI=HASH(0x4ef2dc48)) called at /home/cpansand/.cpan/build/2016090321/Catalyst-Runtime-5.90112-zUw6zS/blib/lib/Catalyst/Action.pm line 358
	Catalyst::Action::execute(Catalyst::Action=HASH(0x4ee26c30), "ComponentUI", ComponentUI=HASH(0x4ef2dc48)) called at /home/cpansand/.cpan/build/2016090321/Catalyst-Runtime-5.90112-zUw6zS/blib/lib/Catalyst.pm line 2056
	eval {...} called at /home/cpansand/.cpan/build/2016090321/Catalyst-Runtime-5.90112-zUw6zS/blib/lib/Catalyst.pm line 2056
	Catalyst::execute(ComponentUI=HASH(0x4ef2dc48), "ComponentUI", Catalyst::Action=HASH(0x4ee26c30)) called at /home/cpansand/.cpan/build/2016090321/Catalyst-Runtime-5.90112-zUw6zS/blib/lib/Catalyst/Action.pm line 353
	Catalyst::Action::dispatch(Catalyst::Action=HASH(0x4ee26c30), ComponentUI=HASH(0x4ef2dc48)) called at /home/cpansand/.cpan/build/2016090321/Catalyst-Runtime-5.90112-zUw6zS/blib/lib/Catalyst/Dispatcher.pm line 262
	Catalyst::Dispatcher::_do_forward(Catalyst::Dispatcher=HASH(0x461efb10), "forward", ComponentUI=HASH(0x4ef2dc48), "//_DISPATCH") called at /home/cpansand/.cpan/build/2016090321/Catalyst-Runtime-5.90112-zUw6zS/blib/lib/Catalyst/Dispatcher.pm line 242
	Catalyst::Dispatcher::forward(Catalyst::Dispatcher=HASH(0x461efb10), ComponentUI=HASH(0x4ef2dc48), "//_DISPATCH") called at /home/cpansand/.cpan/build/2016090321/Catalyst-Runtime-5.90112-zUw6zS/blib/lib/Catalyst.pm line 481
	Catalyst::forward(ComponentUI=HASH(0x4ef2dc48), "//_DISPATCH") called at /home/cpansand/.cpan/build/2016090321/Catalyst-Runtime-5.90112-zUw6zS/blib/lib/Catalyst/Dispatcher.pm line 108
	Catalyst::Dispatcher::dispatch(Catalyst::Dispatcher=HASH(0x461efb10), ComponentUI=HASH(0x4ef2dc48)) called at /home/cpansand/.cpan/build/2016090321/Catalyst-Runtime-5.90112-zUw6zS/blib/lib/Catalyst.pm line 2002
	Catalyst::dispatch(ComponentUI=HASH(0x4ef2dc48)) called at /home/cpansand/.cpan/build/2016090321/Catalyst-Plugin-Static-Simple-0.33-DAr8_p/blib/lib/Catalyst/Plugin/Static/Simple.pm line 86
	Class::MOP::Class:::around(CODE(0x46171918), ComponentUI=HASH(0x4ef2dc48)) called at /usr/perl5.22.2t/lib/site_perl/5.22.2/amd64-freebsd-thread-multi/Class/MOP/Method/Wrapped.pm line 164
	ComponentUI::_wrapped_dispatch(ComponentUI=HASH(0x4ef2dc48)) called at /usr/perl5.22.2t/lib/site_perl/5.22.2/amd64-freebsd-thread-multi/Class/MOP/Method/Wrapped.pm line 95
	ComponentUI::dispatch(ComponentUI=HASH(0x4ef2dc48)) called at /home/cpansand/.cpan/build/2016090321/Catalyst-Runtime-5.90112-zUw6zS/blib/lib/Catalyst.pm line 2393
	Catalyst::try {...} () called at /usr/perl5.22.2t/lib/site_perl/5.22.2/Try/Tiny.pm line 92
	eval {...} called at /usr/perl5.22.2t/lib/site_perl/5.22.2/Try/Tiny.pm line 83
	Try::Tiny::try(CODE(0x4ef269d8), Try::Tiny::Catch=REF(0x45200cc0)) called at /home/cpansand/.cpan/build/2016090321/Catalyst-Runtime-5.90112-zUw6zS/blib/lib/Catalyst.pm line 2402
	Catalyst::handle_request("ComponentUI", "env", HASH(0x41d150a8), "response_cb", CODE(0x45200cf0)) called at /home/cpansand/.cpan/build/2016090321/Catalyst-Runtime-5.90112-zUw6zS/blib/lib/Catalyst/Engine.pm line 800
	Catalyst::Engine::__ANON__(CODE(0x45200cf0)) called at /usr/perl5.22.2t/lib/site_perl/5.22.2/Plack/Middleware/HTTPExceptions.pm line 32
	Plack::Middleware::HTTPExceptions::try {...} () called at /usr/perl5.22.2t/lib/site_perl/5.22.2/Try/Tiny.pm line 92
	eval {...} called at /usr/perl5.22.2t/lib/site_perl/5.22.2/Try/Tiny.pm line 83
	Try::Tiny::try(CODE(0x45200b58), Try::Tiny::Catch=REF(0x41d158b8)) called at /usr/perl5.22.2t/lib/site_perl/5.22.2/Plack/Middleware/HTTPExceptions.pm line 41
	Plack::Middleware::HTTPExceptions::__ANON__(CODE(0x45200a68)) called at /usr/perl5.22.2t/lib/site_perl/5.22.2/Plack/Util.pm line 339
	Plack::Util::__ANON__(CODE(0x45200978)) called at /usr/perl5.22.2t/lib/site_perl/5.22.2/Plack/Util.pm line 339
	Plack::Util::__ANON__(CODE(0x45200888)) called at /usr/perl5.22.2t/lib/site_perl/5.22.2/Plack/Util.pm line 339
	Plack::Util::__ANON__(CODE(0x45200810)) called at /usr/perl5.22.2t/lib/site_perl/5.22.2/HTTP/Message/PSGI.pm line 100
	HTTP::Message::PSGI::res_from_psgi(CODE(0x41d15768)) called at /usr/perl5.22.2t/lib/site_perl/5.22.2/HTTP/Message/PSGI.pm line 156
	HTTP::Response::from_psgi("HTTP::Response", CODE(0x41d15768)) called at /usr/perl5.22.2t/lib/site_perl/5.22.2/Plack/Test/MockHTTP.pm line 24
	Plack::Test::MockHTTP::try {...} () called at /usr/perl5.22.2t/lib/site_perl/5.22.2/Try/Tiny.pm line 90
	eval {...} called at /usr/perl5.22.2t/lib/site_perl/5.22.2/Try/Tiny.pm line 83
	Try::Tiny::try(CODE(0x41d13618), Try::Tiny::Catch=REF(0x4ed5d1b0)) called at /usr/perl5.22.2t/lib/site_perl/5.22.2/Plack/Test/MockHTTP.pm line 27
	Plack::Test::MockHTTP::request(Plack::Test::MockHTTP=HASH(0x41d13a80), HTTP::Request=HASH(0x41d13588)) called at /usr/perl5.22.2t/lib/site_perl/5.22.2/Plack/Test.pm line 38
	Plack::Test::__ANON__(HTTP::Request=HASH(0x41d13588)) called at /home/cpansand/.cpan/build/2016090321/Catalyst-Runtime-5.90112-zUw6zS/blib/lib/Catalyst/Test.pm line 281
	Catalyst::Test::__ANON__(CODE(0x41d13930)) called at /usr/perl5.22.2t/lib/site_perl/5.22.2/Plack/Test.pm line 38
	Plack::Test::test_psgi("mangle_response", CODE(0x4508c0c0), "app", CODE(0x41d131e0), "app", CODE(0x41d137b0), "client", CODE(0x41d13828)) called at /home/cpansand/.cpan/build/2016090321/Catalyst-Runtime-5.90112-zUw6zS/blib/lib/Catalyst/Test.pm line 284
	Catalyst::Test::_request(HASH(0x41cd6600), "/") called at /home/cpansand/.cpan/build/2016090321/Catalyst-Runtime-5.90112-zUw6zS/blib/lib/Catalyst/Test.pm line 327
	Catalyst::Test::_local_request("ComponentUI", "/") called at /home/cpansand/.cpan/build/2016090321/Catalyst-Runtime-5.90112-zUw6zS/blib/lib/Catalyst/Test.pm line 32
	Catalyst::Test::__ANON__("/") called at t/01app.t line 10
Class::MOP::load_class is deprecated at /usr/perl5.22.2t/lib/site_perl/5.22.2/amd64-freebsd-thread-multi/Class/MOP.pm line 69.
	Class::MOP::load_class("Reaction::UI::Widget::SiteLayout") called at /home/cpansand/.cpan/build/2016090321/Reaction-0.002005-eKiEh4/blib/lib/Reaction/UI/Skin.pm line 181
	eval {...} called at /home/cpansand/.cpan/build/2016090321/Reaction-0.002005-eKiEh4/blib/lib/Reaction/UI/Skin.pm line 181
	Reaction::UI::Skin::widget_class_for(Reaction::UI::Skin=HASH(0x4eb03498), Reaction::UI::LayoutSet::TT=HASH(0x4efc9258)) called at /home/cpansand/.cpan/build/2016090321/Reaction-0.002005-eKiEh4/blib/lib/Reaction/UI/LayoutSet.pm line 29
	Reaction::UI::LayoutSet::BUILD(Reaction::UI::LayoutSet::TT=HASH(0x4efc9258), HASH(0x4efc9240)) called at constructor Reaction::UI::LayoutSet::TT::new (defined at /home/cpansand/.cpan/build/2016090321/Reaction-0.002005-eKiEh4/blib/lib/Reaction/UI/LayoutSet/TT.pm line 43) line 69
	Reaction::UI::LayoutSet::TT::new("Reaction::UI::LayoutSet::TT", "name", "site_layout", "skin", Reaction::UI::Skin=HASH(0x4eb03498), "tt_object", Template=HASH(0x4d174f18), "source_file", Path::Class::File=HASH(0x4ed6f540), ...) called at /home/cpansand/.cpan/build/2016090321/Reaction-0.002005-eKiEh4/blib/lib/Reaction/UI/Skin.pm line 115
	Reaction::UI::Skin::_create_layout_set(Reaction::UI::Skin=HASH(0x4eb03498), "site_layout", ARRAY(0x41c41d08), Reaction::UI::Skin=HASH(0x4eb03498)) called at /home/cpansand/.cpan/build/2016090321/Reaction-0.002005-eKiEh4/blib/lib/Reaction/UI/Skin.pm line 110
	Reaction::UI::Skin::create_layout_set(Reaction::UI::Skin=HASH(0x4eb03498), "site_layout") called at /home/cpansand/.cpan/build/2016090321/Reaction-0.002005-eKiEh4/blib/lib/Reaction/UI/LayoutSet.pm line 83
	Reaction::UI::LayoutSet::_load_file(Reaction::UI::LayoutSet::TT=HASH(0x41c42390), Path::Class::File=HASH(0x41c414c8), HASH(0x41c41018)) called at /home/cpansand/.cpan/build/2016090321/Reaction-0.002005-eKiEh4/blib/lib/Reaction/UI/LayoutSet.pm line 27
	Reaction::UI::LayoutSet::BUILD(Reaction::UI::LayoutSet::TT=HASH(0x41c42390), HASH(0x41c41018)) called at constructor Reaction::UI::LayoutSet::TT::new (defined at /home/cpansand/.cpan/build/2016090321/Reaction-0.002005-eKiEh4/blib/lib/Reaction/UI/LayoutSet/TT.pm line 43) line 69
	Reaction::UI::LayoutSet::TT::new("Reaction::UI::LayoutSet::TT", "name", "site_layout", "skin", Reaction::UI::Skin=HASH(0x4efa4420), "next_skin", Reaction::UI::Skin=HASH(0x4eb03498), "tt_object", Template=HASH(0x4d174f18), ...) called at /home/cpansand/.cpan/build/2016090321/Reaction-0.002005-eKiEh4/blib/lib/Reaction/UI/Skin.pm line 115
	Reaction::UI::Skin::_create_layout_set(Reaction::UI::Skin=HASH(0x4efa4420), "site_layout", ARRAY(0x4eb69210), Reaction::UI::Skin=HASH(0x4efa4420)) called at /home/cpansand/.cpan/build/2016090321/Reaction-0.002005-eKiEh4/blib/lib/Reaction/UI/Skin.pm line 110
	Reaction::UI::Skin::create_layout_set(Reaction::UI::Skin=HASH(0x4efa4420), "site_layout") called at /home/cpansand/.cpan/build/2016090321/Reaction-0.002005-eKiEh4/blib/lib/Reaction/UI/LayoutSet.pm line 83
	Reaction::UI::LayoutSet::_load_file(Reaction::UI::LayoutSet::TT=HASH(0x4ef487b0), Path::Class::File=HASH(0x4ef41ee8), HASH(0x4ef44690)) called at /home/cpansand/.cpan/build/2016090321/Reaction-0.002005-eKiEh4/blib/lib/Reaction/UI/LayoutSet.pm line 27
	Reaction::UI::LayoutSet::BUILD(Reaction::UI::LayoutSet::TT=HASH(0x4ef487b0), HASH(0x4ef44690)) called at constructor Reaction::UI::LayoutSet::TT::new (defined at /home/cpansand/.cpan/build/2016090321/Reaction-0.002005-eKiEh4/blib/lib/Reaction/UI/LayoutSet/TT.pm line 43) line 69
	Reaction::UI::LayoutSet::TT::new("Reaction::UI::LayoutSet::TT", "name", "site_layout", "skin", Reaction::UI::Skin=HASH(0x4e60fc30), "next_skin", Reaction::UI::Skin=HASH(0x4efa4420), "tt_object", Template=HASH(0x4d174f18), ...) called at /home/cpansand/.cpan/build/2016090321/Reaction-0.002005-eKiEh4/blib/lib/Reaction/UI/Skin.pm line 115
	Reaction::UI::Skin::_create_layout_set(Reaction::UI::Skin=HASH(0x4e60fc30), "site_layout", ARRAY(0x41d11ea0), Reaction::UI::Skin=HASH(0x4e60fc30)) called at /home/cpansand/.cpan/build/2016090321/Reaction-0.002005-eKiEh4/blib/lib/Reaction/UI/Skin.pm line 110
	Reaction::UI::Skin::create_layout_set(Reaction::UI::Skin=HASH(0x4e60fc30), "site_layout") called at /usr/perl5.22.2t/lib/site_perl/5.22.2/amd64-freebsd-thread-multi/Moose/Meta/Method/Delegation.pm line 110
	Reaction::UI::View::create_layout_set(ComponentUI::View::Site=HASH(0x4ce8a9c0), "site_layout") called at /home/cpansand/.cpan/build/2016090321/Reaction-0.002005-eKiEh4/blib/lib/Reaction/UI/View.pm line 99
	Reaction::UI::View::layout_set_for(ComponentUI::View::Site=HASH(0x4ce8a9c0), Reaction::UI::ViewPort::SiteLayout=HASH(0x4ef418b8)) called at /home/cpansand/.cpan/build/2016090321/Reaction-0.002005-eKiEh4/blib/lib/Reaction/UI/View.pm line 78
	Reaction::UI::View::render_viewport_args(ComponentUI::View::Site=HASH(0x4ce8a9c0), Reaction::UI::ViewPort::SiteLayout=HASH(0x4ef418b8)) called at /home/cpansand/.cpan/build/2016090321/Reaction-0.002005-eKiEh4/blib/lib/Reaction/UI/View.pm line 61
	Reaction::UI::View::render_window(ComponentUI::View::Site=HASH(0x4ce8a9c0), Reaction::UI::Window=HASH(0x4ef410a8)) called at /home/cpansand/.cpan/build/2016090321/Reaction-0.002005-eKiEh4/blib/lib/Reaction/UI/Window.pm line 74
	Reaction::UI::Window::flush_view(Reaction::UI::Window=HASH(0x4ef410a8)) called at /home/cpansand/.cpan/build/2016090321/Reaction-0.002005-eKiEh4/blib/lib/Reaction/UI/Window.pm line 36
	Reaction::UI::Window::flush(Reaction::UI::Window=HASH(0x4ef410a8)) called at /home/cpansand/.cpan/build/2016090321/Reaction-0.002005-eKiEh4/blib/lib/Reaction/UI/Controller/Root.pm line 38
	Reaction::UI::Controller::Root::end(ComponentUI::Controller::Root=HASH(0x4ef41210), ComponentUI=HASH(0x4ef2dc48)) called at /home/cpansand/.cpan/build/2016090321/Catalyst-Runtime-5.90112-zUw6zS/blib/lib/Catalyst/Action.pm line 358
	Catalyst::Action::execute(Catalyst::Action=HASH(0x4ec92618), ComponentUI::Controller::Root=HASH(0x4ef41210), ComponentUI=HASH(0x4ef2dc48)) called at /home/cpansand/.cpan/build/2016090321/Catalyst-Runtime-5.90112-zUw6zS/blib/lib/Catalyst.pm line 2056
	eval {...} called at /home/cpansand/.cpan/build/2016090321/Catalyst-Runtime-5.90112-zUw6zS/blib/lib/Catalyst.pm line 2056
	Catalyst::execute(ComponentUI=HASH(0x4ef2dc48), "ComponentUI::Controller::Root", Catalyst::Action=HASH(0x4ec92618)) called at /home/cpansand/.cpan/build/2016090321/Catalyst-Runtime-5.90112-zUw6zS/blib/lib/Catalyst/Action.pm line 353
	Catalyst::Action::dispatch(Catalyst::Action=HASH(0x4ec92618), ComponentUI=HASH(0x4ef2dc48)) called at /home/cpansand/.cpan/build/2016090321/Catalyst-Runtime-5.90112-zUw6zS/blib/lib/Catalyst/Controller.pm line 189
	Catalyst::Controller::_END("ComponentUI", ComponentUI=HASH(0x4ef2dc48)) called at /home/cpansand/.cpan/build/2016090321/Catalyst-Runtime-5.90112-zUw6zS/blib/lib/Catalyst/Action.pm line 358
	Catalyst::Action::execute(Catalyst::Action=HASH(0x4ee26d08), "ComponentUI", ComponentUI=HASH(0x4ef2dc48)) called at /home/cpansand/.cpan/build/2016090321/Catalyst-Runtime-5.90112-zUw6zS/blib/lib/Catalyst.pm line 2056
	eval {...} called at /home/cpansand/.cpan/build/2016090321/Catalyst-Runtime-5.90112-zUw6zS/blib/lib/Catalyst.pm line 2056
	Catalyst::execute(ComponentUI=HASH(0x4ef2dc48), "ComponentUI", Catalyst::Action=HASH(0x4ee26d08)) called at /home/cpansand/.cpan/build/2016090321/Catalyst-Runtime-5.90112-zUw6zS/blib/lib/Catalyst/Action.pm line 353
	Catalyst::Action::dispatch(Catalyst::Action=HASH(0x4ee26d08), ComponentUI=HASH(0x4ef2dc48)) called at /home/cpansand/.cpan/build/2016090321/Catalyst-Runtime-5.90112-zUw6zS/blib/lib/Catalyst/Dispatcher.pm line 262
	Catalyst::Dispatcher::_do_forward(Catalyst::Dispatcher=HASH(0x461efb10), "forward", ComponentUI=HASH(0x4ef2dc48), "_END") called at /home/cpansand/.cpan/build/2016090321/Catalyst-Runtime-5.90112-zUw6zS/blib/lib/Catalyst/Dispatcher.pm line 242
	Catalyst::Dispatcher::forward(Catalyst::Dispatcher=HASH(0x461efb10), ComponentUI=HASH(0x4ef2dc48), "_END") called at /home/cpansand/.cpan/build/2016090321/Catalyst-Runtime-5.90112-zUw6zS/blib/lib/Catalyst.pm line 481
	Catalyst::forward(ComponentUI=HASH(0x4ef2dc48), "_END") called at /home/cpansand/.cpan/build/2016090321/Catalyst-Runtime-5.90112-zUw6zS/blib/lib/Catalyst/Controller.pm line 138
	Catalyst::Controller::_DISPATCH("ComponentUI", ComponentUI=HASH(0x4ef2dc48)) called at /home/cpansand/.cpan/build/2016090321/Catalyst-Runtime-5.90112-zUw6zS/blib/lib/Catalyst/Action.pm line 358
	Catalyst::Action::execute(Catalyst::Action=HASH(0x4ee26c30), "ComponentUI", ComponentUI=HASH(0x4ef2dc48)) called at /home/cpansand/.cpan/build/2016090321/Catalyst-Runtime-5.90112-zUw6zS/blib/lib/Catalyst.pm line 2056
	eval {...} called at /home/cpansand/.cpan/build/2016090321/Catalyst-Runtime-5.90112-zUw6zS/blib/lib/Catalyst.pm line 2056
	Catalyst::execute(ComponentUI=HASH(0x4ef2dc48), "ComponentUI", Catalyst::Action=HASH(0x4ee26c30)) called at /home/cpansand/.cpan/build/2016090321/Catalyst-Runtime-5.90112-zUw6zS/blib/lib/Catalyst/Action.pm line 353
	Catalyst::Action::dispatch(Catalyst::Action=HASH(0x4ee26c30), ComponentUI=HASH(0x4ef2dc48)) called at /home/cpansand/.cpan/build/2016090321/Catalyst-Runtime-5.90112-zUw6zS/blib/lib/Catalyst/Dispatcher.pm line 262
	Catalyst::Dispatcher::_do_forward(Catalyst::Dispatcher=HASH(0x461efb10), "forward", ComponentUI=HASH(0x4ef2dc48), "//_DISPATCH") called at /home/cpansand/.cpan/build/2016090321/Catalyst-Runtime-5.90112-zUw6zS/blib/lib/Catalyst/Dispatcher.pm line 242
	Catalyst::Dispatcher::forward(Catalyst::Dispatcher=HASH(0x461efb10), ComponentUI=HASH(0x4ef2dc48), "//_DISPATCH") called at /home/cpansand/.cpan/build/2016090321/Catalyst-Runtime-5.90112-zUw6zS/blib/lib/Catalyst.pm line 481
	Catalyst::forward(ComponentUI=HASH(0x4ef2dc48), "//_DISPATCH") called at /home/cpansand/.cpan/build/2016090321/Catalyst-Runtime-5.90112-zUw6zS/blib/lib/Catalyst/Dispatcher.pm line 108
	Catalyst::Dispatcher::dispatch(Catalyst::Dispatcher=HASH(0x461efb10), ComponentUI=HASH(0x4ef2dc48)) called at /home/cpansand/.cpan/build/2016090321/Catalyst-Runtime-5.90112-zUw6zS/blib/lib/Catalyst.pm line 2002
	Catalyst::dispatch(ComponentUI=HASH(0x4ef2dc48)) called at /home/cpansand/.cpan/build/2016090321/Catalyst-Plugin-Static-Simple-0.33-DAr8_p/blib/lib/Catalyst/Plugin/Static/Simple.pm line 86
	Class::MOP::Class:::around(CODE(0x46171918), ComponentUI=HASH(0x4ef2dc48)) called at /usr/perl5.22.2t/lib/site_perl/5.22.2/amd64-freebsd-thread-multi/Class/MOP/Method/Wrapped.pm line 164
	ComponentUI::_wrapped_dispatch(ComponentUI=HASH(0x4ef2dc48)) called at /usr/perl5.22.2t/lib/site_perl/5.22.2/amd64-freebsd-thread-multi/Class/MOP/Method/Wrapped.pm line 95
	ComponentUI::dispatch(ComponentUI=HASH(0x4ef2dc48)) called at /home/cpansand/.cpan/build/2016090321/Catalyst-Runtime-5.90112-zUw6zS/blib/lib/Catalyst.pm line 2393
	Catalyst::try {...} () called at /usr/perl5.22.2t/lib/site_perl/5.22.2/Try/Tiny.pm line 92
	eval {...} called at /usr/perl5.22.2t/lib/site_perl/5.22.2/Try/Tiny.pm line 83
	Try::Tiny::try(CODE(0x4ef269d8), Try::Tiny::Catch=REF(0x45200cc0)) called at /home/cpansand/.cpan/build/2016090321/Catalyst-Runtime-5.90112-zUw6zS/blib/lib/Catalyst.pm line 2402
	Catalyst::handle_request("ComponentUI", "env", HASH(0x41d150a8), "response_cb", CODE(0x45200cf0)) called at /home/cpansand/.cpan/build/2016090321/Catalyst-Runtime-5.90112-zUw6zS/blib/lib/Catalyst/Engine.pm line 800
	Catalyst::Engine::__ANON__(CODE(0x45200cf0)) called at /usr/perl5.22.2t/lib/site_perl/5.22.2/Plack/Middleware/HTTPExceptions.pm line 32
	Plack::Middleware::HTTPExceptions::try {...} () called at /usr/perl5.22.2t/lib/site_perl/5.22.2/Try/Tiny.pm line 92
	eval {...} called at /usr/perl5.22.2t/lib/site_perl/5.22.2/Try/Tiny.pm line 83
	Try::Tiny::try(CODE(0x45200b58), Try::Tiny::Catch=REF(0x41d158b8)) called at /usr/perl5.22.2t/lib/site_perl/5.22.2/Plack/Middleware/HTTPExceptions.pm line 41
	Plack::Middleware::HTTPExceptions::__ANON__(CODE(0x45200a68)) called at /usr/perl5.22.2t/lib/site_perl/5.22.2/Plack/Util.pm line 339
	Plack::Util::__ANON__(CODE(0x45200978)) called at /usr/perl5.22.2t/lib/site_perl/5.22.2/Plack/Util.pm line 339
	Plack::Util::__ANON__(CODE(0x45200888)) called at /usr/perl5.22.2t/lib/site_perl/5.22.2/Plack/Util.pm line 339
	Plack::Util::__ANON__(CODE(0x45200810)) called at /usr/perl5.22.2t/lib/site_perl/5.22.2/HTTP/Message/PSGI.pm line 100
	HTTP::Message::PSGI::res_from_psgi(CODE(0x41d15768)) called at /usr/perl5.22.2t/lib/site_perl/5.22.2/HTTP/Message/PSGI.pm line 156
	HTTP::Response::from_psgi("HTTP::Response", CODE(0x41d15768)) called at /usr/perl5.22.2t/lib/site_perl/5.22.2/Plack/Test/MockHTTP.pm line 24
	Plack::Test::MockHTTP::try {...} () called at /usr/perl5.22.2t/lib/site_perl/5.22.2/Try/Tiny.pm line 90
	eval {...} called at /usr/perl5.22.2t/lib/site_perl/5.22.2/Try/Tiny.pm line 83
	Try::Tiny::try(CODE(0x41d13618), Try::Tiny::Catch=REF(0x4ed5d1b0)) called at /usr/perl5.22.2t/lib/site_perl/5.22.2/Plack/Test/MockHTTP.pm line 27
	Plack::Test::MockHTTP::request(Plack::Test::MockHTTP=HASH(0x41d13a80), HTTP::Request=HASH(0x41d13588)) called at /usr/perl5.22.2t/lib/site_perl/5.22.2/Plack/Test.pm line 38
	Plack::Test::__ANON__(HTTP::Request=HASH(0x41d13588)) called at /home/cpansand/.cpan/build/2016090321/Catalyst-Runtime-5.90112-zUw6zS/blib/lib/Catalyst/Test.pm line 281
	Catalyst::Test::__ANON__(CODE(0x41d13930)) called at /usr/perl5.22.2t/lib/site_perl/5.22.2/Plack/Test.pm line 38
	Plack::Test::test_psgi("mangle_response", CODE(0x4508c0c0), "app", CODE(0x41d131e0), "app", CODE(0x41d137b0), "client", CODE(0x41d13828)) called at /home/cpansand/.cpan/build/2016090321/Catalyst-Runtime-5.90112-zUw6zS/blib/lib/Catalyst/Test.pm line 284
	Catalyst::Test::_request(HASH(0x41cd6600), "/") called at /home/cpansand/.cpan/build/2016090321/Catalyst-Runtime-5.90112-zUw6zS/blib/lib/Catalyst/Test.pm line 327
	Catalyst::Test::_local_request("ComponentUI", "/") called at /home/cpansand/.cpan/build/2016090321/Catalyst-Runtime-5.90112-zUw6zS/blib/lib/Catalyst/Test.pm line 32
	Catalyst::Test::__ANON__("/") called at t/01app.t line 10
[debug] remote
t/01app.t ................... ok
t/04load_all.t .............. ok

#   Failed test 'Attribute lists match'
#   at t/05reflect_attr_from.t line 32.
#     Structures begin differing at:
#          $got->[0] = 'id'
#     $expected->[0] = 'username'
# Looks like you failed 1 test of 1.
t/05reflect_attr_from.t ..... 
Dubious, test returned 1 (wstat 256, 0x100)
Failed 1/1 subtests 
Class::MOP::load_class is deprecated at /usr/perl5.22.2t/lib/site_perl/5.22.2/amd64-freebsd-thread-multi/Class/MOP.pm line 69.
	Class::MOP::load_class("Reaction::InterfaceModel::Object") called at /home/cpansand/.cpan/build/2016090321/Reaction-0.002005-eKiEh4/blib/lib/Reaction/InterfaceModel/Reflector/DBIC.pm line 149
	Reaction::InterfaceModel::Reflector::DBIC::reflect_schema(Reaction::InterfaceModel::Reflector::DBIC=HASH(0x46476918), "model_class", "ComponentUI::TestModel", "schema_class", "RTest::TestDB", "sources", ARRAY(0x46469180)) called at /home/cpansand/.cpan/build/2016090321/Reaction-0.002005-eKiEh4/blib/lib/ComponentUI/TestModel.pm line 10
	require ComponentUI/TestModel.pm called at t/lib/RTest/InterfaceModel/Reflector/DBIC.pm line 6
	RTest::InterfaceModel::Reflector::DBIC::BEGIN() called at /home/cpansand/.cpan/build/2016090321/Reaction-0.002005-eKiEh4/blib/lib/ComponentUI/TestModel.pm line 0
	eval {...} called at /home/cpansand/.cpan/build/2016090321/Reaction-0.002005-eKiEh4/blib/lib/ComponentUI/TestModel.pm line 0
	require RTest/InterfaceModel/Reflector/DBIC.pm called at t/im_dbic.t line 7
	main::BEGIN() called at /home/cpansand/.cpan/build/2016090321/Reaction-0.002005-eKiEh4/blib/lib/ComponentUI/TestModel.pm line 0
	eval {...} called at /home/cpansand/.cpan/build/2016090321/Reaction-0.002005-eKiEh4/blib/lib/ComponentUI/TestModel.pm line 0
Class::MOP::load_class is deprecated at /usr/perl5.22.2t/lib/site_perl/5.22.2/amd64-freebsd-thread-multi/Class/MOP.pm line 69.
	Class::MOP::load_class("Reaction::InterfaceModel::Object") called at /home/cpansand/.cpan/build/2016090321/Reaction-0.002005-eKiEh4/blib/lib/Reaction/Class.pm line 123
	Reaction::Class::do_class_sub("Reaction::Class", "ComponentUI::TestModel::Foo", "ComponentUI::TestModel::Foo", "is", "Reaction::InterfaceModel::Object", "which", CODE(0x47224570)) called at /home/cpansand/.cpan/build/2016090321/Reaction-0.002005-eKiEh4/blib/lib/Reaction/Class.pm line 86
	Reaction::Class::("ComponentUI::TestModel::Foo", "is", "Reaction::InterfaceModel::Object", "which", CODE(0x47224570)) called at /home/cpansand/.cpan/build/2016090321/Reaction-0.002005-eKiEh4/blib/lib/ComponentUI/TestModel/Foo.pm line 8
	require ComponentUI/TestModel/Foo.pm called at /usr/perl5.22.2t/lib/site_perl/5.22.2/Module/Runtime.pm line 317
	Module::Runtime::require_module("ComponentUI::TestModel::Foo") called at /usr/perl5.22.2t/lib/site_perl/5.22.2/Class/Load.pm line 174
	Class::Load::try {...} () called at /usr/perl5.22.2t/lib/site_perl/5.22.2/Try/Tiny.pm line 88
	eval {...} called at /usr/perl5.22.2t/lib/site_perl/5.22.2/Try/Tiny.pm line 83
	Try::Tiny::try(CODE(0x48319f30), Try::Tiny::Catch=REF(0x4845f528)) called at /usr/perl5.22.2t/lib/site_perl/5.22.2/Class/Load.pm line 180
	Class::Load::try_load_class("ComponentUI::TestModel::Foo", undef) called at /usr/perl5.22.2t/lib/site_perl/5.22.2/Class/Load.pm line 35
	Class::Load::load_class("ComponentUI::TestModel::Foo") called at /home/cpansand/.cpan/build/2016090321/Reaction-0.002005-eKiEh4/blib/lib/Reaction/InterfaceModel/Reflector/DBIC.pm line 892
	eval {...} called at /home/cpansand/.cpan/build/2016090321/Reaction-0.002005-eKiEh4/blib/lib/Reaction/InterfaceModel/Reflector/DBIC.pm line 892
	Reaction::InterfaceModel::Reflector::DBIC::_maybe_load_class(Reaction::InterfaceModel::Reflector::DBIC=HASH(0x46476918), "ComponentUI::TestModel::Foo") called at /home/cpansand/.cpan/build/2016090321/Reaction-0.002005-eKiEh4/blib/lib/Reaction/InterfaceModel/Reflector/DBIC.pm line 876
	Reaction::InterfaceModel::Reflector::DBIC::_load_or_create(Reaction::InterfaceModel::Reflector::DBIC=HASH(0x46476918), "ComponentUI::TestModel::Foo", "superclasses", ARRAY(0x4824a8a0)) called at /home/cpansand/.cpan/build/2016090321/Reaction-0.002005-eKiEh4/blib/lib/Reaction/InterfaceModel/Reflector/DBIC.pm line 448
	Reaction::InterfaceModel::Reflector::DBIC::reflect_source_object(Reaction::InterfaceModel::Reflector::DBIC=HASH(0x46476918), "parent_class", "ComponentUI::TestModel", "source_name", "Foo", "source_class", "RTest::TestDB::Foo", "schema_class", "RTest::TestDB", ...) called at /home/cpansand/.cpan/build/2016090321/Reaction-0.002005-eKiEh4/blib/lib/Reaction/InterfaceModel/Reflector/DBIC.pm line 323
	Reaction::InterfaceModel::Reflector::DBIC::reflect_source(Reaction::InterfaceModel::Reflector::DBIC=HASH(0x46476918), "source_name", "Foo", "parent_class", "ComponentUI::TestModel", "schema_class", "RTest::TestDB", "source_class", "RTest::TestDB::Foo", ...) called at /home/cpansand/.cpan/build/2016090321/Reaction-0.002005-eKiEh4/blib/lib/Reaction/InterfaceModel/Reflector/DBIC.pm line 185
	Reaction::InterfaceModel::Reflector::DBIC::reflect_schema(Reaction::InterfaceModel::Reflector::DBIC=HASH(0x46476918), "model_class", "ComponentUI::TestModel", "schema_class", "RTest::TestDB", "sources", ARRAY(0x46469180)) called at /home/cpansand/.cpan/build/2016090321/Reaction-0.002005-eKiEh4/blib/lib/ComponentUI/TestModel.pm line 10
	require ComponentUI/TestModel.pm called at t/lib/RTest/InterfaceModel/Reflector/DBIC.pm line 6
	RTest::InterfaceModel::Reflector::DBIC::BEGIN() called at /home/cpansand/.cpan/build/2016090321/Reaction-0.002005-eKiEh4/blib/lib/ComponentUI/TestModel/Foo.pm line 0
	eval {...} called at /home/cpansand/.cpan/build/2016090321/Reaction-0.002005-eKiEh4/blib/lib/ComponentUI/TestModel/Foo.pm line 0
	require RTest/InterfaceModel/Reflector/DBIC.pm called at t/im_dbic.t line 7
	main::BEGIN() called at /home/cpansand/.cpan/build/2016090321/Reaction-0.002005-eKiEh4/blib/lib/ComponentUI/TestModel/Foo.pm line 0
	eval {...} called at /home/cpansand/.cpan/build/2016090321/Reaction-0.002005-eKiEh4/blib/lib/ComponentUI/TestModel/Foo.pm line 0
Class::MOP::is_class_loaded is deprecated at /usr/perl5.22.2t/lib/site_perl/5.22.2/amd64-freebsd-thread-multi/Class/MOP.pm line 87.
	Class::MOP::is_class_loaded("RTest::TestIM::Foo") called at t/lib/RTest/InterfaceModel/Reflector/DBIC.pm line 74
	RTest::InterfaceModel::Reflector::DBIC::test_reflect_schema(RTest::InterfaceModel::Reflector::DBIC=HASH(0x486a8f00)) called at /home/cpansand/.cpan/build/2016090321/Test-Class-0.50-acKFfo/blib/lib/Test/Class.pm line 293
	Test::Class::try {...} () called at /usr/perl5.22.2t/lib/site_perl/5.22.2/Try/Tiny.pm line 90
	eval {...} called at /usr/perl5.22.2t/lib/site_perl/5.22.2/Try/Tiny.pm line 83
	Try::Tiny::try(CODE(0x4a6a6030), Try::Tiny::Catch=REF(0x4a70c0d8)) called at /home/cpansand/.cpan/build/2016090321/Test-Class-0.50-acKFfo/blib/lib/Test/Class.pm line 293
	Test::Class::_run_method(RTest::InterfaceModel::Reflector::DBIC=HASH(0x486a8f00), "test_reflect_schema", ARRAY(0x42e435e8)) called at /home/cpansand/.cpan/build/2016090321/Test-Class-0.50-acKFfo/blib/lib/Test/Class.pm line 395
	Test::Class::runtests("Test::Class", RTest::InterfaceModel::Reflector::DBIC=HASH(0x486a8f00)) called at t/im_dbic.t line 10
t/im_dbic.t ................. ok
t/ui_focus_stack.t .......... ok
t/ui_view.t ................. ok
t/ui_viewport.t ............. ok
Class::MOP::load_class is deprecated at /usr/perl5.22.2t/lib/site_perl/5.22.2/amd64-freebsd-thread-multi/Class/MOP.pm line 69.
	Class::MOP::load_class("ComponentUI::TestModel") called at /home/cpansand/.cpan/build/2016090321/Reaction-0.002005-eKiEh4/blib/lib/Catalyst/Model/Reaction/InterfaceModel/DBIC.pm line 24
	Catalyst::Model::Reaction::InterfaceModel::DBIC::COMPONENT("ComponentUI::Model::TestModel", "ComponentUI", HASH(0x4d90d708)) called at /home/cpansand/.cpan/build/2016090321/Catalyst-Runtime-5.90112-zUw6zS/blib/lib/Catalyst.pm line 3206
	eval {...} called at /home/cpansand/.cpan/build/2016090321/Catalyst-Runtime-5.90112-zUw6zS/blib/lib/Catalyst.pm line 3207
	Catalyst::setup_component("ComponentUI", "ComponentUI::Model::TestModel") called at /home/cpansand/.cpan/build/2016090321/Catalyst-Runtime-5.90112-zUw6zS/blib/lib/Catalyst.pm line 3184
	Catalyst::__ANON__() called at /home/cpansand/.cpan/build/2016090321/Catalyst-Runtime-5.90112-zUw6zS/blib/lib/Catalyst.pm line 3031
	Catalyst::setup_components("ComponentUI") called at /home/cpansand/.cpan/build/2016090321/Catalyst-Runtime-5.90112-zUw6zS/blib/lib/Catalyst.pm line 1426
	Catalyst::setup("ComponentUI") called at /home/cpansand/.cpan/build/2016090321/Reaction-0.002005-eKiEh4/blib/lib/ComponentUI.pm line 32
	require ComponentUI.pm called at /usr/perl5.22.2t/lib/site_perl/5.22.2/Module/Runtime.pm line 317
	Module::Runtime::require_module("ComponentUI") called at /usr/perl5.22.2t/lib/site_perl/5.22.2/Class/Load.pm line 174
	Class::Load::try {...} () called at /usr/perl5.22.2t/lib/site_perl/5.22.2/Try/Tiny.pm line 88
	eval {...} called at /usr/perl5.22.2t/lib/site_perl/5.22.2/Try/Tiny.pm line 83
	Try::Tiny::try(CODE(0x429df810), Try::Tiny::Catch=REF(0x4727e738)) called at /usr/perl5.22.2t/lib/site_perl/5.22.2/Class/Load.pm line 180
	Class::Load::try_load_class("ComponentUI", undef) called at /usr/perl5.22.2t/lib/site_perl/5.22.2/Class/Load.pm line 35
	Class::Load::load_class("ComponentUI") called at /home/cpansand/.cpan/build/2016090321/Test-WWW-Mechanize-Catalyst-0.60-aFZnVw/blib/lib/Test/WWW/Mechanize/Catalyst.pm line 245
	Test::WWW::Mechanize::Catalyst::import("Test::WWW::Mechanize::Catalyst", "ComponentUI") called at t/uncheck_bool_field.t line 6
	main::BEGIN() called at /home/cpansand/.cpan/build/2016090321/Reaction-0.002005-eKiEh4/blib/lib/ComponentUI.pm line 0
	eval {...} called at /home/cpansand/.cpan/build/2016090321/Reaction-0.002005-eKiEh4/blib/lib/ComponentUI.pm line 0
Class::MOP::load_class is deprecated at /usr/perl5.22.2t/lib/site_perl/5.22.2/amd64-freebsd-thread-multi/Class/MOP.pm line 69.
	Class::MOP::load_class("Reaction::InterfaceModel::Object") called at /home/cpansand/.cpan/build/2016090321/Reaction-0.002005-eKiEh4/blib/lib/Reaction/InterfaceModel/Reflector/DBIC.pm line 149
	Reaction::InterfaceModel::Reflector::DBIC::reflect_schema(Reaction::InterfaceModel::Reflector::DBIC=HASH(0x4edf0a38), "model_class", "ComponentUI::TestModel", "schema_class", "RTest::TestDB", "sources", ARRAY(0x4ee1af90)) called at /home/cpansand/.cpan/build/2016090321/Reaction-0.002005-eKiEh4/blib/lib/ComponentUI/TestModel.pm line 10
	require ComponentUI/TestModel.pm called at /usr/perl5.22.2t/lib/site_perl/5.22.2/Module/Runtime.pm line 317
	Module::Runtime::require_module("ComponentUI::TestModel") called at /usr/perl5.22.2t/lib/site_perl/5.22.2/Class/Load.pm line 174
	Class::Load::try {...} () called at /usr/perl5.22.2t/lib/site_perl/5.22.2/Try/Tiny.pm line 88
	eval {...} called at /usr/perl5.22.2t/lib/site_perl/5.22.2/Try/Tiny.pm line 83
	Try::Tiny::try(CODE(0x4d903420), Try::Tiny::Catch=REF(0x4e86a7e0)) called at /usr/perl5.22.2t/lib/site_perl/5.22.2/Class/Load.pm line 180
	Class::Load::try_load_class("ComponentUI::TestModel", undef) called at /usr/perl5.22.2t/lib/site_perl/5.22.2/Class/Load.pm line 35
	Class::Load::load_class("ComponentUI::TestModel") called at /home/cpansand/.cpan/build/2016090321/Reaction-0.002005-eKiEh4/blib/lib/Catalyst/Model/Reaction/InterfaceModel/DBIC.pm line 24
	Catalyst::Model::Reaction::InterfaceModel::DBIC::COMPONENT("ComponentUI::Model::TestModel", "ComponentUI", HASH(0x4d90d708)) called at /home/cpansand/.cpan/build/2016090321/Catalyst-Runtime-5.90112-zUw6zS/blib/lib/Catalyst.pm line 3206
	eval {...} called at /home/cpansand/.cpan/build/2016090321/Catalyst-Runtime-5.90112-zUw6zS/blib/lib/Catalyst.pm line 3207
	Catalyst::setup_component("ComponentUI", "ComponentUI::Model::TestModel") called at /home/cpansand/.cpan/build/2016090321/Catalyst-Runtime-5.90112-zUw6zS/blib/lib/Catalyst.pm line 3184
	Catalyst::__ANON__() called at /home/cpansand/.cpan/build/2016090321/Catalyst-Runtime-5.90112-zUw6zS/blib/lib/Catalyst.pm line 3031
	Catalyst::setup_components("ComponentUI") called at /home/cpansand/.cpan/build/2016090321/Catalyst-Runtime-5.90112-zUw6zS/blib/lib/Catalyst.pm line 1426
	Catalyst::setup("ComponentUI") called at /home/cpansand/.cpan/build/2016090321/Reaction-0.002005-eKiEh4/blib/lib/ComponentUI.pm line 32
	require ComponentUI.pm called at /usr/perl5.22.2t/lib/site_perl/5.22.2/Module/Runtime.pm line 317
	Module::Runtime::require_module("ComponentUI") called at /usr/perl5.22.2t/lib/site_perl/5.22.2/Class/Load.pm line 174
	Class::Load::try {...} () called at /usr/perl5.22.2t/lib/site_perl/5.22.2/Try/Tiny.pm line 88
	eval {...} called at /usr/perl5.22.2t/lib/site_perl/5.22.2/Try/Tiny.pm line 83
	Try::Tiny::try(CODE(0x429df810), Try::Tiny::Catch=REF(0x4727e738)) called at /usr/perl5.22.2t/lib/site_perl/5.22.2/Class/Load.pm line 180
	Class::Load::try_load_class("ComponentUI", undef) called at /usr/perl5.22.2t/lib/site_perl/5.22.2/Class/Load.pm line 35
	Class::Load::load_class("ComponentUI") called at /home/cpansand/.cpan/build/2016090321/Test-WWW-Mechanize-Catalyst-0.60-aFZnVw/blib/lib/Test/WWW/Mechanize/Catalyst.pm line 245
	Test::WWW::Mechanize::Catalyst::import("Test::WWW::Mechanize::Catalyst", "ComponentUI") called at t/uncheck_bool_field.t line 6
	main::BEGIN() called at /home/cpansand/.cpan/build/2016090321/Reaction-0.002005-eKiEh4/blib/lib/ComponentUI/TestModel.pm line 0
	eval {...} called at /home/cpansand/.cpan/build/2016090321/Reaction-0.002005-eKiEh4/blib/lib/ComponentUI/TestModel.pm line 0
Class::MOP::load_class is deprecated at /usr/perl5.22.2t/lib/site_perl/5.22.2/amd64-freebsd-thread-multi/Class/MOP.pm line 69.
	Class::MOP::load_class("Reaction::InterfaceModel::Object") called at /home/cpansand/.cpan/build/2016090321/Reaction-0.002005-eKiEh4/blib/lib/Reaction/Class.pm line 123
	Reaction::Class::do_class_sub("Reaction::Class", "ComponentUI::TestModel::Foo", "ComponentUI::TestModel::Foo", "is", "Reaction::InterfaceModel::Object", "which", CODE(0x4ef5d4f8)) called at /home/cpansand/.cpan/build/2016090321/Reaction-0.002005-eKiEh4/blib/lib/Reaction/Class.pm line 86
	Reaction::Class::("ComponentUI::TestModel::Foo", "is", "Reaction::InterfaceModel::Object", "which", CODE(0x4ef5d4f8)) called at /home/cpansand/.cpan/build/2016090321/Reaction-0.002005-eKiEh4/blib/lib/ComponentUI/TestModel/Foo.pm line 8
	require ComponentUI/TestModel/Foo.pm called at /usr/perl5.22.2t/lib/site_perl/5.22.2/Module/Runtime.pm line 317
	Module::Runtime::require_module("ComponentUI::TestModel::Foo") called at /usr/perl5.22.2t/lib/site_perl/5.22.2/Class/Load.pm line 174
	Class::Load::try {...} () called at /usr/perl5.22.2t/lib/site_perl/5.22.2/Try/Tiny.pm line 88
	eval {...} called at /usr/perl5.22.2t/lib/site_perl/5.22.2/Try/Tiny.pm line 83
	Try::Tiny::try(CODE(0x4ee14528), Try::Tiny::Catch=REF(0x4ef36360)) called at /usr/perl5.22.2t/lib/site_perl/5.22.2/Class/Load.pm line 180
	Class::Load::try_load_class("ComponentUI::TestModel::Foo", undef) called at /usr/perl5.22.2t/lib/site_perl/5.22.2/Class/Load.pm line 35
	Class::Load::load_class("ComponentUI::TestModel::Foo") called at /home/cpansand/.cpan/build/2016090321/Reaction-0.002005-eKiEh4/blib/lib/Reaction/InterfaceModel/Reflector/DBIC.pm line 892
	eval {...} called at /home/cpansand/.cpan/build/2016090321/Reaction-0.002005-eKiEh4/blib/lib/Reaction/InterfaceModel/Reflector/DBIC.pm line 892
	Reaction::InterfaceModel::Reflector::DBIC::_maybe_load_class(Reaction::InterfaceModel::Reflector::DBIC=HASH(0x4edf0a38), "ComponentUI::TestModel::Foo") called at /home/cpansand/.cpan/build/2016090321/Reaction-0.002005-eKiEh4/blib/lib/Reaction/InterfaceModel/Reflector/DBIC.pm line 876
	Reaction::InterfaceModel::Reflector::DBIC::_load_or_create(Reaction::InterfaceModel::Reflector::DBIC=HASH(0x4edf0a38), "ComponentUI::TestModel::Foo", "superclasses", ARRAY(0x4ef26ba0)) called at /home/cpansand/.cpan/build/2016090321/Reaction-0.002005-eKiEh4/blib/lib/Reaction/InterfaceModel/Reflector/DBIC.pm line 448
	Reaction::InterfaceModel::Reflector::DBIC::reflect_source_object(Reaction::InterfaceModel::Reflector::DBIC=HASH(0x4edf0a38), "parent_domain_model_name", "_rtest_test_db_store", "source_name", "Foo", "source_class", "RTest::TestDB::Foo", "schema_class", "RTest::TestDB", ...) called at /home/cpansand/.cpan/build/2016090321/Reaction-0.002005-eKiEh4/blib/lib/Reaction/InterfaceModel/Reflector/DBIC.pm line 323
	Reaction::InterfaceModel::Reflector::DBIC::reflect_source(Reaction::InterfaceModel::Reflector::DBIC=HASH(0x4edf0a38), "source_name", "Foo", "parent_class", "ComponentUI::TestModel", "schema_class", "RTest::TestDB", "source_class", "RTest::TestDB::Foo", ...) called at /home/cpansand/.cpan/build/2016090321/Reaction-0.002005-eKiEh4/blib/lib/Reaction/InterfaceModel/Reflector/DBIC.pm line 185
	Reaction::InterfaceModel::Reflector::DBIC::reflect_schema(Reaction::InterfaceModel::Reflector::DBIC=HASH(0x4edf0a38), "model_class", "ComponentUI::TestModel", "schema_class", "RTest::TestDB", "sources", ARRAY(0x4ee1af90)) called at /home/cpansand/.cpan/build/2016090321/Reaction-0.002005-eKiEh4/blib/lib/ComponentUI/TestModel.pm line 10
	require ComponentUI/TestModel.pm called at /usr/perl5.22.2t/lib/site_perl/5.22.2/Module/Runtime.pm line 317
	Module::Runtime::require_module("ComponentUI::TestModel") called at /usr/perl5.22.2t/lib/site_perl/5.22.2/Class/Load.pm line 174
	Class::Load::try {...} () called at /usr/perl5.22.2t/lib/site_perl/5.22.2/Try/Tiny.pm line 88
	eval {...} called at /usr/perl5.22.2t/lib/site_perl/5.22.2/Try/Tiny.pm line 83
	Try::Tiny::try(CODE(0x4d903420), Try::Tiny::Catch=REF(0x4e86a7e0)) called at /usr/perl5.22.2t/lib/site_perl/5.22.2/Class/Load.pm line 180
	Class::Load::try_load_class("ComponentUI::TestModel", undef) called at /usr/perl5.22.2t/lib/site_perl/5.22.2/Class/Load.pm line 35
	Class::Load::load_class("ComponentUI::TestModel") called at /home/cpansand/.cpan/build/2016090321/Reaction-0.002005-eKiEh4/blib/lib/Catalyst/Model/Reaction/InterfaceModel/DBIC.pm line 24
	Catalyst::Model::Reaction::InterfaceModel::DBIC::COMPONENT("ComponentUI::Model::TestModel", "ComponentUI", HASH(0x4d90d708)) called at /home/cpansand/.cpan/build/2016090321/Catalyst-Runtime-5.90112-zUw6zS/blib/lib/Catalyst.pm line 3206
	eval {...} called at /home/cpansand/.cpan/build/2016090321/Catalyst-Runtime-5.90112-zUw6zS/blib/lib/Catalyst.pm line 3207
	Catalyst::setup_component("ComponentUI", "ComponentUI::Model::TestModel") called at /home/cpansand/.cpan/build/2016090321/Catalyst-Runtime-5.90112-zUw6zS/blib/lib/Catalyst.pm line 3184
	Catalyst::__ANON__() called at /home/cpansand/.cpan/build/2016090321/Catalyst-Runtime-5.90112-zUw6zS/blib/lib/Catalyst.pm line 3031
	Catalyst::setup_components("ComponentUI") called at /home/cpansand/.cpan/build/2016090321/Catalyst-Runtime-5.90112-zUw6zS/blib/lib/Catalyst.pm line 1426
	Catalyst::setup("ComponentUI") called at /home/cpansand/.cpan/build/2016090321/Reaction-0.002005-eKiEh4/blib/lib/ComponentUI.pm line 32
	require ComponentUI.pm called at /usr/perl5.22.2t/lib/site_perl/5.22.2/Module/Runtime.pm line 317
	Module::Runtime::require_module("ComponentUI") called at /usr/perl5.22.2t/lib/site_perl/5.22.2/Class/Load.pm line 174
	Class::Load::try {...} () called at /usr/perl5.22.2t/lib/site_perl/5.22.2/Try/Tiny.pm line 88
	eval {...} called at /usr/perl5.22.2t/lib/site_perl/5.22.2/Try/Tiny.pm line 83
	Try::Tiny::try(CODE(0x429df810), Try::Tiny::Catch=REF(0x4727e738)) called at /usr/perl5.22.2t/lib/site_perl/5.22.2/Class/Load.pm line 180
	Class::Load::try_load_class("ComponentUI", undef) called at /usr/perl5.22.2t/lib/site_perl/5.22.2/Class/Load.pm line 35
	Class::Load::load_class("ComponentUI") called at /home/cpansand/.cpan/build/2016090321/Test-WWW-Mechanize-Catalyst-0.60-aFZnVw/blib/lib/Test/WWW/Mechanize/Catalyst.pm line 245
	Test::WWW::Mechanize::Catalyst::import("Test::WWW::Mechanize::Catalyst", "ComponentUI") called at t/uncheck_bool_field.t line 6
	main::BEGIN() called at /home/cpansand/.cpan/build/2016090321/Reaction-0.002005-eKiEh4/blib/lib/ComponentUI/TestModel/Foo.pm line 0
	eval {...} called at /home/cpansand/.cpan/build/2016090321/Reaction-0.002005-eKiEh4/blib/lib/ComponentUI/TestModel/Foo.pm line 0
Class::MOP::load_class is deprecated at /usr/perl5.22.2t/lib/site_perl/5.22.2/amd64-freebsd-thread-multi/Class/MOP.pm line 69.
	Class::MOP::load_class("ComponentUI::RenderingContext::Site") called at /home/cpansand/.cpan/build/2016090321/Reaction-0.002005-eKiEh4/blib/lib/Reaction/UI/View.pm line 125
	eval {...} called at /home/cpansand/.cpan/build/2016090321/Reaction-0.002005-eKiEh4/blib/lib/Reaction/UI/View.pm line 125
	Reaction::UI::View::find_related_class(ComponentUI::View::Site=HASH(0x4a34b2b8), "RenderingContext") called at /home/cpansand/.cpan/build/2016090321/Reaction-0.002005-eKiEh4/blib/lib/Reaction/UI/View.pm line 43
	Reaction::UI::View::_build_rendering_context_class(ComponentUI::View::Site=HASH(0x4a34b2b8)) called at reader Reaction::UI::View::rendering_context_class (defined at /home/cpansand/.cpan/build/2016090321/Reaction-0.002005-eKiEh4/blib/lib/Reaction/UI/View.pm line 29) line 8
	Reaction::UI::View::rendering_context_class(ComponentUI::View::Site=HASH(0x4a34b2b8)) called at /home/cpansand/.cpan/build/2016090321/Reaction-0.002005-eKiEh4/blib/lib/Reaction/UI/View.pm line 134
	Reaction::UI::View::create_rendering_context(ComponentUI::View::Site=HASH(0x4a34b2b8)) called at /home/cpansand/.cpan/build/2016090321/Reaction-0.002005-eKiEh4/blib/lib/Reaction/UI/View.pm line 60
	Reaction::UI::View::render_window(ComponentUI::View::Site=HASH(0x4a34b2b8), Reaction::UI::Window=HASH(0x4f783f60)) called at /home/cpansand/.cpan/build/2016090321/Reaction-0.002005-eKiEh4/blib/lib/Reaction/UI/Window.pm line 74
	Reaction::UI::Window::flush_view(Reaction::UI::Window=HASH(0x4f783f60)) called at /home/cpansand/.cpan/build/2016090321/Reaction-0.002005-eKiEh4/blib/lib/Reaction/UI/Window.pm line 36
	Reaction::UI::Window::flush(Reaction::UI::Window=HASH(0x4f783f60)) called at /home/cpansand/.cpan/build/2016090321/Reaction-0.002005-eKiEh4/blib/lib/Reaction/UI/Controller/Root.pm line 38
	Reaction::UI::Controller::Root::end(ComponentUI::Controller::Root=HASH(0x4f784018), ComponentUI=HASH(0x4f7b1cf0)) called at /home/cpansand/.cpan/build/2016090321/Catalyst-Runtime-5.90112-zUw6zS/blib/lib/Catalyst/Action.pm line 358
	Catalyst::Action::execute(Catalyst::Action=HASH(0x4a771198), ComponentUI::Controller::Root=HASH(0x4f784018), ComponentUI=HASH(0x4f7b1cf0)) called at /home/cpansand/.cpan/build/2016090321/Catalyst-Runtime-5.90112-zUw6zS/blib/lib/Catalyst.pm line 2056
	eval {...} called at /home/cpansand/.cpan/build/2016090321/Catalyst-Runtime-5.90112-zUw6zS/blib/lib/Catalyst.pm line 2056
	Catalyst::execute(ComponentUI=HASH(0x4f7b1cf0), "ComponentUI::Controller::Root", Catalyst::Action=HASH(0x4a771198)) called at /home/cpansand/.cpan/build/2016090321/Catalyst-Runtime-5.90112-zUw6zS/blib/lib/Catalyst/Action.pm line 353
	Catalyst::Action::dispatch(Catalyst::Action=HASH(0x4a771198), ComponentUI=HASH(0x4f7b1cf0)) called at /home/cpansand/.cpan/build/2016090321/Catalyst-Runtime-5.90112-zUw6zS/blib/lib/Catalyst/Controller.pm line 189
	Catalyst::Controller::_END(ComponentUI::Controller::TestModel::Baz=HASH(0x4f7a5de0), ComponentUI=HASH(0x4f7b1cf0)) called at /home/cpansand/.cpan/build/2016090321/Catalyst-Runtime-5.90112-zUw6zS/blib/lib/Catalyst/Action.pm line 358
	Catalyst::Action::execute(Catalyst::Action=HASH(0x4f302ba0), ComponentUI::Controller::TestModel::Baz=HASH(0x4f7a5de0), ComponentUI=HASH(0x4f7b1cf0)) called at /home/cpansand/.cpan/build/2016090321/Catalyst-Runtime-5.90112-zUw6zS/blib/lib/Catalyst.pm line 2056
	eval {...} called at /home/cpansand/.cpan/build/2016090321/Catalyst-Runtime-5.90112-zUw6zS/blib/lib/Catalyst.pm line 2056
	Catalyst::execute(ComponentUI=HASH(0x4f7b1cf0), "ComponentUI::Controller::TestModel::Baz", Catalyst::Action=HASH(0x4f302ba0)) called at /home/cpansand/.cpan/build/2016090321/Catalyst-Runtime-5.90112-zUw6zS/blib/lib/Catalyst/Action.pm line 353
	Catalyst::Action::dispatch(Catalyst::Action=HASH(0x4f302ba0), ComponentUI=HASH(0x4f7b1cf0)) called at /home/cpansand/.cpan/build/2016090321/Catalyst-Runtime-5.90112-zUw6zS/blib/lib/Catalyst/Dispatcher.pm line 262
	Catalyst::Dispatcher::_do_forward(Catalyst::Dispatcher=HASH(0x44adca08), "forward", ComponentUI=HASH(0x4f7b1cf0), "_END") called at /home/cpansand/.cpan/build/2016090321/Catalyst-Runtime-5.90112-zUw6zS/blib/lib/Catalyst/Dispatcher.pm line 242
	Catalyst::Dispatcher::forward(Catalyst::Dispatcher=HASH(0x44adca08), ComponentUI=HASH(0x4f7b1cf0), "_END") called at /home/cpansand/.cpan/build/2016090321/Catalyst-Runtime-5.90112-zUw6zS/blib/lib/Catalyst.pm line 481
	Catalyst::forward(ComponentUI=HASH(0x4f7b1cf0), "_END") called at /home/cpansand/.cpan/build/2016090321/Catalyst-Runtime-5.90112-zUw6zS/blib/lib/Catalyst/Controller.pm line 138
	Catalyst::Controller::_DISPATCH(ComponentUI::Controller::TestModel::Baz=HASH(0x4f7a5de0), ComponentUI=HASH(0x4f7b1cf0)) called at /home/cpansand/.cpan/build/2016090321/Catalyst-Runtime-5.90112-zUw6zS/blib/lib/Catalyst/Action.pm line 358
	Catalyst::Action::execute(Catalyst::Action=HASH(0x4a760840), ComponentUI::Controller::TestModel::Baz=HASH(0x4f7a5de0), ComponentUI=HASH(0x4f7b1cf0)) called at /home/cpansand/.cpan/build/2016090321/Catalyst-Runtime-5.90112-zUw6zS/blib/lib/Catalyst.pm line 2056
	eval {...} called at /home/cpansand/.cpan/build/2016090321/Catalyst-Runtime-5.90112-zUw6zS/blib/lib/Catalyst.pm line 2056
	Catalyst::execute(ComponentUI=HASH(0x4f7b1cf0), "ComponentUI::Controller::TestModel::Baz", Catalyst::Action=HASH(0x4a760840)) called at /home/cpansand/.cpan/build/2016090321/Catalyst-Runtime-5.90112-zUw6zS/blib/lib/Catalyst/Action.pm line 353
	Catalyst::Action::dispatch(Catalyst::Action=HASH(0x4a760840), ComponentUI=HASH(0x4f7b1cf0)) called at /home/cpansand/.cpan/build/2016090321/Catalyst-Runtime-5.90112-zUw6zS/blib/lib/Catalyst/Dispatcher.pm line 262
	Catalyst::Dispatcher::_do_forward(Catalyst::Dispatcher=HASH(0x44adca08), "forward", ComponentUI=HASH(0x4f7b1cf0), "/testmodel/baz/_DISPATCH") called at /home/cpansand/.cpan/build/2016090321/Catalyst-Runtime-5.90112-zUw6zS/blib/lib/Catalyst/Dispatcher.pm line 242
	Catalyst::Dispatcher::forward(Catalyst::Dispatcher=HASH(0x44adca08), ComponentUI=HASH(0x4f7b1cf0), "/testmodel/baz/_DISPATCH") called at /home/cpansand/.cpan/build/2016090321/Catalyst-Runtime-5.90112-zUw6zS/blib/lib/Catalyst.pm line 481
	Catalyst::forward(ComponentUI=HASH(0x4f7b1cf0), "/testmodel/baz/_DISPATCH") called at /home/cpansand/.cpan/build/2016090321/Catalyst-Runtime-5.90112-zUw6zS/blib/lib/Catalyst/Dispatcher.pm line 108
	Catalyst::Dispatcher::dispatch(Catalyst::Dispatcher=HASH(0x44adca08), ComponentUI=HASH(0x4f7b1cf0)) called at /home/cpansand/.cpan/build/2016090321/Catalyst-Runtime-5.90112-zUw6zS/blib/lib/Catalyst.pm line 2002
	Catalyst::dispatch(ComponentUI=HASH(0x4f7b1cf0)) called at /home/cpansand/.cpan/build/2016090321/Catalyst-Plugin-Static-Simple-0.33-DAr8_p/blib/lib/Catalyst/Plugin/Static/Simple.pm line 86
	Class::MOP::Class:::around(CODE(0x487a1810), ComponentUI=HASH(0x4f7b1cf0)) called at /usr/perl5.22.2t/lib/site_perl/5.22.2/amd64-freebsd-thread-multi/Class/MOP/Method/Wrapped.pm line 164
	ComponentUI::_wrapped_dispatch(ComponentUI=HASH(0x4f7b1cf0)) called at /usr/perl5.22.2t/lib/site_perl/5.22.2/amd64-freebsd-thread-multi/Class/MOP/Method/Wrapped.pm line 95
	ComponentUI::dispatch(ComponentUI=HASH(0x4f7b1cf0)) called at /home/cpansand/.cpan/build/2016090321/Catalyst-Runtime-5.90112-zUw6zS/blib/lib/Catalyst.pm line 2393
	Catalyst::try {...} () called at /usr/perl5.22.2t/lib/site_perl/5.22.2/Try/Tiny.pm line 92
	eval {...} called at /usr/perl5.22.2t/lib/site_perl/5.22.2/Try/Tiny.pm line 83
	Try::Tiny::try(CODE(0x4f787c60), Try::Tiny::Catch=REF(0x4f787ab0)) called at /home/cpansand/.cpan/build/2016090321/Catalyst-Runtime-5.90112-zUw6zS/blib/lib/Catalyst.pm line 2402
	Catalyst::handle_request("ComponentUI", "env", HASH(0x4f757eb8), "response_cb", CODE(0x4f787ae0)) called at /home/cpansand/.cpan/build/2016090321/Catalyst-Runtime-5.90112-zUw6zS/blib/lib/Catalyst/Engine.pm line 800
	Catalyst::Engine::__ANON__(CODE(0x4f787ae0)) called at /usr/perl5.22.2t/lib/site_perl/5.22.2/Plack/Middleware/HTTPExceptions.pm line 32
	Plack::Middleware::HTTPExceptions::try {...} () called at /usr/perl5.22.2t/lib/site_perl/5.22.2/Try/Tiny.pm line 92
	eval {...} called at /usr/perl5.22.2t/lib/site_perl/5.22.2/Try/Tiny.pm line 83
	Try::Tiny::try(CODE(0x4f787948), Try::Tiny::Catch=REF(0x4f759720)) called at /usr/perl5.22.2t/lib/site_perl/5.22.2/Plack/Middleware/HTTPExceptions.pm line 41
	Plack::Middleware::HTTPExceptions::__ANON__(CODE(0x4f787858)) called at /usr/perl5.22.2t/lib/site_perl/5.22.2/Plack/Util.pm line 339
	Plack::Util::__ANON__(CODE(0x4f787768)) called at /usr/perl5.22.2t/lib/site_perl/5.22.2/Plack/Util.pm line 339
	Plack::Util::__ANON__(CODE(0x4f787678)) called at /usr/perl5.22.2t/lib/site_perl/5.22.2/Plack/Util.pm line 339
	Plack::Util::__ANON__(CODE(0x4f787600)) called at /usr/perl5.22.2t/lib/site_perl/5.22.2/HTTP/Message/PSGI.pm line 100
	HTTP::Message::PSGI::res_from_psgi(CODE(0x4f7595d0)) called at /usr/perl5.22.2t/lib/site_perl/5.22.2/HTTP/Message/PSGI.pm line 156
	HTTP::Response::from_psgi("HTTP::Response", CODE(0x4f7595d0)) called at /usr/perl5.22.2t/lib/site_perl/5.22.2/Plack/Test/MockHTTP.pm line 24
	Plack::Test::MockHTTP::try {...} () called at /usr/perl5.22.2t/lib/site_perl/5.22.2/Try/Tiny.pm line 90
	eval {...} called at /usr/perl5.22.2t/lib/site_perl/5.22.2/Try/Tiny.pm line 83
	Try::Tiny::try(CODE(0x4f748df8), Try::Tiny::Catch=REF(0x4a777a20)) called at /usr/perl5.22.2t/lib/site_perl/5.22.2/Plack/Test/MockHTTP.pm line 27
	Plack::Test::MockHTTP::request(Plack::Test::MockHTTP=HASH(0x4f757ac8), HTTP::Request=HASH(0x41d128b8)) called at /usr/perl5.22.2t/lib/site_perl/5.22.2/Plack/Test.pm line 38
	Plack::Test::__ANON__(HTTP::Request=HASH(0x41d128b8)) called at /home/cpansand/.cpan/build/2016090321/Catalyst-Runtime-5.90112-zUw6zS/blib/lib/Catalyst/Test.pm line 281
	Catalyst::Test::__ANON__(CODE(0x4f757960)) called at /usr/perl5.22.2t/lib/site_perl/5.22.2/Plack/Test.pm line 38
	Plack::Test::test_psgi("app", CODE(0x4f7575b8), "mangle_response", CODE(0x41d2f648), "app", CODE(0x4f7577f8), "client", CODE(0x4f757870)) called at /home/cpansand/.cpan/build/2016090321/Catalyst-Runtime-5.90112-zUw6zS/blib/lib/Catalyst/Test.pm line 284
	Catalyst::Test::_request(HASH(0x4f6a1558), HTTP::Request=HASH(0x41d128b8)) called at /home/cpansand/.cpan/build/2016090321/Catalyst-Runtime-5.90112-zUw6zS/blib/lib/Catalyst/Test.pm line 327
	Catalyst::Test::_local_request("ComponentUI", HTTP::Request=HASH(0x41d128b8)) called at /home/cpansand/.cpan/build/2016090321/Test-WWW-Mechanize-Catalyst-0.60-aFZnVw/blib/lib/Test/WWW/Mechanize/Catalyst.pm line 176
	Test::WWW::Mechanize::Catalyst::_do_catalyst_request(Test::WWW::Mechanize::Catalyst=HASH(0x4ea1b8b8), HTTP::Request=HASH(0x41d128b8)) called at /home/cpansand/.cpan/build/2016090321/Test-WWW-Mechanize-Catalyst-0.60-aFZnVw/blib/lib/Test/WWW/Mechanize/Catalyst.pm line 78
	Test::WWW::Mechanize::Catalyst::_make_request(Test::WWW::Mechanize::Catalyst=HASH(0x4ea1b8b8), HTTP::Request=HASH(0x41d128b8)) called at /usr/perl5.22.2t/lib/site_perl/5.22.2/WWW/Mechanize.pm line 2312
	WWW::Mechanize::request(Test::WWW::Mechanize::Catalyst=HASH(0x4ea1b8b8), HTTP::Request=HASH(0x41d128b8)) called at /usr/perl5.22.2t/lib/site_perl/5.22.2/LWP/UserAgent.pm line 411
	LWP::UserAgent::get(Test::WWW::Mechanize::Catalyst=HASH(0x4ea1b8b8), "http://localhost/testmodel/baz/id/1/update") called at /usr/perl5.22.2t/lib/site_perl/5.22.2/WWW/Mechanize.pm line 407
	WWW::Mechanize::get(Test::WWW::Mechanize::Catalyst=HASH(0x4ea1b8b8), "http://localhost/testmodel/baz/id/1/update") called at /home/cpansand/.cpan/build/2016090321/Test-WWW-Mechanize-1.46-n8y9Oy/blib/lib/Test/WWW/Mechanize.pm line 160
	Test::WWW::Mechanize::get_ok(Test::WWW::Mechanize::Catalyst=HASH(0x4ea1b8b8), "http://localhost/testmodel/baz/id/1/update") called at t/uncheck_bool_field.t line 9
Class::MOP::is_class_loaded is deprecated at /usr/perl5.22.2t/lib/site_perl/5.22.2/amd64-freebsd-thread-multi/Class/MOP.pm line 87.
	Class::MOP::is_class_loaded("ComponentUI::UI::Widget::SiteLayout") called at /home/cpansand/.cpan/build/2016090321/Reaction-0.002005-eKiEh4/blib/lib/Reaction/UI/Skin.pm line 178
	Reaction::UI::Skin::widget_class_for(Reaction::UI::Skin=HASH(0x4eea13d8), Reaction::UI::LayoutSet::TT=HASH(0x503799f0)) called at /home/cpansand/.cpan/build/2016090321/Reaction-0.002005-eKiEh4/blib/lib/Reaction/UI/LayoutSet.pm line 29
	Reaction::UI::LayoutSet::BUILD(Reaction::UI::LayoutSet::TT=HASH(0x503799f0), HASH(0x503799d8)) called at constructor Reaction::UI::LayoutSet::TT::new (defined at /home/cpansand/.cpan/build/2016090321/Reaction-0.002005-eKiEh4/blib/lib/Reaction/UI/LayoutSet/TT.pm line 43) line 69
	Reaction::UI::LayoutSet::TT::new("Reaction::UI::LayoutSet::TT", "name", "site_layout", "skin", Reaction::UI::Skin=HASH(0x4eea13d8), "tt_object", Template=HASH(0x4d90d8e8), "source_file", Path::Class::File=HASH(0x50389630), ...) called at /home/cpansand/.cpan/build/2016090321/Reaction-0.002005-eKiEh4/blib/lib/Reaction/UI/Skin.pm line 115
	Reaction::UI::Skin::_create_layout_set(Reaction::UI::Skin=HASH(0x4eea13d8), "site_layout", ARRAY(0x5038cb40), Reaction::UI::Skin=HASH(0x4eea13d8)) called at /home/cpansand/.cpan/build/2016090321/Reaction-0.002005-eKiEh4/blib/lib/Reaction/UI/Skin.pm line 110
	Reaction::UI::Skin::create_layout_set(Reaction::UI::Skin=HASH(0x4eea13d8), "site_layout") called at /home/cpansand/.cpan/build/2016090321/Reaction-0.002005-eKiEh4/blib/lib/Reaction/UI/LayoutSet.pm line 83
	Reaction::UI::LayoutSet::_load_file(Reaction::UI::LayoutSet::TT=HASH(0x5038dbb8), Path::Class::File=HASH(0x50291a50), HASH(0x4eea15e8)) called at /home/cpansand/.cpan/build/2016090321/Reaction-0.002005-eKiEh4/blib/lib/Reaction/UI/LayoutSet.pm line 27
	Reaction::UI::LayoutSet::BUILD(Reaction::UI::LayoutSet::TT=HASH(0x5038dbb8), HASH(0x4eea15e8)) called at constructor Reaction::UI::LayoutSet::TT::new (defined at /home/cpansand/.cpan/build/2016090321/Reaction-0.002005-eKiEh4/blib/lib/Reaction/UI/LayoutSet/TT.pm line 43) line 69
	Reaction::UI::LayoutSet::TT::new("Reaction::UI::LayoutSet::TT", "name", "site_layout", "skin", Reaction::UI::Skin=HASH(0x50385588), "next_skin", Reaction::UI::Skin=HASH(0x4eea13d8), "tt_object", Template=HASH(0x4d90d8e8), ...) called at /home/cpansand/.cpan/build/2016090321/Reaction-0.002005-eKiEh4/blib/lib/Reaction/UI/Skin.pm line 115
	Reaction::UI::Skin::_create_layout_set(Reaction::UI::Skin=HASH(0x50385588), "site_layout", ARRAY(0x41c42960), Reaction::UI::Skin=HASH(0x50385588)) called at /home/cpansand/.cpan/build/2016090321/Reaction-0.002005-eKiEh4/blib/lib/Reaction/UI/Skin.pm line 110
	Reaction::UI::Skin::create_layout_set(Reaction::UI::Skin=HASH(0x50385588), "site_layout") called at /home/cpansand/.cpan/build/2016090321/Reaction-0.002005-eKiEh4/blib/lib/Reaction/UI/LayoutSet.pm line 83
	Reaction::UI::LayoutSet::_load_file(Reaction::UI::LayoutSet::TT=HASH(0x41c42f60), Path::Class::File=HASH(0x4d948438), HASH(0x500593a8)) called at /home/cpansand/.cpan/build/2016090321/Reaction-0.002005-eKiEh4/blib/lib/Reaction/UI/LayoutSet.pm line 27
	Reaction::UI::LayoutSet::BUILD(Reaction::UI::LayoutSet::TT=HASH(0x41c42f60), HASH(0x500593a8)) called at constructor Reaction::UI::LayoutSet::TT::new (defined at /home/cpansand/.cpan/build/2016090321/Reaction-0.002005-eKiEh4/blib/lib/Reaction/UI/LayoutSet/TT.pm line 43) line 69
	Reaction::UI::LayoutSet::TT::new("Reaction::UI::LayoutSet::TT", "name", "site_layout", "skin", Reaction::UI::Skin=HASH(0x5037bd98), "next_skin", Reaction::UI::Skin=HASH(0x50385588), "tt_object", Template=HASH(0x4d90d8e8), ...) called at /home/cpansand/.cpan/build/2016090321/Reaction-0.002005-eKiEh4/blib/lib/Reaction/UI/Skin.pm line 115
	Reaction::UI::Skin::_create_layout_set(Reaction::UI::Skin=HASH(0x5037bd98), "site_layout", ARRAY(0x41d115e8), Reaction::UI::Skin=HASH(0x5037bd98)) called at /home/cpansand/.cpan/build/2016090321/Reaction-0.002005-eKiEh4/blib/lib/Reaction/UI/Skin.pm line 110
	Reaction::UI::Skin::create_layout_set(Reaction::UI::Skin=HASH(0x5037bd98), "site_layout") called at /usr/perl5.22.2t/lib/site_perl/5.22.2/amd64-freebsd-thread-multi/Moose/Meta/Method/Delegation.pm line 110
	Reaction::UI::View::create_layout_set(ComponentUI::View::Site=HASH(0x4a34b2b8), "site_layout") called at /home/cpansand/.cpan/build/2016090321/Reaction-0.002005-eKiEh4/blib/lib/Reaction/UI/View.pm line 99
	Reaction::UI::View::layout_set_for(ComponentUI::View::Site=HASH(0x4a34b2b8), Reaction::UI::ViewPort::SiteLayout=HASH(0x4f7846c0)) called at /home/cpansand/.cpan/build/2016090321/Reaction-0.002005-eKiEh4/blib/lib/Reaction/UI/View.pm line 78
	Reaction::UI::View::render_viewport_args(ComponentUI::View::Site=HASH(0x4a34b2b8), Reaction::UI::ViewPort::SiteLayout=HASH(0x4f7846c0)) called at /home/cpansand/.cpan/build/2016090321/Reaction-0.002005-eKiEh4/blib/lib/Reaction/UI/View.pm line 61
	Reaction::UI::View::render_window(ComponentUI::View::Site=HASH(0x4a34b2b8), Reaction::UI::Window=HASH(0x4f783f60)) called at /home/cpansand/.cpan/build/2016090321/Reaction-0.002005-eKiEh4/blib/lib/Reaction/UI/Window.pm line 74
	Reaction::UI::Window::flush_view(Reaction::UI::Window=HASH(0x4f783f60)) called at /home/cpansand/.cpan/build/2016090321/Reaction-0.002005-eKiEh4/blib/lib/Reaction/UI/Window.pm line 36
	Reaction::UI::Window::flush(Reaction::UI::Window=HASH(0x4f783f60)) called at /home/cpansand/.cpan/build/2016090321/Reaction-0.002005-eKiEh4/blib/lib/Reaction/UI/Controller/Root.pm line 38
	Reaction::UI::Controller::Root::end(ComponentUI::Controller::Root=HASH(0x4f784018), ComponentUI=HASH(0x4f7b1cf0)) called at /home/cpansand/.cpan/build/2016090321/Catalyst-Runtime-5.90112-zUw6zS/blib/lib/Catalyst/Action.pm line 358
	Catalyst::Action::execute(Catalyst::Action=HASH(0x4a771198), ComponentUI::Controller::Root=HASH(0x4f784018), ComponentUI=HASH(0x4f7b1cf0)) called at /home/cpansand/.cpan/build/2016090321/Catalyst-Runtime-5.90112-zUw6zS/blib/lib/Catalyst.pm line 2056
	eval {...} called at /home/cpansand/.cpan/build/2016090321/Catalyst-Runtime-5.90112-zUw6zS/blib/lib/Catalyst.pm line 2056
	Catalyst::execute(ComponentUI=HASH(0x4f7b1cf0), "ComponentUI::Controller::Root", Catalyst::Action=HASH(0x4a771198)) called at /home/cpansand/.cpan/build/2016090321/Catalyst-Runtime-5.90112-zUw6zS/blib/lib/Catalyst/Action.pm line 353
	Catalyst::Action::dispatch(Catalyst::Action=HASH(0x4a771198), ComponentUI=HASH(0x4f7b1cf0)) called at /home/cpansand/.cpan/build/2016090321/Catalyst-Runtime-5.90112-zUw6zS/blib/lib/Catalyst/Controller.pm line 189
	Catalyst::Controller::_END(ComponentUI::Controller::TestModel::Baz=HASH(0x4f7a5de0), ComponentUI=HASH(0x4f7b1cf0)) called at /home/cpansand/.cpan/build/2016090321/Catalyst-Runtime-5.90112-zUw6zS/blib/lib/Catalyst/Action.pm line 358
	Catalyst::Action::execute(Catalyst::Action=HASH(0x4f302ba0), ComponentUI::Controller::TestModel::Baz=HASH(0x4f7a5de0), ComponentUI=HASH(0x4f7b1cf0)) called at /home/cpansand/.cpan/build/2016090321/Catalyst-Runtime-5.90112-zUw6zS/blib/lib/Catalyst.pm line 2056
	eval {...} called at /home/cpansand/.cpan/build/2016090321/Catalyst-Runtime-5.90112-zUw6zS/blib/lib/Catalyst.pm line 2056
	Catalyst::execute(ComponentUI=HASH(0x4f7b1cf0), "ComponentUI::Controller::TestModel::Baz", Catalyst::Action=HASH(0x4f302ba0)) called at /home/cpansand/.cpan/build/2016090321/Catalyst-Runtime-5.90112-zUw6zS/blib/lib/Catalyst/Action.pm line 353
	Catalyst::Action::dispatch(Catalyst::Action=HASH(0x4f302ba0), ComponentUI=HASH(0x4f7b1cf0)) called at /home/cpansand/.cpan/build/2016090321/Catalyst-Runtime-5.90112-zUw6zS/blib/lib/Catalyst/Dispatcher.pm line 262
	Catalyst::Dispatcher::_do_forward(Catalyst::Dispatcher=HASH(0x44adca08), "forward", ComponentUI=HASH(0x4f7b1cf0), "_END") called at /home/cpansand/.cpan/build/2016090321/Catalyst-Runtime-5.90112-zUw6zS/blib/lib/Catalyst/Dispatcher.pm line 242
	Catalyst::Dispatcher::forward(Catalyst::Dispatcher=HASH(0x44adca08), ComponentUI=HASH(0x4f7b1cf0), "_END") called at /home/cpansand/.cpan/build/2016090321/Catalyst-Runtime-5.90112-zUw6zS/blib/lib/Catalyst.pm line 481
	Catalyst::forward(ComponentUI=HASH(0x4f7b1cf0), "_END") called at /home/cpansand/.cpan/build/2016090321/Catalyst-Runtime-5.90112-zUw6zS/blib/lib/Catalyst/Controller.pm line 138
	Catalyst::Controller::_DISPATCH(ComponentUI::Controller::TestModel::Baz=HASH(0x4f7a5de0), ComponentUI=HASH(0x4f7b1cf0)) called at /home/cpansand/.cpan/build/2016090321/Catalyst-Runtime-5.90112-zUw6zS/blib/lib/Catalyst/Action.pm line 358
	Catalyst::Action::execute(Catalyst::Action=HASH(0x4a760840), ComponentUI::Controller::TestModel::Baz=HASH(0x4f7a5de0), ComponentUI=HASH(0x4f7b1cf0)) called at /home/cpansand/.cpan/build/2016090321/Catalyst-Runtime-5.90112-zUw6zS/blib/lib/Catalyst.pm line 2056
	eval {...} called at /home/cpansand/.cpan/build/2016090321/Catalyst-Runtime-5.90112-zUw6zS/blib/lib/Catalyst.pm line 2056
	Catalyst::execute(ComponentUI=HASH(0x4f7b1cf0), "ComponentUI::Controller::TestModel::Baz", Catalyst::Action=HASH(0x4a760840)) called at /home/cpansand/.cpan/build/2016090321/Catalyst-Runtime-5.90112-zUw6zS/blib/lib/Catalyst/Action.pm line 353
	Catalyst::Action::dispatch(Catalyst::Action=HASH(0x4a760840), ComponentUI=HASH(0x4f7b1cf0)) called at /home/cpansand/.cpan/build/2016090321/Catalyst-Runtime-5.90112-zUw6zS/blib/lib/Catalyst/Dispatcher.pm line 262
	Catalyst::Dispatcher::_do_forward(Catalyst::Dispatcher=HASH(0x44adca08), "forward", ComponentUI=HASH(0x4f7b1cf0), "/testmodel/baz/_DISPATCH") called at /home/cpansand/.cpan/build/2016090321/Catalyst-Runtime-5.90112-zUw6zS/blib/lib/Catalyst/Dispatcher.pm line 242
	Catalyst::Dispatcher::forward(Catalyst::Dispatcher=HASH(0x44adca08), ComponentUI=HASH(0x4f7b1cf0), "/testmodel/baz/_DISPATCH") called at /home/cpansand/.cpan/build/2016090321/Catalyst-Runtime-5.90112-zUw6zS/blib/lib/Catalyst.pm line 481
	Catalyst::forward(ComponentUI=HASH(0x4f7b1cf0), "/testmodel/baz/_DISPATCH") called at /home/cpansand/.cpan/build/2016090321/Catalyst-Runtime-5.90112-zUw6zS/blib/lib/Catalyst/Dispatcher.pm line 108
	Catalyst::Dispatcher::dispatch(Catalyst::Dispatcher=HASH(0x44adca08), ComponentUI=HASH(0x4f7b1cf0)) called at /home/cpansand/.cpan/build/2016090321/Catalyst-Runtime-5.90112-zUw6zS/blib/lib/Catalyst.pm line 2002
	Catalyst::dispatch(ComponentUI=HASH(0x4f7b1cf0)) called at /home/cpansand/.cpan/build/2016090321/Catalyst-Plugin-Static-Simple-0.33-DAr8_p/blib/lib/Catalyst/Plugin/Static/Simple.pm line 86
	Class::MOP::Class:::around(CODE(0x487a1810), ComponentUI=HASH(0x4f7b1cf0)) called at /usr/perl5.22.2t/lib/site_perl/5.22.2/amd64-freebsd-thread-multi/Class/MOP/Method/Wrapped.pm line 164
	ComponentUI::_wrapped_dispatch(ComponentUI=HASH(0x4f7b1cf0)) called at /usr/perl5.22.2t/lib/site_perl/5.22.2/amd64-freebsd-thread-multi/Class/MOP/Method/Wrapped.pm line 95
	ComponentUI::dispatch(ComponentUI=HASH(0x4f7b1cf0)) called at /home/cpansand/.cpan/build/2016090321/Catalyst-Runtime-5.90112-zUw6zS/blib/lib/Catalyst.pm line 2393
	Catalyst::try {...} () called at /usr/perl5.22.2t/lib/site_perl/5.22.2/Try/Tiny.pm line 92
	eval {...} called at /usr/perl5.22.2t/lib/site_perl/5.22.2/Try/Tiny.pm line 83
	Try::Tiny::try(CODE(0x4f787c60), Try::Tiny::Catch=REF(0x4f787ab0)) called at /home/cpansand/.cpan/build/2016090321/Catalyst-Runtime-5.90112-zUw6zS/blib/lib/Catalyst.pm line 2402
	Catalyst::handle_request("ComponentUI", "env", HASH(0x4f757eb8), "response_cb", CODE(0x4f787ae0)) called at /home/cpansand/.cpan/build/2016090321/Catalyst-Runtime-5.90112-zUw6zS/blib/lib/Catalyst/Engine.pm line 800
	Catalyst::Engine::__ANON__(CODE(0x4f787ae0)) called at /usr/perl5.22.2t/lib/site_perl/5.22.2/Plack/Middleware/HTTPExceptions.pm line 32
	Plack::Middleware::HTTPExceptions::try {...} () called at /usr/perl5.22.2t/lib/site_perl/5.22.2/Try/Tiny.pm line 92
	eval {...} called at /usr/perl5.22.2t/lib/site_perl/5.22.2/Try/Tiny.pm line 83
	Try::Tiny::try(CODE(0x4f787948), Try::Tiny::Catch=REF(0x4f759720)) called at /usr/perl5.22.2t/lib/site_perl/5.22.2/Plack/Middleware/HTTPExceptions.pm line 41
	Plack::Middleware::HTTPExceptions::__ANON__(CODE(0x4f787858)) called at /usr/perl5.22.2t/lib/site_perl/5.22.2/Plack/Util.pm line 339
	Plack::Util::__ANON__(CODE(0x4f787768)) called at /usr/perl5.22.2t/lib/site_perl/5.22.2/Plack/Util.pm line 339
	Plack::Util::__ANON__(CODE(0x4f787678)) called at /usr/perl5.22.2t/lib/site_perl/5.22.2/Plack/Util.pm line 339
	Plack::Util::__ANON__(CODE(0x4f787600)) called at /usr/perl5.22.2t/lib/site_perl/5.22.2/HTTP/Message/PSGI.pm line 100
	HTTP::Message::PSGI::res_from_psgi(CODE(0x4f7595d0)) called at /usr/perl5.22.2t/lib/site_perl/5.22.2/HTTP/Message/PSGI.pm line 156
	HTTP::Response::from_psgi("HTTP::Response", CODE(0x4f7595d0)) called at /usr/perl5.22.2t/lib/site_perl/5.22.2/Plack/Test/MockHTTP.pm line 24
	Plack::Test::MockHTTP::try {...} () called at /usr/perl5.22.2t/lib/site_perl/5.22.2/Try/Tiny.pm line 90
	eval {...} called at /usr/perl5.22.2t/lib/site_perl/5.22.2/Try/Tiny.pm line 83
	Try::Tiny::try(CODE(0x4f748df8), Try::Tiny::Catch=REF(0x4a777a20)) called at /usr/perl5.22.2t/lib/site_perl/5.22.2/Plack/Test/MockHTTP.pm line 27
	Plack::Test::MockHTTP::request(Plack::Test::MockHTTP=HASH(0x4f757ac8), HTTP::Request=HASH(0x41d128b8)) called at /usr/perl5.22.2t/lib/site_perl/5.22.2/Plack/Test.pm line 38
	Plack::Test::__ANON__(HTTP::Request=HASH(0x41d128b8)) called at /home/cpansand/.cpan/build/2016090321/Catalyst-Runtime-5.90112-zUw6zS/blib/lib/Catalyst/Test.pm line 281
	Catalyst::Test::__ANON__(CODE(0x4f757960)) called at /usr/perl5.22.2t/lib/site_perl/5.22.2/Plack/Test.pm line 38
	Plack::Test::test_psgi("app", CODE(0x4f7575b8), "mangle_response", CODE(0x41d2f648), "app", CODE(0x4f7577f8), "client", CODE(0x4f757870)) called at /home/cpansand/.cpan/build/2016090321/Catalyst-Runtime-5.90112-zUw6zS/blib/lib/Catalyst/Test.pm line 284
	Catalyst::Test::_request(HASH(0x4f6a1558), HTTP::Request=HASH(0x41d128b8)) called at /home/cpansand/.cpan/build/2016090321/Catalyst-Runtime-5.90112-zUw6zS/blib/lib/Catalyst/Test.pm line 327
	Catalyst::Test::_local_request("ComponentUI", HTTP::Request=HASH(0x41d128b8)) called at /home/cpansand/.cpan/build/2016090321/Test-WWW-Mechanize-Catalyst-0.60-aFZnVw/blib/lib/Test/WWW/Mechanize/Catalyst.pm line 176
	Test::WWW::Mechanize::Catalyst::_do_catalyst_request(Test::WWW::Mechanize::Catalyst=HASH(0x4ea1b8b8), HTTP::Request=HASH(0x41d128b8)) called at /home/cpansand/.cpan/build/2016090321/Test-WWW-Mechanize-Catalyst-0.60-aFZnVw/blib/lib/Test/WWW/Mechanize/Catalyst.pm line 78
	Test::WWW::Mechanize::Catalyst::_make_request(Test::WWW::Mechanize::Catalyst=HASH(0x4ea1b8b8), HTTP::Request=HASH(0x41d128b8)) called at /usr/perl5.22.2t/lib/site_perl/5.22.2/WWW/Mechanize.pm line 2312
	WWW::Mechanize::request(Test::WWW::Mechanize::Catalyst=HASH(0x4ea1b8b8), HTTP::Request=HASH(0x41d128b8)) called at /usr/perl5.22.2t/lib/site_perl/5.22.2/LWP/UserAgent.pm line 411
	LWP::UserAgent::get(Test::WWW::Mechanize::Catalyst=HASH(0x4ea1b8b8), "http://localhost/testmodel/baz/id/1/update") called at /usr/perl5.22.2t/lib/site_perl/5.22.2/WWW/Mechanize.pm line 407
	WWW::Mechanize::get(Test::WWW::Mechanize::Catalyst=HASH(0x4ea1b8b8), "http://localhost/testmodel/baz/id/1/update") called at /home/cpansand/.cpan/build/2016090321/Test-WWW-Mechanize-1.46-n8y9Oy/blib/lib/Test/WWW/Mechanize.pm line 160
	Test::WWW::Mechanize::get_ok(Test::WWW::Mechanize::Catalyst=HASH(0x4ea1b8b8), "http://localhost/testmodel/baz/id/1/update") called at t/uncheck_bool_field.t line 9
Class::MOP::load_class is deprecated at /usr/perl5.22.2t/lib/site_perl/5.22.2/amd64-freebsd-thread-multi/Class/MOP.pm line 69.
	Class::MOP::load_class("Reaction::UI::Widget::SiteLayout") called at /home/cpansand/.cpan/build/2016090321/Reaction-0.002005-eKiEh4/blib/lib/Reaction/UI/Skin.pm line 181
	eval {...} called at /home/cpansand/.cpan/build/2016090321/Reaction-0.002005-eKiEh4/blib/lib/Reaction/UI/Skin.pm line 181
	Reaction::UI::Skin::widget_class_for(Reaction::UI::Skin=HASH(0x4eea13d8), Reaction::UI::LayoutSet::TT=HASH(0x503799f0)) called at /home/cpansand/.cpan/build/2016090321/Reaction-0.002005-eKiEh4/blib/lib/Reaction/UI/LayoutSet.pm line 29
	Reaction::UI::LayoutSet::BUILD(Reaction::UI::LayoutSet::TT=HASH(0x503799f0), HASH(0x503799d8)) called at constructor Reaction::UI::LayoutSet::TT::new (defined at /home/cpansand/.cpan/build/2016090321/Reaction-0.002005-eKiEh4/blib/lib/Reaction/UI/LayoutSet/TT.pm line 43) line 69
	Reaction::UI::LayoutSet::TT::new("Reaction::UI::LayoutSet::TT", "name", "site_layout", "skin", Reaction::UI::Skin=HASH(0x4eea13d8), "tt_object", Template=HASH(0x4d90d8e8), "source_file", Path::Class::File=HASH(0x50389630), ...) called at /home/cpansand/.cpan/build/2016090321/Reaction-0.002005-eKiEh4/blib/lib/Reaction/UI/Skin.pm line 115
	Reaction::UI::Skin::_create_layout_set(Reaction::UI::Skin=HASH(0x4eea13d8), "site_layout", ARRAY(0x5038cb40), Reaction::UI::Skin=HASH(0x4eea13d8)) called at /home/cpansand/.cpan/build/2016090321/Reaction-0.002005-eKiEh4/blib/lib/Reaction/UI/Skin.pm line 110
	Reaction::UI::Skin::create_layout_set(Reaction::UI::Skin=HASH(0x4eea13d8), "site_layout") called at /home/cpansand/.cpan/build/2016090321/Reaction-0.002005-eKiEh4/blib/lib/Reaction/UI/LayoutSet.pm line 83
	Reaction::UI::LayoutSet::_load_file(Reaction::UI::LayoutSet::TT=HASH(0x5038dbb8), Path::Class::File=HASH(0x50291a50), HASH(0x4eea15e8)) called at /home/cpansand/.cpan/build/2016090321/Reaction-0.002005-eKiEh4/blib/lib/Reaction/UI/LayoutSet.pm line 27
	Reaction::UI::LayoutSet::BUILD(Reaction::UI::LayoutSet::TT=HASH(0x5038dbb8), HASH(0x4eea15e8)) called at constructor Reaction::UI::LayoutSet::TT::new (defined at /home/cpansand/.cpan/build/2016090321/Reaction-0.002005-eKiEh4/blib/lib/Reaction/UI/LayoutSet/TT.pm line 43) line 69
	Reaction::UI::LayoutSet::TT::new("Reaction::UI::LayoutSet::TT", "name", "site_layout", "skin", Reaction::UI::Skin=HASH(0x50385588), "next_skin", Reaction::UI::Skin=HASH(0x4eea13d8), "tt_object", Template=HASH(0x4d90d8e8), ...) called at /home/cpansand/.cpan/build/2016090321/Reaction-0.002005-eKiEh4/blib/lib/Reaction/UI/Skin.pm line 115
	Reaction::UI::Skin::_create_layout_set(Reaction::UI::Skin=HASH(0x50385588), "site_layout", ARRAY(0x41c42960), Reaction::UI::Skin=HASH(0x50385588)) called at /home/cpansand/.cpan/build/2016090321/Reaction-0.002005-eKiEh4/blib/lib/Reaction/UI/Skin.pm line 110
	Reaction::UI::Skin::create_layout_set(Reaction::UI::Skin=HASH(0x50385588), "site_layout") called at /home/cpansand/.cpan/build/2016090321/Reaction-0.002005-eKiEh4/blib/lib/Reaction/UI/LayoutSet.pm line 83
	Reaction::UI::LayoutSet::_load_file(Reaction::UI::LayoutSet::TT=HASH(0x41c42f60), Path::Class::File=HASH(0x4d948438), HASH(0x500593a8)) called at /home/cpansand/.cpan/build/2016090321/Reaction-0.002005-eKiEh4/blib/lib/Reaction/UI/LayoutSet.pm line 27
	Reaction::UI::LayoutSet::BUILD(Reaction::UI::LayoutSet::TT=HASH(0x41c42f60), HASH(0x500593a8)) called at constructor Reaction::UI::LayoutSet::TT::new (defined at /home/cpansand/.cpan/build/2016090321/Reaction-0.002005-eKiEh4/blib/lib/Reaction/UI/LayoutSet/TT.pm line 43) line 69
	Reaction::UI::LayoutSet::TT::new("Reaction::UI::LayoutSet::TT", "name", "site_layout", "skin", Reaction::UI::Skin=HASH(0x5037bd98), "next_skin", Reaction::UI::Skin=HASH(0x50385588), "tt_object", Template=HASH(0x4d90d8e8), ...) called at /home/cpansand/.cpan/build/2016090321/Reaction-0.002005-eKiEh4/blib/lib/Reaction/UI/Skin.pm line 115
	Reaction::UI::Skin::_create_layout_set(Reaction::UI::Skin=HASH(0x5037bd98), "site_layout", ARRAY(0x41d115e8), Reaction::UI::Skin=HASH(0x5037bd98)) called at /home/cpansand/.cpan/build/2016090321/Reaction-0.002005-eKiEh4/blib/lib/Reaction/UI/Skin.pm line 110
	Reaction::UI::Skin::create_layout_set(Reaction::UI::Skin=HASH(0x5037bd98), "site_layout") called at /usr/perl5.22.2t/lib/site_perl/5.22.2/amd64-freebsd-thread-multi/Moose/Meta/Method/Delegation.pm line 110
	Reaction::UI::View::create_layout_set(ComponentUI::View::Site=HASH(0x4a34b2b8), "site_layout") called at /home/cpansand/.cpan/build/2016090321/Reaction-0.002005-eKiEh4/blib/lib/Reaction/UI/View.pm line 99
	Reaction::UI::View::layout_set_for(ComponentUI::View::Site=HASH(0x4a34b2b8), Reaction::UI::ViewPort::SiteLayout=HASH(0x4f7846c0)) called at /home/cpansand/.cpan/build/2016090321/Reaction-0.002005-eKiEh4/blib/lib/Reaction/UI/View.pm line 78
	Reaction::UI::View::render_viewport_args(ComponentUI::View::Site=HASH(0x4a34b2b8), Reaction::UI::ViewPort::SiteLayout=HASH(0x4f7846c0)) called at /home/cpansand/.cpan/build/2016090321/Reaction-0.002005-eKiEh4/blib/lib/Reaction/UI/View.pm line 61
	Reaction::UI::View::render_window(ComponentUI::View::Site=HASH(0x4a34b2b8), Reaction::UI::Window=HASH(0x4f783f60)) called at /home/cpansand/.cpan/build/2016090321/Reaction-0.002005-eKiEh4/blib/lib/Reaction/UI/Window.pm line 74
	Reaction::UI::Window::flush_view(Reaction::UI::Window=HASH(0x4f783f60)) called at /home/cpansand/.cpan/build/2016090321/Reaction-0.002005-eKiEh4/blib/lib/Reaction/UI/Window.pm line 36
	Reaction::UI::Window::flush(Reaction::UI::Window=HASH(0x4f783f60)) called at /home/cpansand/.cpan/build/2016090321/Reaction-0.002005-eKiEh4/blib/lib/Reaction/UI/Controller/Root.pm line 38
	Reaction::UI::Controller::Root::end(ComponentUI::Controller::Root=HASH(0x4f784018), ComponentUI=HASH(0x4f7b1cf0)) called at /home/cpansand/.cpan/build/2016090321/Catalyst-Runtime-5.90112-zUw6zS/blib/lib/Catalyst/Action.pm line 358
	Catalyst::Action::execute(Catalyst::Action=HASH(0x4a771198), ComponentUI::Controller::Root=HASH(0x4f784018), ComponentUI=HASH(0x4f7b1cf0)) called at /home/cpansand/.cpan/build/2016090321/Catalyst-Runtime-5.90112-zUw6zS/blib/lib/Catalyst.pm line 2056
	eval {...} called at /home/cpansand/.cpan/build/2016090321/Catalyst-Runtime-5.90112-zUw6zS/blib/lib/Catalyst.pm line 2056
	Catalyst::execute(ComponentUI=HASH(0x4f7b1cf0), "ComponentUI::Controller::Root", Catalyst::Action=HASH(0x4a771198)) called at /home/cpansand/.cpan/build/2016090321/Catalyst-Runtime-5.90112-zUw6zS/blib/lib/Catalyst/Action.pm line 353
	Catalyst::Action::dispatch(Catalyst::Action=HASH(0x4a771198), ComponentUI=HASH(0x4f7b1cf0)) called at /home/cpansand/.cpan/build/2016090321/Catalyst-Runtime-5.90112-zUw6zS/blib/lib/Catalyst/Controller.pm line 189
	Catalyst::Controller::_END(ComponentUI::Controller::TestModel::Baz=HASH(0x4f7a5de0), ComponentUI=HASH(0x4f7b1cf0)) called at /home/cpansand/.cpan/build/2016090321/Catalyst-Runtime-5.90112-zUw6zS/blib/lib/Catalyst/Action.pm line 358
	Catalyst::Action::execute(Catalyst::Action=HASH(0x4f302ba0), ComponentUI::Controller::TestModel::Baz=HASH(0x4f7a5de0), ComponentUI=HASH(0x4f7b1cf0)) called at /home/cpansand/.cpan/build/2016090321/Catalyst-Runtime-5.90112-zUw6zS/blib/lib/Catalyst.pm line 2056
	eval {...} called at /home/cpansand/.cpan/build/2016090321/Catalyst-Runtime-5.90112-zUw6zS/blib/lib/Catalyst.pm line 2056
	Catalyst::execute(ComponentUI=HASH(0x4f7b1cf0), "ComponentUI::Controller::TestModel::Baz", Catalyst::Action=HASH(0x4f302ba0)) called at /home/cpansand/.cpan/build/2016090321/Catalyst-Runtime-5.90112-zUw6zS/blib/lib/Catalyst/Action.pm line 353
	Catalyst::Action::dispatch(Catalyst::Action=HASH(0x4f302ba0), ComponentUI=HASH(0x4f7b1cf0)) called at /home/cpansand/.cpan/build/2016090321/Catalyst-Runtime-5.90112-zUw6zS/blib/lib/Catalyst/Dispatcher.pm line 262
	Catalyst::Dispatcher::_do_forward(Catalyst::Dispatcher=HASH(0x44adca08), "forward", ComponentUI=HASH(0x4f7b1cf0), "_END") called at /home/cpansand/.cpan/build/2016090321/Catalyst-Runtime-5.90112-zUw6zS/blib/lib/Catalyst/Dispatcher.pm line 242
	Catalyst::Dispatcher::forward(Catalyst::Dispatcher=HASH(0x44adca08), ComponentUI=HASH(0x4f7b1cf0), "_END") called at /home/cpansand/.cpan/build/2016090321/Catalyst-Runtime-5.90112-zUw6zS/blib/lib/Catalyst.pm line 481
	Catalyst::forward(ComponentUI=HASH(0x4f7b1cf0), "_END") called at /home/cpansand/.cpan/build/2016090321/Catalyst-Runtime-5.90112-zUw6zS/blib/lib/Catalyst/Controller.pm line 138
	Catalyst::Controller::_DISPATCH(ComponentUI::Controller::TestModel::Baz=HASH(0x4f7a5de0), ComponentUI=HASH(0x4f7b1cf0)) called at /home/cpansand/.cpan/build/2016090321/Catalyst-Runtime-5.90112-zUw6zS/blib/lib/Catalyst/Action.pm line 358
	Catalyst::Action::execute(Catalyst::Action=HASH(0x4a760840), ComponentUI::Controller::TestModel::Baz=HASH(0x4f7a5de0), ComponentUI=HASH(0x4f7b1cf0)) called at /home/cpansand/.cpan/build/2016090321/Catalyst-Runtime-5.90112-zUw6zS/blib/lib/Catalyst.pm line 2056
	eval {...} called at /home/cpansand/.cpan/build/2016090321/Catalyst-Runtime-5.90112-zUw6zS/blib/lib/Catalyst.pm line 2056
	Catalyst::execute(ComponentUI=HASH(0x4f7b1cf0), "ComponentUI::Controller::TestModel::Baz", Catalyst::Action=HASH(0x4a760840)) called at /home/cpansand/.cpan/build/2016090321/Catalyst-Runtime-5.90112-zUw6zS/blib/lib/Catalyst/Action.pm line 353
	Catalyst::Action::dispatch(Catalyst::Action=HASH(0x4a760840), ComponentUI=HASH(0x4f7b1cf0)) called at /home/cpansand/.cpan/build/2016090321/Catalyst-Runtime-5.90112-zUw6zS/blib/lib/Catalyst/Dispatcher.pm line 262
	Catalyst::Dispatcher::_do_forward(Catalyst::Dispatcher=HASH(0x44adca08), "forward", ComponentUI=HASH(0x4f7b1cf0), "/testmodel/baz/_DISPATCH") called at /home/cpansand/.cpan/build/2016090321/Catalyst-Runtime-5.90112-zUw6zS/blib/lib/Catalyst/Dispatcher.pm line 242
	Catalyst::Dispatcher::forward(Catalyst::Dispatcher=HASH(0x44adca08), ComponentUI=HASH(0x4f7b1cf0), "/testmodel/baz/_DISPATCH") called at /home/cpansand/.cpan/build/2016090321/Catalyst-Runtime-5.90112-zUw6zS/blib/lib/Catalyst.pm line 481
	Catalyst::forward(ComponentUI=HASH(0x4f7b1cf0), "/testmodel/baz/_DISPATCH") called at /home/cpansand/.cpan/build/2016090321/Catalyst-Runtime-5.90112-zUw6zS/blib/lib/Catalyst/Dispatcher.pm line 108
	Catalyst::Dispatcher::dispatch(Catalyst::Dispatcher=HASH(0x44adca08), ComponentUI=HASH(0x4f7b1cf0)) called at /home/cpansand/.cpan/build/2016090321/Catalyst-Runtime-5.90112-zUw6zS/blib/lib/Catalyst.pm line 2002
	Catalyst::dispatch(ComponentUI=HASH(0x4f7b1cf0)) called at /home/cpansand/.cpan/build/2016090321/Catalyst-Plugin-Static-Simple-0.33-DAr8_p/blib/lib/Catalyst/Plugin/Static/Simple.pm line 86
	Class::MOP::Class:::around(CODE(0x487a1810), ComponentUI=HASH(0x4f7b1cf0)) called at /usr/perl5.22.2t/lib/site_perl/5.22.2/amd64-freebsd-thread-multi/Class/MOP/Method/Wrapped.pm line 164
	ComponentUI::_wrapped_dispatch(ComponentUI=HASH(0x4f7b1cf0)) called at /usr/perl5.22.2t/lib/site_perl/5.22.2/amd64-freebsd-thread-multi/Class/MOP/Method/Wrapped.pm line 95
	ComponentUI::dispatch(ComponentUI=HASH(0x4f7b1cf0)) called at /home/cpansand/.cpan/build/2016090321/Catalyst-Runtime-5.90112-zUw6zS/blib/lib/Catalyst.pm line 2393
	Catalyst::try {...} () called at /usr/perl5.22.2t/lib/site_perl/5.22.2/Try/Tiny.pm line 92
	eval {...} called at /usr/perl5.22.2t/lib/site_perl/5.22.2/Try/Tiny.pm line 83
	Try::Tiny::try(CODE(0x4f787c60), Try::Tiny::Catch=REF(0x4f787ab0)) called at /home/cpansand/.cpan/build/2016090321/Catalyst-Runtime-5.90112-zUw6zS/blib/lib/Catalyst.pm line 2402
	Catalyst::handle_request("ComponentUI", "env", HASH(0x4f757eb8), "response_cb", CODE(0x4f787ae0)) called at /home/cpansand/.cpan/build/2016090321/Catalyst-Runtime-5.90112-zUw6zS/blib/lib/Catalyst/Engine.pm line 800
	Catalyst::Engine::__ANON__(CODE(0x4f787ae0)) called at /usr/perl5.22.2t/lib/site_perl/5.22.2/Plack/Middleware/HTTPExceptions.pm line 32
	Plack::Middleware::HTTPExceptions::try {...} () called at /usr/perl5.22.2t/lib/site_perl/5.22.2/Try/Tiny.pm line 92
	eval {...} called at /usr/perl5.22.2t/lib/site_perl/5.22.2/Try/Tiny.pm line 83
	Try::Tiny::try(CODE(0x4f787948), Try::Tiny::Catch=REF(0x4f759720)) called at /usr/perl5.22.2t/lib/site_perl/5.22.2/Plack/Middleware/HTTPExceptions.pm line 41
	Plack::Middleware::HTTPExceptions::__ANON__(CODE(0x4f787858)) called at /usr/perl5.22.2t/lib/site_perl/5.22.2/Plack/Util.pm line 339
	Plack::Util::__ANON__(CODE(0x4f787768)) called at /usr/perl5.22.2t/lib/site_perl/5.22.2/Plack/Util.pm line 339
	Plack::Util::__ANON__(CODE(0x4f787678)) called at /usr/perl5.22.2t/lib/site_perl/5.22.2/Plack/Util.pm line 339
	Plack::Util::__ANON__(CODE(0x4f787600)) called at /usr/perl5.22.2t/lib/site_perl/5.22.2/HTTP/Message/PSGI.pm line 100
	HTTP::Message::PSGI::res_from_psgi(CODE(0x4f7595d0)) called at /usr/perl5.22.2t/lib/site_perl/5.22.2/HTTP/Message/PSGI.pm line 156
	HTTP::Response::from_psgi("HTTP::Response", CODE(0x4f7595d0)) called at /usr/perl5.22.2t/lib/site_perl/5.22.2/Plack/Test/MockHTTP.pm line 24
	Plack::Test::MockHTTP::try {...} () called at /usr/perl5.22.2t/lib/site_perl/5.22.2/Try/Tiny.pm line 90
	eval {...} called at /usr/perl5.22.2t/lib/site_perl/5.22.2/Try/Tiny.pm line 83
	Try::Tiny::try(CODE(0x4f748df8), Try::Tiny::Catch=REF(0x4a777a20)) called at /usr/perl5.22.2t/lib/site_perl/5.22.2/Plack/Test/MockHTTP.pm line 27
	Plack::Test::MockHTTP::request(Plack::Test::MockHTTP=HASH(0x4f757ac8), HTTP::Request=HASH(0x41d128b8)) called at /usr/perl5.22.2t/lib/site_perl/5.22.2/Plack/Test.pm line 38
	Plack::Test::__ANON__(HTTP::Request=HASH(0x41d128b8)) called at /home/cpansand/.cpan/build/2016090321/Catalyst-Runtime-5.90112-zUw6zS/blib/lib/Catalyst/Test.pm line 281
	Catalyst::Test::__ANON__(CODE(0x4f757960)) called at /usr/perl5.22.2t/lib/site_perl/5.22.2/Plack/Test.pm line 38
	Plack::Test::test_psgi("app", CODE(0x4f7575b8), "mangle_response", CODE(0x41d2f648), "app", CODE(0x4f7577f8), "client", CODE(0x4f757870)) called at /home/cpansand/.cpan/build/2016090321/Catalyst-Runtime-5.90112-zUw6zS/blib/lib/Catalyst/Test.pm line 284
	Catalyst::Test::_request(HASH(0x4f6a1558), HTTP::Request=HASH(0x41d128b8)) called at /home/cpansand/.cpan/build/2016090321/Catalyst-Runtime-5.90112-zUw6zS/blib/lib/Catalyst/Test.pm line 327
	Catalyst::Test::_local_request("ComponentUI", HTTP::Request=HASH(0x41d128b8)) called at /home/cpansand/.cpan/build/2016090321/Test-WWW-Mechanize-Catalyst-0.60-aFZnVw/blib/lib/Test/WWW/Mechanize/Catalyst.pm line 176
	Test::WWW::Mechanize::Catalyst::_do_catalyst_request(Test::WWW::Mechanize::Catalyst=HASH(0x4ea1b8b8), HTTP::Request=HASH(0x41d128b8)) called at /home/cpansand/.cpan/build/2016090321/Test-WWW-Mechanize-Catalyst-0.60-aFZnVw/blib/lib/Test/WWW/Mechanize/Catalyst.pm line 78
	Test::WWW::Mechanize::Catalyst::_make_request(Test::WWW::Mechanize::Catalyst=HASH(0x4ea1b8b8), HTTP::Request=HASH(0x41d128b8)) called at /usr/perl5.22.2t/lib/site_perl/5.22.2/WWW/Mechanize.pm line 2312
	WWW::Mechanize::request(Test::WWW::Mechanize::Catalyst=HASH(0x4ea1b8b8), HTTP::Request=HASH(0x41d128b8)) called at /usr/perl5.22.2t/lib/site_perl/5.22.2/LWP/UserAgent.pm line 411
	LWP::UserAgent::get(Test::WWW::Mechanize::Catalyst=HASH(0x4ea1b8b8), "http://localhost/testmodel/baz/id/1/update") called at /usr/perl5.22.2t/lib/site_perl/5.22.2/WWW/Mechanize.pm line 407
	WWW::Mechanize::get(Test::WWW::Mechanize::Catalyst=HASH(0x4ea1b8b8), "http://localhost/testmodel/baz/id/1/update") called at /home/cpansand/.cpan/build/2016090321/Test-WWW-Mechanize-1.46-n8y9Oy/blib/lib/Test/WWW/Mechanize.pm line 160
	Test::WWW::Mechanize::get_ok(Test::WWW::Mechanize::Catalyst=HASH(0x4ea1b8b8), "http://localhost/testmodel/baz/id/1/update") called at t/uncheck_bool_field.t line 9
t/uncheck_bool_field.t ...... ok

Test Summary Report
-------------------
t/05reflect_attr_from.t   (Wstat: 256 Tests: 1 Failed: 1)
  Failed test:  1
  Non-zero exit status: 1
Files=9, Tests=604, 18 wallclock secs ( 0.02 usr  0.21 sys + 10.69 cusr  5.90 csys = 16.81 CPU)
Result: FAIL
Failed 1/9 test programs. 1/604 subtests failed.
*** Error code 255

Stop.
make: stopped in /home/cpansand/.cpan/build/2016090321/Reaction-0.002005-eKiEh4

------------------------------
PREREQUISITES
------------------------------

Prerequisite modules loaded:

requires:

    Module                                  Need      Have    
    --------------------------------------- --------- --------
    aliased                                 0.22      0.34    
    Catalyst                                5.80002   5.90112 
    Catalyst::Component::ACCEPT_CONTEXT     0.05      0.07    
    Catalyst::Component::InstancePerContext 0.001001  0.001001
    Catalyst::Model::DBIC::Schema           0.23      0.65    
    Catalyst::Plugin::ConfigLoader          0.23      0.34    
    Catalyst::Plugin::I18N                  0.09      0.10    
    Catalyst::Plugin::Static::Simple        0.21      0.33    
    Catalyst::View::TT                      0.29      0.44    
    Class::MOP                              0.81      2.1804  
    Config::General                         2.42      2.63    
    Crypt::Eksblowfish::Bcrypt              0.005     0.009   
    DateTime                                0.47      1.28    
    DateTime::Event::Recurrence             0.16      0.18    
    DateTime::Span                          0         0.3800  
    DBIx::Class                             0.08100   0.082840
    DBIx::Class::IntrospectableM2M          0.001001  0.001002
    Devel::Declare                          0.005000  0.006018
    Email::Valid                            0.181     1.200   
    ExtUtils::MakeMaker                     6.11      7.04_01 
    File::ShareDir                          1.00      1.102   
    File::Spec                              3.29      3.56_01 
    JSON                                    0         2.90    
    metaclass                               0.81      2.1804  
    Method::Signatures::Simple              0.03      1.07    
    Moose                                   0.74      2.1804  
    MooseX::MethodAttributes                0.18      0.31    
    MooseX::Role::Parameterized             0.24      1.08    
    MooseX::Types                           0.10      0.46    
    MooseX::Types::Common                   0.001000  0.001013
    MooseX::Types::DateTime                 0.03      0.13    
    MooseX::Types::URI                      0.02      0.08    
    namespace::clean                        0.11      0.27    
    Path::Class::Dir                        0         0.36    
    Path::Class::File                       0         0.36    
    perl                                    5.008001  5.022002
    Scalar::Util                            1.19      1.45    
    signatures                              0.05      0.13    
    SQL::Translator                         0.11002   0.11021 
    Sub::Exporter                           0.982     0.987   
    Sub::Name                               0.04      0.15    
    Template                                2.20      2.26    
    Test::Class                             0.31      0.50    
    Test::Memory::Cycle                     1.04      1.06    
    Test::WWW::Mechanize::Catalyst          0.51      0.60    
    Time::ParseDate                         2006.0814 2015.103
    URI                                     1.37      1.71    

build_requires:

    Module                                  Need      Have    
    --------------------------------------- --------- --------
    ExtUtils::MakeMaker                     6.42      7.04_01 
    SQL::Translator                         0.11002   0.11021 
    Test::Class                             0.31      0.50    
    Test::Memory::Cycle                     1.04      1.06    
    Test::WWW::Mechanize::Catalyst          0.51      0.60    

configure_requires:

    Module                                  Need      Have    
    --------------------------------------- --------- --------
    ExtUtils::MakeMaker                     6.42      7.04_01 


------------------------------
ENVIRONMENT AND OTHER CONTEXT
------------------------------

Environment variables:

    LC_ALL = de_DE.ISO8859-1
    PATH = /usr/local/bin:/usr/bin:/bin:/usr/local/sbin:/usr/sbin:/sbin:/home/cpansand/bin/freebsd10.1:/home/cpansand/bin/sh:/home/cpansand/bin:/usr/games:/home/cpansand/devel:/home/eserte/src/srezic-misc/scripts
    PERL = /usr/perl5.22.2t/bin/perl
    PERL5LIB = /home/cpansand/.cpan/build/2016090321/Test-Class-0.50-acKFfo/blib/arch:/home/cpansand/.cpan/build/2016090321/Test-Class-0.50-acKFfo/blib/lib:/home/cpansand/.cpan/build/2016090321/MooseX-Types-URI-0.08-q0CIDZ/blib/arch:/home/cpansand/.cpan/build/2016090321/MooseX-Types-URI-0.08-q0CIDZ/blib/lib:/home/cpansand/.cpan/build/2016090321/URI-FromHash-0.05-ZU8snC/blib/arch:/home/cpansand/.cpan/build/2016090321/URI-FromHash-0.05-ZU8snC/blib/lib:/home/cpansand/.cpan/build/2016090321/MooseX-Types-Path-Class-0.09-E6D8Re/blib/arch:/home/cpansand/.cpan/build/2016090321/MooseX-Types-Path-Class-0.09-E6D8Re/blib/lib:/home/cpansand/.cpan/build/2016090321/Test-Needs-0.002004-E8eFXj/blib/arch:/home/cpansand/.cpan/build/2016090321/Test-Needs-0.002004-E8eFXj/blib/lib:/home/cpansand/.cpan/build/2016090321/Config-General-2.63-A9DtC6/blib/arch:/home/cpansand/.cpan/build/2016090321/Config-General-2.63-A9DtC6/blib/lib:/home/cpansand/.cpan/build/2016090321/MooseX-Types-Common-0.001013-9_R2bq/blib/arch:/home/cpansand/.cpan/build/2016090321/MooseX-Types-Common-0.001013-9_R2bq/blib/lib:/home/cpansand/.cpan/build/2016090321/MooseX-Types-DateTime-0.13-WM4Ul8/blib/arch:/home/cpansand/.cpan/build/2016090321/MooseX-Types-DateTime-0.13-WM4Ul8/blib/lib:/home/cpansand/.cpan/build/2016090321/SQL-Translator-0.11021-USg56h/blib/arch:/home/cpansand/.cpan/build/2016090321/SQL-Translator-0.11021-USg56h/blib/lib:/home/cpansand/.cpan/build/2016090321/XML-Writer-0.625-vFzacM/blib/arch:/home/cpansand/.cpan/build/2016090321/XML-Writer-0.625-vFzacM/blib/lib:/home/cpansand/.cpan/build/2016090321/Package-Variant-1.003002-cRaOQd/blib/arch:/home/cpansand/.cpan/build/2016090321/Package-Variant-1.003002-cRaOQd/blib/lib:/home/cpansand/.cpan/build/2016090321/Import-Into-1.002005-ByeNmt/blib/arch:/home/cpansand/.cpan/build/2016090321/Import-Into-1.002005-ByeNmt/blib/lib:/home/cpansand/.cpan/build/2016090321/strictures-2.000003-KXeXaB/blib/arch:/home/cpansand/.cpan/build/2016090321/strictures-2.000003-KXeXaB/blib/lib:/home/cpansand/.cpan/build/2016090321/indirect-0.37-FZshiz/blib/arch:/home/cpansand/.cpan/build/2016090321/indirect-0.37-FZshiz/blib/lib:/home/cpansand/.cpan/build/2016090321/bareword-filehandles-0.004-Zg7OK0/blib/arch:/home/cpansand/.cpan/build/2016090321/bareword-filehandles-0.004-Zg7OK0/blib/lib:/home/cpansand/.cpan/build/2016090321/multidimensional-0.012-xMyfQV/blib/arch:/home/cpansand/.cpan/build/2016090321/multidimensional-0.012-xMyfQV/blib/lib:/home/cpansand/.cpan/build/2016090321/Lexical-SealRequireHints-0.010-ulkPDe/blib/arch:/home/cpansand/.cpan/build/2016090321/Lexical-SealRequireHints-0.010-ulkPDe/blib/lib:/home/cpansand/.cpan/build/2016090321/Crypt-Eksblowfish-0.009-cvyXXZ/blib/arch:/home/cpansand/.cpan/build/2016090321/Crypt-Eksblowfish-0.009-cvyXXZ/blib/lib:/home/cpansand/.cpan/build/2016090321/Class-Mix-0.005-Liya24/blib/arch:/home/cpansand/.cpan/build/2016090321/Class-Mix-0.005-Liya24/blib/lib:/home/cpansand/.cpan/build/2016090321/Params-Classify-0.013-3XO6si/blib/arch:/home/cpansand/.cpan/build/2016090321/Params-Classify-0.013-3XO6si/blib/lib:/home/cpansand/.cpan/build/2016090321/Email-Valid-1.200-LCVt2l/blib/arch:/home/cpansand/.cpan/build/2016090321/Email-Valid-1.200-LCVt2l/blib/lib:/home/cpansand/.cpan/build/2016090321/DBIx-Class-IntrospectableM2M-0.001002-jnWYiv/blib/arch:/home/cpansand/.cpan/build/2016090321/DBIx-Class-IntrospectableM2M-0.001002-jnWYiv/blib/lib:/home/cpansand/.cpan/build/2016090321/Catalyst-View-TT-0.44-zq1svg/blib/arch:/home/cpansand/.cpan/build/2016090321/Catalyst-View-TT-0.44-zq1svg/blib/lib:/home/cpansand/.cpan/build/2016090321/Template-Timer-1.00-vTfJuq/blib/arch:/home/cpansand/.cpan/build/2016090321/Template-Timer-1.00-vTfJuq/blib/lib:/home/cpansand/.cpan/build/2016090321/Catalyst-Plugin-I18N-0.10-eT1ou7/blib/arch:/home/cpansand/.cpan/build/2016090321/Catalyst-Plugin-I18N-0.10-eT1ou7/blib/lib:/home/cpansand/.cpan/build/2016090321/Locale-Maketext-Lexicon-1.00-NHj6h8/blib/arch:/home/cpansand/.cpan/build/2016090321/Locale-Maketext-Lexicon-1.00-NHj6h8/blib/lib:/home/cpansand/.cpan/build/2016090321/Method-Signatures-Simple-1.07-jYoJsn/blib/arch:/home/cpansand/.cpan/build/2016090321/Method-Signatures-Simple-1.07-jYoJsn/blib/lib:/home/cpansand/.cpan/build/2016090321/Devel-Declare-0.006018-pysspf/blib/arch:/home/cpansand/.cpan/build/2016090321/Devel-Declare-0.006018-pysspf/blib/lib:/home/cpansand/.cpan/build/2016090321/Test-Memory-Cycle-1.06-lDNt0I/blib/arch:/home/cpansand/.cpan/build/2016090321/Test-Memory-Cycle-1.06-lDNt0I/blib/lib:/home/cpansand/.cpan/build/2016090321/Test-WWW-Mechanize-Catalyst-0.60-aFZnVw/blib/arch:/home/cpansand/.cpan/build/2016090321/Test-WWW-Mechanize-Catalyst-0.60-aFZnVw/blib/lib:/home/cpansand/.cpan/build/2016090321/Catalyst-Plugin-Session-State-Cookie-0.17-GOvuyQ/blib/arch:/home/cpansand/.cpan/build/2016090321/Catalyst-Plugin-Session-State-Cookie-0.17-GOvuyQ/blib/lib:/home/cpansand/.cpan/build/2016090321/Test-utf8-1.01-eR0SEg/blib/arch:/home/cpansand/.cpan/build/2016090321/Test-utf8-1.01-eR0SEg/blib/lib:/home/cpansand/.cpan/build/2016090321/Catalyst-Plugin-Session-0.40-_YGVjZ/blib/arch:/home/cpansand/.cpan/build/2016090321/Catalyst-Plugin-Session-0.40-_YGVjZ/blib/lib:/home/cpansand/.cpan/build/2016090321/Object-Signature-1.07-VUUO3P/blib/arch:/home/cpansand/.cpan/build/2016090321/Object-Signature-1.07-VUUO3P/blib/lib:/home/cpansand/.cpan/build/2016090321/Test-WWW-Mechanize-PSGI-0.36-enFyUd/blib/arch:/home/cpansand/.cpan/build/2016090321/Test-WWW-Mechanize-PSGI-0.36-enFyUd/blib/lib:/home/cpansand/.cpan/build/2016090321/Test-WWW-Mechanize-1.46-n8y9Oy/blib/arch:/home/cpansand/.cpan/build/2016090321/Test-WWW-Mechanize-1.46-n8y9Oy/blib/lib:/home/cpansand/.cpan/build/2016090321/Carp-Assert-More-1.14-lNkfSn/blib/arch:/home/cpansand/.cpan/build/2016090321/Carp-Assert-More-1.14-lNkfSn/blib/lib:/home/cpansand/.cpan/build/2016090321/Carp-Assert-0.21-ZI6wWZ/blib/arch:/home/cpansand/.cpan/build/2016090321/Carp-Assert-0.21-ZI6wWZ/blib/lib:/home/cpansand/.cpan/build/2016090321/signatures-0.13-S1Zf5X/blib/arch:/home/cpansand/.cpan/build/2016090321/signatures-0.13-S1Zf5X/blib/lib:/home/cpansand/.cpan/build/2016090321/B-Hooks-OP-PPAddr-0.05-FfBQae/blib/arch:/home/cpansand/.cpan/build/2016090321/B-Hooks-OP-PPAddr-0.05-FfBQae/blib/lib:/home/cpansand/.cpan/build/2016090321/B-Hooks-Parser-0.17-Tx1Rmb/blib/arch:/home/cpansand/.cpan/build/2016090321/B-Hooks-Parser-0.17-Tx1Rmb/blib/lib:/home/cpansand/.cpan/build/2016090321/B-Hooks-OP-Check-0.19-4XzdRf/blib/arch:/home/cpansand/.cpan/build/2016090321/B-Hooks-OP-Check-0.19-4XzdRf/blib/lib:/home/cpansand/.cpan/build/2016090321/Catalyst-Plugin-Static-Simple-0.33-DAr8_p/blib/arch:/home/cpansand/.cpan/build/2016090321/Catalyst-Plugin-Static-Simple-0.33-DAr8_p/blib/lib:/home/cpansand/.cpan/build/2016090321/Catalyst-Plugin-ConfigLoader-0.34-ICg4Jh/blib/arch:/home/cpansand/.cpan/build/2016090321/Catalyst-Plugin-ConfigLoader-0.34-ICg4Jh/blib/lib:/home/cpansand/.cpan/build/2016090321/Catalyst-Component-ACCEPT_CONTEXT-0.07-cVVVaX/blib/arch:/home/cpansand/.cpan/build/2016090321/Catalyst-Component-ACCEPT_CONTEXT-0.07-cVVVaX/blib/lib:/home/cpansand/.cpan/build/2016090321/Devel-Cycle-1.12-AjUEYS/blib/arch:/home/cpansand/.cpan/build/2016090321/Devel-Cycle-1.12-AjUEYS/blib/lib:/home/cpansand/.cpan/build/2016090321/Catalyst-Model-DBIC-Schema-0.65-5ISuNH/blib/arch:/home/cpansand/.cpan/build/2016090321/Catalyst-Model-DBIC-Schema-0.65-5ISuNH/blib/lib:/home/cpansand/.cpan/build/2016090321/Catalyst-Component-InstancePerContext-0.001001-XE7XcB/blib/arch:/home/cpansand/.cpan/build/2016090321/Catalyst-Component-InstancePerContext-0.001001-XE7XcB/blib/lib:/home/cpansand/.cpan/build/2016090321/CatalystX-Component-Traits-0.19-r1Y_6H/blib/arch:/home/cpansand/.cpan/build/2016090321/CatalystX-Component-Traits-0.19-r1Y_6H/blib/lib:/home/cpansand/.cpan/build/2016090321/MooseX-Traits-Pluggable-0.12-EbSEEg/blib/arch:/home/cpansand/.cpan/build/2016090321/MooseX-Traits-Pluggable-0.12-EbSEEg/blib/lib:/home/cpansand/.cpan/build/2016090321/MooseX-MarkAsMethods-0.15-o69h3V/blib/arch:/home/cpansand/.cpan/build/2016090321/MooseX-MarkAsMethods-0.15-o69h3V/blib/lib:/home/cpansand/.cpan/build/2016090321/MooseX-Types-LoadableClass-0.014-Iz__9S/blib/arch:/home/cpansand/.cpan/build/2016090321/MooseX-Types-LoadableClass-0.014-Iz__9S/blib/lib:/home/cpansand/.cpan/build/2016090321/DBIx-Class-0.082840-rE3vaZ/blib/arch:/home/cpansand/.cpan/build/2016090321/DBIx-Class-0.082840-rE3vaZ/blib/lib:/home/cpansand/.cpan/build/2016090321/Data-Page-2.02-ErF3eq/blib/arch:/home/cpansand/.cpan/build/2016090321/Data-Page-2.02-ErF3eq/blib/lib:/home/cpansand/.cpan/build/2016090321/Context-Preserve-0.01-wQdlyc/blib/arch:/home/cpansand/.cpan/build/2016090321/Context-Preserve-0.01-wQdlyc/blib/lib:/home/cpansand/.cpan/build/2016090321/Data-Dumper-Concise-2.022-J_ttNk/blib/arch:/home/cpansand/.cpan/build/2016090321/Data-Dumper-Concise-2.022-J_ttNk/blib/lib:/home/cpansand/.cpan/build/2016090321/Config-Any-0.27-NsUTgX/blib/arch:/home/cpansand/.cpan/build/2016090321/Config-Any-0.27-NsUTgX/blib/lib:/home/cpansand/.cpan/build/2016090321/Class-C3-Componentised-1.001000-8TjP8U/blib/arch:/home/cpansand/.cpan/build/2016090321/Class-C3-Componentised-1.001000-8TjP8U/blib/lib:/home/cpansand/.cpan/build/2016090321/Class-C3-0.31-iV1Sw1/blib/arch:/home/cpansand/.cpan/build/2016090321/Class-C3-0.31-iV1Sw1/blib/lib:/home/cpansand/.cpan/build/2016090321/Algorithm-C3-0.10-u9klo8/blib/arch:/home/cpansand/.cpan/build/2016090321/Algorithm-C3-0.10-u9klo8/blib/lib:/home/cpansand/.cpan/build/2016090321/SQL-Abstract-1.81-Nfyb8Z/blib/arch:/home/cpansand/.cpan/build/2016090321/SQL-Abstract-1.81-Nfyb8Z/blib/lib:/home/cpansand/.cpan/build/2016090321/Module-Find-0.13-DY47rC/blib/arch:/home/cpansand/.cpan/build/2016090321/Module-Find-0.13-DY47rC/blib/lib:/home/cpansand/.cpan/build/2016090321/Class-Accessor-Grouped-0.10012-5A6hwa/blib/arch:/home/cpansand/.cpan/build/2016090321/Class-Accessor-Grouped-0.10012-5A6hwa/blib/lib:/home/cpansand/.cpan/build/2016090321/Class-XSAccessor-1.19-vy3lwS/blib/arch:/home/cpansand/.cpan/build/2016090321/Class-XSAccessor-1.19-vy3lwS/blib/lib:/home/cpansand/.cpan/build/2016090321/Catalyst-Runtime-5.90112-zUw6zS/blib/arch:/home/cpansand/.cpan/build/2016090321/Catalyst-Runtime-5.90112-zUw6zS/blib/lib:/home/cpansand/.cpan/build/2016090321/MooseX-Getopt-0.71-27VXBZ/blib/arch:/home/cpansand/.cpan/build/2016090321/MooseX-Getopt-0.71-27VXBZ/blib/lib:/home/cpansand/.cpan/build/2016090321/Test-Trap-v0.3.2-emJ8mr/blib/arch:/home/cpansand/.cpan/build/2016090321/Test-Trap-v0.3.2-emJ8mr/blib/lib:/home/cpansand/.cpan/build/2016090321/HTTP-Request-AsCGI-1.2-JbzIBc/blib/arch:/home/cpansand/.cpan/build/2016090321/HTTP-Request-AsCGI-1.2-JbzIBc/blib/lib:/home/cpansand/.cpan/build/2016090321/Plack-Middleware-ReverseProxy-0.15-o6TtlR/blib/arch:/home/cpansand/.cpan/build/2016090321/Plack-Middleware-ReverseProxy-0.15-o6TtlR/blib/lib:/home/cpansand/.cpan/build/2016090321/MooseX-MethodAttributes-0.31-zxpYyO/blib/arch:/home/cpansand/.cpan/build/2016090321/MooseX-MethodAttributes-0.31-zxpYyO/blib/lib:/home/cpansand/.cpan/build/2016090321/MooseX-Emulate-Class-Accessor-Fast-0.00903-rV2vWh/blib/arch:/home/cpansand/.cpan/build/2016090321/MooseX-Emulate-Class-Accessor-Fast-0.00903-rV2vWh/blib/lib:/home/cpansand/.cpan/build/2016090321/URI-ws-0.03-91SKR3/blib/arch:/home/cpansand/.cpan/build/2016090321/URI-ws-0.03-91SKR3/blib/lib:/home/cpansand/.cpan/build/2016090321/Plack-Test-ExternalServer-0.02-wf3lbW/blib/arch:/home/cpansand/.cpan/build/2016090321/Plack-Test-ExternalServer-0.02-wf3lbW/blib/lib:/home/cpansand/.cpan/build/2016090321/Text-SimpleTable-2.03-hEAo7M/blib/arch:/home/cpansand/.cpan/build/2016090321/Text-SimpleTable-2.03-hEAo7M/blib/lib:/home/cpansand/.cpan/build/2016090321/Tree-Simple-VisitorFactory-0.15-qUztky/blib/arch:/home/cpansand/.cpan/build/2016090321/Tree-Simple-VisitorFactory-0.15-qUztky/blib/lib:/home/cpansand/.cpan/build/2016090321/Tree-Simple-1.29-ZIVPlu/blib/arch:/home/cpansand/.cpan/build/2016090321/Tree-Simple-1.29-ZIVPlu/blib/lib:/home/cpansand/.cpan/build/2016090321/Class-C3-Adopt-NEXT-0.14-l78VUQ/blib/arch:/home/cpansand/.cpan/build/2016090321/Class-C3-Adopt-NEXT-0.14-l78VUQ/blib/lib:/home/cpansand/.cpan/build/2016090321/Plack-Middleware-RemoveRedundantBody-0.05-PyHa8n/blib/arch:/home/cpansand/.cpan/build/2016090321/Plack-Middleware-RemoveRedundantBody-0.05-PyHa8n/blib/lib:/home/cpansand/.cpan/build/2016090321/CGI-Struct-1.21-kPxPVt/blib/arch:/home/cpansand/.cpan/build/2016090321/CGI-Struct-1.21-kPxPVt/blib/lib:/home/cpansand/.cpan/build/2016090321/Plack-Middleware-FixMissingBodyInRedirect-0.12-5KiPqP/blib/arch:/home/cpansand/.cpan/build/2016090321/Plack-Middleware-FixMissingBodyInRedirect-0.12-5KiPqP/blib/lib:/home/cpansand/.cpan/build/2016090321/CGI-Simple-1.115-b1JzdV/blib/arch:/home/cpansand/.cpan/build/2016090321/CGI-Simple-1.115-b1JzdV/blib/lib:/home/cpansand/.cpan/build/2016090321/Plack-Middleware-MethodOverride-0.15-IzRqWq/blib/arch:/home/cpansand/.cpan/build/2016090321/Plack-Middleware-MethodOverride-0.15-IzRqWq/blib/lib:/home/cpansand/.cpan/build/2016090321/DBD-SQLite-1.50-h_ppQ_/blib/arch:/home/cpansand/.cpan/build/2016090321/DBD-SQLite-1.50-h_ppQ_/blib/lib
    PERL5OPT = 
    PERL5_CPANPLUS_IS_RUNNING = 78432
    PERL5_CPAN_IS_RUNNING = 78432
    PERL5_CPAN_IS_RUNNING_IN_RECURSION = 74218,78432
    PERLDOC = -MPod::Perldoc::ToTextOverstrike
    PERL_BATCH = yes
    PERL_CANARY_STABILITY_NOPROMPT = 1
    PERL_CPAN_REPORTER_CONFIG = /var/tmp/cpansmoker-1023/2016090321/cpanreporter_002_config.ini
    PERL_EXTUTILS_AUTOINSTALL = --defaultdeps
    SHELL = /usr/local/bin/zsh
    TERM = screen
    TMPDIR = /var/tmp/cpansmoker-1023/2016090321

Perl special variables (and OS-specific diagnostics, for MSWin32):

    $^X = /usr/perl5.22.2t/bin/perl
    $UID/$EUID = 1023 / 1023
    $GID = 1023 1023
    $EGID = 1023 1023

Perl module toolchain versions installed:

    Module              Have    
    ------------------- --------
    CPAN                2.11    
    CPAN::Meta          2.150001
    Cwd                 3.56_01 
    ExtUtils::CBuilder  0.280221
    ExtUtils::Command   1.20    
    ExtUtils::Install   2.04    
    ExtUtils::MakeMaker 7.04_01 
    ExtUtils::Manifest  1.70    
    ExtUtils::ParseXS   3.28    
    File::Spec          3.56_01 
    JSON                2.90    
    JSON::PP            2.27300 
    Module::Build       0.4218  
    Module::Signature   0.80    
    Parse::CPAN::Meta   1.4422  
    Test::Harness       3.35    
    Test::More          1.302026
    YAML                1.15    
    YAML::Syck          1.29    
    version             0.9909  


--

Summary of my perl5 (revision 5 version 22 subversion 2) configuration:
   
  Platform:
    osname=freebsd, osvers=10.1-release, archname=amd64-freebsd-thread-multi
    uname='freebsd cvrsnica-freebsd-101.herceg.de 10.1-release freebsd 10.1-release #0 r274401: tue nov 11 21:02:49 utc 2014 root@releng1.nyi.freebsd.org:usrobjusrsrcsysgeneric amd64 '
    config_args='-ds -e -Dprefix=/usr/perl5.22.2t -Dusethreads -Dcf_email=srezic@cpan.org -Doptimize=-O2 -pipe'
    hint=recommended, useposix=true, d_sigaction=define
    useithreads=define, usemultiplicity=define
    use64bitint=define, use64bitall=define, uselongdouble=undef
    usemymalloc=n, bincompat5005=undef
  Compiler:
    cc='cc', ccflags ='-DHAS_FPSETMASK -DHAS_FLOATINGPOINT_H -fno-strict-aliasing -pipe -fstack-protector -I/usr/local/include -D_FORTIFY_SOURCE=2',
    optimize='-O2 -pipe',
    cppflags='-DHAS_FPSETMASK -DHAS_FLOATINGPOINT_H -fno-strict-aliasing -pipe -fstack-protector -I/usr/local/include'
    ccversion='', gccversion='4.2.1 Compatible FreeBSD Clang 3.4.1 (tags/RELEASE_34/dot1-final 208032)', gccosandvers=''
    intsize=4, longsize=8, ptrsize=8, doublesize=8, byteorder=12345678, doublekind=3
    d_longlong=define, longlongsize=8, d_longdbl=define, longdblsize=16, longdblkind=3
    ivtype='long', ivsize=8, nvtype='double', nvsize=8, Off_t='off_t', lseeksize=8
    alignbytes=8, prototype=define
  Linker and Libraries:
    ld='cc', ldflags ='-pthread -Wl,-E  -fstack-protector -L/usr/local/lib'
    libpth=/usr/lib /usr/local/lib /usr/include/clang/3.4.1 /usr/lib
    libs=-lpthread -lgdbm -lm -lcrypt -lutil
    perllibs=-lpthread -lm -lcrypt -lutil
    libc=, so=so, useshrplib=false, libperl=libperl.a
    gnulibc_version=''
  Dynamic Linking:
    dlsrc=dl_dlopen.xs, dlext=so, d_dlsymun=undef, ccdlflags=' '
    cccdlflags='-DPIC -fPIC', lddlflags='-shared  -L/usr/local/lib -fstack-protector'


Characteristics of this binary (from libperl): 
  Compile-time options: HAS_TIMES MULTIPLICITY PERLIO_LAYERS
                        PERL_DONT_CREATE_GVSV
                        PERL_HASH_FUNC_ONE_AT_A_TIME_HARD
                        PERL_IMPLICIT_CONTEXT PERL_MALLOC_WRAP
                        PERL_NEW_COPY_ON_WRITE PERL_PRESERVE_IVUV
                        USE_64_BIT_ALL USE_64_BIT_INT USE_ITHREADS
                        USE_LARGE_FILES USE_LOCALE USE_LOCALE_COLLATE
                        USE_LOCALE_CTYPE USE_LOCALE_NUMERIC USE_LOCALE_TIME
                        USE_PERLIO USE_PERL_ATOF USE_REENTRANT_API
  Built under freebsd
  Compiled at Jun 18 2016 12:32:50
  %ENV:
    PERL="/usr/perl5.22.2t/bin/perl"
    PERL5LIB="/home/cpansand/.cpan/build/2016090321/Test-Class-0.50-acKFfo/blib/arch:/home/cpansand/.cpan/build/2016090321/Test-Class-0.50-acKFfo/blib/lib:/home/cpansand/.cpan/build/2016090321/MooseX-Types-URI-0.08-q0CIDZ/blib/arch:/home/cpansand/.cpan/build/2016090321/MooseX-Types-URI-0.08-q0CIDZ/blib/lib:/home/cpansand/.cpan/build/2016090321/URI-FromHash-0.05-ZU8snC/blib/arch:/home/cpansand/.cpan/build/2016090321/URI-FromHash-0.05-ZU8snC/blib/lib:/home/cpansand/.cpan/build/2016090321/MooseX-Types-Path-Class-0.09-E6D8Re/blib/arch:/home/cpansand/.cpan/build/2016090321/MooseX-Types-Path-Class-0.09-E6D8Re/blib/lib:/home/cpansand/.cpan/build/2016090321/Test-Needs-0.002004-E8eFXj/blib/arch:/home/cpansand/.cpan/build/2016090321/Test-Needs-0.002004-E8eFXj/blib/lib:/home/cpansand/.cpan/build/2016090321/Config-General-2.63-A9DtC6/blib/arch:/home/cpansand/.cpan/build/2016090321/Config-General-2.63-A9DtC6/blib/lib:/home/cpansand/.cpan/build/2016090321/MooseX-Types-Common-0.001013-9_R2bq/blib/arch:/home/cpansand/.cpan/build/2016090321/MooseX-Types-Common-0.001013-9_R2bq/blib/lib:/home/cpansand/.cpan/build/2016090321/MooseX-Types-DateTime-0.13-WM4Ul8/blib/arch:/home/cpansand/.cpan/build/2016090321/MooseX-Types-DateTime-0.13-WM4Ul8/blib/lib:/home/cpansand/.cpan/build/2016090321/SQL-Translator-0.11021-USg56h/blib/arch:/home/cpansand/.cpan/build/2016090321/SQL-Translator-0.11021-USg56h/blib/lib:/home/cpansand/.cpan/build/2016090321/XML-Writer-0.625-vFzacM/blib/arch:/home/cpansand/.cpan/build/2016090321/XML-Writer-0.625-vFzacM/blib/lib:/home/cpansand/.cpan/build/2016090321/Package-Variant-1.003002-cRaOQd/blib/arch:/home/cpansand/.cpan/build/2016090321/Package-Variant-1.003002-cRaOQd/blib/lib:/home/cpansand/.cpan/build/2016090321/Import-Into-1.002005-ByeNmt/blib/arch:/home/cpansand/.cpan/build/2016090321/Import-Into-1.002005-ByeNmt/blib/lib:/home/cpansand/.cpan/build/2016090321/strictures-2.000003-KXeXaB/blib/arch:/home/cpansand/.cpan/build/2016090321/strictures-2.000003-KXeXaB/blib/lib:/home/cpansand/.cpan/build/2016090321/indirect-0.37-FZshiz/blib/arch:/home/cpansand/.cpan/build/2016090321/indirect-0.37-FZshiz/blib/lib:/home/cpansand/.cpan/build/2016090321/bareword-filehandles-0.004-Zg7OK0/blib/arch:/home/cpansand/.cpan/build/2016090321/bareword-filehandles-0.004-Zg7OK0/blib/lib:/home/cpansand/.cpan/build/2016090321/multidimensional-0.012-xMyfQV/blib/arch:/home/cpansand/.cpan/build/2016090321/multidimensional-0.012-xMyfQV/blib/lib:/home/cpansand/.cpan/build/2016090321/Lexical-SealRequireHints-0.010-ulkPDe/blib/arch:/home/cpansand/.cpan/build/2016090321/Lexical-SealRequireHints-0.010-ulkPDe/blib/lib:/home/cpansand/.cpan/build/2016090321/Crypt-Eksblowfish-0.009-cvyXXZ/blib/arch:/home/cpansand/.cpan/build/2016090321/Crypt-Eksblowfish-0.009-cvyXXZ/blib/lib:/home/cpansand/.cpan/build/2016090321/Class-Mix-0.005-Liya24/blib/arch:/home/cpansand/.cpan/build/2016090321/Class-Mix-0.005-Liya24/blib/lib:/home/cpansand/.cpan/build/2016090321/Params-Classify-0.013-3XO6si/blib/arch:/home/cpansand/.cpan/build/2016090321/Params-Classify-0.013-3XO6si/blib/lib:/home/cpansand/.cpan/build/2016090321/Email-Valid-1.200-LCVt2l/blib/arch:/home/cpansand/.cpan/build/2016090321/Email-Valid-1.200-LCVt2l/blib/lib:/home/cpansand/.cpan/build/2016090321/DBIx-Class-IntrospectableM2M-0.001002-jnWYiv/blib/arch:/home/cpansand/.cpan/build/2016090321/DBIx-Class-IntrospectableM2M-0.001002-jnWYiv/blib/lib:/home/cpansand/.cpan/build/2016090321/Catalyst-View-TT-0.44-zq1svg/blib/arch:/home/cpansand/.cpan/build/2016090321/Catalyst-View-TT-0.44-zq1svg/blib/lib:/home/cpansand/.cpan/build/2016090321/Template-Timer-1.00-vTfJuq/blib/arch:/home/cpansand/.cpan/build/2016090321/Template-Timer-1.00-vTfJuq/blib/lib:/home/cpansand/.cpan/build/2016090321/Catalyst-Plugin-I18N-0.10-eT1ou7/blib/arch:/home/cpansand/.cpan/build/2016090321/Catalyst-Plugin-I18N-0.10-eT1ou7/blib/lib:/home/cpansand/.cpan/build/2016090321/Locale-Maketext-Lexicon-1.00-NHj6h8/blib/arch:/home/cpansand/.cpan/build/2016090321/Locale-Maketext-Lexicon-1.00-NHj6h8/blib/lib:/home/cpansand/.cpan/build/2016090321/Method-Signatures-Simple-1.07-jYoJsn/blib/arch:/home/cpansand/.cpan/build/2016090321/Method-Signatures-Simple-1.07-jYoJsn/blib/lib:/home/cpansand/.cpan/build/2016090321/Devel-Declare-0.006018-pysspf/blib/arch:/home/cpansand/.cpan/build/2016090321/Devel-Declare-0.006018-pysspf/blib/lib:/home/cpansand/.cpan/build/2016090321/Test-Memory-Cycle-1.06-lDNt0I/blib/arch:/home/cpansand/.cpan/build/2016090321/Test-Memory-Cycle-1.06-lDNt0I/blib/lib:/home/cpansand/.cpan/build/2016090321/Test-WWW-Mechanize-Catalyst-0.60-aFZnVw/blib/arch:/home/cpansand/.cpan/build/2016090321/Test-WWW-Mechanize-Catalyst-0.60-aFZnVw/blib/lib:/home/cpansand/.cpan/build/2016090321/Catalyst-Plugin-Session-State-Cookie-0.17-GOvuyQ/blib/arch:/home/cpansand/.cpan/build/2016090321/Catalyst-Plugin-Session-State-Cookie-0.17-GOvuyQ/blib/lib:/home/cpansand/.cpan/build/2016090321/Test-utf8-1.01-eR0SEg/blib/arch:/home/cpansand/.cpan/build/2016090321/Test-utf8-1.01-eR0SEg/blib/lib:/home/cpansand/.cpan/build/2016090321/Catalyst-Plugin-Session-0.40-_YGVjZ/blib/arch:/home/cpansand/.cpan/build/2016090321/Catalyst-Plugin-Session-0.40-_YGVjZ/blib/lib:/home/cpansand/.cpan/build/2016090321/Object-Signature-1.07-VUUO3P/blib/arch:/home/cpansand/.cpan/build/2016090321/Object-Signature-1.07-VUUO3P/blib/lib:/home/cpansand/.cpan/build/2016090321/Test-WWW-Mechanize-PSGI-0.36-enFyUd/blib/arch:/home/cpansand/.cpan/build/2016090321/Test-WWW-Mechanize-PSGI-0.36-enFyUd/blib/lib:/home/cpansand/.cpan/build/2016090321/Test-WWW-Mechanize-1.46-n8y9Oy/blib/arch:/home/cpansand/.cpan/build/2016090321/Test-WWW-Mechanize-1.46-n8y9Oy/blib/lib:/home/cpansand/.cpan/build/2016090321/Carp-Assert-More-1.14-lNkfSn/blib/arch:/home/cpansand/.cpan/build/2016090321/Carp-Assert-More-1.14-lNkfSn/blib/lib:/home/cpansand/.cpan/build/2016090321/Carp-Assert-0.21-ZI6wWZ/blib/arch:/home/cpansand/.cpan/build/2016090321/Carp-Assert-0.21-ZI6wWZ/blib/lib:/home/cpansand/.cpan/build/2016090321/signatures-0.13-S1Zf5X/blib/arch:/home/cpansand/.cpan/build/2016090321/signatures-0.13-S1Zf5X/blib/lib:/home/cpansand/.cpan/build/2016090321/B-Hooks-OP-PPAddr-0.05-FfBQae/blib/arch:/home/cpansand/.cpan/build/2016090321/B-Hooks-OP-PPAddr-0.05-FfBQae/blib/lib:/home/cpansand/.cpan/build/2016090321/B-Hooks-Parser-0.17-Tx1Rmb/blib/arch:/home/cpansand/.cpan/build/2016090321/B-Hooks-Parser-0.17-Tx1Rmb/blib/lib:/home/cpansand/.cpan/build/2016090321/B-Hooks-OP-Check-0.19-4XzdRf/blib/arch:/home/cpansand/.cpan/build/2016090321/B-Hooks-OP-Check-0.19-4XzdRf/blib/lib:/home/cpansand/.cpan/build/2016090321/Catalyst-Plugin-Static-Simple-0.33-DAr8_p/blib/arch:/home/cpansand/.cpan/build/2016090321/Catalyst-Plugin-Static-Simple-0.33-DAr8_p/blib/lib:/home/cpansand/.cpan/build/2016090321/Catalyst-Plugin-ConfigLoader-0.34-ICg4Jh/blib/arch:/home/cpansand/.cpan/build/2016090321/Catalyst-Plugin-ConfigLoader-0.34-ICg4Jh/blib/lib:/home/cpansand/.cpan/build/2016090321/Catalyst-Component-ACCEPT_CONTEXT-0.07-cVVVaX/blib/arch:/home/cpansand/.cpan/build/2016090321/Catalyst-Component-ACCEPT_CONTEXT-0.07-cVVVaX/blib/lib:/home/cpansand/.cpan/build/2016090321/Devel-Cycle-1.12-AjUEYS/blib/arch:/home/cpansand/.cpan/build/2016090321/Devel-Cycle-1.12-AjUEYS/blib/lib:/home/cpansand/.cpan/build/2016090321/Catalyst-Model-DBIC-Schema-0.65-5ISuNH/blib/arch:/home/cpansand/.cpan/build/2016090321/Catalyst-Model-DBIC-Schema-0.65-5ISuNH/blib/lib:/home/cpansand/.cpan/build/2016090321/Catalyst-Component-InstancePerContext-0.001001-XE7XcB/blib/arch:/home/cpansand/.cpan/build/2016090321/Catalyst-Component-InstancePerContext-0.001001-XE7XcB/blib/lib:/home/cpansand/.cpan/build/2016090321/CatalystX-Component-Traits-0.19-r1Y_6H/blib/arch:/home/cpansand/.cpan/build/2016090321/CatalystX-Component-Traits-0.19-r1Y_6H/blib/lib:/home/cpansand/.cpan/build/2016090321/MooseX-Traits-Pluggable-0.12-EbSEEg/blib/arch:/home/cpansand/.cpan/build/2016090321/MooseX-Traits-Pluggable-0.12-EbSEEg/blib/lib:/home/cpansand/.cpan/build/2016090321/MooseX-MarkAsMethods-0.15-o69h3V/blib/arch:/home/cpansand/.cpan/build/2016090321/MooseX-MarkAsMethods-0.15-o69h3V/blib/lib:/home/cpansand/.cpan/build/2016090321/MooseX-Types-LoadableClass-0.014-Iz__9S/blib/arch:/home/cpansand/.cpan/build/2016090321/MooseX-Types-LoadableClass-0.014-Iz__9S/blib/lib:/home/cpansand/.cpan/build/2016090321/DBIx-Class-0.082840-rE3vaZ/blib/arch:/home/cpansand/.cpan/build/2016090321/DBIx-Class-0.082840-rE3vaZ/blib/lib:/home/cpansand/.cpan/build/2016090321/Data-Page-2.02-ErF3eq/blib/arch:/home/cpansand/.cpan/build/2016090321/Data-Page-2.02-ErF3eq/blib/lib:/home/cpansand/.cpan/build/2016090321/Context-Preserve-0.01-wQdlyc/blib/arch:/home/cpansand/.cpan/build/2016090321/Context-Preserve-0.01-wQdlyc/blib/lib:/home/cpansand/.cpan/build/2016090321/Data-Dumper-Concise-2.022-J_ttNk/blib/arch:/home/cpansand/.cpan/build/2016090321/Data-Dumper-Concise-2.022-J_ttNk/blib/lib:/home/cpansand/.cpan/build/2016090321/Config-Any-0.27-NsUTgX/blib/arch:/home/cpansand/.cpan/build/2016090321/Config-Any-0.27-NsUTgX/blib/lib:/home/cpansand/.cpan/build/2016090321/Class-C3-Componentised-1.001000-8TjP8U/blib/arch:/home/cpansand/.cpan/build/2016090321/Class-C3-Componentised-1.001000-8TjP8U/blib/lib:/home/cpansand/.cpan/build/2016090321/Class-C3-0.31-iV1Sw1/blib/arch:/home/cpansand/.cpan/build/2016090321/Class-C3-0.31-iV1Sw1/blib/lib:/home/cpansand/.cpan/build/2016090321/Algorithm-C3-0.10-u9klo8/blib/arch:/home/cpansand/.cpan/build/2016090321/Algorithm-C3-0.10-u9klo8/blib/lib:/home/cpansand/.cpan/build/2016090321/SQL-Abstract-1.81-Nfyb8Z/blib/arch:/home/cpansand/.cpan/build/2016090321/SQL-Abstract-1.81-Nfyb8Z/blib/lib:/home/cpansand/.cpan/build/2016090321/Module-Find-0.13-DY47rC/blib/arch:/home/cpansand/.cpan/build/2016090321/Module-Find-0.13-DY47rC/blib/lib:/home/cpansand/.cpan/build/2016090321/Class-Accessor-Grouped-0.10012-5A6hwa/blib/arch:/home/cpansand/.cpan/build/2016090321/Class-Accessor-Grouped-0.10012-5A6hwa/blib/lib:/home/cpansand/.cpan/build/2016090321/Class-XSAccessor-1.19-vy3lwS/blib/arch:/home/cpansand/.cpan/build/2016090321/Class-XSAccessor-1.19-vy3lwS/blib/lib:/home/cpansand/.cpan/build/2016090321/Catalyst-Runtime-5.90112-zUw6zS/blib/arch:/home/cpansand/.cpan/build/2016090321/Catalyst-Runtime-5.90112-zUw6zS/blib/lib:/home/cpansand/.cpan/build/2016090321/MooseX-Getopt-0.71-27VXBZ/blib/arch:/home/cpansand/.cpan/build/2016090321/MooseX-Getopt-0.71-27VXBZ/blib/lib:/home/cpansand/.cpan/build/2016090321/Test-Trap-v0.3.2-emJ8mr/blib/arch:/home/cpansand/.cpan/build/2016090321/Test-Trap-v0.3.2-emJ8mr/blib/lib:/home/cpansand/.cpan/build/2016090321/HTTP-Request-AsCGI-1.2-JbzIBc/blib/arch:/home/cpansand/.cpan/build/2016090321/HTTP-Request-AsCGI-1.2-JbzIBc/blib/lib:/home/cpansand/.cpan/build/2016090321/Plack-Middleware-ReverseProxy-0.15-o6TtlR/blib/arch:/home/cpansand/.cpan/build/2016090321/Plack-Middleware-ReverseProxy-0.15-o6TtlR/blib/lib:/home/cpansand/.cpan/build/2016090321/MooseX-MethodAttributes-0.31-zxpYyO/blib/arch:/home/cpansand/.cpan/build/2016090321/MooseX-MethodAttributes-0.31-zxpYyO/blib/lib:/home/cpansand/.cpan/build/2016090321/MooseX-Emulate-Class-Accessor-Fast-0.00903-rV2vWh/blib/arch:/home/cpansand/.cpan/build/2016090321/MooseX-Emulate-Class-Accessor-Fast-0.00903-rV2vWh/blib/lib:/home/cpansand/.cpan/build/2016090321/URI-ws-0.03-91SKR3/blib/arch:/home/cpansand/.cpan/build/2016090321/URI-ws-0.03-91SKR3/blib/lib:/home/cpansand/.cpan/build/2016090321/Plack-Test-ExternalServer-0.02-wf3lbW/blib/arch:/home/cpansand/.cpan/build/2016090321/Plack-Test-ExternalServer-0.02-wf3lbW/blib/lib:/home/cpansand/.cpan/build/2016090321/Text-SimpleTable-2.03-hEAo7M/blib/arch:/home/cpansand/.cpan/build/2016090321/Text-SimpleTable-2.03-hEAo7M/blib/lib:/home/cpansand/.cpan/build/2016090321/Tree-Simple-VisitorFactory-0.15-qUztky/blib/arch:/home/cpansand/.cpan/build/2016090321/Tree-Simple-VisitorFactory-0.15-qUztky/blib/lib:/home/cpansand/.cpan/build/2016090321/Tree-Simple-1.29-ZIVPlu/blib/arch:/home/cpansand/.cpan/build/2016090321/Tree-Simple-1.29-ZIVPlu/blib/lib:/home/cpansand/.cpan/build/2016090321/Class-C3-Adopt-NEXT-0.14-l78VUQ/blib/arch:/home/cpansand/.cpan/build/2016090321/Class-C3-Adopt-NEXT-0.14-l78VUQ/blib/lib:/home/cpansand/.cpan/build/2016090321/Plack-Middleware-RemoveRedundantBody-0.05-PyHa8n/blib/arch:/home/cpansand/.cpan/build/2016090321/Plack-Middleware-RemoveRedundantBody-0.05-PyHa8n/blib/lib:/home/cpansand/.cpan/build/2016090321/CGI-Struct-1.21-kPxPVt/blib/arch:/home/cpansand/.cpan/build/2016090321/CGI-Struct-1.21-kPxPVt/blib/lib:/home/cpansand/.cpan/build/2016090321/Plack-Middleware-FixMissingBodyInRedirect-0.12-5KiPqP/blib/arch:/home/cpansand/.cpan/build/2016090321/Plack-Middleware-FixMissingBodyInRedirect-0.12-5KiPqP/blib/lib:/home/cpansand/.cpan/build/2016090321/CGI-Simple-1.115-b1JzdV/blib/arch:/home/cpansand/.cpan/build/2016090321/CGI-Simple-1.115-b1JzdV/blib/lib:/home/cpansand/.cpan/build/2016090321/Plack-Middleware-MethodOverride-0.15-IzRqWq/blib/arch:/home/cpansand/.cpan/build/2016090321/Plack-Middleware-MethodOverride-0.15-IzRqWq/blib/lib:/home/cpansand/.cpan/build/2016090321/DBD-SQLite-1.50-h_ppQ_/blib/arch:/home/cpansand/.cpan/build/2016090321/DBD-SQLite-1.50-h_ppQ_/blib/lib"
    PERL5OPT=""
    PERL5_CPANPLUS_IS_RUNNING="78432"
    PERL5_CPAN_IS_RUNNING="78432"
    PERL5_CPAN_IS_RUNNING_IN_RECURSION="74218,78432"
    PERLDOC="-MPod::Perldoc::ToTextOverstrike"
    PERL_BATCH="yes"
    PERL_CANARY_STABILITY_NOPROMPT="1"
    PERL_CPAN_REPORTER_CONFIG="/var/tmp/cpansmoker-1023/2016090321/cpanreporter_002_config.ini"
    PERL_EXTUTILS_AUTOINSTALL="--defaultdeps"
  @INC:
    /home/cpansand/.cpan/build/2016090321/Test-Class-0.50-acKFfo/blib/arch
    /home/cpansand/.cpan/build/2016090321/Test-Class-0.50-acKFfo/blib/lib
    /home/cpansand/.cpan/build/2016090321/MooseX-Types-URI-0.08-q0CIDZ/blib/arch
    /home/cpansand/.cpan/build/2016090321/MooseX-Types-URI-0.08-q0CIDZ/blib/lib
    /home/cpansand/.cpan/build/2016090321/URI-FromHash-0.05-ZU8snC/blib/arch
    /home/cpansand/.cpan/build/2016090321/URI-FromHash-0.05-ZU8snC/blib/lib
    /home/cpansand/.cpan/build/2016090321/MooseX-Types-Path-Class-0.09-E6D8Re/blib/arch
    /home/cpansand/.cpan/build/2016090321/MooseX-Types-Path-Class-0.09-E6D8Re/blib/lib
    /home/cpansand/.cpan/build/2016090321/Test-Needs-0.002004-E8eFXj/blib/arch
    /home/cpansand/.cpan/build/2016090321/Test-Needs-0.002004-E8eFXj/blib/lib
    /home/cpansand/.cpan/build/2016090321/Config-General-2.63-A9DtC6/blib/arch
    /home/cpansand/.cpan/build/2016090321/Config-General-2.63-A9DtC6/blib/lib
    /home/cpansand/.cpan/build/2016090321/MooseX-Types-Common-0.001013-9_R2bq/blib/arch
    /home/cpansand/.cpan/build/2016090321/MooseX-Types-Common-0.001013-9_R2bq/blib/lib
    /home/cpansand/.cpan/build/2016090321/MooseX-Types-DateTime-0.13-WM4Ul8/blib/arch
    /home/cpansand/.cpan/build/2016090321/MooseX-Types-DateTime-0.13-WM4Ul8/blib/lib
    /home/cpansand/.cpan/build/2016090321/SQL-Translator-0.11021-USg56h/blib/arch
    /home/cpansand/.cpan/build/2016090321/SQL-Translator-0.11021-USg56h/blib/lib
    /home/cpansand/.cpan/build/2016090321/XML-Writer-0.625-vFzacM/blib/arch
    /home/cpansand/.cpan/build/2016090321/XML-Writer-0.625-vFzacM/blib/lib
    /home/cpansand/.cpan/build/2016090321/Package-Variant-1.003002-cRaOQd/blib/arch
    /home/cpansand/.cpan/build/2016090321/Package-Variant-1.003002-cRaOQd/blib/lib
    /home/cpansand/.cpan/build/2016090321/Import-Into-1.002005-ByeNmt/blib/arch
    /home/cpansand/.cpan/build/2016090321/Import-Into-1.002005-ByeNmt/blib/lib
    /home/cpansand/.cpan/build/2016090321/strictures-2.000003-KXeXaB/blib/arch
    /home/cpansand/.cpan/build/2016090321/strictures-2.000003-KXeXaB/blib/lib
    /home/cpansand/.cpan/build/2016090321/indirect-0.37-FZshiz/blib/arch
    /home/cpansand/.cpan/build/2016090321/indirect-0.37-FZshiz/blib/lib
    /home/cpansand/.cpan/build/2016090321/bareword-filehandles-0.004-Zg7OK0/blib/arch
    /home/cpansand/.cpan/build/2016090321/bareword-filehandles-0.004-Zg7OK0/blib/lib
    /home/cpansand/.cpan/build/2016090321/multidimensional-0.012-xMyfQV/blib/arch
    /home/cpansand/.cpan/build/2016090321/multidimensional-0.012-xMyfQV/blib/lib
    /home/cpansand/.cpan/build/2016090321/Lexical-SealRequireHints-0.010-ulkPDe/blib/arch
    /home/cpansand/.cpan/build/2016090321/Lexical-SealRequireHints-0.010-ulkPDe/blib/lib
    /home/cpansand/.cpan/build/2016090321/Crypt-Eksblowfish-0.009-cvyXXZ/blib/arch
    /home/cpansand/.cpan/build/2016090321/Crypt-Eksblowfish-0.009-cvyXXZ/blib/lib
    /home/cpansand/.cpan/build/2016090321/Class-Mix-0.005-Liya24/blib/arch
    /home/cpansand/.cpan/build/2016090321/Class-Mix-0.005-Liya24/blib/lib
    /home/cpansand/.cpan/build/2016090321/Params-Classify-0.013-3XO6si/blib/arch
    /home/cpansand/.cpan/build/2016090321/Params-Classify-0.013-3XO6si/blib/lib
    /home/cpansand/.cpan/build/2016090321/Email-Valid-1.200-LCVt2l/blib/arch
    /home/cpansand/.cpan/build/2016090321/Email-Valid-1.200-LCVt2l/blib/lib
    /home/cpansand/.cpan/build/2016090321/DBIx-Class-IntrospectableM2M-0.001002-jnWYiv/blib/arch
    /home/cpansand/.cpan/build/2016090321/DBIx-Class-IntrospectableM2M-0.001002-jnWYiv/blib/lib
    /home/cpansand/.cpan/build/2016090321/Catalyst-View-TT-0.44-zq1svg/blib/arch
    /home/cpansand/.cpan/build/2016090321/Catalyst-View-TT-0.44-zq1svg/blib/lib
    /home/cpansand/.cpan/build/2016090321/Template-Timer-1.00-vTfJuq/blib/arch
    /home/cpansand/.cpan/build/2016090321/Template-Timer-1.00-vTfJuq/blib/lib
    /home/cpansand/.cpan/build/2016090321/Catalyst-Plugin-I18N-0.10-eT1ou7/blib/arch
    /home/cpansand/.cpan/build/2016090321/Catalyst-Plugin-I18N-0.10-eT1ou7/blib/lib
    /home/cpansand/.cpan/build/2016090321/Locale-Maketext-Lexicon-1.00-NHj6h8/blib/arch
    /home/cpansand/.cpan/build/2016090321/Locale-Maketext-Lexicon-1.00-NHj6h8/blib/lib
    /home/cpansand/.cpan/build/2016090321/Method-Signatures-Simple-1.07-jYoJsn/blib/arch
    /home/cpansand/.cpan/build/2016090321/Method-Signatures-Simple-1.07-jYoJsn/blib/lib
    /home/cpansand/.cpan/build/2016090321/Devel-Declare-0.006018-pysspf/blib/arch
    /home/cpansand/.cpan/build/2016090321/Devel-Declare-0.006018-pysspf/blib/lib
    /home/cpansand/.cpan/build/2016090321/Test-Memory-Cycle-1.06-lDNt0I/blib/arch
    /home/cpansand/.cpan/build/2016090321/Test-Memory-Cycle-1.06-lDNt0I/blib/lib
    /home/cpansand/.cpan/build/2016090321/Test-WWW-Mechanize-Catalyst-0.60-aFZnVw/blib/arch
    /home/cpansand/.cpan/build/2016090321/Test-WWW-Mechanize-Catalyst-0.60-aFZnVw/blib/lib
    /home/cpansand/.cpan/build/2016090321/Catalyst-Plugin-Session-State-Cookie-0.17-GOvuyQ/blib/arch
    /home/cpansand/.cpan/build/2016090321/Catalyst-Plugin-Session-State-Cookie-0.17-GOvuyQ/blib/lib
    /home/cpansand/.cpan/build/2016090321/Test-utf8-1.01-eR0SEg/blib/arch
    /home/cpansand/.cpan/build/2016090321/Test-utf8-1.01-eR0SEg/blib/lib
    /home/cpansand/.cpan/build/2016090321/Catalyst-Plugin-Session-0.40-_YGVjZ/blib/arch
    /home/cpansand/.cpan/build/2016090321/Catalyst-Plugin-Session-0.40-_YGVjZ/blib/lib
    /home/cpansand/.cpan/build/2016090321/Object-Signature-1.07-VUUO3P/blib/arch
    /home/cpansand/.cpan/build/2016090321/Object-Signature-1.07-VUUO3P/blib/lib
    /home/cpansand/.cpan/build/2016090321/Test-WWW-Mechanize-PSGI-0.36-enFyUd/blib/arch
    /home/cpansand/.cpan/build/2016090321/Test-WWW-Mechanize-PSGI-0.36-enFyUd/blib/lib
    /home/cpansand/.cpan/build/2016090321/Test-WWW-Mechanize-1.46-n8y9Oy/blib/arch
    /home/cpansand/.cpan/build/2016090321/Test-WWW-Mechanize-1.46-n8y9Oy/blib/lib
    /home/cpansand/.cpan/build/2016090321/Carp-Assert-More-1.14-lNkfSn/blib/arch
    /home/cpansand/.cpan/build/2016090321/Carp-Assert-More-1.14-lNkfSn/blib/lib
    /home/cpansand/.cpan/build/2016090321/Carp-Assert-0.21-ZI6wWZ/blib/arch
    /home/cpansand/.cpan/build/2016090321/Carp-Assert-0.21-ZI6wWZ/blib/lib
    /home/cpansand/.cpan/build/2016090321/signatures-0.13-S1Zf5X/blib/arch
    /home/cpansand/.cpan/build/2016090321/signatures-0.13-S1Zf5X/blib/lib
    /home/cpansand/.cpan/build/2016090321/B-Hooks-OP-PPAddr-0.05-FfBQae/blib/arch
    /home/cpansand/.cpan/build/2016090321/B-Hooks-OP-PPAddr-0.05-FfBQae/blib/lib
    /home/cpansand/.cpan/build/2016090321/B-Hooks-Parser-0.17-Tx1Rmb/blib/arch
    /home/cpansand/.cpan/build/2016090321/B-Hooks-Parser-0.17-Tx1Rmb/blib/lib
    /home/cpansand/.cpan/build/2016090321/B-Hooks-OP-Check-0.19-4XzdRf/blib/arch
    /home/cpansand/.cpan/build/2016090321/B-Hooks-OP-Check-0.19-4XzdRf/blib/lib
    /home/cpansand/.cpan/build/2016090321/Catalyst-Plugin-Static-Simple-0.33-DAr8_p/blib/arch
    /home/cpansand/.cpan/build/2016090321/Catalyst-Plugin-Static-Simple-0.33-DAr8_p/blib/lib
    /home/cpansand/.cpan/build/2016090321/Catalyst-Plugin-ConfigLoader-0.34-ICg4Jh/blib/arch
    /home/cpansand/.cpan/build/2016090321/Catalyst-Plugin-ConfigLoader-0.34-ICg4Jh/blib/lib
    /home/cpansand/.cpan/build/2016090321/Catalyst-Component-ACCEPT_CONTEXT-0.07-cVVVaX/blib/arch
    /home/cpansand/.cpan/build/2016090321/Catalyst-Component-ACCEPT_CONTEXT-0.07-cVVVaX/blib/lib
    /home/cpansand/.cpan/build/2016090321/Devel-Cycle-1.12-AjUEYS/blib/arch
    /home/cpansand/.cpan/build/2016090321/Devel-Cycle-1.12-AjUEYS/blib/lib
    /home/cpansand/.cpan/build/2016090321/Catalyst-Model-DBIC-Schema-0.65-5ISuNH/blib/arch
    /home/cpansand/.cpan/build/2016090321/Catalyst-Model-DBIC-Schema-0.65-5ISuNH/blib/lib
    /home/cpansand/.cpan/build/2016090321/Catalyst-Component-InstancePerContext-0.001001-XE7XcB/blib/arch
    /home/cpansand/.cpan/build/2016090321/Catalyst-Component-InstancePerContext-0.001001-XE7XcB/blib/lib
    /home/cpansand/.cpan/build/2016090321/CatalystX-Component-Traits-0.19-r1Y_6H/blib/arch
    /home/cpansand/.cpan/build/2016090321/CatalystX-Component-Traits-0.19-r1Y_6H/blib/lib
    /home/cpansand/.cpan/build/2016090321/MooseX-Traits-Pluggable-0.12-EbSEEg/blib/arch
    /home/cpansand/.cpan/build/2016090321/MooseX-Traits-Pluggable-0.12-EbSEEg/blib/lib
    /home/cpansand/.cpan/build/2016090321/MooseX-MarkAsMethods-0.15-o69h3V/blib/arch
    /home/cpansand/.cpan/build/2016090321/MooseX-MarkAsMethods-0.15-o69h3V/blib/lib
    /home/cpansand/.cpan/build/2016090321/MooseX-Types-LoadableClass-0.014-Iz__9S/blib/arch
    /home/cpansand/.cpan/build/2016090321/MooseX-Types-LoadableClass-0.014-Iz__9S/blib/lib
    /home/cpansand/.cpan/build/2016090321/DBIx-Class-0.082840-rE3vaZ/blib/arch
    /home/cpansand/.cpan/build/2016090321/DBIx-Class-0.082840-rE3vaZ/blib/lib
    /home/cpansand/.cpan/build/2016090321/Data-Page-2.02-ErF3eq/blib/arch
    /home/cpansand/.cpan/build/2016090321/Data-Page-2.02-ErF3eq/blib/lib
    /home/cpansand/.cpan/build/2016090321/Context-Preserve-0.01-wQdlyc/blib/arch
    /home/cpansand/.cpan/build/2016090321/Context-Preserve-0.01-wQdlyc/blib/lib
    /home/cpansand/.cpan/build/2016090321/Data-Dumper-Concise-2.022-J_ttNk/blib/arch
    /home/cpansand/.cpan/build/2016090321/Data-Dumper-Concise-2.022-J_ttNk/blib/lib
    /home/cpansand/.cpan/build/2016090321/Config-Any-0.27-NsUTgX/blib/arch
    /home/cpansand/.cpan/build/2016090321/Config-Any-0.27-NsUTgX/blib/lib
    /home/cpansand/.cpan/build/2016090321/Class-C3-Componentised-1.001000-8TjP8U/blib/arch
    /home/cpansand/.cpan/build/2016090321/Class-C3-Componentised-1.001000-8TjP8U/blib/lib
    /home/cpansand/.cpan/build/2016090321/Class-C3-0.31-iV1Sw1/blib/arch
    /home/cpansand/.cpan/build/2016090321/Class-C3-0.31-iV1Sw1/blib/lib
    /home/cpansand/.cpan/build/2016090321/Algorithm-C3-0.10-u9klo8/blib/arch
    /home/cpansand/.cpan/build/2016090321/Algorithm-C3-0.10-u9klo8/blib/lib
    /home/cpansand/.cpan/build/2016090321/SQL-Abstract-1.81-Nfyb8Z/blib/arch
    /home/cpansand/.cpan/build/2016090321/SQL-Abstract-1.81-Nfyb8Z/blib/lib
    /home/cpansand/.cpan/build/2016090321/Module-Find-0.13-DY47rC/blib/arch
    /home/cpansand/.cpan/build/2016090321/Module-Find-0.13-DY47rC/blib/lib
    /home/cpansand/.cpan/build/2016090321/Class-Accessor-Grouped-0.10012-5A6hwa/blib/arch
    /home/cpansand/.cpan/build/2016090321/Class-Accessor-Grouped-0.10012-5A6hwa/blib/lib
    /home/cpansand/.cpan/build/2016090321/Class-XSAccessor-1.19-vy3lwS/blib/arch
    /home/cpansand/.cpan/build/2016090321/Class-XSAccessor-1.19-vy3lwS/blib/lib
    /home/cpansand/.cpan/build/2016090321/Catalyst-Runtime-5.90112-zUw6zS/blib/arch
    /home/cpansand/.cpan/build/2016090321/Catalyst-Runtime-5.90112-zUw6zS/blib/lib
    /home/cpansand/.cpan/build/2016090321/MooseX-Getopt-0.71-27VXBZ/blib/arch
    /home/cpansand/.cpan/build/2016090321/MooseX-Getopt-0.71-27VXBZ/blib/lib
    /home/cpansand/.cpan/build/2016090321/Test-Trap-v0.3.2-emJ8mr/blib/arch
    /home/cpansand/.cpan/build/2016090321/Test-Trap-v0.3.2-emJ8mr/blib/lib
    /home/cpansand/.cpan/build/2016090321/HTTP-Request-AsCGI-1.2-JbzIBc/blib/arch
    /home/cpansand/.cpan/build/2016090321/HTTP-Request-AsCGI-1.2-JbzIBc/blib/lib
    /home/cpansand/.cpan/build/2016090321/Plack-Middleware-ReverseProxy-0.15-o6TtlR/blib/arch
    /home/cpansand/.cpan/build/2016090321/Plack-Middleware-ReverseProxy-0.15-o6TtlR/blib/lib
    /home/cpansand/.cpan/build/2016090321/MooseX-MethodAttributes-0.31-zxpYyO/blib/arch
    /home/cpansand/.cpan/build/2016090321/MooseX-MethodAttributes-0.31-zxpYyO/blib/lib
    /home/cpansand/.cpan/build/2016090321/MooseX-Emulate-Class-Accessor-Fast-0.00903-rV2vWh/blib/arch
    /home/cpansand/.cpan/build/2016090321/MooseX-Emulate-Class-Accessor-Fast-0.00903-rV2vWh/blib/lib
    /home/cpansand/.cpan/build/2016090321/URI-ws-0.03-91SKR3/blib/arch
    /home/cpansand/.cpan/build/2016090321/URI-ws-0.03-91SKR3/blib/lib
    /home/cpansand/.cpan/build/2016090321/Plack-Test-ExternalServer-0.02-wf3lbW/blib/arch
    /home/cpansand/.cpan/build/2016090321/Plack-Test-ExternalServer-0.02-wf3lbW/blib/lib
    /home/cpansand/.cpan/build/2016090321/Text-SimpleTable-2.03-hEAo7M/blib/arch
    /home/cpansand/.cpan/build/2016090321/Text-SimpleTable-2.03-hEAo7M/blib/lib
    /home/cpansand/.cpan/build/2016090321/Tree-Simple-VisitorFactory-0.15-qUztky/blib/arch
    /home/cpansand/.cpan/build/2016090321/Tree-Simple-VisitorFactory-0.15-qUztky/blib/lib
    /home/cpansand/.cpan/build/2016090321/Tree-Simple-1.29-ZIVPlu/blib/arch
    /home/cpansand/.cpan/build/2016090321/Tree-Simple-1.29-ZIVPlu/blib/lib
    /home/cpansand/.cpan/build/2016090321/Class-C3-Adopt-NEXT-0.14-l78VUQ/blib/arch
    /home/cpansand/.cpan/build/2016090321/Class-C3-Adopt-NEXT-0.14-l78VUQ/blib/lib
    /home/cpansand/.cpan/build/2016090321/Plack-Middleware-RemoveRedundantBody-0.05-PyHa8n/blib/arch
    /home/cpansand/.cpan/build/2016090321/Plack-Middleware-RemoveRedundantBody-0.05-PyHa8n/blib/lib
    /home/cpansand/.cpan/build/2016090321/CGI-Struct-1.21-kPxPVt/blib/arch
    /home/cpansand/.cpan/build/2016090321/CGI-Struct-1.21-kPxPVt/blib/lib
    /home/cpansand/.cpan/build/2016090321/Plack-Middleware-FixMissingBodyInRedirect-0.12-5KiPqP/blib/arch
    /home/cpansand/.cpan/build/2016090321/Plack-Middleware-FixMissingBodyInRedirect-0.12-5KiPqP/blib/lib
    /home/cpansand/.cpan/build/2016090321/CGI-Simple-1.115-b1JzdV/blib/arch
    /home/cpansand/.cpan/build/2016090321/CGI-Simple-1.115-b1JzdV/blib/lib
    /home/cpansand/.cpan/build/2016090321/Plack-Middleware-MethodOverride-0.15-IzRqWq/blib/arch
    /home/cpansand/.cpan/build/2016090321/Plack-Middleware-MethodOverride-0.15-IzRqWq/blib/lib
    /home/cpansand/.cpan/build/2016090321/DBD-SQLite-1.50-h_ppQ_/blib/arch
    /home/cpansand/.cpan/build/2016090321/DBD-SQLite-1.50-h_ppQ_/blib/lib
    /usr/perl5.22.2t/lib/site_perl/5.22.2/amd64-freebsd-thread-multi
    /usr/perl5.22.2t/lib/site_perl/5.22.2
    /usr/perl5.22.2t/lib/5.22.2/amd64-freebsd-thread-multi
    /usr/perl5.22.2t/lib/5.22.2
    .