PostgreSQL-PLPerl-Call v1.006 Perl 5 v5.13.3 i686-linux
- Status
- Fail
- From
- Serguei Trouchelle (STRO)
- Dist
-
PostgreSQL-PLPerl-Call v1.006
- Platform
- Perl 5 v5.13.3 i686-linux
- Date
- 2010-08-13 14:47:41
- ID
- b9cc5daa-a6e9-11df-98d8-89f744804272
This distribution has been tested as part of the CPAN Testers
project, supporting the Perl programming language. See
http://wiki.cpantesters.org/ for more information or email
questions to cpan-testers-discuss@perl.org
--
Dear Tim Bunce,
This is a computer-generated report for PostgreSQL-PLPerl-Call-1.006
on perl 5.13.3, created by CPAN-Reporter-1.18.
Thank you for uploading your work to CPAN. However, there was a problem
testing your distribution.
If you think this report is invalid, please consult the CPAN Testers Wiki
for suggestions on how to avoid getting FAIL reports for missing library
or binary dependencies, unsupported operating systems, and so on:
http://wiki.cpantesters.org/wiki/CPANAuthorNotes
Sections of this report:
* Tester comments
* Program output
* Prerequisites
* Environment and other context
------------------------------
TESTER COMMENTS
------------------------------
Additional comments from tester:
this report is from an automated smoke testing program
and was not reviewed by a human for accuracy
------------------------------
PROGRAM OUTPUT
------------------------------
Output from '/usr/bin/make test':
PERL_DL_NONLAZY=1 /home/stro/perl/perl5133/bin/perl "-MExtUtils::Command::MM" "-e" "test_harness(0, 'blib/lib', 'blib/arch')" t/*.t
t/00-load.t ............... ok
t/release-pod-coverage.t .. skipped: these tests are for release candidate testing
t/release-pod-syntax.t .... skipped: these tests are for release candidate testing
Can't exec "createdb": No such file or directory at t/test10-call.t line 17.
Can't exec "dropdb": No such file or directory at t/test10-call.t line 56.
t/test10-call.t ........... skipped: Can't run createdb (PostgreSQL not installed?)
Test Summary Report
-------------------
t/test10-call.t (Wstat: 65280 Tests: 0 Failed: 0)
Non-zero exit status: 255
Files=4, Tests=1, 0 wallclock secs ( 0.02 usr 0.05 sys + 0.10 cusr 0.16 csys = 0.33 CPU)
Result: FAIL
Failed 1/4 test programs. 0/1 subtests failed.
make: *** [test_dynamic] Error 255
------------------------------
PREREQUISITES
------------------------------
Prerequisite modules loaded:
requires:
Module Need Have
------------------- ----- ------
DBI 1.605 1.614
configure_requires:
Module Need Have
------------------- ----- ------
ExtUtils::MakeMaker 6.11 6.5601
------------------------------
ENVIRONMENT AND OTHER CONTEXT
------------------------------
Environment variables:
AUTOMATED_TESTING = 1
LANG = en_US.UTF-8
PATH = /usr/local/bin:/usr/bin:/bin:/usr/games
PERL5LIB =
PERL5OPT =
PERL5_CPANPLUS_IS_RUNNING = 13596
PERL5_CPAN_IS_RUNNING = 13596
PERL5_CPAN_IS_RUNNING_IN_RECURSION = 20037,13596
PERL_CR_SMOKER_CURRENT = PostgreSQL-PLPerl-Call-1.006
PERL_EXTUTILS_AUTOINSTALL = --defaultdeps
PERL_MM_USE_DEFAULT = 1
SHELL = /bin/bash
TERM = xterm
Perl special variables (and OS-specific diagnostics, for MSWin32):
$^X = /home/stro/perl/perl5133/bin/perl
$UID/$EUID = 1000 / 1000
$GID = 1000 20 24 25 29 44 46 1000
$EGID = 1000 20 24 25 29 44 46 1000
Perl module toolchain versions installed:
Module Have
------------------- -------
CPAN 1.94_58
Cwd 3.31_02
ExtUtils::CBuilder 0.2703
ExtUtils::Command 1.16
ExtUtils::Install 1.55
ExtUtils::MakeMaker 6.5601
ExtUtils::Manifest 1.58
ExtUtils::ParseXS 2.2206
File::Spec 3.31_02
Module::Build 0.3607
Module::Signature 0.64
Test::Harness 3.21
Test::More 0.96
YAML 0.71
YAML::Syck 1.12
version 0.82
--
Summary of my perl5 (revision 5 version 13 subversion 3) configuration:
Platform:
osname=linux, osvers=2.6.26-2-686, archname=i686-linux
uname='linux debian5 2.6.26-2-686 #1 smp mon jun 21 05:58:44 utc 2010 i686 gnulinux '
config_args=''
hint=recommended, useposix=true, d_sigaction=define
useithreads=undef, usemultiplicity=undef
useperlio=define, d_sfio=undef, uselargefiles=define, usesocks=undef
use64bitint=undef, use64bitall=undef, uselongdouble=undef
usemymalloc=n, bincompat5005=undef
Compiler:
cc='cc', ccflags ='-fno-strict-aliasing -pipe -fstack-protector -I/usr/local/include -D_LARGEFILE_SOURCE -D_FILE_OFFSET_BITS=64',
optimize='-O2',
cppflags='-fno-strict-aliasing -pipe -fstack-protector -I/usr/local/include'
ccversion='', gccversion='4.3.2', gccosandvers=''
intsize=4, longsize=4, ptrsize=4, doublesize=8, byteorder=1234
d_longlong=define, longlongsize=8, d_longdbl=define, longdblsize=12
ivtype='long', ivsize=4, nvtype='double', nvsize=8, Off_t='off_t', lseeksize=8
alignbytes=4, prototype=define
Linker and Libraries:
ld='cc', ldflags =' -fstack-protector -L/usr/local/lib'
libpth=/usr/local/lib /lib /usr/lib
libs=-lnsl -ldb -ldl -lm -lcrypt -lutil -lc
perllibs=-lnsl -ldl -lm -lcrypt -lutil -lc
libc=/lib/libc-2.7.so, so=so, useshrplib=false, libperl=libperl.a
gnulibc_version='2.7'
Dynamic Linking:
dlsrc=dl_dlopen.xs, dlext=so, d_dlsymun=undef, ccdlflags='-Wl,-E'
cccdlflags='-fPIC', lddlflags='-shared -O2 -L/usr/local/lib -fstack-protector'
Characteristics of this binary (from libperl):
Compile-time options: PERL_DONT_CREATE_GVSV PERL_MALLOC_WRAP
USE_LARGE_FILES USE_PERLIO USE_PERL_ATOF
Built under linux
Compiled at Jul 20 2010 15:30:39
%ENV:
PERL5LIB=""
PERL5OPT=""
PERL5_CPANPLUS_IS_RUNNING="13596"
PERL5_CPAN_IS_RUNNING="13596"
PERL5_CPAN_IS_RUNNING_IN_RECURSION="20037,13596"
PERL_CR_SMOKER_CURRENT="PostgreSQL-PLPerl-Call-1.006"
PERL_EXTUTILS_AUTOINSTALL="--defaultdeps"
PERL_MM_USE_DEFAULT="1"
@INC:
/home/stro/perl/perl5133/lib/site_perl/5.13.3/i686-linux
/home/stro/perl/perl5133/lib/site_perl/5.13.3
/home/stro/perl/perl5133/lib/5.13.3/i686-linux
/home/stro/perl/perl5133/lib/5.13.3
.