Report for Socialtext-Resting-Utils-0.21

Back
From: metabase:user:315f03b2-2aae-11df-837a-5e0a49663a4f
Subject: FAIL Socialtext-Resting-Utils-0.21 v5.14.2 NetBSD
Date: 2013-04-26T00:03:29Z

This distribution has been tested as part of the CPAN Testers
project, supporting the Perl programming language.  See
http://wiki.cpantesters.org/ for more information or email
questions to cpan-testers-discuss@perl.org


--
Dear Luke Closs,

This is a computer-generated report for Socialtext-Resting-Utils-0.21
on perl 5.14.2, created by CPAN-Reporter-1.2010.

Thank you for uploading your work to CPAN.  However, there was a problem
testing your distribution.

If you think this report is invalid, please consult the CPAN Testers Wiki
for suggestions on how to avoid getting FAIL reports for missing library
or binary dependencies, unsupported operating systems, and so on:

http://wiki.cpantesters.org/wiki/CPANAuthorNotes

Sections of this report:

    * Tester comments
    * Program output
    * Prerequisites
    * Environment and other context

------------------------------
TESTER COMMENTS
------------------------------

Additional comments from tester:

this report is from an automated smoke testing program
and was not reviewed by a human for accuracy

------------------------------
PROGRAM OUTPUT
------------------------------

Output from '/usr/bin/make test':

PERL_DL_NONLAZY=1 /home/smoke/perl5/perlbrew/perls/perl-5.14.2/bin/perl "-MExtUtils::Command::MM" "-e" "test_harness(0, 'blib/lib', 'blib/arch')" t/*.t
# Testing Socialtext::Resting::Utils 0.21, Perl 5.014002, /home/smoke/perl5/perlbrew/perls/perl-5.14.2/bin/perl
t/00-load.t ......... ok
t/default-rester.t .. ok
Can't exec "t/mock-editor.pl": No such file or directory at lib/Socialtext/EditPage.pm line 267.
Can't use string ("Foo not found") as a HASH ref while "strict refs" in use at t/edit-page.t line 23.
# Looks like you planned 34 tests but ran 2.
# Looks like your test exited with -1 just after 2.
t/edit-page.t ....... 
Dubious, test returned 255 (wstat 65280, 0xff00)
Failed 32/34 subtests 
t/factory.t ......... ok
t/getopt.t .......... ok
t/object.t .......... ok
t/pod-coverage.t .... ok

#   Failed test 'POD test for blib/lib/Socialtext/Resting/DefaultRester.pm'
#   at /home/smoke/perl5/perlbrew/perls/perl-5.14.2/lib/site_perl/5.14.2/Test/Pod.pm line 186.
# blib/lib/Socialtext/Resting/DefaultRester.pm (43): Expected text after =item, not a bullet
# Looks like you failed 1 test of 17.
t/pod.t ............. 
Dubious, test returned 1 (wstat 256, 0x100)
Failed 1/17 subtests 
t/pre-block.t ....... ok
t/table-config.t .... ok
t/tagged-pages.t .... ok
t/wikedit.t ......... ok
t/wiki-localcopy.t .. ok
t/yaml-object.t ..... ok

Test Summary Report
-------------------
t/edit-page.t     (Wstat: 65280 Tests: 2 Failed: 0)
  Non-zero exit status: 255
  Parse errors: Bad plan.  You planned 34 tests but ran 2.
t/pod.t           (Wstat: 256 Tests: 17 Failed: 1)
  Failed test:  5
  Non-zero exit status: 1
Files=14, Tests=138,  6 wallclock secs ( 0.13 usr  0.02 sys +  4.19 cusr  0.43 csys =  4.77 CPU)
Result: FAIL
Failed 2/14 test programs. 1/138 subtests failed.
*** Error code 255

Stop.
make: stopped in /home/smoke/.cpan/build/Socialtext-Resting-Utils-0.21-hZ9VPV

------------------------------
PREREQUISITES
------------------------------

Prerequisite modules loaded:

requires:

    Module              Need Have
    ------------------- ---- ----
    Crypt::CBC          0    2.32
    Crypt::DES          0    2.05
    Getopt::Long        2.36 2.39
    JSON::XS            2.01 2.33
    Socialtext::Resting 0.27 0.38
    Test::Mock::LWP     0    0.06
    Test::More          0    0.98
    YAML                0    0.73

build_requires:

    Module              Need Have
    ------------------- ---- ----
    ExtUtils::MakeMaker 0    6.64

configure_requires:

    Module              Need Have
    ------------------- ---- ----
    ExtUtils::MakeMaker 0    6.64


------------------------------
ENVIRONMENT AND OTHER CONTEXT
------------------------------

Environment variables:

    AUTOMATED_TESTING = 1
    MANPATH_WITHOUT_PERLBREW = 
    PATH = /home/smoke/perl5/perlbrew/bin:/home/smoke/perl5/perlbrew/perls/perl-5.14.2/bin:/home/smoke/bin:/usr/pkg/sbin:/usr/pkg/bin:/bin:/sbin:/usr/bin:/usr/sbin:/usr/local/bin:/usr/local/sbin:/usr/X11R7/bin:/usr/X11R6/bin:/usr/games
    PATH_WITHOUT_PERLBREW = /home/smoke/bin:/usr/pkg/sbin:/usr/pkg/bin:/bin:/sbin:/usr/bin:/usr/sbin:/usr/local/bin:/usr/local/sbin:/usr/X11R7/bin:/usr/X11R6/bin:/usr/games
    PERL5LIB = 
    PERL5OPT = 
    PERL5_CPANPLUS_IS_RUNNING = 16215
    PERL5_CPAN_IS_RUNNING = 16215
    PERL5_CPAN_IS_RUNNING_IN_RECURSION = 12970,16215
    PERLBREW_BASHRC_VERSION = 0.41
    PERLBREW_HOME = /home/smoke/.perlbrew
    PERLBREW_MANPATH = /home/smoke/perl5/perlbrew/perls/perl-5.14.2/man
    PERLBREW_PATH = /home/smoke/perl5/perlbrew/bin:/home/smoke/perl5/perlbrew/perls/perl-5.14.2/bin
    PERLBREW_PERL = perl-5.14.2
    PERLBREW_ROOT = /home/smoke/perl5/perlbrew
    PERLBREW_VERSION = 0.41
    PERL_CR_SMOKER_CURRENT = Socialtext-WikiTest-0.07
    PERL_EXTUTILS_AUTOINSTALL = --defaultdeps
    PERL_MM_USE_DEFAULT = 1
    SHELL = /usr/pkg/bin/bash
    TERM = xterm-color

Perl special variables (and OS-specific diagnostics, for MSWin32):

    $^X = /home/smoke/perl5/perlbrew/perls/perl-5.14.2/bin/perl
    $UID/$EUID = 1002 / 1002
    $GID = 100 100
    $EGID = 100 100

Perl module toolchain versions installed:

    Module              Have    
    ------------------- --------
    CPAN                2.00    
    CPAN::Meta          2.130880
    Cwd                 3.40    
    ExtUtils::CBuilder  0.280205
    ExtUtils::Command   1.17    
    ExtUtils::Install   1.56    
    ExtUtils::MakeMaker 6.64    
    ExtUtils::Manifest  1.61    
    ExtUtils::ParseXS   3.18    
    File::Spec          3.40    
    JSON                2.57    
    JSON::PP            2.27202 
    Module::Build       0.4004  
    Module::Signature   n/a     
    Parse::CPAN::Meta   1.4404  
    Test::Harness       3.26    
    Test::More          0.98    
    YAML                0.73    
    YAML::Syck          1.25    
    version             0.9902  


--

Summary of my perl5 (revision 5 version 14 subversion 2) configuration:
   
  Platform:
    osname=netbsd, osvers=6.0.1_patch, archname=i386-netbsd
    uname='netbsd prickle.zeroclue.com 6.0.1_patch netbsd 6.0.1_patch (generic) i386 '
    config_args='-de -Dprefix=/home/smoke/perl5/perlbrew/perls/perl-5.14.2'
    hint=recommended, useposix=true, d_sigaction=define
    useithreads=undef, usemultiplicity=undef
    useperlio=define, d_sfio=undef, uselargefiles=define, usesocks=undef
    use64bitint=undef, use64bitall=undef, uselongdouble=undef
    usemymalloc=n, bincompat5005=undef
  Compiler:
    cc='cc', ccflags ='-fno-strict-aliasing -pipe -fstack-protector -I/usr/pkg/include',
    optimize='-O',
    cppflags='-fno-strict-aliasing -pipe -fstack-protector -I/usr/pkg/include'
    ccversion='', gccversion='4.5.3', gccosandvers=''
    intsize=4, longsize=4, ptrsize=4, doublesize=8, byteorder=1234
    d_longlong=define, longlongsize=8, d_longdbl=define, longdblsize=12
    ivtype='long', ivsize=4, nvtype='double', nvsize=8, Off_t='off_t', lseeksize=8
    alignbytes=4, prototype=define
  Linker and Libraries:
    ld='cc', ldflags =' -Wl,-rpath,/usr/pkg/lib -Wl,-rpath,/usr/local/lib -fstack-protector -L/usr/pkg/lib'
    libpth=/usr/pkg/lib /lib /usr/lib
    libs=-lm -lcrypt -lutil -lc -lposix
    perllibs=-lm -lcrypt -lutil -lc -lposix
    libc=/lib/libc.so, so=so, useshrplib=false, libperl=libperl.a
    gnulibc_version=''
  Dynamic Linking:
    dlsrc=dl_dlopen.xs, dlext=so, d_dlsymun=undef, ccdlflags='-Wl,-E '
    cccdlflags='-DPIC -fPIC ', lddlflags='--whole-archive -shared  -L/usr/pkg/lib -fstack-protector'


Characteristics of this binary (from libperl): 
  Compile-time options: PERL_DONT_CREATE_GVSV PERL_MALLOC_WRAP
                        PERL_PRESERVE_IVUV USE_LARGE_FILES USE_PERLIO
                        USE_PERL_ATOF
  Built under netbsd
  Compiled at Apr 12 2013 16:41:18
  %ENV:
    PERL5LIB=""
    PERL5OPT=""
    PERL5_CPANPLUS_IS_RUNNING="16215"
    PERL5_CPAN_IS_RUNNING="16215"
    PERL5_CPAN_IS_RUNNING_IN_RECURSION="12970,16215"
    PERLBREW_BASHRC_VERSION="0.41"
    PERLBREW_HOME="/home/smoke/.perlbrew"
    PERLBREW_MANPATH="/home/smoke/perl5/perlbrew/perls/perl-5.14.2/man"
    PERLBREW_PATH="/home/smoke/perl5/perlbrew/bin:/home/smoke/perl5/perlbrew/perls/perl-5.14.2/bin"
    PERLBREW_PERL="perl-5.14.2"
    PERLBREW_ROOT="/home/smoke/perl5/perlbrew"
    PERLBREW_VERSION="0.41"
    PERL_CR_SMOKER_CURRENT="Socialtext-WikiTest-0.07"
    PERL_EXTUTILS_AUTOINSTALL="--defaultdeps"
    PERL_MM_USE_DEFAULT="1"
  @INC:
    /home/smoke/perl5/perlbrew/perls/perl-5.14.2/lib/site_perl/5.14.2/i386-netbsd
    /home/smoke/perl5/perlbrew/perls/perl-5.14.2/lib/site_perl/5.14.2
    /home/smoke/perl5/perlbrew/perls/perl-5.14.2/lib/5.14.2/i386-netbsd
    /home/smoke/perl5/perlbrew/perls/perl-5.14.2/lib/5.14.2
    .