Report for ExtUtils-Autoconf-0.02

Back
From: metabase:user:30f0bd62-2aae-11df-837a-5e0a49663a4f
Subject: FAIL ExtUtils-Autoconf-0.02 v5.15.1 OpenBSD
Date: 2011-08-20T13:24:25Z

This distribution has been tested as part of the CPAN Testers
project, supporting the Perl programming language.  See
http://wiki.cpantesters.org/ for more information or email
questions to cpan-testers-discuss@perl.org


--
Dear Florian Ragwitz,

This is a computer-generated report for ExtUtils-Autoconf-0.02
on perl 5.15.1, created by CPAN-Reporter-1.2002.

Thank you for uploading your work to CPAN.  However, there was a problem
testing your distribution.

If you think this report is invalid, please consult the CPAN Testers Wiki
for suggestions on how to avoid getting FAIL reports for missing library
or binary dependencies, unsupported operating systems, and so on:

http://wiki.cpantesters.org/wiki/CPANAuthorNotes

Sections of this report:

    * Tester comments
    * Program output
    * Prerequisites
    * Environment and other context

------------------------------
TESTER COMMENTS
------------------------------

Additional comments from tester:

this report is from an automated smoke testing program
and was not reviewed by a human for accuracy

------------------------------
PROGRAM OUTPUT
------------------------------

Output from '/usr/bin/make test':

PERL_DL_NONLAZY=1 /home/sts/cpansmoke/perl-5.15.1/bin/perl5.15.1 "-MExtUtils::Command::MM" "-e" "test_harness(0, 'inc', 'blib/lib', 'blib/arch')" t/00-load.t t/accessors.t t/basic.t t/class.t t/compat.t t/kwalitee.t t/notabs.t t/pod-coverage.t t/pod.t
# Testing ExtUtils::Autoconf 0.02, Perl 5.015001, /home/sts/cpansmoke/perl-5.15.1/bin/perl5.15.1
t/00-load.t ....... ok
t/accessors.t ..... ok
/bin/sh: autoheader: not found

#   Failed test 'autogen'
#   at t/basic.t line 18.
# died: autogen failed. check the error messages above. at /home/sts/cpansmoke/perl-5.15.1/cpan/build/ExtUtils-Autoconf-0.02-8Zs26u/inc/Test/Exception.pm line 166

#   Failed test 'config.h.in exists'
#   at t/basic.t line 20.

#   Failed test 'configure exists'
#   at t/basic.t line 21.
/bin/sh: autoheader: not found

#   Failed test 'configure'
#   at t/basic.t line 25.
# died: autogen failed. check the error messages above. at /home/sts/cpansmoke/perl-5.15.1/cpan/build/ExtUtils-Autoconf-0.02-8Zs26u/inc/Test/Exception.pm line 166

#   Failed test 'config.h exists'
#   at t/basic.t line 27.

#   Failed test 'opened config.h'
#   at t/basic.t line 31.
readline() on closed filehandle GEN0 at t/basic.t line 32.
Use of uninitialized value $this in pattern match (m//) at t/basic.t line 32.

#   Failed test 'config.h has PERL_OSNAME set correctly'
#   at t/basic.t line 32.
#                   undef
#     doesn't match '(?^:#define PERL_OSNAME "openbsd")'

#   Failed test 'configure still exists'
#   at t/basic.t line 44.

#   Failed test 'config.h.in still exists'
#   at t/basic.t line 45.

#   Failed test 'autom4te.cache still exists'
#   at t/basic.t line 46.
/bin/sh: autoheader: not found

#   Failed test 'configure succeeds even if autogen() didn't run before'
#   at t/basic.t line 127.
# died: autogen failed. check the error messages above. at /home/sts/cpansmoke/perl-5.15.1/cpan/build/ExtUtils-Autoconf-0.02-8Zs26u/inc/Test/Exception.pm line 166

#   Failed test 'config.h.in exists'
#   at t/basic.t line 129.

#   Failed test 'configure exists'
#   at t/basic.t line 130.

#   Failed test 'config.h exists'
#   at t/basic.t line 131.
/bin/sh: autoheader: not found
/bin/sh: autoheader: not found
/bin/sh: autoheader: not found
# Looks like you failed 14 tests of 50.
t/basic.t ......... 
Dubious, test returned 14 (wstat 3584, 0xe00)
Failed 14/50 subtests 
/bin/sh: autoheader: not found

#   Failed test 'run_autogen'
#   at t/class.t line 16.
# died: autogen failed. check the error messages above. at /home/sts/cpansmoke/perl-5.15.1/cpan/build/ExtUtils-Autoconf-0.02-8Zs26u/inc/Test/Exception.pm line 166

#   Failed test 'config.h.in exists'
#   at t/class.t line 18.

#   Failed test 'configure exists'
#   at t/class.t line 19.
/bin/sh: autoheader: not found

#   Failed test 'configure'
#   at t/class.t line 23.
# died: autogen failed. check the error messages above. at /home/sts/cpansmoke/perl-5.15.1/cpan/build/ExtUtils-Autoconf-0.02-8Zs26u/inc/Test/Exception.pm line 166

#   Failed test 'config.h exists'
#   at t/class.t line 25.

#   Failed test 'opened config.h'
#   at t/class.t line 29.
readline() on closed filehandle GEN0 at t/class.t line 30.
Use of uninitialized value $this in pattern match (m//) at t/class.t line 30.

#   Failed test 'config.h has PERL_OSNAME set correctly'
#   at t/class.t line 30.
#                   undef
#     doesn't match '(?^:#define PERL_OSNAME "openbsd")'

#   Failed test 'configure still exists'
#   at t/class.t line 42.

#   Failed test 'config.h.in still exists'
#   at t/class.t line 43.

#   Failed test 'autom4te.cache still exists'
#   at t/class.t line 44.
# Looks like you failed 10 tests of 21.
t/class.t ......... 
Dubious, test returned 10 (wstat 2560, 0xa00)
Failed 10/21 subtests 
t/compat.t ........ ok
t/kwalitee.t ...... skipped: Needs Test::Kwalitee
t/notabs.t ........ skipped: Needs Test::NoTabs
t/pod-coverage.t .. ok
t/pod.t ........... ok

Test Summary Report
-------------------
t/basic.t       (Wstat: 3584 Tests: 50 Failed: 14)
  Failed tests:  2-8, 11-13, 35-38
  Non-zero exit status: 14
t/class.t       (Wstat: 2560 Tests: 21 Failed: 10)
  Failed tests:  1-7, 10-12
  Non-zero exit status: 10
Files=9, Tests=84,  1 wallclock secs ( 0.09 usr  0.02 sys +  1.06 cusr  0.08 csys =  1.25 CPU)
Result: FAIL
Failed 2/9 test programs. 24/84 subtests failed.
*** Error code 255

Stop in /home/sts/cpansmoke/perl-5.15.1/cpan/build/ExtUtils-Autoconf-0.02-8Zs26u (line 761 of Makefile).

------------------------------
PREREQUISITES
------------------------------

Prerequisite modules loaded:

requires:

    Module              Need Have   
    ------------------- ---- -------
    Carp                0    1.21   
    Config              0    0      
    Cwd                 0    3.37   
    File::Path          0    2.08_01
    File::Spec          0    3.33   
    File::Which         0    1.09   
    Test::Exception     0    0.31   
    Test::More          0    0.98   

build_requires:

    Module              Need Have   
    ------------------- ---- -------
    ExtUtils::MakeMaker 0    6.58   


------------------------------
ENVIRONMENT AND OTHER CONTEXT
------------------------------

Environment variables:

    AUTOMATED_TESTING = 1
    PATH = /home/sts/bin:/bin:/sbin:/usr/bin:/usr/sbin:/usr/X11R6/bin:/usr/local/bin:/usr/local/sbin:/usr/games:.
    PERL5LIB = /home/sts/cpansmoke/perl-5.15.1/cpan/build/Test-Exception-0.31-L4nNB4/blib/arch:/home/sts/cpansmoke/perl-5.15.1/cpan/build/Test-Exception-0.31-L4nNB4/blib/lib:/home/sts/cpansmoke/perl-5.15.1/cpan/build/Sub-Uplevel-0.22-G6cLAT/blib/arch:/home/sts/cpansmoke/perl-5.15.1/cpan/build/Sub-Uplevel-0.22-G6cLAT/blib/lib
    PERL5OPT = 
    PERL5_CPANPLUS_IS_RUNNING = 12758
    PERL5_CPAN_IS_RUNNING = 12758
    PERL5_CPAN_IS_RUNNING_IN_RECURSION = 10455,12758
    PERL_CR_SMOKER_CURRENT = ExtUtils-Autoconf-0.02
    PERL_EXTUTILS_AUTOINSTALL = --defaultdeps
    PERL_MM_USE_DEFAULT = 1
    SHELL = /usr/local/bin/bash
    TERM = screen
    TMPDIR = /home/sts/cpansmoke/tmp

Perl special variables (and OS-specific diagnostics, for MSWin32):

    $^X = /home/sts/cpansmoke/perl-5.15.1/bin/perl5.15.1
    $UID/$EUID = 1000 / 1000
    $GID = 10 10 0
    $EGID = 10 10 0

Perl module toolchain versions installed:

    Module              Have       
    ------------------- -----------
    CPAN                1.9800     
    CPAN::Meta          2.110930001
    Cwd                 3.37       
    ExtUtils::CBuilder  0.280204   
    ExtUtils::Command   1.17       
    ExtUtils::Install   1.56       
    ExtUtils::MakeMaker 6.58       
    ExtUtils::Manifest  1.58       
    ExtUtils::ParseXS   3.00_01    
    File::Spec          3.33       
    JSON                n/a        
    JSON::PP            2.27200    
    Module::Build       0.3800     
    Module::Signature   n/a        
    Parse::CPAN::Meta   1.4401     
    Test::Harness       3.23       
    Test::More          0.98       
    YAML                0.73       
    YAML::Syck          n/a        
    version             0.93       


--

Summary of my perl5 (revision 5 version 15 subversion 1) configuration:
   
  Platform:
    osname=openbsd, osvers=4.9, archname=OpenBSD.i386-openbsd-thread-multi
    uname='openbsd cpansmoke3 4.9 generic.mp#794 i386 '
    config_args='-des -Dusedevel -Dusethreads -Dprefix=/home/sts/cpansmoke/perl-5.15.1'
    hint=recommended, useposix=true, d_sigaction=define
    useithreads=define, usemultiplicity=define
    useperlio=define, d_sfio=undef, uselargefiles=define, usesocks=undef
    use64bitint=undef, use64bitall=undef, uselongdouble=undef
    usemymalloc=y, bincompat5005=undef
  Compiler:
    cc='cc', ccflags ='-pthread -fno-strict-aliasing -pipe -fstack-protector -I/usr/local/include',
    optimize='-O2',
    cppflags='-pthread -fno-strict-aliasing -pipe -fstack-protector -I/usr/local/include'
    ccversion='', gccversion='4.2.1 20070719 ', gccosandvers='openbsd4.9'
    intsize=4, longsize=4, ptrsize=4, doublesize=8, byteorder=1234
    d_longlong=define, longlongsize=8, d_longdbl=define, longdblsize=12
    ivtype='long', ivsize=4, nvtype='double', nvsize=8, Off_t='off_t', lseeksize=8
    alignbytes=4, prototype=define
  Linker and Libraries:
    ld='cc', ldflags ='-pthread -Wl,-E  -fstack-protector -L/usr/local/lib'
    libpth=/usr/local/lib /usr/lib
    libs=-lgdbm -lm -lutil -lc
    perllibs=-lm -lutil -lc
    libc=/usr/lib/libc.so.58.0, so=so, useshrplib=false, libperl=libperl.a
    gnulibc_version=''
  Dynamic Linking:
    dlsrc=dl_dlopen.xs, dlext=so, d_dlsymun=undef, ccdlflags=' '
    cccdlflags='-DPIC -fPIC ', lddlflags='-shared -fPIC  -L/usr/local/lib -fstack-protector'


Characteristics of this binary (from libperl): 
  Compile-time options: HAS_TIMES MULTIPLICITY MYMALLOC PERLIO_LAYERS
                        PERL_DONT_CREATE_GVSV PERL_IMPLICIT_CONTEXT
                        PERL_MALLOC_WRAP PERL_PRESERVE_IVUV PERL_USE_DEVEL
                        USE_ITHREADS USE_LARGE_FILES USE_LOCALE
                        USE_LOCALE_COLLATE USE_LOCALE_CTYPE
                        USE_LOCALE_NUMERIC USE_PERLIO USE_PERL_ATOF
                        USE_REENTRANT_API
  Built under openbsd
  Compiled at Aug  2 2011 08:28:01
  %ENV:
    PERL5LIB="/home/sts/cpansmoke/perl-5.15.1/cpan/build/Test-Exception-0.31-L4nNB4/blib/arch:/home/sts/cpansmoke/perl-5.15.1/cpan/build/Test-Exception-0.31-L4nNB4/blib/lib:/home/sts/cpansmoke/perl-5.15.1/cpan/build/Sub-Uplevel-0.22-G6cLAT/blib/arch:/home/sts/cpansmoke/perl-5.15.1/cpan/build/Sub-Uplevel-0.22-G6cLAT/blib/lib"
    PERL5OPT=""
    PERL5_CPANPLUS_IS_RUNNING="12758"
    PERL5_CPAN_IS_RUNNING="12758"
    PERL5_CPAN_IS_RUNNING_IN_RECURSION="10455,12758"
    PERL_CR_SMOKER_CURRENT="ExtUtils-Autoconf-0.02"
    PERL_EXTUTILS_AUTOINSTALL="--defaultdeps"
    PERL_MM_USE_DEFAULT="1"
  @INC:
    /home/sts/cpansmoke/perl-5.15.1/cpan/build/Test-Exception-0.31-L4nNB4/blib/arch
    /home/sts/cpansmoke/perl-5.15.1/cpan/build/Test-Exception-0.31-L4nNB4/blib/lib
    /home/sts/cpansmoke/perl-5.15.1/cpan/build/Sub-Uplevel-0.22-G6cLAT/blib/arch
    /home/sts/cpansmoke/perl-5.15.1/cpan/build/Sub-Uplevel-0.22-G6cLAT/blib/lib
    /home/sts/cpansmoke/perl-5.15.1/lib/site_perl/5.15.1/OpenBSD.i386-openbsd-thread-multi
    /home/sts/cpansmoke/perl-5.15.1/lib/site_perl/5.15.1
    /home/sts/cpansmoke/perl-5.15.1/lib/5.15.1/OpenBSD.i386-openbsd-thread-multi
    /home/sts/cpansmoke/perl-5.15.1/lib/5.15.1
    .