Module-Build-IkiWiki v0.0.6 Perl 5 v5.33.9 x86_64-linux-ld
- Status
- Fail
- From
- Andreas J. König (ANDK)
- Dist
-
Module-Build-IkiWiki v0.0.6
- Platform
- Perl 5 v5.33.9 x86_64-linux-ld
- Date
- 2021-04-26 14:07:23
- ID
- b9414be2-a698-11eb-a85c-ad186d5dd0f7
This distribution has been tested as part of the CPAN Testers
project, supporting the Perl programming language. See
http://wiki.cpantesters.org/ for more information or email
questions to cpan-testers-discuss@perl.org
--
Dear Victor Moral,
This is a computer-generated report for Module-Build-IkiWiki-0.0.6
on perl 5.33.9, created by CPAN-Reporter-1.2018.
Thank you for uploading your work to CPAN. However, there was a problem
testing your distribution.
If you think this report is invalid, please consult the CPAN Testers Wiki
for suggestions on how to avoid getting FAIL reports for missing library
or binary dependencies, unsupported operating systems, and so on:
http://wiki.cpantesters.org/wiki/CPANAuthorNotes
Sections of this report:
* Tester comments
* Program output
* Prerequisites
* Environment and other context
------------------------------
TESTER COMMENTS
------------------------------
Additional comments from tester:
this report is from an automated smoke testing program
and was not reviewed by a human for accuracy
------------------------------
PROGRAM OUTPUT
------------------------------
Output from './Build test':
"my" variable $prop masks earlier declaration in same scope at /tmp/loop_over_bdir-18086-oWS0U5/Module-Build-IkiWiki-0.0.6-0/blib/lib/Module/Build/IkiWiki.pm line 50.
# Failed test 'use Module::Build::IkiWiki;'
# at t/00.load.t line 4.
# Tried to use 'Module::Build::IkiWiki'.
# Error: syntax error at /tmp/loop_over_bdir-18086-oWS0U5/Module-Build-IkiWiki-0.0.6-0/blib/lib/Module/Build/IkiWiki.pm line 30, near "$other qw(ikiwiki_templates ikiwiki_css)"
# Global symbol "$other" requires explicit package name (did you forget to declare "my $other"?) at /tmp/loop_over_bdir-18086-oWS0U5/Module-Build-IkiWiki-0.0.6-0/blib/lib/Module/Build/IkiWiki.pm line 31.
# Global symbol "$prop" requires explicit package name (did you forget to declare "my $prop"?) at /tmp/loop_over_bdir-18086-oWS0U5/Module-Build-IkiWiki-0.0.6-0/blib/lib/Module/Build/IkiWiki.pm line 32.
# Global symbol "$other" requires explicit package name (did you forget to declare "my $other"?) at /tmp/loop_over_bdir-18086-oWS0U5/Module-Build-IkiWiki-0.0.6-0/blib/lib/Module/Build/IkiWiki.pm line 32.
# Global symbol "$self" requires explicit package name (did you forget to declare "my $self"?) at /tmp/loop_over_bdir-18086-oWS0U5/Module-Build-IkiWiki-0.0.6-0/blib/lib/Module/Build/IkiWiki.pm line 36.
# Can't use global @_ in "my" at /tmp/loop_over_bdir-18086-oWS0U5/Module-Build-IkiWiki-0.0.6-0/blib/lib/Module/Build/IkiWiki.pm line 40, near "= @_"
# Global symbol "$self" requires explicit package name (did you forget to declare "my $self"?) at /tmp/loop_over_bdir-18086-oWS0U5/Module-Build-IkiWiki-0.0.6-0/blib/lib/Module/Build/IkiWiki.pm line 41.
# syntax error at /tmp/loop_over_bdir-18086-oWS0U5/Module-Build-IkiWiki-0.0.6-0/blib/lib/Module/Build/IkiWiki.pm line 48, near "$category qw(templates css)"
# Can't redeclare "my" in "my" at /tmp/loop_over_bdir-18086-oWS0U5/Module-Build-IkiWiki-0.0.6-0/blib/lib/Module/Build/IkiWiki.pm line 51, near "my"
# Global symbol "$category" requires explicit package name (did you forget to declare "my $category"?) at /tmp/loop_over_bdir-18086-oWS0U5/Module-Build-IkiWiki-0.0.6-0/blib/lib/Module/Build/IkiWiki.pm line 57.
# syntax error at /tmp/loop_over_bdir-18086-oWS0U5/Module-Build-IkiWiki-0.0.6-0/blib/lib/Module/Build/IkiWiki.pm line 74, near "}"
# /tmp/loop_over_bdir-18086-oWS0U5/Module-Build-IkiWiki-0.0.6-0/blib/lib/Module/Build/IkiWiki.pm has too many errors.
# Compilation failed in require at t/00.load.t line 4.
# BEGIN failed--compilation aborted at t/00.load.t line 4.
# Testing Module::Build::IkiWiki
# Looks like you failed 1 test of 1.
t/00.load.t ..........
Dubious, test returned 1 (wstat 256, 0x100)
Failed 1/1 subtests
"my" variable $prop masks earlier declaration in same scope at lib/Module/Build/IkiWiki.pm line 50.
# Failed test 'use Module::Build::IkiWiki;'
# at t/01.new.t line 12.
# Tried to use 'Module::Build::IkiWiki'.
# Error: syntax error at lib/Module/Build/IkiWiki.pm line 30, near "$other qw(ikiwiki_templates ikiwiki_css)"
# Global symbol "$other" requires explicit package name (did you forget to declare "my $other"?) at lib/Module/Build/IkiWiki.pm line 31.
# Global symbol "$prop" requires explicit package name (did you forget to declare "my $prop"?) at lib/Module/Build/IkiWiki.pm line 32.
# Global symbol "$other" requires explicit package name (did you forget to declare "my $other"?) at lib/Module/Build/IkiWiki.pm line 32.
# Global symbol "$self" requires explicit package name (did you forget to declare "my $self"?) at lib/Module/Build/IkiWiki.pm line 36.
# Can't use global @_ in "my" at lib/Module/Build/IkiWiki.pm line 40, near "= @_"
# Global symbol "$self" requires explicit package name (did you forget to declare "my $self"?) at lib/Module/Build/IkiWiki.pm line 41.
# syntax error at lib/Module/Build/IkiWiki.pm line 48, near "$category qw(templates css)"
# Can't redeclare "my" in "my" at lib/Module/Build/IkiWiki.pm line 51, near "my"
# Global symbol "$category" requires explicit package name (did you forget to declare "my $category"?) at lib/Module/Build/IkiWiki.pm line 57.
# syntax error at lib/Module/Build/IkiWiki.pm line 74, near "}"
# lib/Module/Build/IkiWiki.pm has too many errors.
# Compilation failed in require at t/01.new.t line 12.
# BEGIN failed--compilation aborted at t/01.new.t line 12.
# Looks like you failed 1 test of 2.
t/01.new.t ...........
Dubious, test returned 1 (wstat 256, 0x100)
Failed 1/2 subtests
"my" variable $prop masks earlier declaration in same scope at lib/Module/Build/IkiWiki.pm line 50.
# Failed test 'use Module::Build::IkiWiki;'
# at /home/sand/src/perl/repoperls/installed-perls/host/k93bionic/v5.33.8-70-g75b7bab3e5/ca05/lib/site_perl/5.33.9/Test/Distribution.pm line 177.
# Tried to use 'Module::Build::IkiWiki'.
# Error: syntax error at lib/Module/Build/IkiWiki.pm line 30, near "$other qw(ikiwiki_templates ikiwiki_css)"
# Global symbol "$other" requires explicit package name (did you forget to declare "my $other"?) at lib/Module/Build/IkiWiki.pm line 31.
# Global symbol "$prop" requires explicit package name (did you forget to declare "my $prop"?) at lib/Module/Build/IkiWiki.pm line 32.
# Global symbol "$other" requires explicit package name (did you forget to declare "my $other"?) at lib/Module/Build/IkiWiki.pm line 32.
# Global symbol "$self" requires explicit package name (did you forget to declare "my $self"?) at lib/Module/Build/IkiWiki.pm line 36.
# Can't use global @_ in "my" at lib/Module/Build/IkiWiki.pm line 40, near "= @_"
# Global symbol "$self" requires explicit package name (did you forget to declare "my $self"?) at lib/Module/Build/IkiWiki.pm line 41.
# syntax error at lib/Module/Build/IkiWiki.pm line 48, near "$category qw(templates css)"
# Can't redeclare "my" in "my" at lib/Module/Build/IkiWiki.pm line 51, near "my"
# Global symbol "$category" requires explicit package name (did you forget to declare "my $category"?) at lib/Module/Build/IkiWiki.pm line 57.
# syntax error at lib/Module/Build/IkiWiki.pm line 74, near "}"
# lib/Module/Build/IkiWiki.pm has too many errors.
# Compilation failed in require at /home/sand/src/perl/repoperls/installed-perls/host/k93bionic/v5.33.8-70-g75b7bab3e5/ca05/lib/site_perl/5.33.9/Test/Distribution.pm line 177.
# BEGIN failed--compilation aborted at /home/sand/src/perl/repoperls/installed-perls/host/k93bionic/v5.33.8-70-g75b7bab3e5/ca05/lib/site_perl/5.33.9/Test/Distribution.pm line 177.
# Failed test 'Module::Build::IkiWiki defines a version'
# at /home/sand/src/perl/repoperls/installed-perls/host/k93bionic/v5.33.8-70-g75b7bab3e5/ca05/lib/site_perl/5.33.9/Test/Distribution.pm line 212.
# Failed test 'POD test for blib/lib/Module/Build/IkiWiki.pm'
# at /home/sand/src/perl/repoperls/installed-perls/host/k93bionic/v5.33.8-70-g75b7bab3e5/ca05/lib/site_perl/5.33.9/Test/Distribution.pm line 144.
# blib/lib/Module/Build/IkiWiki.pm (213): Non-ASCII character seen before =encoding in 'VÃctor'. Assuming CP1252
# Failed test 'Pod Coverage ok'
# at /home/sand/src/perl/repoperls/installed-perls/host/k93bionic/v5.33.8-70-g75b7bab3e5/ca05/lib/site_perl/5.33.9/Test/Distribution.pm line 165.
# Module::Build::IkiWiki: requiring 'Module::Build::IkiWiki' failed
# Looks like you failed 4 tests of 10.
t/99.distribution.t ..
Dubious, test returned 4 (wstat 1024, 0x400)
Failed 4/10 subtests
(less 1 skipped subtest: 5 okay)
# Failed test 'Test::Perl::Critic for "blib/script/pod2mdwn"'
# at /home/sand/src/perl/repoperls/installed-perls/host/k93bionic/v5.33.8-70-g75b7bab3e5/ca05/lib/site_perl/5.33.9/Test/Perl/Critic.pm line 121.
#
# Private Member Data shouldn't be accessed directly at line 62, column 25. Accessing an objects data directly breaks encapsulation and should be avoided. Example: $object->{ some_key }. (Severity: 5)
# Private Member Data shouldn't be accessed directly at line 73, column 17. Accessing an objects data directly breaks encapsulation and should be avoided. Example: $object->{ some_key }. (Severity: 5)
# Private Member Data shouldn't be accessed directly at line 74, column 54. Accessing an objects data directly breaks encapsulation and should be avoided. Example: $object->{ some_key }. (Severity: 5)
# Private Member Data shouldn't be accessed directly at line 77, column 17. Accessing an objects data directly breaks encapsulation and should be avoided. Example: $object->{ some_key }. (Severity: 5)
# Private Member Data shouldn't be accessed directly at line 78, column 62. Accessing an objects data directly breaks encapsulation and should be avoided. Example: $object->{ some_key }. (Severity: 5)
# Private Member Data shouldn't be accessed directly at line 90, column 13. Accessing an objects data directly breaks encapsulation and should be avoided. Example: $object->{ some_key }. (Severity: 5)
# Private Member Data shouldn't be accessed directly at line 98, column 31. Accessing an objects data directly breaks encapsulation and should be avoided. Example: $object->{ some_key }. (Severity: 5)
# Private Member Data shouldn't be accessed directly at line 135, column 17. Accessing an objects data directly breaks encapsulation and should be avoided. Example: $object->{ some_key }. (Severity: 5)
# Private Member Data shouldn't be accessed directly at line 138, column 17. Accessing an objects data directly breaks encapsulation and should be avoided. Example: $object->{ some_key }. (Severity: 5)
# Private Member Data shouldn't be accessed directly at line 141, column 17. Accessing an objects data directly breaks encapsulation and should be avoided. Example: $object->{ some_key }. (Severity: 5)
# Private Member Data shouldn't be accessed directly at line 148, column 9. Accessing an objects data directly breaks encapsulation and should be avoided. Example: $object->{ some_key }. (Severity: 5)
# Private Member Data shouldn't be accessed directly at line 153, column 9. Accessing an objects data directly breaks encapsulation and should be avoided. Example: $object->{ some_key }. (Severity: 5)
# Private Member Data shouldn't be accessed directly at line 157, column 25. Accessing an objects data directly breaks encapsulation and should be avoided. Example: $object->{ some_key }. (Severity: 5)
# Private Member Data shouldn't be accessed directly at line 183, column 9. Accessing an objects data directly breaks encapsulation and should be avoided. Example: $object->{ some_key }. (Severity: 5)
# Private Member Data shouldn't be accessed directly at line 184, column 13. Accessing an objects data directly breaks encapsulation and should be avoided. Example: $object->{ some_key }. (Severity: 5)
# Private Member Data shouldn't be accessed directly at line 185, column 13. Accessing an objects data directly breaks encapsulation and should be avoided. Example: $object->{ some_key }. (Severity: 5)
# Private Member Data shouldn't be accessed directly at line 185, column 29. Accessing an objects data directly breaks encapsulation and should be avoided. Example: $object->{ some_key }. (Severity: 5)
# Private Member Data shouldn't be accessed directly at line 186, column 13. Accessing an objects data directly breaks encapsulation and should be avoided. Example: $object->{ some_key }. (Severity: 5)
# Failed test 'Test::Perl::Critic for "blib/lib/Module/Build/IkiWiki.pm"'
# at /home/sand/src/perl/repoperls/installed-perls/host/k93bionic/v5.33.8-70-g75b7bab3e5/ca05/lib/site_perl/5.33.9/Test/Perl/Critic.pm line 121.
#
# Private Member Data shouldn't be accessed directly at line 27, column 22. Accessing an objects data directly breaks encapsulation and should be avoided. Example: $object->{ some_key }. (Severity: 5)
# Private Member Data shouldn't be accessed directly at line 28, column 9. Accessing an objects data directly breaks encapsulation and should be avoided. Example: $object->{ some_key }. (Severity: 5)
# Private Member Data shouldn't be accessed directly at line 31, column 24. Accessing an objects data directly breaks encapsulation and should be avoided. Example: $object->{ some_key }. (Severity: 5)
# Private Member Data shouldn't be accessed directly at line 32, column 13. Accessing an objects data directly breaks encapsulation and should be avoided. Example: $object->{ some_key }. (Severity: 5)
# Private Member Data shouldn't be accessed directly at line 50, column 31. Accessing an objects data directly breaks encapsulation and should be avoided. Example: $object->{ some_key }. (Severity: 5)
# Private Member Data shouldn't be accessed directly at line 57, column 37. Accessing an objects data directly breaks encapsulation and should be avoided. Example: $object->{ some_key }. (Severity: 5)
t/perlcritic.t .......
Dubious, test returned 1 (wstat 256, 0x100)
Failed 2/2 subtests
"my" variable $prop masks earlier declaration in same scope at /tmp/loop_over_bdir-18086-oWS0U5/Module-Build-IkiWiki-0.0.6-0/blib/lib/Module/Build/IkiWiki.pm line 50.
# Failed test 'Pod coverage on Module::Build::IkiWiki'
# at /home/sand/src/perl/repoperls/installed-perls/host/k93bionic/v5.33.8-70-g75b7bab3e5/ca05/lib/site_perl/5.33.9/Test/Pod/Coverage.pm line 133.
# Module::Build::IkiWiki: requiring 'Module::Build::IkiWiki' failed
# Looks like you failed 1 test of 1.
t/pod-coverage.t .....
Dubious, test returned 1 (wstat 256, 0x100)
Failed 1/1 subtests
# Failed test 'POD test for blib/script/pod2mdwn'
# at /home/sand/src/perl/repoperls/installed-perls/host/k93bionic/v5.33.8-70-g75b7bab3e5/ca05/lib/site_perl/5.33.9/Test/Pod.pm line 184.
# blib/script/pod2mdwn (289): Non-ASCII character seen before =encoding in 'VÃctor'. Assuming UTF-8
# Failed test 'POD test for blib/lib/Module/Build/IkiWiki.pm'
# at /home/sand/src/perl/repoperls/installed-perls/host/k93bionic/v5.33.8-70-g75b7bab3e5/ca05/lib/site_perl/5.33.9/Test/Pod.pm line 184.
# blib/lib/Module/Build/IkiWiki.pm (213): Non-ASCII character seen before =encoding in 'VÃctor'. Assuming CP1252
# Looks like you failed 2 tests of 2.
t/pod.t ..............
Dubious, test returned 2 (wstat 512, 0x200)
Failed 2/2 subtests
Test Summary Report
-------------------
t/00.load.t (Wstat: 256 Tests: 1 Failed: 1)
Failed test: 1
Non-zero exit status: 1
t/01.new.t (Wstat: 256 Tests: 2 Failed: 1)
Failed test: 1
Non-zero exit status: 1
t/99.distribution.t (Wstat: 1024 Tests: 10 Failed: 4)
Failed tests: 2-3, 5, 10
Non-zero exit status: 4
t/perlcritic.t (Wstat: 256 Tests: 2 Failed: 2)
Failed tests: 1-2
Non-zero exit status: 1
t/pod-coverage.t (Wstat: 256 Tests: 1 Failed: 1)
Failed test: 1
Non-zero exit status: 1
t/pod.t (Wstat: 512 Tests: 2 Failed: 2)
Failed tests: 1-2
Non-zero exit status: 2
Files=6, Tests=18, 1 wallclock secs ( 0.02 usr 0.04 sys + 1.30 cusr 0.42 csys = 1.78 CPU)
Result: FAIL
Failed 6/6 test programs. 11/18 subtests failed.
------------------------------
PREREQUISITES
------------------------------
Prerequisite modules loaded:
requires:
Module Need Have
------------------- ---- --------
Module::Build 0.26 0.4231
Test::More 0 1.302183
opt_requires:
Module Need Have
------------------- ---- --------
Test::Perl::Critic 0 1.04
Test::Pod 1.14 1.52
Test::Pod::Coverage 1.04 1.10
------------------------------
ENVIRONMENT AND OTHER CONTEXT
------------------------------
Environment variables:
AUTOMATED_TESTING = 1
LANG = en_US.utf8
PATH = /home/sand/bin:/usr/local/bin:/usr/local/sbin:/usr/sbin:/usr/bin:/sbin:/bin:/usr/games:/usr/local/games:/snap/bin:/usr/local/perl/bin:/usr/X11/bin
PERL = /tmp/basesmoker-reloperl-U_HS/bin/perl
PERL5LIB = /tmp/loop_over_bdir-18086-oWS0U5/CGI-Application-NetNewsIface-0.0204-0/blib/arch:/tmp/loop_over_bdir-18086-oWS0U5/CGI-Application-NetNewsIface-0.0204-0/blib/lib:/tmp/loop_over_bdir-18086-oWS0U5/Sysync-0.35-0/blib/arch:/tmp/loop_over_bdir-18086-oWS0U5/Sysync-0.35-0/blib/lib:/tmp/loop_over_bdir-18086-oWS0U5/downsexta-0/blib/arch:/tmp/loop_over_bdir-18086-oWS0U5/downsexta-0/blib/lib:/tmp/loop_over_bdir-18086-oWS0U5/Net-ISP-Balance-1.28-0/blib/arch:/tmp/loop_over_bdir-18086-oWS0U5/Net-ISP-Balance-1.28-0/blib/lib:/tmp/loop_over_bdir-18086-oWS0U5/Linux-InitFS-0.2-0/blib/arch:/tmp/loop_over_bdir-18086-oWS0U5/Linux-InitFS-0.2-0/blib/lib:/tmp/loop_over_bdir-18086-oWS0U5/EJBCA-CrlPublish-0.60-0/blib/arch:/tmp/loop_over_bdir-18086-oWS0U5/EJBCA-CrlPublish-0.60-0/blib/lib:/tmp/loop_over_bdir-18086-oWS0U5/Lemonldap-NG-Cli-0.2-0/blib/arch:/tmp/loop_over_bdir-18086-oWS0U5/Lemonldap-NG-Cli-0.2-0/blib/lib:/tmp/loop_over_bdir-18086-oWS0U5/RDF-NLP-SPARQLQuery-0.1-0/blib/arch:/tmp/loop_over_bdir-18086-oWS0U5/RDF-NLP-SPARQLQuery-0.1-0/blib/lib:/tmp/loop_over_bdir-18086-oWS0U5/HTML-Menu-TreeView-1.22-0/blib/arch:/tmp/loop_over_bdir-18086-oWS0U5/HTML-Menu-TreeView-1.22-0/blib/lib:/tmp/loop_over_bdir-18086-oWS0U5/App-rmcd-0.280-0/blib/arch:/tmp/loop_over_bdir-18086-oWS0U5/App-rmcd-0.280-0/blib/lib
PERL5OPT =
PERL5_CPANPLUS_IS_RUNNING = 18094
PERL5_CPAN_IS_RUNNING = 18094
PERL_CANARY_STABILITY_NOPROMPT = 1
PERL_MM_USE_DEFAULT = 1
PERL_USE_UNSAFE_INC = 1
SHELL = /usr/bin/zsh
TERM = screen
Perl special variables (and OS-specific diagnostics, for MSWin32):
$^X = /tmp/basesmoker-reloperl-U_HS/bin/perl
$UID/$EUID = 1005 / 1005
$GID = 1005 1005
$EGID = 1005 1005
Perl module toolchain versions installed:
Module Have
------------------- --------
CPAN 2.28
CPAN::Meta 2.150010
Cwd 3.80
ExtUtils::CBuilder 0.280236
ExtUtils::Command 7.62
ExtUtils::Install 2.20
ExtUtils::MakeMaker 7.62
ExtUtils::Manifest 1.73
ExtUtils::ParseXS 3.43
File::Spec 3.80
JSON 4.03
JSON::PP 4.06
Module::Build 0.4231
Module::Signature 0.87
Parse::CPAN::Meta 2.150010
Test::Harness 3.43
Test::More 1.302183
YAML 1.30
YAML::Syck 1.34
version 0.9929
--
Summary of my perl5 (revision 5 version 33 subversion 9) configuration:
Commit id: 75b7bab3e51fb6c7fee979317b53eeb8af5b3206
Platform:
osname=linux
osvers=4.15.0-139-generic
archname=x86_64-linux-ld
uname='linux k93bionic 4.15.0-139-generic #143-ubuntu smp tue mar 16 01:30:17 utc 2021 x86_64 x86_64 x86_64 gnulinux '
config_args='-Dprefix=/home/sand/src/perl/repoperls/installed-perls/host/k93bionic/v5.33.8-70-g75b7bab3e5/ca05 -Dmyhostname=k93bionic -Dinstallusrbinperl=n -Uversiononly -Dusedevel -des -Ui_db -Dlibswanted=cl pthread socket inet nsl gdbm dbm malloc dl ld sun m crypt sec util c cposix posix ucb BSD gdbm_compat -Uuseithreads -Duselongdouble -DEBUGGING=-g'
hint=recommended
useposix=true
d_sigaction=define
useithreads=undef
usemultiplicity=undef
use64bitint=define
use64bitall=define
uselongdouble=define
usemymalloc=n
default_inc_excludes_dot=define
Compiler:
cc='cc'
ccflags ='-fwrapv -fno-strict-aliasing -pipe -fstack-protector-strong -I/usr/local/include -D_LARGEFILE_SOURCE -D_FILE_OFFSET_BITS=64'
optimize='-O2 -g'
cppflags='-fwrapv -fno-strict-aliasing -pipe -fstack-protector-strong -I/usr/local/include'
ccversion=''
gccversion='7.5.0'
gccosandvers=''
intsize=4
longsize=8
ptrsize=8
doublesize=8
byteorder=12345678
doublekind=3
d_longlong=define
longlongsize=8
d_longdbl=define
longdblsize=16
longdblkind=3
ivtype='long'
ivsize=8
nvtype='long double'
nvsize=16
Off_t='off_t'
lseeksize=8
alignbytes=16
prototype=define
Linker and Libraries:
ld='cc'
ldflags =' -fstack-protector-strong -L/usr/local/lib'
libpth=/usr/local/lib /usr/lib/x86_64-linux-gnu /usr/lib /lib/x86_64-linux-gnu /lib
libs=-lpthread -lnsl -ldl -lm -lcrypt -lutil -lc
perllibs=-lpthread -lnsl -ldl -lm -lcrypt -lutil -lc
libc=libc-2.27.so
so=so
useshrplib=false
libperl=libperl.a
gnulibc_version='2.27'
Dynamic Linking:
dlsrc=dl_dlopen.xs
dlext=so
d_dlsymun=undef
ccdlflags='-Wl,-E'
cccdlflags='-fPIC'
lddlflags='-shared -O2 -g -L/usr/local/lib -fstack-protector-strong'
Characteristics of this binary (from libperl):
Compile-time options:
HAS_TIMES
PERLIO_LAYERS
PERL_COPY_ON_WRITE
PERL_DONT_CREATE_GVSV
PERL_MALLOC_WRAP
PERL_OP_PARENT
PERL_PRESERVE_IVUV
PERL_USE_DEVEL
USE_64_BIT_ALL
USE_64_BIT_INT
USE_LARGE_FILES
USE_LOCALE
USE_LOCALE_COLLATE
USE_LOCALE_CTYPE
USE_LOCALE_NUMERIC
USE_LOCALE_TIME
USE_LONG_DOUBLE
USE_PERLIO
USE_PERL_ATOF
Built under linux
Compiled at Apr 21 2021 07:46:06
%ENV:
PERL="/tmp/basesmoker-reloperl-U_HS/bin/perl"
PERL5LIB="/tmp/loop_over_bdir-18086-oWS0U5/CGI-Application-NetNewsIface-0.0204-0/blib/arch:/tmp/loop_over_bdir-18086-oWS0U5/CGI-Application-NetNewsIface-0.0204-0/blib/lib:/tmp/loop_over_bdir-18086-oWS0U5/Sysync-0.35-0/blib/arch:/tmp/loop_over_bdir-18086-oWS0U5/Sysync-0.35-0/blib/lib:/tmp/loop_over_bdir-18086-oWS0U5/downsexta-0/blib/arch:/tmp/loop_over_bdir-18086-oWS0U5/downsexta-0/blib/lib:/tmp/loop_over_bdir-18086-oWS0U5/Net-ISP-Balance-1.28-0/blib/arch:/tmp/loop_over_bdir-18086-oWS0U5/Net-ISP-Balance-1.28-0/blib/lib:/tmp/loop_over_bdir-18086-oWS0U5/Linux-InitFS-0.2-0/blib/arch:/tmp/loop_over_bdir-18086-oWS0U5/Linux-InitFS-0.2-0/blib/lib:/tmp/loop_over_bdir-18086-oWS0U5/EJBCA-CrlPublish-0.60-0/blib/arch:/tmp/loop_over_bdir-18086-oWS0U5/EJBCA-CrlPublish-0.60-0/blib/lib:/tmp/loop_over_bdir-18086-oWS0U5/Lemonldap-NG-Cli-0.2-0/blib/arch:/tmp/loop_over_bdir-18086-oWS0U5/Lemonldap-NG-Cli-0.2-0/blib/lib:/tmp/loop_over_bdir-18086-oWS0U5/RDF-NLP-SPARQLQuery-0.1-0/blib/arch:/tmp/loop_over_bdir-18086-oWS0U5/RDF-NLP-SPARQLQuery-0.1-0/blib/lib:/tmp/loop_over_bdir-18086-oWS0U5/HTML-Menu-TreeView-1.22-0/blib/arch:/tmp/loop_over_bdir-18086-oWS0U5/HTML-Menu-TreeView-1.22-0/blib/lib:/tmp/loop_over_bdir-18086-oWS0U5/App-rmcd-0.280-0/blib/arch:/tmp/loop_over_bdir-18086-oWS0U5/App-rmcd-0.280-0/blib/lib"
PERL5OPT=""
PERL5_CPANPLUS_IS_RUNNING="18094"
PERL5_CPAN_IS_RUNNING="18094"
PERL_CANARY_STABILITY_NOPROMPT="1"
PERL_MM_USE_DEFAULT="1"
PERL_USE_UNSAFE_INC="1"
@INC:
/tmp/loop_over_bdir-18086-oWS0U5/CGI-Application-NetNewsIface-0.0204-0/blib/arch
/tmp/loop_over_bdir-18086-oWS0U5/CGI-Application-NetNewsIface-0.0204-0/blib/lib
/tmp/loop_over_bdir-18086-oWS0U5/Sysync-0.35-0/blib/arch
/tmp/loop_over_bdir-18086-oWS0U5/Sysync-0.35-0/blib/lib
/tmp/loop_over_bdir-18086-oWS0U5/downsexta-0/blib/arch
/tmp/loop_over_bdir-18086-oWS0U5/downsexta-0/blib/lib
/tmp/loop_over_bdir-18086-oWS0U5/Net-ISP-Balance-1.28-0/blib/arch
/tmp/loop_over_bdir-18086-oWS0U5/Net-ISP-Balance-1.28-0/blib/lib
/tmp/loop_over_bdir-18086-oWS0U5/Linux-InitFS-0.2-0/blib/arch
/tmp/loop_over_bdir-18086-oWS0U5/Linux-InitFS-0.2-0/blib/lib
/tmp/loop_over_bdir-18086-oWS0U5/EJBCA-CrlPublish-0.60-0/blib/arch
/tmp/loop_over_bdir-18086-oWS0U5/EJBCA-CrlPublish-0.60-0/blib/lib
/tmp/loop_over_bdir-18086-oWS0U5/Lemonldap-NG-Cli-0.2-0/blib/arch
/tmp/loop_over_bdir-18086-oWS0U5/Lemonldap-NG-Cli-0.2-0/blib/lib
/tmp/loop_over_bdir-18086-oWS0U5/RDF-NLP-SPARQLQuery-0.1-0/blib/arch
/tmp/loop_over_bdir-18086-oWS0U5/RDF-NLP-SPARQLQuery-0.1-0/blib/lib
/tmp/loop_over_bdir-18086-oWS0U5/HTML-Menu-TreeView-1.22-0/blib/arch
/tmp/loop_over_bdir-18086-oWS0U5/HTML-Menu-TreeView-1.22-0/blib/lib
/tmp/loop_over_bdir-18086-oWS0U5/App-rmcd-0.280-0/blib/arch
/tmp/loop_over_bdir-18086-oWS0U5/App-rmcd-0.280-0/blib/lib
/home/sand/src/perl/repoperls/installed-perls/host/k93bionic/v5.33.8-70-g75b7bab3e5/ca05/lib/site_perl/5.33.9/x86_64-linux-ld
/home/sand/src/perl/repoperls/installed-perls/host/k93bionic/v5.33.8-70-g75b7bab3e5/ca05/lib/site_perl/5.33.9
/home/sand/src/perl/repoperls/installed-perls/host/k93bionic/v5.33.8-70-g75b7bab3e5/ca05/lib/5.33.9/x86_64-linux-ld
/home/sand/src/perl/repoperls/installed-perls/host/k93bionic/v5.33.8-70-g75b7bab3e5/ca05/lib/5.33.9
.