Report for Class-PObject-2.17

Back
From: metabase:user:d2c9f356-b46f-11df-9a90-20a83c0b7757
Subject: FAIL Class-PObject-2.17 v5.15.5 SunOS/Solaris
Date: 2011-12-21T04:53:27Z

This distribution has been tested as part of the CPAN Testers
project, supporting the Perl programming language.  See
http://wiki.cpantesters.org/ for more information or email
questions to cpan-testers-discuss@perl.org


--
Dear Sherzod Ruzmetov,

This is a computer-generated report for Class-PObject-2.17
on perl 5.15.5, created by CPAN-Reporter-1.2003.

Thank you for uploading your work to CPAN.  However, there was a problem
testing your distribution.

If you think this report is invalid, please consult the CPAN Testers Wiki
for suggestions on how to avoid getting FAIL reports for missing library
or binary dependencies, unsupported operating systems, and so on:

http://wiki.cpantesters.org/wiki/CPANAuthorNotes

Sections of this report:

    * Tester comments
    * Program output
    * Prerequisites
    * Environment and other context

------------------------------
TESTER COMMENTS
------------------------------

Additional comments from tester:

this report is from an automated smoke testing program
and was not reviewed by a human for accuracy

------------------------------
PROGRAM OUTPUT
------------------------------

Output from '/usr/local/bin/make test':

PERL_DL_NONLAZY=1 /export/home/cpant4/perl5/bin/perl5.15.5 "-MExtUtils::Command::MM" "-e" "test_harness(0, 'blib/lib', 'blib/arch')" t/*.t
t/01basic_file.t ..... ok
t/06basic_csv.t ...... skipped: DBD::CSV is not installed
t/11basic_mysql.t .... skipped: DBD::mysql is not available
t/16basic_db_file.t .. skipped: DB_File is not available

#   Failed test at /export/home/cpant4/.cpan/build/Class-PObject-2.17-2jJX9x/blib/lib/Class/PObject/Test/Basic.pm line 195.

#   Failed test at /export/home/cpant4/.cpan/build/Class-PObject-2.17-2jJX9x/blib/lib/Class/PObject/Test/Basic.pm line 198.

#   Failed test at /export/home/cpant4/.cpan/build/Class-PObject-2.17-2jJX9x/blib/lib/Class/PObject/Test/Basic.pm line 231.
Can't call method "title" on an undefined value at /export/home/cpant4/.cpan/build/Class-PObject-2.17-2jJX9x/blib/lib/Class/PObject/Test/Basic.pm line 233.
# Looks like you planned 204 tests but ran 51.
# Looks like you failed 3 tests of 51 run.
# Looks like your test exited with 2 just after 51.
t/21basic_sqlite.t ... 
Dubious, test returned 2 (wstat 512, 0x200)
Failed 156/204 subtests 
t/61types_file.t ..... ok
t/62types_csv.t ...... skipped: DBD::CSV is not installed
t/63types_db_file.t .. skipped: DB_File is not available
t/64types_mysql.t .... skipped: DBD::mysql is not available

#   Failed test at /export/home/cpant4/.cpan/build/Class-PObject-2.17-2jJX9x/blib/lib/Class/PObject/Test/Types.pm line 105.
Can't call method "name" on an undefined value at /export/home/cpant4/.cpan/build/Class-PObject-2.17-2jJX9x/blib/lib/Class/PObject/Test/Types.pm line 113.
# Looks like you planned 46 tests but ran 21.
# Looks like you failed 1 test of 21 run.
# Looks like your test exited with 2 just after 21.
t/65types_sqlite.t ... 
Dubious, test returned 2 (wstat 512, 0x200)
Failed 26/46 subtests 
Use of uninitialized value in concatenation (.) or string at /export/home/cpant4/.cpan/build/Class-PObject-2.17-2jJX9x/blib/lib/Class/PObject/Test/HAS_A.pm line 81.
t/70hasa_file.t ...... ok
t/71hasa_csv.t ....... skipped: DBD::CSV is not installed
t/72hasa_mysql.t ..... skipped: DBD::mysql is not available
t/73hasa_db_file.t ... skipped: DB_File is not available
Use of uninitialized value in concatenation (.) or string at /export/home/cpant4/.cpan/build/Class-PObject-2.17-2jJX9x/blib/lib/Class/PObject/Test/HAS_A.pm line 81.
Use of uninitialized value in string eq at /export/home/cpant4/.cpan/build/Class-PObject-2.17-2jJX9x/blib/lib/Class/PObject/Test/HAS_A.pm line 99.

#   Failed test at /export/home/cpant4/.cpan/build/Class-PObject-2.17-2jJX9x/blib/lib/Class/PObject/Test/HAS_A.pm line 99.

#   Failed test at /export/home/cpant4/.cpan/build/Class-PObject-2.17-2jJX9x/blib/lib/Class/PObject/Test/HAS_A.pm line 108.
Can't call method "author" on an undefined value at /export/home/cpant4/.cpan/build/Class-PObject-2.17-2jJX9x/blib/lib/Class/PObject/Test/HAS_A.pm line 112.
# Looks like you planned 37 tests but ran 15.
# Looks like you failed 2 tests of 15 run.
# Looks like your test exited with 2 just after 15.
t/74hasa_sqlite.t .... 
Dubious, test returned 2 (wstat 512, 0x200)
Failed 24/37 subtests 

Test Summary Report
-------------------
t/21basic_sqlite.t (Wstat: 512 Tests: 51 Failed: 3)
  Failed tests:  45-46, 51
  Non-zero exit status: 2
  Parse errors: Bad plan.  You planned 204 tests but ran 51.
t/65types_sqlite.t (Wstat: 512 Tests: 21 Failed: 1)
  Failed test:  21
  Non-zero exit status: 2
  Parse errors: Bad plan.  You planned 46 tests but ran 21.
t/74hasa_sqlite.t  (Wstat: 512 Tests: 15 Failed: 2)
  Failed tests:  12, 15
  Non-zero exit status: 2
  Parse errors: Bad plan.  You planned 37 tests but ran 15.
Files=15, Tests=374,  2 wallclock secs ( 0.08 usr  0.03 sys +  0.65 cusr  0.06 csys =  0.82 CPU)
Result: FAIL
Failed 3/15 test programs. 6/374 subtests failed.
make: *** [test_dynamic] Error 2

------------------------------
PREREQUISITES
------------------------------

Prerequisite modules loaded:

requires:

    Module              Need Have   
    ------------------- ---- -------
    File::Basename      0    2.83   
    File::Path          0    2.08_01
    File::Spec          0    3.34   
    IO::Dir             0    1.08   
    Log::Agent          0    0.307  
    Storable            0    2.33   
    Test::More          0    0.98   

build_requires:

    Module              Need Have   
    ------------------- ---- -------
    ExtUtils::MakeMaker 0    6.63_02


------------------------------
ENVIRONMENT AND OTHER CONTEXT
------------------------------

Environment variables:

    AUTOMATED_TESTING = 1
    LANG = C
    LD_LIBRARY_PATH = /usr/local/lib:
    PATH = /export/home/cpant4/perl5/bin:/usr/local/bin:/usr/bin
    PERL5LIB = /export/home/cpant4/.cpan/build/Log-Agent-0.307-yYPA0G/blib/arch:/export/home/cpant4/.cpan/build/Log-Agent-0.307-yYPA0G/blib/lib
    PERL5OPT = 
    PERL5_CPANPLUS_IS_RUNNING = 15926
    PERL5_CPAN_IS_RUNNING = 15926
    PERL5_CPAN_IS_RUNNING_IN_RECURSION = 2919,15926
    PERL_CR_SMOKER_CURRENT = Class-PObject-2.17
    PERL_EXTUTILS_AUTOINSTALL = --defaultdeps
    PERL_MM_USE_DEFAULT = 1
    SHELL = /bin/bash
    TERM = xterm

Perl special variables (and OS-specific diagnostics, for MSWin32):

    $^X = /export/home/cpant4/perl5/bin/perl5.15.5
    $UID/$EUID = 104 / 104
    $GID = 1 1
    $EGID = 1 1

Perl module toolchain versions installed:

    Module              Have    
    ------------------- --------
    CPAN                1.9800  
    CPAN::Meta          2.112621
    Cwd                 3.37    
    ExtUtils::CBuilder  0.280204
    ExtUtils::Command   1.17    
    ExtUtils::Install   1.57    
    ExtUtils::MakeMaker 6.63_02 
    ExtUtils::Manifest  1.60    
    ExtUtils::ParseXS   3.07    
    File::Spec          3.34    
    JSON                2.53    
    JSON::PP            2.27200 
    Module::Build       0.39_01 
    Module::Signature   n/a     
    Parse::CPAN::Meta   1.4401  
    Test::Harness       3.23    
    Test::More          0.98    
    YAML                0.77    
    YAML::Syck          1.19    
    version             0.95    


--

Summary of my perl5 (revision 5 version 15 subversion 5) configuration:
   
  Platform:
    osname=solaris, osvers=2.10, archname=i86pc-solaris-64int
    uname='sunos vmrz0046 5.10 generic_141445-09 i86pc i386 i86pc solaris '
    config_args='-Dcc=gcc -Dprefix=~/perl5 -Duse64bitint -Dusedevel -d'
    hint=recommended, useposix=true, d_sigaction=define
    useithreads=undef, usemultiplicity=undef
    useperlio=define, d_sfio=undef, uselargefiles=define, usesocks=undef
    use64bitint=define, use64bitall=undef, uselongdouble=undef
    usemymalloc=n, bincompat5005=undef
  Compiler:
    cc='gcc', ccflags ='-DPTR_IS_LONG -fno-strict-aliasing -pipe -I/usr/local/include -D_LARGEFILE_SOURCE -D_FILE_OFFSET_BITS=64 -DPERL_USE_SAFE_PUTENV',
    optimize='-O',
    cppflags='-DPTR_IS_LONG -fno-strict-aliasing -pipe -I/usr/local/include'
    ccversion='', gccversion='3.4.6', gccosandvers='solaris2.10'
    intsize=4, longsize=4, ptrsize=4, doublesize=8, byteorder=12345678
    d_longlong=define, longlongsize=8, d_longdbl=define, longdblsize=12
    ivtype='long long', ivsize=8, nvtype='double', nvsize=8, Off_t='off_t', lseeksize=8
    alignbytes=4, prototype=define
  Linker and Libraries:
    ld='gcc', ldflags =' -L/usr/local/lib '
    libpth=/usr/local/lib /usr/lib /usr/ccs/lib
    libs=-lsocket -lnsl -lgdbm -ldl -lm -lc
    perllibs=-lsocket -lnsl -ldl -lm -lc
    libc=/lib/libc.so, so=so, useshrplib=false, libperl=libperl.a
    gnulibc_version=''
  Dynamic Linking:
    dlsrc=dl_dlopen.xs, dlext=so, d_dlsymun=undef, ccdlflags=' '
    cccdlflags='-fPIC', lddlflags='-G -L/usr/local/lib'


Characteristics of this binary (from libperl): 
  Compile-time options: HAS_TIMES PERLIO_LAYERS PERL_DONT_CREATE_GVSV
                        PERL_MALLOC_WRAP PERL_PRESERVE_IVUV PERL_USE_DEVEL
                        PERL_USE_SAFE_PUTENV USE_64_BIT_INT USE_LARGE_FILES
                        USE_LOCALE USE_LOCALE_COLLATE USE_LOCALE_CTYPE
                        USE_LOCALE_NUMERIC USE_PERLIO USE_PERL_ATOF
  Built under solaris
  Compiled at Nov 28 2011 11:34:47
  %ENV:
    PERL5LIB="/export/home/cpant4/.cpan/build/Log-Agent-0.307-yYPA0G/blib/arch:/export/home/cpant4/.cpan/build/Log-Agent-0.307-yYPA0G/blib/lib"
    PERL5OPT=""
    PERL5_CPANPLUS_IS_RUNNING="15926"
    PERL5_CPAN_IS_RUNNING="15926"
    PERL5_CPAN_IS_RUNNING_IN_RECURSION="2919,15926"
    PERL_CR_SMOKER_CURRENT="Class-PObject-2.17"
    PERL_EXTUTILS_AUTOINSTALL="--defaultdeps"
    PERL_MM_USE_DEFAULT="1"
  @INC:
    /export/home/cpant4/.cpan/build/Log-Agent-0.307-yYPA0G/blib/arch
    /export/home/cpant4/.cpan/build/Log-Agent-0.307-yYPA0G/blib/lib
    /export/home/cpant4/perl5/lib/site_perl/5.15.5/i86pc-solaris-64int
    /export/home/cpant4/perl5/lib/site_perl/5.15.5
    /export/home/cpant4/perl5/lib/5.15.5/i86pc-solaris-64int
    /export/home/cpant4/perl5/lib/5.15.5
    /export/home/cpant4/perl5/lib/site_perl
    .