Back
From: metabase:user:320bfe00-2aae-11df-837a-5e0a49663a4f
Subject: FAIL Schema-RackTables-1.01 v5.8.8 GNU/Linux
Date: 2017-06-19T09:36:07Z
This distribution has been tested as part of the CPAN Testers
project, supporting the Perl programming language. See
http://wiki.cpantesters.org/ for more information or email
questions to cpan-testers-discuss@perl.org
--
Dear Sebastien Aperghis-Tramoni,
This is a computer-generated report for Schema-RackTables-1.01
on perl 5.8.8, created by CPAN-Reporter-1.2018.
Thank you for uploading your work to CPAN. However, there was a problem
testing your distribution.
If you think this report is invalid, please consult the CPAN Testers Wiki
for suggestions on how to avoid getting FAIL reports for missing library
or binary dependencies, unsupported operating systems, and so on:
http://wiki.cpantesters.org/wiki/CPANAuthorNotes
Sections of this report:
* Tester comments
* Program output
* Prerequisites
* Environment and other context
------------------------------
TESTER COMMENTS
------------------------------
Additional comments from tester:
this report is from an automated smoke testing program
and was not reviewed by a human for accuracy
------------------------------
PROGRAM OUTPUT
------------------------------
Output from '/usr/bin/make test':
PERL_DL_NONLAZY=1 "/home/sand/src/perl/repoperls/installed-perls/host/k93msid/perl-5.8.8/89ad/bin/perl" "-MExtUtils::Command::MM" "-MTest::Harness" "-e" "undef *Test::Harness::Switches; test_harness(0, 'blib/lib', 'blib/arch')" t/*.t
Scalar found where operator expected at /tmp/loop_over_bdir-14740-BLhyhG/Schema-RackTables-1.01-0/blib/lib/Schema/RackTables.pm line 67, near ")$/"
(Missing operator before $/?)
# Failed test 'use Schema::RackTables;'
# at t/00-load.t line 13.
# Tried to use 'Schema::RackTables'.
# Error: syntax error at /tmp/loop_over_bdir-14740-BLhyhG/Schema-RackTables-1.01-0/blib/lib/Schema/RackTables.pm line 67, near "\."
# (Might be a runaway multi-line // string starting on line 62)
# Compilation failed in require at t/00-load.t line 13.
# BEGIN failed--compilation aborted at t/00-load.t line 13.
# Failed test '$object = Schema::RackTables->new'
# at t/00-load.t line 17.
# got: 'Undefined subroutine &Schema::RackTables::BUILDARGS called at /home/sand/src/perl/repoperls/installed-perls/host/k93msid/perl-5.8.8/89ad/lib/site_perl/5.8.8/Moo/Object.pm line 21.
# '
# expected: ''
# Failed test ''$object' isa 'Schema::RackTables''
# at t/00-load.t line 18.
# '$object' isn't defined
# Failed test '->can(...)'
# at t/00-load.t line 19.
# can_ok() called with empty class or reference
# Looks like you failed 4 tests of 5.
t/00-load.t ...........
Dubious, test returned 4 (wstat 1024, 0x400)
Failed 4/5 subtests
Scalar found where operator expected at /tmp/loop_over_bdir-14740-BLhyhG/Schema-RackTables-1.01-0/blib/lib/Schema/RackTables.pm line 67, near ")$/"
(Missing operator before $/?)
syntax error at /tmp/loop_over_bdir-14740-BLhyhG/Schema-RackTables-1.01-0/blib/lib/Schema/RackTables.pm line 67, near "\."
(Might be a runaway multi-line // string starting on line 62)
Compilation failed in require at t/10-api.t line 5.
BEGIN failed--compilation aborted at t/10-api.t line 5.
t/10-api.t ............
Dubious, test returned 255 (wstat 65280, 0xff00)
No subtests run
Scalar found where operator expected at /tmp/loop_over_bdir-14740-BLhyhG/Schema-RackTables-1.01-0/blib/lib/Schema/RackTables.pm line 67, near ")$/"
(Missing operator before $/?)
syntax error at /tmp/loop_over_bdir-14740-BLhyhG/Schema-RackTables-1.01-0/blib/lib/Schema/RackTables.pm line 67, near "\."
(Might be a runaway multi-line // string starting on line 62)
Compilation failed in require at t/10-list_versions.t line 5.
BEGIN failed--compilation aborted at t/10-list_versions.t line 5.
t/10-list_versions.t ..
Dubious, test returned 255 (wstat 65280, 0xff00)
No subtests run
Test Summary Report
-------------------
t/00-load.t (Wstat: 1024 Tests: 5 Failed: 4)
Failed tests: 1, 3-5
Non-zero exit status: 4
t/10-api.t (Wstat: 65280 Tests: 0 Failed: 0)
Non-zero exit status: 255
Parse errors: No plan found in TAP output
t/10-list_versions.t (Wstat: 65280 Tests: 0 Failed: 0)
Non-zero exit status: 255
Parse errors: No plan found in TAP output
Files=3, Tests=5, 1 wallclock secs ( 0.02 usr 0.01 sys + 0.14 cusr 0.05 csys = 0.22 CPU)
Result: FAIL
Failed 3/3 test programs. 4/5 subtests failed.
Makefile:8830: recipe for target 'test_dynamic' failed
make: *** [test_dynamic] Error 255
------------------------------
PREREQUISITES
------------------------------
Prerequisite modules loaded:
requires:
Module Need Have
--------------------- ---- --------
Carp 0 1.38
DBIx::Class::Schema 0 0
File::Basename 0 2.74
File::Spec::Functions 0 3.62
JSON::XS 0 3.03
Moo 0 2.003002
Test::More 0 1.302085
build_requires:
Module Need Have
--------------------- ---- --------
ExtUtils::MakeMaker 0 7.31_01
configure_requires:
Module Need Have
--------------------- ---- --------
ExtUtils::MakeMaker 0 7.31_01
------------------------------
ENVIRONMENT AND OTHER CONTEXT
------------------------------
Environment variables:
AUTOMATED_TESTING = 1
LANG = en_US.UTF-8
PATH = /home/sand/bin:/usr/local/bin:/usr/bin:/bin:/usr/games:/usr/local/perl/bin:/usr/X11/bin:/sbin:/usr/sbin
PERL5LIB =
PERL5OPT =
PERL5_CPANPLUS_IS_RUNNING = 14748
PERL5_CPAN_IS_RUNNING = 14748
PERL_CANARY_STABILITY_NOPROMPT = 1
PERL_MM_USE_DEFAULT = 1
PERL_USE_UNSAFE_INC = 1
SHELL = /usr/bin/zsh
TERM = screen
Perl special variables (and OS-specific diagnostics, for MSWin32):
$^X = /home/sand/src/perl/repoperls/installed-perls/host/k93msid/perl-5.8.8/89ad/bin/perl
$UID/$EUID = 1005 / 1005
$GID = 1005 1005
$EGID = 1005 1005
Perl module toolchain versions installed:
Module Have
------------------- --------
CPAN 2.18
CPAN::Meta 2.150010
Cwd 3.62
ExtUtils::CBuilder 0.280224
ExtUtils::Command 7.31_01
ExtUtils::Install 2.14
ExtUtils::MakeMaker 7.31_01
ExtUtils::Manifest 1.70
ExtUtils::ParseXS 3.30
File::Spec 3.62
JSON 2.90
JSON::PP 2.94
Module::Build 0.4224
Module::Signature 0.81
Parse::CPAN::Meta 1.4422
Test::Harness 3.39
Test::More 1.302085
YAML 1.23
YAML::Syck 1.30
version 0.9918
--
Summary of my perl5 (revision 5 version 8 subversion 8) configuration:
Platform:
osname=linux, osvers=4.9.0-2-amd64, archname=x86_64-linux
uname='linux k93msid 4.9.0-2-amd64 #1 smp debian 4.9.18-1 (2017-03-30) x86_64 gnulinux '
config_args='-Dprefix=/home/sand/src/perl/repoperls/installed-perls/host/k93msid/perl-5.8.8/89ad -Dmyhostname=k93msid -Dinstallusrbinperl=n -Uversiononly -Dusedevel -des -Ui_db -Dlibswanted=cl pthread socket inet nsl gdbm dbm malloc dl ld sun m crypt sec util c cposix posix ucb BSD gdbm_compat -Uuseithreads -Uuselongdouble -DDEBUGGING=-g'
hint=recommended, useposix=true, d_sigaction=define
usethreads=undef use5005threads=undef useithreads=undef usemultiplicity=undef
useperlio=define d_sfio=undef uselargefiles=define usesocks=undef
use64bitint=define use64bitall=define uselongdouble=undef
usemymalloc=n, bincompat5005=undef
Compiler:
cc='cc', ccflags ='-fno-strict-aliasing -pipe -Wdeclaration-after-statement -I/usr/local/include -D_LARGEFILE_SOURCE -D_FILE_OFFSET_BITS=64',
optimize='-O2',
cppflags='-fno-strict-aliasing -pipe -Wdeclaration-after-statement -I/usr/local/include'
ccversion='', gccversion='6.3.0 20170406', gccosandvers=''
intsize=4, longsize=8, ptrsize=8, doublesize=8, byteorder=12345678
d_longlong=define, longlongsize=8, d_longdbl=define, longdblsize=16
ivtype='long', ivsize=8, nvtype='double', nvsize=8, Off_t='off_t', lseeksize=8
alignbytes=8, prototype=define
Linker and Libraries:
ld='cc', ldflags =' -L/usr/local/lib'
libpth=/usr/local/lib /lib/x86_64-linux-gnu /lib/../lib /usr/lib/x86_64-linux-gnu /usr/lib/../lib /lib /usr/lib
libs=-lpthread -lnsl -ldl -lm -lcrypt -lutil -lc
perllibs=-lpthread -lnsl -ldl -lm -lcrypt -lutil -lc
libc=libc-2.24.so, so=so, useshrplib=false, libperl=libperl.a
gnulibc_version='2.24'
Dynamic Linking:
dlsrc=dl_dlopen.xs, dlext=so, d_dlsymun=undef, ccdlflags='-Wl,-E'
cccdlflags='-fpic', lddlflags='-shared -L/usr/local/lib'
Characteristics of this binary (from libperl):
Compile-time options: PERL_MALLOC_WRAP USE_64_BIT_ALL USE_64_BIT_INT
USE_LARGE_FILES USE_PERLIO
Built under linux
Compiled at Apr 17 2017 10:26:05
%ENV:
PERL5LIB=""
PERL5OPT=""
PERL5_CPANPLUS_IS_RUNNING="14748"
PERL5_CPAN_IS_RUNNING="14748"
PERL_CANARY_STABILITY_NOPROMPT="1"
PERL_MM_USE_DEFAULT="1"
PERL_USE_UNSAFE_INC="1"
@INC:
/home/sand/src/perl/repoperls/installed-perls/host/k93msid/perl-5.8.8/89ad/lib/5.8.8/x86_64-linux
/home/sand/src/perl/repoperls/installed-perls/host/k93msid/perl-5.8.8/89ad/lib/5.8.8
/home/sand/src/perl/repoperls/installed-perls/host/k93msid/perl-5.8.8/89ad/lib/site_perl/5.8.8/x86_64-linux
/home/sand/src/perl/repoperls/installed-perls/host/k93msid/perl-5.8.8/89ad/lib/site_perl/5.8.8
/home/sand/src/perl/repoperls/installed-perls/host/k93msid/perl-5.8.8/89ad/lib/site_perl
.